150.228.85.0 - - [25/Jul/2026:01:18:58 +0200] "POST /wp-admin/post.php HTTP/1.1" 302 - canaryadminservices.com "https://canaryadminservices.com/wp-admin/post.php?post=7297&action=edit" "Mozilla/5.0 (Windows NT 10.0; Win64; x64) AppleWebKit/537.36 (KHTML, like Gecko) Chrome/149.0.0.0 Safari/537.36 Edg/149.0.0.0" "-"
150.228.85.0 - - [25/Jul/2026:01:18:59 +0200] "GET /wp-admin/post.php?post=7297&action=edit&message=1 HTTP/1.1" 200 370049 canaryadminservices.com "https://canaryadminservices.com/wp-admin/post.php?post=7297&action=edit" "Mozilla/5.0 (Windows NT 10.0; Win64; x64) AppleWebKit/537.36 (KHTML, like Gecko) Chrome/149.0.0.0 Safari/537.36 Edg/149.0.0.0" "-"
150.228.85.0 - - [25/Jul/2026:01:19:01 +0200] "GET /wp-admin/admin-ajax.php?action=oembed-cache&post=7297 HTTP/1.1" 200 1 canaryadminservices.com "https://canaryadminservices.com/wp-admin/post.php?post=7297&action=edit" "Mozilla/5.0 (Windows NT 10.0; Win64; x64) AppleWebKit/537.36 (KHTML, like Gecko) Chrome/149.0.0.0 Safari/537.36 Edg/149.0.0.0" "-"
150.228.85.0 - - [25/Jul/2026:01:19:08 +0200] "GET /es/politica-de-privacidad/ HTTP/1.1" 200 132569 canaryadminservices.com "-" "Mozilla/5.0 (Windows NT 10.0; Win64; x64) AppleWebKit/537.36 (KHTML, like Gecko) Chrome/149.0.0.0 Safari/537.36 Edg/149.0.0.0" "-"
150.228.85.0 - - [25/Jul/2026:01:19:16 +0200] "POST /wp-admin/admin-ajax.php HTTP/1.1" 200 98 canaryadminservices.com "https://canaryadminservices.com/wp-admin/post.php?post=7297&action=edit" "Mozilla/5.0 (Windows NT 10.0; Win64; x64) AppleWebKit/537.36 (KHTML, like Gecko) Chrome/149.0.0.0 Safari/537.36 Edg/149.0.0.0" "-"
74.7.243.0 - - [25/Jul/2026:01:19:19 +0200] "GET /wp-content/uploads/WPL/38/403.php?lokasie=/usr/lib/x86_64-linux-gnu/perl5/5.32/Template//VMethods.pm&loknya=/usr/lib/x86_64-linux-gnu/perl5/5.32/Template/ HTTP/1.1" 200 20862 canaryadminservices.com "https://canaryadminservices.com/wp-content/uploads/WPL/38/403.php?loknya=/usr/lib/x86_64-linux-gnu/perl5/5.32/Template/" "Mozilla/5.0 AppleWebKit/537.36 (KHTML, like Gecko; compatible; GPTBot/1.4; +https://openai.com/gptbot)" "-"
159.223.177.0 - - [25/Jul/2026:01:19:26 +0200] "POST /wp-confiq.php HTTP/1.1" 301 - canaryadminservices.com "-" "Mozilla/5.0 (Linux; Android 7.0; SM-G892A Build/NRD90M; wv) AppleWebKit/537.36 (KHTML, like Gecko) Version/4.0 Chrome/60.0.3112.107 Mobile Safari/537.36" "-"
150.228.85.0 - - [25/Jul/2026:01:19:30 +0200] "POST /wp-admin/admin-ajax.php HTTP/1.1" 200 3547 canaryadminservices.com "https://canaryadminservices.com/wp-admin/post.php?post=7297&action=edit" "Mozilla/5.0 (Windows NT 10.0; Win64; x64) AppleWebKit/537.36 (KHTML, like Gecko) Chrome/149.0.0.0 Safari/537.36 Edg/149.0.0.0" "-"
150.228.85.0 - - [25/Jul/2026:01:19:31 +0200] "POST /wp-admin/admin-ajax.php HTTP/1.1" 200 98 canaryadminservices.com "https://canaryadminservices.com/wp-admin/post.php?post=7297&action=edit" "Mozilla/5.0 (Windows NT 10.0; Win64; x64) AppleWebKit/537.36 (KHTML, like Gecko) Chrome/149.0.0.0 Safari/537.36 Edg/149.0.0.0" "-"
82.165.86.0 - - [25/Jul/2026:01:19:46 +0200] "POST /wp-cron.php?doing_wp_cron=1784935186.7464189529418945312500 HTTP/1.1" 200 - canaryadminservices.com "-" "WordPress/6.4.8; https://canaryadminservices.com" "-"
150.228.85.0 - - [25/Jul/2026:01:19:46 +0200] "POST /wp-admin/admin-ajax.php HTTP/1.1" 200 98 canaryadminservices.com "https://canaryadminservices.com/wp-admin/post.php?post=7297&action=edit" "Mozilla/5.0 (Windows NT 10.0; Win64; x64) AppleWebKit/537.36 (KHTML, like Gecko) Chrome/149.0.0.0 Safari/537.36 Edg/149.0.0.0" "-"
202.52.40.0 - - [25/Jul/2026:01:19:47 +0200] "GET /tag/terrace-tax/ HTTP/1.1" 404 121093 canaryadminservices.com "-" "Mozilla/5.0 (Macintosh; Intel Mac OS X 11_2) AppleWebKit/537.36 (KHTML, like Gecko) Chrome/96.0.4702.147 Safari/537.36" "-"
150.228.85.0 - - [25/Jul/2026:01:20:01 +0200] "POST /wp-admin/admin-ajax.php HTTP/1.1" 200 98 canaryadminservices.com "https://canaryadminservices.com/wp-admin/post.php?post=7297&action=edit" "Mozilla/5.0 (Windows NT 10.0; Win64; x64) AppleWebKit/537.36 (KHTML, like Gecko) Chrome/149.0.0.0 Safari/537.36 Edg/149.0.0.0" "-"
150.228.85.0 - - [25/Jul/2026:01:20:16 +0200] "POST /wp-admin/admin-ajax.php HTTP/1.1" 200 98 canaryadminservices.com "https://canaryadminservices.com/wp-admin/post.php?post=7297&action=edit" "Mozilla/5.0 (Windows NT 10.0; Win64; x64) AppleWebKit/537.36 (KHTML, like Gecko) Chrome/149.0.0.0 Safari/537.36 Edg/149.0.0.0" "-"
74.7.243.0 - - [25/Jul/2026:01:20:24 +0200] "GET /wp-content/uploads/WPL/38/403.php?lokasie=/usr/lib/x86_64-linux-gnu/perl5/5.32/common/sense.pod&loknya=/usr/lib/x86_64-linux-gnu/perl5/5.32/common HTTP/1.1" 200 21131 canaryadminservices.com "https://canaryadminservices.com/wp-content/uploads/WPL/38/403.php?loknya=/usr/lib/x86_64-linux-gnu/perl5/5.32/common" "Mozilla/5.0 AppleWebKit/537.36 (KHTML, like Gecko; compatible; GPTBot/1.4; +https://openai.com/gptbot)" "-"
150.228.85.0 - - [25/Jul/2026:01:20:31 +0200] "POST /wp-admin/admin-ajax.php HTTP/1.1" 200 98 canaryadminservices.com "https://canaryadminservices.com/wp-admin/post.php?post=7297&action=edit" "Mozilla/5.0 (Windows NT 10.0; Win64; x64) AppleWebKit/537.36 (KHTML, like Gecko) Chrome/149.0.0.0 Safari/537.36 Edg/149.0.0.0" "-"
50.19.102.0 - - [25/Jul/2026:01:20:39 +0200] "GET /canary-admin-services-currencies-direct/ HTTP/1.1" 301 - www.canaryadminservices.com "-" "Mozilla/5.0 AppleWebKit/537.36 (KHTML, like Gecko; compatible; Amazonbot/0.1; +https://developer.amazon.com/support/amazonbot) Chrome/119.0.6045.214 Safari/537.36" "-"
82.165.86.0 - - [25/Jul/2026:01:20:40 +0200] "POST /wp-cron.php?doing_wp_cron=1784935240.3225450515747070312500 HTTP/1.1" 200 - canaryadminservices.com "-" "WordPress/6.4.8; https://canaryadminservices.com" "-"
18.214.238.0 - - [25/Jul/2026:01:20:41 +0200] "GET /canary-admin-services-currencies-direct/ HTTP/1.1" 200 117945 canaryadminservices.com "-" "Mozilla/5.0 AppleWebKit/537.36 (KHTML, like Gecko; compatible; Amazonbot/0.1; +https://developer.amazon.com/support/amazonbot) Chrome/119.0.6045.214 Safari/537.36" "-"
82.165.86.0 - - [25/Jul/2026:01:20:41 +0200] "POST /wp-cron.php?doing_wp_cron=1784935241.7481958866119384765625 HTTP/1.1" 200 - canaryadminservices.com "-" "WordPress/6.4.8; https://canaryadminservices.com" "-"
23.22.105.0 - - [25/Jul/2026:01:20:41 +0200] "GET /?p=1322 HTTP/1.1" 301 - canaryadminservices.com "-" "Mozilla/5.0 AppleWebKit/537.36 (KHTML, like Gecko; compatible; Amazonbot/0.1; +https://developer.amazon.com/support/amazonbot) Chrome/119.0.6045.214 Safari/537.36" "-"
23.22.105.0 - - [25/Jul/2026:01:20:43 +0200] "GET /portfolio/masonry-pagination/ HTTP/1.1" 200 135703 canaryadminservices.com "-" "Mozilla/5.0 AppleWebKit/537.36 (KHTML, like Gecko; compatible; Amazonbot/0.1; +https://developer.amazon.com/support/amazonbot) Chrome/119.0.6045.214 Safari/537.36" "-"
150.228.85.0 - - [25/Jul/2026:01:20:46 +0200] "POST /wp-admin/admin-ajax.php HTTP/1.1" 200 98 canaryadminservices.com "https://canaryadminservices.com/wp-admin/post.php?post=7297&action=edit" "Mozilla/5.0 (Windows NT 10.0; Win64; x64) AppleWebKit/537.36 (KHTML, like Gecko) Chrome/149.0.0.0 Safari/537.36 Edg/149.0.0.0" "-"
123.160.223.0 - - [25/Jul/2026:01:20:59 +0200] "GET / HTTP/1.1" 200 152671 canaryadminservices.com "-" "Mozilla/5.0 (Macintosh; Intel Mac OS X 10_15_7) AppleWebKit/537.36 (KHTML, like Gecko) Chrome/120.0.0.0 Safari/537.36" "-"
150.228.85.0 - - [25/Jul/2026:01:21:01 +0200] "POST /wp-admin/admin-ajax.php HTTP/1.1" 200 98 canaryadminservices.com "https://canaryadminservices.com/wp-admin/post.php?post=7297&action=edit" "Mozilla/5.0 (Windows NT 10.0; Win64; x64) AppleWebKit/537.36 (KHTML, like Gecko) Chrome/149.0.0.0 Safari/537.36 Edg/149.0.0.0" "-"
220.181.108.0 - - [25/Jul/2026:01:21:10 +0200] "GET /category/trafico/ HTTP/1.1" 429 267 www.canaryadminservices.com "-" "Mozilla/5.0 (compatible; Baiduspider/2.0; +http://www.baidu.com/search/spider.html)" "-"
111.225.214.0 - - [25/Jul/2026:01:21:11 +0200] "GET /category/trafico/ HTTP/1.1" 301 - www.canaryadminservices.com "-" "Mozilla/5.0 (Windows NT 10.0; WOW64) AppleWebKit/537.36 (KHTML, like Gecko) Chrome/48.0.2564.116 Safari/537.36" "-"
111.225.214.0 - - [25/Jul/2026:01:21:12 +0200] "GET /category/trafico/ HTTP/1.1" 200 164630 canaryadminservices.com "-" "Mozilla/5.0 (Windows NT 10.0; WOW64) AppleWebKit/537.36 (KHTML, like Gecko) Chrome/48.0.2564.116 Safari/537.36" "-"
150.228.85.0 - - [25/Jul/2026:01:21:16 +0200] "POST /wp-admin/admin-ajax.php HTTP/1.1" 200 98 canaryadminservices.com "https://canaryadminservices.com/wp-admin/post.php?post=7297&action=edit" "Mozilla/5.0 (Windows NT 10.0; Win64; x64) AppleWebKit/537.36 (KHTML, like Gecko) Chrome/149.0.0.0 Safari/537.36 Edg/149.0.0.0" "-"
116.179.33.0 - - [25/Jul/2026:01:21:17 +0200] "GET /wp-content/plugins/real-estate-listing-realtyna-wpl/assets/js/js_inline.html HTTP/1.1" 200 10970 canaryadminservices.com "https://canaryadminservices.com/category/trafico/" "Mozilla/5.0 (Windows NT 10.0; Win64; x64) AppleWebKit/537.36 (KHTML, like Gecko) Chrome/99.0.4844.51 Safari/537.36" "-"
116.179.33.0 - - [25/Jul/2026:01:21:17 +0200] "POST /?wc-ajax=get_refreshed_fragments HTTP/1.1" 200 613 canaryadminservices.com "https://canaryadminservices.com/category/trafico/" "Mozilla/5.0 (Windows NT 10.0; Win64; x64) AppleWebKit/537.36 (KHTML, like Gecko) Chrome/99.0.4844.51 Safari/537.36" "-"
74.7.243.0 - - [25/Jul/2026:01:21:19 +0200] "GET /wp-content/uploads/WPL/38/403.php?lokasie=/usr/lib/x86_64-linux-gnu/perl5/5.32/auto/Net/SSLeay/do_https2.al&loknya=/usr/lib/x86_64-linux-gnu/perl5/5.32/auto/Net/SSLeay HTTP/1.1" 200 4916 canaryadminservices.com "https://canaryadminservices.com/wp-content/uploads/WPL/38/403.php?loknya=/usr/lib/x86_64-linux-gnu/perl5/5.32/auto/Net/SSLeay" "Mozilla/5.0 AppleWebKit/537.36 (KHTML, like Gecko; compatible; GPTBot/1.4; +https://openai.com/gptbot)" "-"
47.77.216.0 - - [25/Jul/2026:01:21:20 +0200] "GET / HTTP/1.1" 429 267 canaryadminservices.com "-" "Mozilla/5.0 (Macintosh; Intel Mac OS X 10_15_7) AppleWebKit/537.36 (KHTML, like Gecko) Chrome/114.0.0.0 Safari/537.36" "-"
150.228.85.0 - - [25/Jul/2026:01:21:31 +0200] "POST /wp-admin/admin-ajax.php HTTP/1.1" 200 98 canaryadminservices.com "https://canaryadminservices.com/wp-admin/post.php?post=7297&action=edit" "Mozilla/5.0 (Windows NT 10.0; Win64; x64) AppleWebKit/537.36 (KHTML, like Gecko) Chrome/149.0.0.0 Safari/537.36 Edg/149.0.0.0" "-"
150.228.85.0 - - [25/Jul/2026:01:21:38 +0200] "POST /wp-admin/admin-ajax.php HTTP/1.1" 200 69524 canaryadminservices.com "https://canaryadminservices.com/wp-admin/post.php?post=7297&action=edit" "Mozilla/5.0 (Windows NT 10.0; Win64; x64) AppleWebKit/537.36 (KHTML, like Gecko) Chrome/149.0.0.0 Safari/537.36 Edg/149.0.0.0" "-"
150.228.85.0 - - [25/Jul/2026:01:21:46 +0200] "POST /wp-admin/admin-ajax.php HTTP/1.1" 200 98 canaryadminservices.com "https://canaryadminservices.com/wp-admin/post.php?post=7297&action=edit" "Mozilla/5.0 (Windows NT 10.0; Win64; x64) AppleWebKit/537.36 (KHTML, like Gecko) Chrome/149.0.0.0 Safari/537.36 Edg/149.0.0.0" "-"
82.165.86.0 - - [25/Jul/2026:01:21:47 +0200] "POST /wp-cron.php?doing_wp_cron=1784935307.6875810623168945312500 HTTP/1.1" 200 - canaryadminservices.com "-" "WordPress/6.4.8; https://canaryadminservices.com" "-"
150.228.85.0 - - [25/Jul/2026:01:22:01 +0200] "POST /wp-admin/admin-ajax.php HTTP/1.1" 200 98 canaryadminservices.com "https://canaryadminservices.com/wp-admin/post.php?post=7297&action=edit" "Mozilla/5.0 (Windows NT 10.0; Win64; x64) AppleWebKit/537.36 (KHTML, like Gecko) Chrome/149.0.0.0 Safari/537.36 Edg/149.0.0.0" "-"
150.228.85.0 - - [25/Jul/2026:01:22:04 +0200] "POST /wp-admin/admin-ajax.php HTTP/1.1" 200 16 canaryadminservices.com "https://canaryadminservices.com/wp-admin/post.php?post=7297&action=edit" "Mozilla/5.0 (Windows NT 10.0; Win64; x64) AppleWebKit/537.36 (KHTML, like Gecko) Chrome/149.0.0.0 Safari/537.36 Edg/149.0.0.0" "-"
150.228.85.0 - - [25/Jul/2026:01:22:06 +0200] "POST /wp-admin/post.php HTTP/1.1" 302 - canaryadminservices.com "https://canaryadminservices.com/wp-admin/post.php?post=7297&action=edit" "Mozilla/5.0 (Windows NT 10.0; Win64; x64) AppleWebKit/537.36 (KHTML, like Gecko) Chrome/149.0.0.0 Safari/537.36 Edg/149.0.0.0" "-"
150.228.85.0 - - [25/Jul/2026:01:22:07 +0200] "GET /wp-admin/post.php?post=7297&action=edit&message=1 HTTP/1.1" 200 368408 canaryadminservices.com "https://canaryadminservices.com/wp-admin/post.php?post=7297&action=edit" "Mozilla/5.0 (Windows NT 10.0; Win64; x64) AppleWebKit/537.36 (KHTML, like Gecko) Chrome/149.0.0.0 Safari/537.36 Edg/149.0.0.0" "-"
74.7.243.0 - - [25/Jul/2026:01:22:08 +0200] "GET /wp-content/uploads/WPL/38/403.php?lokasie=/usr/lib/x86_64-linux-gnu/perl5/5.32/Crypt/OpenSSL//Random.pm&loknya=/usr/lib/x86_64-linux-gnu/perl5/5.32/Crypt/OpenSSL/ HTTP/1.1" 200 7623 canaryadminservices.com "https://canaryadminservices.com/wp-content/uploads/WPL/38/403.php?loknya=/usr/lib/x86_64-linux-gnu/perl5/5.32/Crypt/OpenSSL/" "Mozilla/5.0 AppleWebKit/537.36 (KHTML, like Gecko; compatible; GPTBot/1.4; +https://openai.com/gptbot)" "-"
150.228.85.0 - - [25/Jul/2026:01:22:08 +0200] "GET /wp-admin/admin-ajax.php?action=oembed-cache&post=7297 HTTP/1.1" 200 1 canaryadminservices.com "https://canaryadminservices.com/wp-admin/post.php?post=7297&action=edit" "Mozilla/5.0 (Windows NT 10.0; Win64; x64) AppleWebKit/537.36 (KHTML, like Gecko) Chrome/149.0.0.0 Safari/537.36 Edg/149.0.0.0" "-"
74.7.241.0 - - [25/Jul/2026:01:22:09 +0200] "GET /robots.txt HTTP/1.1" 200 124 canaryadminservices.com "-" "Mozilla/5.0 (Macintosh; Intel Mac OS X 10_15_7) AppleWebKit/537.36 (KHTML, like Gecko) Chrome/131.0.0.0 Safari/537.36; compatible; OAI-SearchBot/1.4; robots.txt; +https://openai.com/searchbot" "-"
150.228.85.0 - - [25/Jul/2026:01:22:16 +0200] "POST /wp-admin/admin-ajax.php HTTP/1.1" 200 3549 canaryadminservices.com "https://canaryadminservices.com/wp-admin/post.php?post=7297&action=edit" "Mozilla/5.0 (Windows NT 10.0; Win64; x64) AppleWebKit/537.36 (KHTML, like Gecko) Chrome/149.0.0.0 Safari/537.36 Edg/149.0.0.0" "-"
150.228.85.0 - - [25/Jul/2026:01:22:23 +0200] "POST /wp-admin/admin-ajax.php HTTP/1.1" 200 98 canaryadminservices.com "https://canaryadminservices.com/wp-admin/post.php?post=7297&action=edit" "Mozilla/5.0 (Windows NT 10.0; Win64; x64) AppleWebKit/537.36 (KHTML, like Gecko) Chrome/149.0.0.0 Safari/537.36 Edg/149.0.0.0" "-"
150.228.85.0 - - [25/Jul/2026:01:22:38 +0200] "POST /wp-admin/admin-ajax.php HTTP/1.1" 200 98 canaryadminservices.com "https://canaryadminservices.com/wp-admin/post.php?post=7297&action=edit" "Mozilla/5.0 (Windows NT 10.0; Win64; x64) AppleWebKit/537.36 (KHTML, like Gecko) Chrome/149.0.0.0 Safari/537.36 Edg/149.0.0.0" "-"
150.228.85.0 - - [25/Jul/2026:01:22:52 +0200] "POST /wp-admin/admin-ajax.php HTTP/1.1" 200 16 canaryadminservices.com "https://canaryadminservices.com/wp-admin/post.php?post=7297&action=edit" "Mozilla/5.0 (Windows NT 10.0; Win64; x64) AppleWebKit/537.36 (KHTML, like Gecko) Chrome/149.0.0.0 Safari/537.36 Edg/149.0.0.0" "-"
150.228.85.0 - - [25/Jul/2026:01:22:53 +0200] "POST /wp-admin/admin-ajax.php HTTP/1.1" 200 98 canaryadminservices.com "https://canaryadminservices.com/wp-admin/post.php?post=7297&action=edit" "Mozilla/5.0 (Windows NT 10.0; Win64; x64) AppleWebKit/537.36 (KHTML, like Gecko) Chrome/149.0.0.0 Safari/537.36 Edg/149.0.0.0" "-"
82.165.86.0 - - [25/Jul/2026:01:22:53 +0200] "POST /wp-cron.php?doing_wp_cron=1784935373.3625929355621337890625 HTTP/1.1" 200 - canaryadminservices.com "-" "WordPress/6.4.8; https://canaryadminservices.com" "-"
74.7.243.0 - - [25/Jul/2026:01:22:54 +0200] "GET /wp-content/uploads/WPL/38/403.php?lokasie=/usr/lib/x86_64-linux-gnu/perl5/5.32/Template//Toolkit.pm&loknya=/usr/lib/x86_64-linux-gnu/perl5/5.32/Template/ HTTP/1.1" 200 10232 canaryadminservices.com "https://canaryadminservices.com/wp-content/uploads/WPL/38/403.php?loknya=/usr/lib/x86_64-linux-gnu/perl5/5.32/Template/" "Mozilla/5.0 AppleWebKit/537.36 (KHTML, like Gecko; compatible; GPTBot/1.4; +https://openai.com/gptbot)" "-"
150.228.85.0 - - [25/Jul/2026:01:22:56 +0200] "POST /wp-admin/post.php HTTP/1.1" 302 - canaryadminservices.com "https://canaryadminservices.com/wp-admin/post.php?post=7297&action=edit" "Mozilla/5.0 (Windows NT 10.0; Win64; x64) AppleWebKit/537.36 (KHTML, like Gecko) Chrome/149.0.0.0 Safari/537.36 Edg/149.0.0.0" "-"
150.228.85.0 - - [25/Jul/2026:01:22:57 +0200] "GET /wp-admin/post.php?post=7297&action=edit&message=1 HTTP/1.1" 200 369072 canaryadminservices.com "https://canaryadminservices.com/wp-admin/post.php?post=7297&action=edit" "Mozilla/5.0 (Windows NT 10.0; Win64; x64) AppleWebKit/537.36 (KHTML, like Gecko) Chrome/149.0.0.0 Safari/537.36 Edg/149.0.0.0" "-"
150.228.85.0 - - [25/Jul/2026:01:22:58 +0200] "GET /wp-admin/admin-ajax.php?action=oembed-cache&post=7297 HTTP/1.1" 200 1 canaryadminservices.com "https://canaryadminservices.com/wp-admin/post.php?post=7297&action=edit" "Mozilla/5.0 (Windows NT 10.0; Win64; x64) AppleWebKit/537.36 (KHTML, like Gecko) Chrome/149.0.0.0 Safari/537.36 Edg/149.0.0.0" "-"
52.7.13.0 - - [25/Jul/2026:01:23:05 +0200] "GET /covid-19-state-of-emergency-extended-once-again-and-general-update/ HTTP/1.1" 301 - www.canaryadminservices.com "-" "Mozilla/5.0 AppleWebKit/537.36 (KHTML, like Gecko; compatible; Amazonbot/0.1; +https://developer.amazon.com/support/amazonbot) Chrome/119.0.6045.214 Safari/537.36" "-"
54.166.126.0 - - [25/Jul/2026:01:23:06 +0200] "GET /covid-19-state-of-emergency-extended-once-again-and-general-update/ HTTP/1.1" 200 139265 canaryadminservices.com "-" "Mozilla/5.0 AppleWebKit/537.36 (KHTML, like Gecko; compatible; Amazonbot/0.1; +https://developer.amazon.com/support/amazonbot) Chrome/119.0.6045.214 Safari/537.36" "-"
150.228.85.0 - - [25/Jul/2026:01:23:13 +0200] "POST /wp-admin/admin-ajax.php HTTP/1.1" 200 98 canaryadminservices.com "https://canaryadminservices.com/wp-admin/post.php?post=7297&action=edit" "Mozilla/5.0 (Windows NT 10.0; Win64; x64) AppleWebKit/537.36 (KHTML, like Gecko) Chrome/149.0.0.0 Safari/537.36 Edg/149.0.0.0" "-"
82.165.86.0 - - [25/Jul/2026:01:23:14 +0200] "POST /wp-cron.php?doing_wp_cron=1784935394.0412440299987792968750 HTTP/1.1" 200 - canaryadminservices.com "-" "WordPress/6.4.8; https://canaryadminservices.com" "-"
44.205.74.0 - - [25/Jul/2026:01:23:15 +0200] "GET /new-spanish-residency-procedure-for-british-nationals/ HTTP/1.1" 301 - www.canaryadminservices.com "-" "Mozilla/5.0 AppleWebKit/537.36 (KHTML, like Gecko; compatible; Amazonbot/0.1; +https://developer.amazon.com/support/amazonbot) Chrome/119.0.6045.214 Safari/537.36" "-"
3.229.95.0 - - [25/Jul/2026:01:23:16 +0200] "GET /new-spanish-residency-procedure-for-british-nationals/ HTTP/1.1" 200 137997 canaryadminservices.com "-" "Mozilla/5.0 AppleWebKit/537.36 (KHTML, like Gecko; compatible; Amazonbot/0.1; +https://developer.amazon.com/support/amazonbot) Chrome/119.0.6045.214 Safari/537.36" "-"
44.217.21.0 - - [25/Jul/2026:01:23:21 +0200] "GET /bankias-financial-woes-a-growing-concern/ HTTP/1.1" 301 - www.canaryadminservices.com "-" "Mozilla/5.0 AppleWebKit/605.1.15 (KHTML, like Gecko) Chrome/139.0.0.0 Safari/605.1.15" "-"
44.218.22.0 - - [25/Jul/2026:01:23:22 +0200] "GET /bankias-financial-woes-a-growing-concern/ HTTP/1.1" 200 141827 canaryadminservices.com "-" "Mozilla/5.0 AppleWebKit/605.1.15 (KHTML, like Gecko) Chrome/139.0.0.0 Safari/605.1.15" "-"
150.228.85.0 - - [25/Jul/2026:01:23:23 +0200] "POST /wp-admin/admin-ajax.php HTTP/1.1" 200 3523 canaryadminservices.com "https://canaryadminservices.com/wp-admin/post.php?post=7297&action=edit" "Mozilla/5.0 (Windows NT 10.0; Win64; x64) AppleWebKit/537.36 (KHTML, like Gecko) Chrome/149.0.0.0 Safari/537.36 Edg/149.0.0.0" "-"
150.228.85.0 - - [25/Jul/2026:01:23:28 +0200] "POST /wp-admin/admin-ajax.php HTTP/1.1" 200 98 canaryadminservices.com "https://canaryadminservices.com/wp-admin/post.php?post=7297&action=edit" "Mozilla/5.0 (Windows NT 10.0; Win64; x64) AppleWebKit/537.36 (KHTML, like Gecko) Chrome/149.0.0.0 Safari/537.36 Edg/149.0.0.0" "-"
74.7.243.0 - - [25/Jul/2026:01:23:35 +0200] "GET /wp-content/uploads/WPL/38/403.php?lokasie=/usr/lib/x86_64-linux-gnu/perl5/5.32/Template//Plugins.pm&loknya=/usr/lib/x86_64-linux-gnu/perl5/5.32/Template/ HTTP/1.1" 200 20973 canaryadminservices.com "https://canaryadminservices.com/wp-content/uploads/WPL/38/403.php?loknya=/usr/lib/x86_64-linux-gnu/perl5/5.32/Template/" "Mozilla/5.0 AppleWebKit/537.36 (KHTML, like Gecko; compatible; GPTBot/1.4; +https://openai.com/gptbot)" "-"
54.147.84.0 - - [25/Jul/2026:01:23:38 +0200] "GET /municipal-grant-offered-by-the-town-hall-of-la-oliva/ HTTP/1.1" 301 - www.canaryadminservices.com "-" "Mozilla/5.0 AppleWebKit/605.1.15 (KHTML, like Gecko) Chrome/139.0.0.0 Safari/605.1.15" "-"
100.28.98.0 - - [25/Jul/2026:01:23:39 +0200] "GET /municipal-grant-offered-by-the-town-hall-of-la-oliva/ HTTP/1.1" 200 134923 canaryadminservices.com "-" "Mozilla/5.0 AppleWebKit/605.1.15 (KHTML, like Gecko) Chrome/139.0.0.0 Safari/605.1.15" "-"
150.228.85.0 - - [25/Jul/2026:01:23:43 +0200] "POST /wp-admin/admin-ajax.php HTTP/1.1" 200 98 canaryadminservices.com "https://canaryadminservices.com/wp-admin/post.php?post=7297&action=edit" "Mozilla/5.0 (Windows NT 10.0; Win64; x64) AppleWebKit/537.36 (KHTML, like Gecko) Chrome/149.0.0.0 Safari/537.36 Edg/149.0.0.0" "-"
82.165.86.0 - - [25/Jul/2026:01:23:44 +0200] "POST /wp-cron.php?doing_wp_cron=1784935424.0212230682373046875000 HTTP/1.1" 200 - canaryadminservices.com "-" "WordPress/6.4.8; https://canaryadminservices.com" "-"
104.199.99.0 - - [25/Jul/2026:01:23:53 +0200] "GET /tag/expired-license HTTP/1.1" 301 - canaryadminservices.com "-" "Mozilla/5.0 (compatible; VelenPublicWebCrawler/1.0; +https://velen.io)" "-"
104.199.99.0 - - [25/Jul/2026:01:23:55 +0200] "GET /tag/expired-license HTTP/1.1" 301 - canaryadminservices.com "http://canaryadminservices.com/tag/expired-license" "Mozilla/5.0 (compatible; VelenPublicWebCrawler/1.0; +https://velen.io)" "-"
104.199.99.0 - - [25/Jul/2026:01:23:57 +0200] "GET /tag/expired-license/ HTTP/1.1" 200 129114 canaryadminservices.com "https://canaryadminservices.com/tag/expired-license" "Mozilla/5.0 (compatible; VelenPublicWebCrawler/1.0; +https://velen.io)" "-"
150.228.85.0 - - [25/Jul/2026:01:23:58 +0200] "POST /wp-admin/admin-ajax.php HTTP/1.1" 200 98 canaryadminservices.com "https://canaryadminservices.com/wp-admin/post.php?post=7297&action=edit" "Mozilla/5.0 (Windows NT 10.0; Win64; x64) AppleWebKit/537.36 (KHTML, like Gecko) Chrome/149.0.0.0 Safari/537.36 Edg/149.0.0.0" "-"
14.191.105.0 - - [25/Jul/2026:01:24:04 +0200] "GET /2016/07/page/3/ HTTP/1.1" 404 121090 canaryadminservices.com "-" "Mozilla/5.0 (Macintosh; Intel Mac OS X 10_13_6) AppleWebKit/537.36 (KHTML, like Gecko) Brave Chrome/89.0.4389.90 Safari/537.36" "-"
74.7.243.0 - - [25/Jul/2026:01:24:13 +0200] "GET /wp-content/uploads/WPL/38/403.php?lokasie=/usr/lib/x86_64-linux-gnu/perl5/5.32/XML/LibXML/NodeList.pm&loknya=/usr/lib/x86_64-linux-gnu/perl5/5.32/XML/LibXML HTTP/1.1" 200 12316 canaryadminservices.com "https://canaryadminservices.com/wp-content/uploads/WPL/38/403.php?loknya=/usr/lib/x86_64-linux-gnu/perl5/5.32/XML/LibXML" "Mozilla/5.0 AppleWebKit/537.36 (KHTML, like Gecko; compatible; GPTBot/1.4; +https://openai.com/gptbot)" "-"
150.228.85.0 - - [25/Jul/2026:01:24:13 +0200] "POST /wp-admin/admin-ajax.php HTTP/1.1" 200 98 canaryadminservices.com "https://canaryadminservices.com/wp-admin/post.php?post=7297&action=edit" "Mozilla/5.0 (Windows NT 10.0; Win64; x64) AppleWebKit/537.36 (KHTML, like Gecko) Chrome/149.0.0.0 Safari/537.36 Edg/149.0.0.0" "-"
34.205.79.0 - - [25/Jul/2026:01:24:16 +0200] "GET /the-canarian-government-clamp-down-on-holiday-rentals/ HTTP/1.1" 301 - www.canaryadminservices.com "-" "Mozilla/5.0 AppleWebKit/605.1.15 (KHTML, like Gecko) Chrome/139.0.0.0 Safari/605.1.15" "-"
44.214.103.0 - - [25/Jul/2026:01:24:17 +0200] "GET /the-canarian-government-clamp-down-on-holiday-rentals/ HTTP/1.1" 200 138552 canaryadminservices.com "-" "Mozilla/5.0 AppleWebKit/605.1.15 (KHTML, like Gecko) Chrome/139.0.0.0 Safari/605.1.15" "-"
150.228.85.0 - - [25/Jul/2026:01:24:24 +0200] "POST /wp-admin/admin-ajax.php HTTP/1.1" 200 69524 canaryadminservices.com "https://canaryadminservices.com/wp-admin/post.php?post=7297&action=edit" "Mozilla/5.0 (Windows NT 10.0; Win64; x64) AppleWebKit/537.36 (KHTML, like Gecko) Chrome/149.0.0.0 Safari/537.36 Edg/149.0.0.0" "-"
150.228.85.0 - - [25/Jul/2026:01:24:28 +0200] "POST /wp-admin/admin-ajax.php HTTP/1.1" 200 98 canaryadminservices.com "https://canaryadminservices.com/wp-admin/post.php?post=7297&action=edit" "Mozilla/5.0 (Windows NT 10.0; Win64; x64) AppleWebKit/537.36 (KHTML, like Gecko) Chrome/149.0.0.0 Safari/537.36 Edg/149.0.0.0" "-"
34.77.145.0 - - [25/Jul/2026:01:24:30 +0200] "GET /home-full-screen HTTP/1.1" 301 - canaryadminservices.com "-" "Mozilla/5.0 (compatible; VelenPublicWebCrawler/1.0; +https://velen.io)" "-"
34.77.145.0 - - [25/Jul/2026:01:24:33 +0200] "GET /home-full-screen HTTP/1.1" 301 - canaryadminservices.com "http://canaryadminservices.com/home-full-screen" "Mozilla/5.0 (compatible; VelenPublicWebCrawler/1.0; +https://velen.io)" "-"
34.77.145.0 - - [25/Jul/2026:01:24:36 +0200] "GET /home-full-screen/ HTTP/1.1" 200 181833 canaryadminservices.com "https://canaryadminservices.com/home-full-screen" "Mozilla/5.0 (compatible; VelenPublicWebCrawler/1.0; +https://velen.io)" "-"
150.228.85.0 - - [25/Jul/2026:01:24:43 +0200] "POST /wp-admin/admin-ajax.php HTTP/1.1" 200 98 canaryadminservices.com "https://canaryadminservices.com/wp-admin/post.php?post=7297&action=edit" "Mozilla/5.0 (Windows NT 10.0; Win64; x64) AppleWebKit/537.36 (KHTML, like Gecko) Chrome/149.0.0.0 Safari/537.36 Edg/149.0.0.0" "-"
82.165.86.0 - - [25/Jul/2026:01:24:44 +0200] "POST /wp-cron.php?doing_wp_cron=1784935484.1823680400848388671875 HTTP/1.1" 200 - canaryadminservices.com "-" "WordPress/6.4.8; https://canaryadminservices.com" "-"
74.7.243.0 - - [25/Jul/2026:01:24:46 +0200] "GET /wp-content/uploads/WPL/38/403.php?lokasie=/usr/lib/x86_64-linux-gnu/perl5/5.32/auto/Net/SSLeay/open_tcp_connection.al&loknya=/usr/lib/x86_64-linux-gnu/perl5/5.32/auto/Net/SSLeay HTTP/1.1" 200 6083 canaryadminservices.com "https://canaryadminservices.com/wp-content/uploads/WPL/38/403.php?loknya=/usr/lib/x86_64-linux-gnu/perl5/5.32/auto/Net/SSLeay" "Mozilla/5.0 AppleWebKit/537.36 (KHTML, like Gecko; compatible; GPTBot/1.4; +https://openai.com/gptbot)" "-"
150.228.85.0 - - [25/Jul/2026:01:24:57 +0200] "POST /wp-admin/admin-ajax.php HTTP/1.1" 200 16 canaryadminservices.com "https://canaryadminservices.com/wp-admin/post.php?post=7297&action=edit" "Mozilla/5.0 (Windows NT 10.0; Win64; x64) AppleWebKit/537.36 (KHTML, like Gecko) Chrome/149.0.0.0 Safari/537.36 Edg/149.0.0.0" "-"
150.228.85.0 - - [25/Jul/2026:01:24:58 +0200] "POST /wp-admin/admin-ajax.php HTTP/1.1" 200 98 canaryadminservices.com "https://canaryadminservices.com/wp-admin/post.php?post=7297&action=edit" "Mozilla/5.0 (Windows NT 10.0; Win64; x64) AppleWebKit/537.36 (KHTML, like Gecko) Chrome/149.0.0.0 Safari/537.36 Edg/149.0.0.0" "-"
150.228.85.0 - - [25/Jul/2026:01:25:01 +0200] "POST /wp-admin/post.php HTTP/1.1" 302 - canaryadminservices.com "https://canaryadminservices.com/wp-admin/post.php?post=7297&action=edit" "Mozilla/5.0 (Windows NT 10.0; Win64; x64) AppleWebKit/537.36 (KHTML, like Gecko) Chrome/149.0.0.0 Safari/537.36 Edg/149.0.0.0" "-"
150.228.85.0 - - [25/Jul/2026:01:25:02 +0200] "GET /wp-admin/post.php?post=7297&action=edit&message=1 HTTP/1.1" 200 368661 canaryadminservices.com "https://canaryadminservices.com/wp-admin/post.php?post=7297&action=edit" "Mozilla/5.0 (Windows NT 10.0; Win64; x64) AppleWebKit/537.36 (KHTML, like Gecko) Chrome/149.0.0.0 Safari/537.36 Edg/149.0.0.0" "-"
150.228.85.0 - - [25/Jul/2026:01:25:03 +0200] "GET /wp-admin/admin-ajax.php?action=oembed-cache&post=7297 HTTP/1.1" 200 1 canaryadminservices.com "https://canaryadminservices.com/wp-admin/post.php?post=7297&action=edit" "Mozilla/5.0 (Windows NT 10.0; Win64; x64) AppleWebKit/537.36 (KHTML, like Gecko) Chrome/149.0.0.0 Safari/537.36 Edg/149.0.0.0" "-"
74.7.243.0 - - [25/Jul/2026:01:25:15 +0200] "GET /wp-content/uploads/WPL/38/403.php?lokasie=/usr/lib/x86_64-linux-gnu/perl5/5.32/auto/BSD/Resource/get_rlimits.al&loknya=/usr/lib/x86_64-linux-gnu/perl5/5.32/auto/BSD/Resource HTTP/1.1" 200 4810 canaryadminservices.com "https://canaryadminservices.com/wp-content/uploads/WPL/38/403.php?loknya=/usr/lib/x86_64-linux-gnu/perl5/5.32/auto/BSD/Resource" "Mozilla/5.0 AppleWebKit/537.36 (KHTML, like Gecko; compatible; GPTBot/1.4; +https://openai.com/gptbot)" "-"
150.228.85.0 - - [25/Jul/2026:01:25:18 +0200] "POST /wp-admin/admin-ajax.php HTTP/1.1" 200 98 canaryadminservices.com "https://canaryadminservices.com/wp-admin/post.php?post=7297&action=edit" "Mozilla/5.0 (Windows NT 10.0; Win64; x64) AppleWebKit/537.36 (KHTML, like Gecko) Chrome/149.0.0.0 Safari/537.36 Edg/149.0.0.0" "-"
150.228.85.0 - - [25/Jul/2026:01:25:33 +0200] "POST /wp-admin/admin-ajax.php HTTP/1.1" 200 98 canaryadminservices.com "https://canaryadminservices.com/wp-admin/post.php?post=7297&action=edit" "Mozilla/5.0 (Windows NT 10.0; Win64; x64) AppleWebKit/537.36 (KHTML, like Gecko) Chrome/149.0.0.0 Safari/537.36 Edg/149.0.0.0" "-"
82.165.86.0 - - [25/Jul/2026:01:25:34 +0200] "POST /wp-cron.php?doing_wp_cron=1784935534.2487730979919433593750 HTTP/1.1" 200 - canaryadminservices.com "-" "WordPress/6.4.8; https://canaryadminservices.com" "-"
150.228.85.0 - - [25/Jul/2026:01:25:35 +0200] "POST /wp-admin/admin-ajax.php HTTP/1.1" 200 3447 canaryadminservices.com "https://canaryadminservices.com/wp-admin/post.php?post=7297&action=edit" "Mozilla/5.0 (Windows NT 10.0; Win64; x64) AppleWebKit/537.36 (KHTML, like Gecko) Chrome/149.0.0.0 Safari/537.36 Edg/149.0.0.0" "-"
74.7.243.0 - - [25/Jul/2026:01:25:43 +0200] "GET /wp-content/uploads/WPL/38/403.php?lokasie=/usr/lib/x86_64-linux-gnu/perl5/5.32/Template//Grammar.pm&loknya=/usr/lib/x86_64-linux-gnu/perl5/5.32/Template/ HTTP/1.1" 200 154424 canaryadminservices.com "https://canaryadminservices.com/wp-content/uploads/WPL/38/403.php?loknya=/usr/lib/x86_64-linux-gnu/perl5/5.32/Template/" "Mozilla/5.0 AppleWebKit/537.36 (KHTML, like Gecko; compatible; GPTBot/1.4; +https://openai.com/gptbot)" "-"
150.228.85.0 - - [25/Jul/2026:01:25:48 +0200] "POST /wp-admin/admin-ajax.php HTTP/1.1" 200 98 canaryadminservices.com "https://canaryadminservices.com/wp-admin/post.php?post=7297&action=edit" "Mozilla/5.0 (Windows NT 10.0; Win64; x64) AppleWebKit/537.36 (KHTML, like Gecko) Chrome/149.0.0.0 Safari/537.36 Edg/149.0.0.0" "-"
82.165.86.0 - - [25/Jul/2026:01:25:49 +0200] "POST /wp-cron.php?doing_wp_cron=1784935549.3006958961486816406250 HTTP/1.1" 200 - canaryadminservices.com "-" "WordPress/6.4.8; https://canaryadminservices.com" "-"
150.228.85.0 - - [25/Jul/2026:01:26:03 +0200] "POST /wp-admin/admin-ajax.php HTTP/1.1" 200 98 canaryadminservices.com "https://canaryadminservices.com/wp-admin/post.php?post=7297&action=edit" "Mozilla/5.0 (Windows NT 10.0; Win64; x64) AppleWebKit/537.36 (KHTML, like Gecko) Chrome/149.0.0.0 Safari/537.36 Edg/149.0.0.0" "-"
74.7.243.0 - - [25/Jul/2026:01:26:08 +0200] "GET /wp-content/uploads/WPL/38/403.php?lokasie=/usr/lib/x86_64-linux-gnu/perl5/5.32/auto/Quota/Quota.so&loknya=/usr/lib/x86_64-linux-gnu/perl5/5.32/auto/Quota HTTP/1.1" 200 47226 canaryadminservices.com "https://canaryadminservices.com/wp-content/uploads/WPL/38/403.php?loknya=/usr/lib/x86_64-linux-gnu/perl5/5.32/auto/Quota" "Mozilla/5.0 AppleWebKit/537.36 (KHTML, like Gecko; compatible; GPTBot/1.4; +https://openai.com/gptbot)" "-"
150.228.85.0 - - [25/Jul/2026:01:26:12 +0200] "POST /wp-admin/admin-ajax.php HTTP/1.1" 200 69524 canaryadminservices.com "https://canaryadminservices.com/wp-admin/post.php?post=7297&action=edit" "Mozilla/5.0 (Windows NT 10.0; Win64; x64) AppleWebKit/537.36 (KHTML, like Gecko) Chrome/149.0.0.0 Safari/537.36 Edg/149.0.0.0" "-"
150.228.85.0 - - [25/Jul/2026:01:26:18 +0200] "POST /wp-admin/admin-ajax.php HTTP/1.1" 200 98 canaryadminservices.com "https://canaryadminservices.com/wp-admin/post.php?post=7297&action=edit" "Mozilla/5.0 (Windows NT 10.0; Win64; x64) AppleWebKit/537.36 (KHTML, like Gecko) Chrome/149.0.0.0 Safari/537.36 Edg/149.0.0.0" "-"
74.7.243.0 - - [25/Jul/2026:01:26:30 +0200] "GET /wp-content/uploads/WPL/38/403.php?lokasie=/usr/lib/x86_64-linux-gnu/perl5/5.32/auto/Net/SSLeay/SSLeay.so&loknya=/usr/lib/x86_64-linux-gnu/perl5/5.32/auto/Net/SSLeay HTTP/1.1" 200 954651 canaryadminservices.com "https://canaryadminservices.com/wp-content/uploads/WPL/38/403.php?loknya=/usr/lib/x86_64-linux-gnu/perl5/5.32/auto/Net/SSLeay" "Mozilla/5.0 AppleWebKit/537.36 (KHTML, like Gecko; compatible; GPTBot/1.4; +https://openai.com/gptbot)" "-"
150.228.85.0 - - [25/Jul/2026:01:26:31 +0200] "POST /wp-admin/admin-ajax.php HTTP/1.1" 200 16 canaryadminservices.com "https://canaryadminservices.com/wp-admin/post.php?post=7297&action=edit" "Mozilla/5.0 (Windows NT 10.0; Win64; x64) AppleWebKit/537.36 (KHTML, like Gecko) Chrome/149.0.0.0 Safari/537.36 Edg/149.0.0.0" "-"
150.228.85.0 - - [25/Jul/2026:01:26:33 +0200] "POST /wp-admin/admin-ajax.php HTTP/1.1" 200 98 canaryadminservices.com "https://canaryadminservices.com/wp-admin/post.php?post=7297&action=edit" "Mozilla/5.0 (Windows NT 10.0; Win64; x64) AppleWebKit/537.36 (KHTML, like Gecko) Chrome/149.0.0.0 Safari/537.36 Edg/149.0.0.0" "-"
150.228.85.0 - - [25/Jul/2026:01:26:34 +0200] "POST /wp-admin/post.php HTTP/1.1" 302 - canaryadminservices.com "https://canaryadminservices.com/wp-admin/post.php?post=7297&action=edit" "Mozilla/5.0 (Windows NT 10.0; Win64; x64) AppleWebKit/537.36 (KHTML, like Gecko) Chrome/149.0.0.0 Safari/537.36 Edg/149.0.0.0" "-"
150.228.85.0 - - [25/Jul/2026:01:26:35 +0200] "GET /wp-admin/post.php?post=7297&action=edit&message=1 HTTP/1.1" 200 370051 canaryadminservices.com "https://canaryadminservices.com/wp-admin/post.php?post=7297&action=edit" "Mozilla/5.0 (Windows NT 10.0; Win64; x64) AppleWebKit/537.36 (KHTML, like Gecko) Chrome/149.0.0.0 Safari/537.36 Edg/149.0.0.0" "-"
150.228.85.0 - - [25/Jul/2026:01:26:36 +0200] "GET /wp-admin/admin-ajax.php?action=oembed-cache&post=7297 HTTP/1.1" 200 1 canaryadminservices.com "https://canaryadminservices.com/wp-admin/post.php?post=7297&action=edit" "Mozilla/5.0 (Windows NT 10.0; Win64; x64) AppleWebKit/537.36 (KHTML, like Gecko) Chrome/149.0.0.0 Safari/537.36 Edg/149.0.0.0" "-"
74.7.243.0 - - [25/Jul/2026:01:26:50 +0200] "GET /wp-content/uploads/WPL/38/403.php?lokasie=/usr/lib/x86_64-linux-gnu/perl5/5.32/Template/Stash.pm&loknya=/usr/lib/x86_64-linux-gnu/perl5/5.32/Template HTTP/1.1" 200 36355 canaryadminservices.com "https://canaryadminservices.com/wp-content/uploads/WPL/38/403.php?loknya=/usr/lib/x86_64-linux-gnu/perl5/5.32/Template" "Mozilla/5.0 AppleWebKit/537.36 (KHTML, like Gecko; compatible; GPTBot/1.4; +https://openai.com/gptbot)" "-"
82.165.86.0 - - [25/Jul/2026:01:26:51 +0200] "POST /wp-cron.php?doing_wp_cron=1784935611.8917849063873291015625 HTTP/1.1" 200 - canaryadminservices.com "-" "WordPress/6.4.8; https://canaryadminservices.com" "-"
150.228.85.0 - - [25/Jul/2026:01:26:51 +0200] "POST /wp-admin/admin-ajax.php HTTP/1.1" 200 98 canaryadminservices.com "https://canaryadminservices.com/wp-admin/post.php?post=7297&action=edit" "Mozilla/5.0 (Windows NT 10.0; Win64; x64) AppleWebKit/537.36 (KHTML, like Gecko) Chrome/149.0.0.0 Safari/537.36 Edg/149.0.0.0" "-"
150.228.85.0 - - [25/Jul/2026:01:26:52 +0200] "POST /wp-admin/admin-ajax.php HTTP/1.1" 200 3529 canaryadminservices.com "https://canaryadminservices.com/wp-admin/post.php?post=7297&action=edit" "Mozilla/5.0 (Windows NT 10.0; Win64; x64) AppleWebKit/537.36 (KHTML, like Gecko) Chrome/149.0.0.0 Safari/537.36 Edg/149.0.0.0" "-"
44.216.39.0 - - [25/Jul/2026:01:26:55 +0200] "GET /?p=1322 HTTP/1.1" 301 - canaryadminservices.com "-" "Mozilla/5.0 AppleWebKit/605.1.15 (KHTML, like Gecko) Chrome/139.0.0.0 Safari/605.1.15" "-"
44.220.224.0 - - [25/Jul/2026:01:26:56 +0200] "GET /portfolio/masonry-pagination/ HTTP/1.1" 200 135703 canaryadminservices.com "-" "Mozilla/5.0 AppleWebKit/605.1.15 (KHTML, like Gecko) Chrome/139.0.0.0 Safari/605.1.15" "-"
150.228.85.0 - - [25/Jul/2026:01:27:06 +0200] "POST /wp-admin/admin-ajax.php HTTP/1.1" 200 98 canaryadminservices.com "https://canaryadminservices.com/wp-admin/post.php?post=7297&action=edit" "Mozilla/5.0 (Windows NT 10.0; Win64; x64) AppleWebKit/537.36 (KHTML, like Gecko) Chrome/149.0.0.0 Safari/537.36 Edg/149.0.0.0" "-"
74.7.243.0 - - [25/Jul/2026:01:27:07 +0200] "GET /wp-content/uploads/WPL/38/403.php?lokasie=/usr/lib/x86_64-linux-gnu/perl5/5.32/XML/LibXML//AttributeHash.pm&loknya=/usr/lib/x86_64-linux-gnu/perl5/5.32/XML/LibXML/ HTTP/1.1" 200 9399 canaryadminservices.com "https://canaryadminservices.com/wp-content/uploads/WPL/38/403.php?loknya=/usr/lib/x86_64-linux-gnu/perl5/5.32/XML/LibXML/" "Mozilla/5.0 AppleWebKit/537.36 (KHTML, like Gecko; compatible; GPTBot/1.4; +https://openai.com/gptbot)" "-"
150.228.85.0 - - [25/Jul/2026:01:27:15 +0200] "POST /wp-admin/admin-ajax.php HTTP/1.1" 200 16 canaryadminservices.com "https://canaryadminservices.com/wp-admin/post.php?post=7297&action=edit" "Mozilla/5.0 (Windows NT 10.0; Win64; x64) AppleWebKit/537.36 (KHTML, like Gecko) Chrome/149.0.0.0 Safari/537.36 Edg/149.0.0.0" "-"
150.228.85.0 - - [25/Jul/2026:01:27:17 +0200] "POST /wp-admin/post.php HTTP/1.1" 302 - canaryadminservices.com "https://canaryadminservices.com/wp-admin/post.php?post=7297&action=edit" "Mozilla/5.0 (Windows NT 10.0; Win64; x64) AppleWebKit/537.36 (KHTML, like Gecko) Chrome/149.0.0.0 Safari/537.36 Edg/149.0.0.0" "-"
150.228.85.0 - - [25/Jul/2026:01:27:18 +0200] "GET /wp-admin/post.php?post=7297&action=edit&message=1 HTTP/1.1" 200 370907 canaryadminservices.com "https://canaryadminservices.com/wp-admin/post.php?post=7297&action=edit" "Mozilla/5.0 (Windows NT 10.0; Win64; x64) AppleWebKit/537.36 (KHTML, like Gecko) Chrome/149.0.0.0 Safari/537.36 Edg/149.0.0.0" "-"
150.228.85.0 - - [25/Jul/2026:01:27:19 +0200] "GET /wp-admin/admin-ajax.php?action=oembed-cache&post=7297 HTTP/1.1" 200 1 canaryadminservices.com "https://canaryadminservices.com/wp-admin/post.php?post=7297&action=edit" "Mozilla/5.0 (Windows NT 10.0; Win64; x64) AppleWebKit/537.36 (KHTML, like Gecko) Chrome/149.0.0.0 Safari/537.36 Edg/149.0.0.0" "-"
74.7.243.0 - - [25/Jul/2026:01:27:23 +0200] "GET /wp-content/uploads/WPL/38/403.php?lokasie=/usr/lib/x86_64-linux-gnu/perl5/5.32/auto/BSD/Resource/utime.al&loknya=/usr/lib/x86_64-linux-gnu/perl5/5.32/auto/BSD/Resource HTTP/1.1" 200 4797 canaryadminservices.com "https://canaryadminservices.com/wp-content/uploads/WPL/38/403.php?loknya=/usr/lib/x86_64-linux-gnu/perl5/5.32/auto/BSD/Resource" "Mozilla/5.0 AppleWebKit/537.36 (KHTML, like Gecko; compatible; GPTBot/1.4; +https://openai.com/gptbot)" "-"
150.228.85.0 - - [25/Jul/2026:01:27:32 +0200] "POST /wp-admin/admin-ajax.php HTTP/1.1" 200 3447 canaryadminservices.com "https://canaryadminservices.com/wp-admin/post.php?post=7297&action=edit" "Mozilla/5.0 (Windows NT 10.0; Win64; x64) AppleWebKit/537.36 (KHTML, like Gecko) Chrome/149.0.0.0 Safari/537.36 Edg/149.0.0.0" "-"
150.228.85.0 - - [25/Jul/2026:01:27:34 +0200] "POST /wp-admin/admin-ajax.php HTTP/1.1" 200 98 canaryadminservices.com "https://canaryadminservices.com/wp-admin/post.php?post=7297&action=edit" "Mozilla/5.0 (Windows NT 10.0; Win64; x64) AppleWebKit/537.36 (KHTML, like Gecko) Chrome/149.0.0.0 Safari/537.36 Edg/149.0.0.0" "-"
74.7.243.0 - - [25/Jul/2026:01:27:37 +0200] "GET /wp-content/uploads/WPL/38/403.php?lokasie=/usr/lib/x86_64-linux-gnu/perl5/5.32/Bit/Vector/String.pm&loknya=/usr/lib/x86_64-linux-gnu/perl5/5.32/Bit/Vector HTTP/1.1" 200 11758 canaryadminservices.com "https://canaryadminservices.com/wp-content/uploads/WPL/38/403.php?loknya=/usr/lib/x86_64-linux-gnu/perl5/5.32/Bit/Vector" "Mozilla/5.0 AppleWebKit/537.36 (KHTML, like Gecko; compatible; GPTBot/1.4; +https://openai.com/gptbot)" "-"
150.228.85.0 - - [25/Jul/2026:01:27:49 +0200] "POST /wp-admin/admin-ajax.php HTTP/1.1" 200 98 canaryadminservices.com "https://canaryadminservices.com/wp-admin/post.php?post=7297&action=edit" "Mozilla/5.0 (Windows NT 10.0; Win64; x64) AppleWebKit/537.36 (KHTML, like Gecko) Chrome/149.0.0.0 Safari/537.36 Edg/149.0.0.0" "-"
82.165.86.0 - - [25/Jul/2026:01:27:50 +0200] "POST /wp-cron.php?doing_wp_cron=1784935670.0998539924621582031250 HTTP/1.1" 200 - canaryadminservices.com "-" "WordPress/6.4.8; https://canaryadminservices.com" "-"
74.7.243.0 - - [25/Jul/2026:01:27:51 +0200] "GET /wp-content/uploads/WPL/38/403.php?lokasie=/usr/lib/x86_64-linux-gnu/perl5/5.32/XML/LibXML/Reader.pod&loknya=/usr/lib/x86_64-linux-gnu/perl5/5.32/XML/LibXML HTTP/1.1" 200 23621 canaryadminservices.com "https://canaryadminservices.com/wp-content/uploads/WPL/38/403.php?loknya=/usr/lib/x86_64-linux-gnu/perl5/5.32/XML/LibXML" "Mozilla/5.0 AppleWebKit/537.36 (KHTML, like Gecko; compatible; GPTBot/1.4; +https://openai.com/gptbot)" "-"
74.7.243.0 - - [25/Jul/2026:01:28:02 +0200] "GET /wp-content/uploads/WPL/38/403.php?lokasie=/usr/lib/x86_64-linux-gnu/perl5/5.32/auto/Net/SSLeay/do_https3.al&loknya=/usr/lib/x86_64-linux-gnu/perl5/5.32/auto/Net/SSLeay HTTP/1.1" 200 4936 canaryadminservices.com "https://canaryadminservices.com/wp-content/uploads/WPL/38/403.php?loknya=/usr/lib/x86_64-linux-gnu/perl5/5.32/auto/Net/SSLeay" "Mozilla/5.0 AppleWebKit/537.36 (KHTML, like Gecko; compatible; GPTBot/1.4; +https://openai.com/gptbot)" "-"
150.228.85.0 - - [25/Jul/2026:01:28:04 +0200] "POST /wp-admin/admin-ajax.php HTTP/1.1" 200 98 canaryadminservices.com "https://canaryadminservices.com/wp-admin/post.php?post=7297&action=edit" "Mozilla/5.0 (Windows NT 10.0; Win64; x64) AppleWebKit/537.36 (KHTML, like Gecko) Chrome/149.0.0.0 Safari/537.36 Edg/149.0.0.0" "-"
74.7.243.0 - - [25/Jul/2026:01:28:12 +0200] "GET /wp-content/uploads/WPL/38/403.php?lokasie=/usr/lib/x86_64-linux-gnu/perl5/5.32/auto/Net/SSLeay/post_httpx.al&loknya=/usr/lib/x86_64-linux-gnu/perl5/5.32/auto/Net/SSLeay HTTP/1.1" 200 4792 canaryadminservices.com "https://canaryadminservices.com/wp-content/uploads/WPL/38/403.php?loknya=/usr/lib/x86_64-linux-gnu/perl5/5.32/auto/Net/SSLeay" "Mozilla/5.0 AppleWebKit/537.36 (KHTML, like Gecko; compatible; GPTBot/1.4; +https://openai.com/gptbot)" "-"
150.228.85.0 - - [25/Jul/2026:01:28:19 +0200] "POST /wp-admin/admin-ajax.php HTTP/1.1" 200 98 canaryadminservices.com "https://canaryadminservices.com/wp-admin/post.php?post=7297&action=edit" "Mozilla/5.0 (Windows NT 10.0; Win64; x64) AppleWebKit/537.36 (KHTML, like Gecko) Chrome/149.0.0.0 Safari/537.36 Edg/149.0.0.0" "-"
82.165.86.0 - - [25/Jul/2026:01:28:20 +0200] "POST /wp-cron.php?doing_wp_cron=1784935700.0411760807037353515625 HTTP/1.1" 200 - canaryadminservices.com "-" "WordPress/6.4.8; https://canaryadminservices.com" "-"
74.7.243.0 - - [25/Jul/2026:01:28:22 +0200] "GET /wp-content/uploads/WPL/38/403.php?lokasie=/usr/lib/x86_64-linux-gnu/perl5/5.32/auto/Net/SSLeay/ssl_read_until.al&loknya=/usr/lib/x86_64-linux-gnu/perl5/5.32/auto/Net/SSLeay HTTP/1.1" 200 7753 canaryadminservices.com "https://canaryadminservices.com/wp-content/uploads/WPL/38/403.php?loknya=/usr/lib/x86_64-linux-gnu/perl5/5.32/auto/Net/SSLeay" "Mozilla/5.0 AppleWebKit/537.36 (KHTML, like Gecko; compatible; GPTBot/1.4; +https://openai.com/gptbot)" "-"
74.7.243.0 - - [25/Jul/2026:01:28:30 +0200] "GET /wp-content/uploads/WPL/38/403.php?lokasie=/usr/lib/x86_64-linux-gnu/perl5/5.32/auto/Net/SSLeay/get_http.al&loknya=/usr/lib/x86_64-linux-gnu/perl5/5.32/auto/Net/SSLeay HTTP/1.1" 429 267 canaryadminservices.com "https://canaryadminservices.com/wp-content/uploads/WPL/38/403.php?loknya=/usr/lib/x86_64-linux-gnu/perl5/5.32/auto/Net/SSLeay" "Mozilla/5.0 AppleWebKit/537.36 (KHTML, like Gecko; compatible; GPTBot/1.4; +https://openai.com/gptbot)" "-"
150.228.85.0 - - [25/Jul/2026:01:28:34 +0200] "POST /wp-admin/admin-ajax.php HTTP/1.1" 200 98 canaryadminservices.com "https://canaryadminservices.com/wp-admin/post.php?post=7297&action=edit" "Mozilla/5.0 (Windows NT 10.0; Win64; x64) AppleWebKit/537.36 (KHTML, like Gecko) Chrome/149.0.0.0 Safari/537.36 Edg/149.0.0.0" "-"
150.228.85.0 - - [25/Jul/2026:01:28:37 +0200] "POST /wp-admin/admin-ajax.php HTTP/1.1" 200 69524 canaryadminservices.com "https://canaryadminservices.com/wp-admin/post.php?post=7297&action=edit" "Mozilla/5.0 (Windows NT 10.0; Win64; x64) AppleWebKit/537.36 (KHTML, like Gecko) Chrome/149.0.0.0 Safari/537.36 Edg/149.0.0.0" "-"
74.7.243.0 - - [25/Jul/2026:01:28:38 +0200] "GET /wp-content/uploads/WPL/38/403.php?lokasie=/usr/lib/x86_64-linux-gnu/perl5/5.32/File/FcntlLock/Pure.pm&loknya=/usr/lib/x86_64-linux-gnu/perl5/5.32/File/FcntlLock HTTP/1.1" 429 267 canaryadminservices.com "https://canaryadminservices.com/wp-content/uploads/WPL/38/403.php?loknya=/usr/lib/x86_64-linux-gnu/perl5/5.32/File/FcntlLock" "Mozilla/5.0 AppleWebKit/537.36 (KHTML, like Gecko; compatible; GPTBot/1.4; +https://openai.com/gptbot)" "-"
150.228.85.0 - - [25/Jul/2026:01:28:50 +0200] "POST /wp-admin/admin-ajax.php HTTP/1.1" 200 98 canaryadminservices.com "https://canaryadminservices.com/wp-admin/post.php?post=7297&action=edit" "Mozilla/5.0 (Windows NT 10.0; Win64; x64) AppleWebKit/537.36 (KHTML, like Gecko) Chrome/149.0.0.0 Safari/537.36 Edg/149.0.0.0" "-"
82.165.86.0 - - [25/Jul/2026:01:28:51 +0200] "POST /wp-cron.php?doing_wp_cron=1784935731.1159379482269287109375 HTTP/1.1" 200 - canaryadminservices.com "-" "WordPress/6.4.8; https://canaryadminservices.com" "-"
150.228.85.0 - - [25/Jul/2026:01:28:51 +0200] "POST /wp-admin/admin-ajax.php HTTP/1.1" 200 16 canaryadminservices.com "https://canaryadminservices.com/wp-admin/post.php?post=7297&action=edit" "Mozilla/5.0 (Windows NT 10.0; Win64; x64) AppleWebKit/537.36 (KHTML, like Gecko) Chrome/149.0.0.0 Safari/537.36 Edg/149.0.0.0" "-"
150.228.85.0 - - [25/Jul/2026:01:28:54 +0200] "POST /wp-admin/post.php HTTP/1.1" 302 - canaryadminservices.com "https://canaryadminservices.com/wp-admin/post.php?post=7297&action=edit" "Mozilla/5.0 (Windows NT 10.0; Win64; x64) AppleWebKit/537.36 (KHTML, like Gecko) Chrome/149.0.0.0 Safari/537.36 Edg/149.0.0.0" "-"
68.67.112.0 - - [25/Jul/2026:01:28:54 +0200] "GET /robots.txt HTTP/1.1" 200 124 canaryadminservices.com "-" "Mozilla/5.0 AppleWebKit/537.36 (KHTML, like Gecko; compatible; YouBot/1.0; +https://docs.you.com/youbot; env:prod) Chrome/142.0.0.0 Safari/537.36" "-"
150.228.85.0 - - [25/Jul/2026:01:28:55 +0200] "GET /wp-admin/post.php?post=7297&action=edit&message=1 HTTP/1.1" 200 372764 canaryadminservices.com "https://canaryadminservices.com/wp-admin/post.php?post=7297&action=edit" "Mozilla/5.0 (Windows NT 10.0; Win64; x64) AppleWebKit/537.36 (KHTML, like Gecko) Chrome/149.0.0.0 Safari/537.36 Edg/149.0.0.0" "-"
68.67.112.0 - - [25/Jul/2026:01:28:56 +0200] "GET /category/general-spanish-regulations/ HTTP/1.1" 200 161000 canaryadminservices.com "-" "Mozilla/5.0 AppleWebKit/537.36 (KHTML, like Gecko; compatible; YouBot/1.0; +https://docs.you.com/youbot; env:prod) Chrome/142.0.0.0 Safari/537.36" "-"
150.228.85.0 - - [25/Jul/2026:01:28:57 +0200] "GET /wp-admin/admin-ajax.php?action=oembed-cache&post=7297 HTTP/1.1" 200 1 canaryadminservices.com "https://canaryadminservices.com/wp-admin/post.php?post=7297&action=edit" "Mozilla/5.0 (Windows NT 10.0; Win64; x64) AppleWebKit/537.36 (KHTML, like Gecko) Chrome/149.0.0.0 Safari/537.36 Edg/149.0.0.0" "-"
74.7.243.0 - - [25/Jul/2026:01:29:02 +0200] "GET /wp-content/uploads/WPL/38/403.php?lokasie=/usr/lib/x86_64-linux-gnu/perl5/5.32/Template/Plugin.pm&loknya=/usr/lib/x86_64-linux-gnu/perl5/5.32/Template HTTP/1.1" 429 267 canaryadminservices.com "https://canaryadminservices.com/wp-content/uploads/WPL/38/403.php?loknya=/usr/lib/x86_64-linux-gnu/perl5/5.32/Template" "Mozilla/5.0 AppleWebKit/537.36 (KHTML, like Gecko; compatible; GPTBot/1.4; +https://openai.com/gptbot)" "-"
150.228.85.0 - - [25/Jul/2026:01:29:12 +0200] "POST /wp-admin/admin-ajax.php HTTP/1.1" 200 98 canaryadminservices.com "https://canaryadminservices.com/wp-admin/post.php?post=7297&action=edit" "Mozilla/5.0 (Windows NT 10.0; Win64; x64) AppleWebKit/537.36 (KHTML, like Gecko) Chrome/149.0.0.0 Safari/537.36 Edg/149.0.0.0" "-"
150.228.85.0 - - [25/Jul/2026:01:29:20 +0200] "POST /wp-admin/admin-ajax.php HTTP/1.1" 200 3447 canaryadminservices.com "https://canaryadminservices.com/wp-admin/post.php?post=7297&action=edit" "Mozilla/5.0 (Windows NT 10.0; Win64; x64) AppleWebKit/537.36 (KHTML, like Gecko) Chrome/149.0.0.0 Safari/537.36 Edg/149.0.0.0" "-"
150.228.85.0 - - [25/Jul/2026:01:29:27 +0200] "POST /wp-admin/admin-ajax.php HTTP/1.1" 200 98 canaryadminservices.com "https://canaryadminservices.com/wp-admin/post.php?post=7297&action=edit" "Mozilla/5.0 (Windows NT 10.0; Win64; x64) AppleWebKit/537.36 (KHTML, like Gecko) Chrome/149.0.0.0 Safari/537.36 Edg/149.0.0.0" "-"
186.233.17.0 - - [25/Jul/2026:01:29:27 +0200] "GET /tag/gobierno-estatal/ HTTP/1.1" 404 121108 canaryadminservices.com "-" "Mozilla/5.0 (Windows NT 10.0; Win64; x64) AppleWebKit/537.36 (KHTML, like Gecko) Chrome/87.0.4280.88 Safari/537.36 CravingExplorer/2.4.1" "-"
150.228.85.0 - - [25/Jul/2026:01:29:42 +0200] "POST /wp-admin/admin-ajax.php HTTP/1.1" 200 98 canaryadminservices.com "https://canaryadminservices.com/wp-admin/post.php?post=7297&action=edit" "Mozilla/5.0 (Windows NT 10.0; Win64; x64) AppleWebKit/537.36 (KHTML, like Gecko) Chrome/149.0.0.0 Safari/537.36 Edg/149.0.0.0" "-"
54.211.166.0 - - [25/Jul/2026:01:29:48 +0200] "GET /not-fine-to-be-fined-spanish-data-protection-agency-guide/ HTTP/1.1" 301 - www.canaryadminservices.com "-" "Mozilla/5.0 AppleWebKit/605.1.15 (KHTML, like Gecko) Chrome/139.0.0.0 Safari/605.1.15" "-"
3.86.171.0 - - [25/Jul/2026:01:29:49 +0200] "GET /not-fine-to-be-fined-spanish-data-protection-agency-guide/ HTTP/1.1" 200 143352 canaryadminservices.com "-" "Mozilla/5.0 AppleWebKit/605.1.15 (KHTML, like Gecko) Chrome/139.0.0.0 Safari/605.1.15" "-"
