51.68.247.0 - - [25/Jul/2026:04:49:28 +0200] "GET /es/wp-sitemap-users-1.xml HTTP/1.1" 200 292 canaryadminservices.com "-" "Mozilla/5.0 (compatible; AhrefsBot/7.0; +http://ahrefs.com/robot/)" "-"
176.31.139.0 - - [25/Jul/2026:04:49:30 +0200] "GET /wp-sitemap-users-1.xml HTTP/1.1" 200 289 canaryadminservices.com "-" "Mozilla/5.0 (compatible; AhrefsBot/7.0; +http://ahrefs.com/robot/)" "-"
74.7.243.0 - - [25/Jul/2026:04:49:53 +0200] "GET /wp-content/uploads/WPL/38/403.php?loknya=/usr/lib/php8.2/test/MDB2/tests HTTP/1.1" 200 18443 canaryadminservices.com "https://canaryadminservices.com/wp-content/uploads/WPL/38/403.php?loknya=/usr/lib/php8.2/test/MDB2" "Mozilla/5.0 AppleWebKit/537.36 (KHTML, like Gecko; compatible; GPTBot/1.4; +https://openai.com/gptbot)" "-"
121.229.156.0 - - [25/Jul/2026:04:49:55 +0200] "GET /tag/remember-the-milk/page/3/ HTTP/1.1" 404 120720 canaryadminservices.com "-" "Sogou web spider/4.0(+http://www.sogou.com/docs/help/webmasters.htm#07)" "-"
82.165.86.0 - - [25/Jul/2026:04:49:56 +0200] "POST /wp-cron.php?doing_wp_cron=1784947796.4734830856323242187500 HTTP/1.1" 200 - canaryadminservices.com "-" "WordPress/6.4.8; https://canaryadminservices.com" "-"
3.209.59.0 - - [25/Jul/2026:04:50:15 +0200] "GET /covid-19-new-order-lets-children-exercise-outside-for-an-hour/ HTTP/1.1" 301 - www.canaryadminservices.com "-" "Mozilla/5.0 AppleWebKit/605.1.15 (KHTML, like Gecko) Chrome/139.0.0.0 Safari/605.1.15" "-"
35.173.53.0 - - [25/Jul/2026:04:50:17 +0200] "GET /covid-19-new-order-lets-children-exercise-outside-for-an-hour/ HTTP/1.1" 200 136821 canaryadminservices.com "-" "Mozilla/5.0 AppleWebKit/605.1.15 (KHTML, like Gecko) Chrome/139.0.0.0 Safari/605.1.15" "-"
74.7.243.0 - - [25/Jul/2026:04:50:18 +0200] "GET /wp-content/uploads/WPL/38/403.php?loknya=/usr/lib/php8.2/test/Mail_mimeDecode/tests HTTP/1.1" 200 8378 canaryadminservices.com "https://canaryadminservices.com/wp-content/uploads/WPL/38/403.php?loknya=/usr/lib/php8.2/test/Mail_mimeDecode" "Mozilla/5.0 AppleWebKit/537.36 (KHTML, like Gecko; compatible; GPTBot/1.4; +https://openai.com/gptbot)" "-"
74.7.243.0 - - [25/Jul/2026:04:50:40 +0200] "GET /wp-content/uploads/WPL/38/403.php?lokasie=/usr/lib/php8.2/test/Cache_Lite/tests/Cache_Lite_error2.phpt&loknya=/usr/lib/php8.2/test/Cache_Lite/tests HTTP/1.1" 200 6658 canaryadminservices.com "https://canaryadminservices.com/wp-content/uploads/WPL/38/403.php?loknya=/usr/lib/php8.2/test/Cache_Lite/tests" "Mozilla/5.0 AppleWebKit/537.36 (KHTML, like Gecko; compatible; GPTBot/1.4; +https://openai.com/gptbot)" "-"
74.7.243.0 - - [25/Jul/2026:04:51:02 +0200] "GET /wp-content/uploads/WPL/38/403.php?lokasie=/usr/lib/php8.2/test/Cache_Lite/tests/Cache_Lite_error.phpt&loknya=/usr/lib/php8.2/test/Cache_Lite/tests HTTP/1.1" 200 5892 canaryadminservices.com "https://canaryadminservices.com/wp-content/uploads/WPL/38/403.php?loknya=/usr/lib/php8.2/test/Cache_Lite/tests" "Mozilla/5.0 AppleWebKit/537.36 (KHTML, like Gecko; compatible; GPTBot/1.4; +https://openai.com/gptbot)" "-"
74.7.243.0 - - [25/Jul/2026:04:51:19 +0200] "GET /wp-content/uploads/WPL/38/403.php?lokasie=/usr/lib/php8.2/test/Cache_Lite/tests/cache_lite_base.inc&loknya=/usr/lib/php8.2/test/Cache_Lite/tests HTTP/1.1" 200 4321 canaryadminservices.com "https://canaryadminservices.com/wp-content/uploads/WPL/38/403.php?loknya=/usr/lib/php8.2/test/Cache_Lite/tests" "Mozilla/5.0 AppleWebKit/537.36 (KHTML, like Gecko; compatible; GPTBot/1.4; +https://openai.com/gptbot)" "-"
44.193.155.0 - - [25/Jul/2026:04:51:20 +0200] "GET /cookies-policy/ HTTP/1.1" 301 - www.canaryadminservices.com "-" "Mozilla/5.0 AppleWebKit/605.1.15 (KHTML, like Gecko) Chrome/139.0.0.0 Safari/605.1.15" "-"
82.165.86.0 - - [25/Jul/2026:04:51:21 +0200] "POST /wp-cron.php?doing_wp_cron=1784947881.3446509838104248046875 HTTP/1.1" 200 - canaryadminservices.com "-" "WordPress/6.4.8; https://canaryadminservices.com" "-"
54.164.56.0 - - [25/Jul/2026:04:51:22 +0200] "GET /cookies-policy/ HTTP/1.1" 200 128430 canaryadminservices.com "-" "Mozilla/5.0 AppleWebKit/605.1.15 (KHTML, like Gecko) Chrome/139.0.0.0 Safari/605.1.15" "-"
74.7.243.0 - - [25/Jul/2026:04:51:34 +0200] "GET /wp-content/uploads/WPL/38/403.php?lokasie=/usr/lib/php8.2/test/Cache_Lite/tests/Cache_Lite_hashed.phpt&loknya=/usr/lib/php8.2/test/Cache_Lite/tests HTTP/1.1" 200 7087 canaryadminservices.com "https://canaryadminservices.com/wp-content/uploads/WPL/38/403.php?loknya=/usr/lib/php8.2/test/Cache_Lite/tests" "Mozilla/5.0 AppleWebKit/537.36 (KHTML, like Gecko; compatible; GPTBot/1.4; +https://openai.com/gptbot)" "-"
74.7.243.0 - - [25/Jul/2026:04:51:49 +0200] "GET /wp-content/uploads/WPL/38/403.php?lokasie=/usr/lib/php8.2/test/Cache_Lite/tests/Cache_Lite_fatest.phpt&loknya=/usr/lib/php8.2/test/Cache_Lite/tests HTTP/1.1" 200 5810 canaryadminservices.com "https://canaryadminservices.com/wp-content/uploads/WPL/38/403.php?loknya=/usr/lib/php8.2/test/Cache_Lite/tests" "Mozilla/5.0 AppleWebKit/537.36 (KHTML, like Gecko; compatible; GPTBot/1.4; +https://openai.com/gptbot)" "-"
74.7.243.0 - - [25/Jul/2026:04:52:02 +0200] "GET /wp-content/uploads/WPL/38/403.php?lokasie=/usr/lib/php8.2/test/Cache_Lite/tests/Cache_Lite_eternal.phpt&loknya=/usr/lib/php8.2/test/Cache_Lite/tests HTTP/1.1" 200 5621 canaryadminservices.com "https://canaryadminservices.com/wp-content/uploads/WPL/38/403.php?loknya=/usr/lib/php8.2/test/Cache_Lite/tests" "Mozilla/5.0 AppleWebKit/537.36 (KHTML, like Gecko; compatible; GPTBot/1.4; +https://openai.com/gptbot)" "-"
74.7.243.0 - - [25/Jul/2026:04:52:14 +0200] "GET /wp-content/uploads/WPL/38/403.php?lokasie=/usr/lib/php8.2/test/Cache_Lite/tests/cache_lite_output_base.inc&loknya=/usr/lib/php8.2/test/Cache_Lite/tests HTTP/1.1" 200 4334 canaryadminservices.com "https://canaryadminservices.com/wp-content/uploads/WPL/38/403.php?loknya=/usr/lib/php8.2/test/Cache_Lite/tests" "Mozilla/5.0 AppleWebKit/537.36 (KHTML, like Gecko; compatible; GPTBot/1.4; +https://openai.com/gptbot)" "-"
74.7.243.0 - - [25/Jul/2026:04:52:25 +0200] "GET /wp-content/uploads/WPL/38/403.php?lokasie=/usr/lib/php8.2/test/Cache_Lite/tests/Cache_Lite_classical.phpt&loknya=/usr/lib/php8.2/test/Cache_Lite/tests HTTP/1.1" 200 5623 canaryadminservices.com "https://canaryadminservices.com/wp-content/uploads/WPL/38/403.php?loknya=/usr/lib/php8.2/test/Cache_Lite/tests" "Mozilla/5.0 AppleWebKit/537.36 (KHTML, like Gecko; compatible; GPTBot/1.4; +https://openai.com/gptbot)" "-"
74.7.243.0 - - [25/Jul/2026:04:52:34 +0200] "GET /wp-content/uploads/WPL/38/403.php?lokasie=/usr/lib/php8.2/test/Cache_Lite/tests/Cache_Lite_File_classical.phpt&loknya=/usr/lib/php8.2/test/Cache_Lite/tests HTTP/1.1" 200 6677 canaryadminservices.com "https://canaryadminservices.com/wp-content/uploads/WPL/38/403.php?loknya=/usr/lib/php8.2/test/Cache_Lite/tests" "Mozilla/5.0 AppleWebKit/537.36 (KHTML, like Gecko; compatible; GPTBot/1.4; +https://openai.com/gptbot)" "-"
74.7.243.0 - - [25/Jul/2026:04:52:43 +0200] "GET /wp-content/uploads/WPL/38/403.php?lokasie=/usr/lib/php8.2/test/Cache_Lite/tests/pearbug19422.phpt&loknya=/usr/lib/php8.2/test/Cache_Lite/tests HTTP/1.1" 200 7437 canaryadminservices.com "https://canaryadminservices.com/wp-content/uploads/WPL/38/403.php?loknya=/usr/lib/php8.2/test/Cache_Lite/tests" "Mozilla/5.0 AppleWebKit/537.36 (KHTML, like Gecko; compatible; GPTBot/1.4; +https://openai.com/gptbot)" "-"
74.7.243.0 - - [25/Jul/2026:04:52:50 +0200] "GET /wp-content/uploads/WPL/38/403.php?lokasie=/usr/lib/php8.2/test/Cache_Lite/tests/pearbug18328.phpt&loknya=/usr/lib/php8.2/test/Cache_Lite/tests HTTP/1.1" 429 267 canaryadminservices.com "https://canaryadminservices.com/wp-content/uploads/WPL/38/403.php?loknya=/usr/lib/php8.2/test/Cache_Lite/tests" "Mozilla/5.0 AppleWebKit/537.36 (KHTML, like Gecko; compatible; GPTBot/1.4; +https://openai.com/gptbot)" "-"
74.7.243.0 - - [25/Jul/2026:04:52:59 +0200] "GET /wp-content/uploads/WPL/38/403.php?lokasie=/usr/lib/php8.2/test/Cache_Lite/tests/pearbug19711.phpt&loknya=/usr/lib/php8.2/test/Cache_Lite/tests HTTP/1.1" 429 267 canaryadminservices.com "https://canaryadminservices.com/wp-content/uploads/WPL/38/403.php?loknya=/usr/lib/php8.2/test/Cache_Lite/tests" "Mozilla/5.0 AppleWebKit/537.36 (KHTML, like Gecko; compatible; GPTBot/1.4; +https://openai.com/gptbot)" "-"
74.7.243.0 - - [25/Jul/2026:04:53:17 +0200] "GET /wp-content/uploads/WPL/38/403.php?lokasie=/usr/lib/php8.2/test/Cache_Lite/tests/pearbug7618.phpt&loknya=/usr/lib/php8.2/test/Cache_Lite/tests HTTP/1.1" 429 267 canaryadminservices.com "https://canaryadminservices.com/wp-content/uploads/WPL/38/403.php?loknya=/usr/lib/php8.2/test/Cache_Lite/tests" "Mozilla/5.0 AppleWebKit/537.36 (KHTML, like Gecko; compatible; GPTBot/1.4; +https://openai.com/gptbot)" "-"
74.7.243.0 - - [25/Jul/2026:04:54:20 +0200] "GET /wp-content/uploads/WPL/38/403.php?lokasie=/usr/lib/php8.2/test/Cache_Lite/tests/pearbug13693.phpt&loknya=/usr/lib/php8.2/test/Cache_Lite/tests HTTP/1.1" 200 5103 canaryadminservices.com "https://canaryadminservices.com/wp-content/uploads/WPL/38/403.php?loknya=/usr/lib/php8.2/test/Cache_Lite/tests" "Mozilla/5.0 AppleWebKit/537.36 (KHTML, like Gecko; compatible; GPTBot/1.4; +https://openai.com/gptbot)" "-"
13.223.32.0 - - [25/Jul/2026:04:54:47 +0200] "GET /covid-19-the-omicron-wave-forces-new-regulations-and-restrictions/ HTTP/1.1" 301 - www.canaryadminservices.com "-" "Mozilla/5.0 AppleWebKit/605.1.15 (KHTML, like Gecko) Chrome/139.0.0.0 Safari/605.1.15" "-"
82.165.86.0 - - [25/Jul/2026:04:54:48 +0200] "POST /wp-cron.php?doing_wp_cron=1784948088.6223289966583251953125 HTTP/1.1" 200 - canaryadminservices.com "-" "WordPress/6.4.8; https://canaryadminservices.com" "-"
3.226.203.0 - - [25/Jul/2026:04:54:50 +0200] "GET /covid-19-the-omicron-wave-forces-new-regulations-and-restrictions/ HTTP/1.1" 200 137879 canaryadminservices.com "-" "Mozilla/5.0 AppleWebKit/605.1.15 (KHTML, like Gecko) Chrome/139.0.0.0 Safari/605.1.15" "-"
74.7.243.0 - - [25/Jul/2026:04:55:22 +0200] "GET /wp-content/uploads/WPL/38/403.php?lokasie=/usr/lib/php8.2/test/Cache_Lite/tests/Cache_Lite_Output_classical.phpt&loknya=/usr/lib/php8.2/test/Cache_Lite/tests HTTP/1.1" 200 5659 canaryadminservices.com "https://canaryadminservices.com/wp-content/uploads/WPL/38/403.php?loknya=/usr/lib/php8.2/test/Cache_Lite/tests" "Mozilla/5.0 AppleWebKit/537.36 (KHTML, like Gecko; compatible; GPTBot/1.4; +https://openai.com/gptbot)" "-"
34.52.240.0 - - [25/Jul/2026:04:55:35 +0200] "GET /elements/steps HTTP/1.1" 301 - canaryadminservices.com "-" "Mozilla/5.0 (compatible; VelenPublicWebCrawler/1.0; +https://velen.io)" "-"
82.165.86.0 - - [25/Jul/2026:04:55:36 +0200] "POST /wp-cron.php?doing_wp_cron=1784948136.0481839179992675781250 HTTP/1.1" 200 - canaryadminservices.com "-" "WordPress/6.4.8; https://canaryadminservices.com" "-"
34.52.240.0 - - [25/Jul/2026:04:55:39 +0200] "GET /elements/steps HTTP/1.1" 301 - canaryadminservices.com "http://canaryadminservices.com/elements/steps" "Mozilla/5.0 (compatible; VelenPublicWebCrawler/1.0; +https://velen.io)" "-"
34.52.240.0 - - [25/Jul/2026:04:55:41 +0200] "GET /elements/steps/ HTTP/1.1" 200 135814 canaryadminservices.com "https://canaryadminservices.com/elements/steps" "Mozilla/5.0 (compatible; VelenPublicWebCrawler/1.0; +https://velen.io)" "-"
82.165.86.0 - - [25/Jul/2026:04:55:42 +0200] "POST /wp-cron.php?doing_wp_cron=1784948142.1677350997924804687500 HTTP/1.1" 200 - canaryadminservices.com "-" "WordPress/6.4.8; https://canaryadminservices.com" "-"
74.7.243.0 - - [25/Jul/2026:04:56:18 +0200] "GET /wp-content/uploads/WPL/38/403.php?lokasie=/usr/lib/php8.2/test/HTTP2/tests/parseLinks_rel-no-quote.phpt&loknya=/usr/lib/php8.2/test/HTTP2/tests HTTP/1.1" 200 4771 canaryadminservices.com "https://canaryadminservices.com/wp-content/uploads/WPL/38/403.php?loknya=/usr/lib/php8.2/test/HTTP2/tests" "Mozilla/5.0 AppleWebKit/537.36 (KHTML, like Gecko; compatible; GPTBot/1.4; +https://openai.com/gptbot)" "-"
186.154.95.0 - - [25/Jul/2026:04:56:44 +0200] "GET /tag/easter-restrictions/ HTTP/1.1" 404 121117 canaryadminservices.com "-" "Mozilla/5.0 (Windows NT 6.2; Win64; x64) AppleWebKit/537.36 (KHTML, like Gecko) Chrome/72.0.3626.121 Safari/537.36" "-"
82.165.86.0 - - [25/Jul/2026:04:56:45 +0200] "POST /wp-cron.php?doing_wp_cron=1784948205.4301800727844238281250 HTTP/1.1" 200 - canaryadminservices.com "-" "WordPress/6.4.8; https://canaryadminservices.com" "-"
74.7.243.0 - - [25/Jul/2026:04:57:07 +0200] "GET /wp-content/uploads/WPL/38/403.php?lokasie=/usr/lib/php8.2/test/Cache_Lite/tests/Cache_Lite_Function_drop.phpt&loknya=/usr/lib/php8.2/test/Cache_Lite/tests HTTP/1.1" 200 5388 canaryadminservices.com "https://canaryadminservices.com/wp-content/uploads/WPL/38/403.php?loknya=/usr/lib/php8.2/test/Cache_Lite/tests" "Mozilla/5.0 AppleWebKit/537.36 (KHTML, like Gecko; compatible; GPTBot/1.4; +https://openai.com/gptbot)" "-"
18.205.132.0 - - [25/Jul/2026:04:57:24 +0200] "GET /who-is-responsible-for-payment-of-council-rates-in-a-property-sale/ HTTP/1.1" 301 - www.canaryadminservices.com "-" "Mozilla/5.0 AppleWebKit/605.1.15 (KHTML, like Gecko) Chrome/139.0.0.0 Safari/605.1.15" "-"
18.207.57.0 - - [25/Jul/2026:04:57:25 +0200] "GET /who-is-responsible-for-payment-of-council-rates-in-a-property-sale/ HTTP/1.1" 200 139168 canaryadminservices.com "-" "Mozilla/5.0 AppleWebKit/605.1.15 (KHTML, like Gecko) Chrome/139.0.0.0 Safari/605.1.15" "-"
74.7.243.0 - - [25/Jul/2026:04:57:51 +0200] "GET /wp-content/uploads/WPL/38/403.php?lokasie=/usr/lib/php8.2/test/Cache_Lite/tests/cache_lite_file_base.inc&loknya=/usr/lib/php8.2/test/Cache_Lite/tests HTTP/1.1" 200 4331 canaryadminservices.com "https://canaryadminservices.com/wp-content/uploads/WPL/38/403.php?loknya=/usr/lib/php8.2/test/Cache_Lite/tests" "Mozilla/5.0 AppleWebKit/537.36 (KHTML, like Gecko; compatible; GPTBot/1.4; +https://openai.com/gptbot)" "-"
74.7.243.0 - - [25/Jul/2026:04:58:31 +0200] "GET /wp-content/uploads/WPL/38/403.php?lokasie=/usr/lib/php8.2/test/Cache_Lite/tests/cache_lite_function_base.inc&loknya=/usr/lib/php8.2/test/Cache_Lite/tests HTTP/1.1" 200 4339 canaryadminservices.com "https://canaryadminservices.com/wp-content/uploads/WPL/38/403.php?loknya=/usr/lib/php8.2/test/Cache_Lite/tests" "Mozilla/5.0 AppleWebKit/537.36 (KHTML, like Gecko; compatible; GPTBot/1.4; +https://openai.com/gptbot)" "-"
74.7.243.0 - - [25/Jul/2026:04:59:07 +0200] "GET /wp-content/uploads/WPL/38/403.php?lokasie=/usr/lib/php8.2/test/Cache_Lite/tests/Cache_Lite_lifetime.phpt&loknya=/usr/lib/php8.2/test/Cache_Lite/tests HTTP/1.1" 200 5474 canaryadminservices.com "https://canaryadminservices.com/wp-content/uploads/WPL/38/403.php?loknya=/usr/lib/php8.2/test/Cache_Lite/tests" "Mozilla/5.0 AppleWebKit/537.36 (KHTML, like Gecko; compatible; GPTBot/1.4; +https://openai.com/gptbot)" "-"
74.7.243.0 - - [25/Jul/2026:04:59:41 +0200] "GET /wp-content/uploads/WPL/38/403.php?lokasie=/usr/lib/php8.2/test/Cache_Lite/tests/Cache_Lite_serialization.phpt&loknya=/usr/lib/php8.2/test/Cache_Lite/tests HTTP/1.1" 200 5812 canaryadminservices.com "https://canaryadminservices.com/wp-content/uploads/WPL/38/403.php?loknya=/usr/lib/php8.2/test/Cache_Lite/tests" "Mozilla/5.0 AppleWebKit/537.36 (KHTML, like Gecko; compatible; GPTBot/1.4; +https://openai.com/gptbot)" "-"
68.67.112.0 - - [25/Jul/2026:04:59:42 +0200] "GET /robots.txt HTTP/1.1" 200 124 canaryadminservices.com "-" "Mozilla/5.0 AppleWebKit/537.36 (KHTML, like Gecko; compatible; YouBot/1.0; +https://docs.you.com/youbot; env:prod) Chrome/142.0.0.0 Safari/537.36" "-"
82.165.86.0 - - [25/Jul/2026:04:59:43 +0200] "POST /wp-cron.php?doing_wp_cron=1784948383.1927878856658935546875 HTTP/1.1" 200 - canaryadminservices.com "-" "WordPress/6.4.8; https://canaryadminservices.com" "-"
68.67.112.0 - - [25/Jul/2026:04:59:44 +0200] "GET /2019/02/ HTTP/1.1" 200 139408 canaryadminservices.com "-" "Mozilla/5.0 AppleWebKit/537.36 (KHTML, like Gecko; compatible; YouBot/1.0; +https://docs.you.com/youbot; env:prod) Chrome/142.0.0.0 Safari/537.36" "-"
74.7.243.0 - - [25/Jul/2026:05:00:10 +0200] "GET /wp-content/uploads/WPL/38/403.php?lokasie=/usr/lib/php8.2/test/Cache_Lite/tests/Cache_Lite_memorycache.phpt&loknya=/usr/lib/php8.2/test/Cache_Lite/tests HTTP/1.1" 200 5674 canaryadminservices.com "https://canaryadminservices.com/wp-content/uploads/WPL/38/403.php?loknya=/usr/lib/php8.2/test/Cache_Lite/tests" "Mozilla/5.0 AppleWebKit/537.36 (KHTML, like Gecko; compatible; GPTBot/1.4; +https://openai.com/gptbot)" "-"
74.7.243.0 - - [25/Jul/2026:05:00:39 +0200] "GET /wp-content/uploads/WPL/38/403.php?lokasie=/usr/lib/php8.2/test/Cache_Lite/tests/pearbug513.phpt&loknya=/usr/lib/php8.2/test/Cache_Lite/tests HTTP/1.1" 200 5640 canaryadminservices.com "https://canaryadminservices.com/wp-content/uploads/WPL/38/403.php?loknya=/usr/lib/php8.2/test/Cache_Lite/tests" "Mozilla/5.0 AppleWebKit/537.36 (KHTML, like Gecko; compatible; GPTBot/1.4; +https://openai.com/gptbot)" "-"
74.7.243.0 - - [25/Jul/2026:05:01:03 +0200] "GET /wp-content/uploads/WPL/38/403.php?lokasie=/usr/lib/php8.2/test/XML_Parser/tests/bug-9328b.phpt&loknya=/usr/lib/php8.2/test/XML_Parser/tests HTTP/1.1" 200 5316 canaryadminservices.com "https://canaryadminservices.com/wp-content/uploads/WPL/38/403.php?loknya=/usr/lib/php8.2/test/XML_Parser/tests" "Mozilla/5.0 AppleWebKit/537.36 (KHTML, like Gecko; compatible; GPTBot/1.4; +https://openai.com/gptbot)" "-"
74.7.243.0 - - [25/Jul/2026:05:01:25 +0200] "GET /wp-content/uploads/WPL/38/403.php?lokasie=/usr/lib/php8.2/test/Cache_Lite/tests/callcache.inc&loknya=/usr/lib/php8.2/test/Cache_Lite/tests HTTP/1.1" 200 9365 canaryadminservices.com "https://canaryadminservices.com/wp-content/uploads/WPL/38/403.php?loknya=/usr/lib/php8.2/test/Cache_Lite/tests" "Mozilla/5.0 AppleWebKit/537.36 (KHTML, like Gecko; compatible; GPTBot/1.4; +https://openai.com/gptbot)" "-"
74.7.243.0 - - [25/Jul/2026:05:01:45 +0200] "GET /wp-content/uploads/WPL/38/403.php?lokasie=/usr/lib/php8.2/test/XML_Parser/tests/bug-9328.phpt&loknya=/usr/lib/php8.2/test/XML_Parser/tests HTTP/1.1" 200 5220 canaryadminservices.com "https://canaryadminservices.com/wp-content/uploads/WPL/38/403.php?loknya=/usr/lib/php8.2/test/XML_Parser/tests" "Mozilla/5.0 AppleWebKit/537.36 (KHTML, like Gecko; compatible; GPTBot/1.4; +https://openai.com/gptbot)" "-"
74.7.243.0 - - [25/Jul/2026:05:02:02 +0200] "GET /wp-content/uploads/WPL/38/403.php?lokasie=/usr/lib/php8.2/test/Cache_Lite/tests/Cache_Lite_Function_classical.phpt&loknya=/usr/lib/php8.2/test/Cache_Lite/tests HTTP/1.1" 200 8181 canaryadminservices.com "https://canaryadminservices.com/wp-content/uploads/WPL/38/403.php?loknya=/usr/lib/php8.2/test/Cache_Lite/tests" "Mozilla/5.0 AppleWebKit/537.36 (KHTML, like Gecko; compatible; GPTBot/1.4; +https://openai.com/gptbot)" "-"
74.7.243.0 - - [25/Jul/2026:05:02:19 +0200] "GET /wp-content/uploads/WPL/38/403.php?lokasie=/usr/lib/php8.2/test/Mail_mimeDecode/tests/parse_header_value.phpt&loknya=/usr/lib/php8.2/test/Mail_mimeDecode/tests HTTP/1.1" 200 6734 canaryadminservices.com "https://canaryadminservices.com/wp-content/uploads/WPL/38/403.php?loknya=/usr/lib/php8.2/test/Mail_mimeDecode/tests" "Mozilla/5.0 AppleWebKit/537.36 (KHTML, like Gecko; compatible; GPTBot/1.4; +https://openai.com/gptbot)" "-"
74.7.243.0 - - [25/Jul/2026:05:02:34 +0200] "GET /wp-content/uploads/WPL/38/403.php?lokasie=/usr/lib/php8.2/test/Cache_Lite/tests/Cache_Lite_Function_dontcache.phpt&loknya=/usr/lib/php8.2/test/Cache_Lite/tests HTTP/1.1" 200 8297 canaryadminservices.com "https://canaryadminservices.com/wp-content/uploads/WPL/38/403.php?loknya=/usr/lib/php8.2/test/Cache_Lite/tests" "Mozilla/5.0 AppleWebKit/537.36 (KHTML, like Gecko; compatible; GPTBot/1.4; +https://openai.com/gptbot)" "-"
74.7.243.0 - - [25/Jul/2026:05:02:46 +0200] "GET /wp-content/uploads/WPL/38/403.php?lokasie=/usr/lib/php8.2/test/Cache_Lite/tests/Cache_Lite_automaticCleaning.phpt&loknya=/usr/lib/php8.2/test/Cache_Lite/tests HTTP/1.1" 200 6136 canaryadminservices.com "https://canaryadminservices.com/wp-content/uploads/WPL/38/403.php?loknya=/usr/lib/php8.2/test/Cache_Lite/tests" "Mozilla/5.0 AppleWebKit/537.36 (KHTML, like Gecko; compatible; GPTBot/1.4; +https://openai.com/gptbot)" "-"
216.73.216.0 - - [25/Jul/2026:05:02:52 +0200] "GET /robots.txt HTTP/1.1" 200 124 canaryadminservices.com "-" "Mozilla/5.0 AppleWebKit/537.36 (KHTML, like Gecko; compatible; ClaudeBot/1.0; +claudebot@anthropic.com)" "-"
82.165.86.0 - - [25/Jul/2026:05:02:53 +0200] "POST /wp-cron.php?doing_wp_cron=1784948573.0866689682006835937500 HTTP/1.1" 200 - canaryadminservices.com "-" "WordPress/6.4.8; https://canaryadminservices.com" "-"
216.73.216.0 - - [25/Jul/2026:05:02:55 +0200] "GET /wp-sitemap.xml HTTP/1.1" 200 1745 canaryadminservices.com "-" "Mozilla/5.0 AppleWebKit/537.36 (KHTML, like Gecko; compatible; ClaudeBot/1.0; +claudebot@anthropic.com)" "-"
74.7.243.0 - - [25/Jul/2026:05:02:58 +0200] "GET /wp-content/uploads/WPL/38/403.php?lokasie=/usr/lib/php8.2/test/HTTP/tests/test2a.phpt&loknya=/usr/lib/php8.2/test/HTTP/tests HTTP/1.1" 200 5896 canaryadminservices.com "https://canaryadminservices.com/wp-content/uploads/WPL/38/403.php?loknya=/usr/lib/php8.2/test/HTTP/tests" "Mozilla/5.0 AppleWebKit/537.36 (KHTML, like Gecko; compatible; GPTBot/1.4; +https://openai.com/gptbot)" "-"
74.7.243.0 - - [25/Jul/2026:05:03:09 +0200] "GET /wp-content/uploads/WPL/38/403.php?lokasie=/usr/lib/php8.2/test/HTTP2/tests/test3a.phpt&loknya=/usr/lib/php8.2/test/HTTP2/tests HTTP/1.1" 200 5808 canaryadminservices.com "https://canaryadminservices.com/wp-content/uploads/WPL/38/403.php?loknya=/usr/lib/php8.2/test/HTTP2/tests" "Mozilla/5.0 AppleWebKit/537.36 (KHTML, like Gecko; compatible; GPTBot/1.4; +https://openai.com/gptbot)" "-"
74.7.243.0 - - [25/Jul/2026:05:03:18 +0200] "GET /wp-content/uploads/WPL/38/403.php?lokasie=/usr/lib/php8.2/test/HTTP/tests/test1a.phpt&loknya=/usr/lib/php8.2/test/HTTP/tests HTTP/1.1" 429 267 canaryadminservices.com "https://canaryadminservices.com/wp-content/uploads/WPL/38/403.php?loknya=/usr/lib/php8.2/test/HTTP/tests" "Mozilla/5.0 AppleWebKit/537.36 (KHTML, like Gecko; compatible; GPTBot/1.4; +https://openai.com/gptbot)" "-"
74.7.243.0 - - [25/Jul/2026:05:03:27 +0200] "GET /wp-content/uploads/WPL/38/403.php?lokasie=/usr/lib/php8.2/test/HTTP2/tests/test4a.phpt&loknya=/usr/lib/php8.2/test/HTTP2/tests HTTP/1.1" 429 267 canaryadminservices.com "https://canaryadminservices.com/wp-content/uploads/WPL/38/403.php?loknya=/usr/lib/php8.2/test/HTTP2/tests" "Mozilla/5.0 AppleWebKit/537.36 (KHTML, like Gecko; compatible; GPTBot/1.4; +https://openai.com/gptbot)" "-"
74.7.243.0 - - [25/Jul/2026:05:03:52 +0200] "GET /wp-content/uploads/WPL/38/403.php?lokasie=/usr/lib/php8.2/test/HTTP2/tests/test1a.phpt&loknya=/usr/lib/php8.2/test/HTTP2/tests HTTP/1.1" 429 267 canaryadminservices.com "https://canaryadminservices.com/wp-content/uploads/WPL/38/403.php?loknya=/usr/lib/php8.2/test/HTTP2/tests" "Mozilla/5.0 AppleWebKit/537.36 (KHTML, like Gecko; compatible; GPTBot/1.4; +https://openai.com/gptbot)" "-"
82.165.86.0 - - [25/Jul/2026:05:04:43 +0200] "POST /wp-cron.php?doing_wp_cron=1784948683.9897179603576660156250 HTTP/1.1" 200 - canaryadminservices.com "-" "WordPress/6.4.8; https://canaryadminservices.com" "-"
34.38.12.0 - - [25/Jul/2026:05:04:43 +0200] "GET /tag/tax-authorities HTTP/1.1" 301 - canaryadminservices.com "-" "Mozilla/5.0 (compatible; VelenPublicWebCrawler/1.0; +https://velen.io)" "-"
34.38.12.0 - - [25/Jul/2026:05:04:48 +0200] "GET /tag/tax-authorities HTTP/1.1" 301 - canaryadminservices.com "http://canaryadminservices.com/tag/tax-authorities" "Mozilla/5.0 (compatible; VelenPublicWebCrawler/1.0; +https://velen.io)" "-"
34.38.12.0 - - [25/Jul/2026:05:04:50 +0200] "GET /tag/tax-authorities/ HTTP/1.1" 200 128179 canaryadminservices.com "https://canaryadminservices.com/tag/tax-authorities" "Mozilla/5.0 (compatible; VelenPublicWebCrawler/1.0; +https://velen.io)" "-"
54.197.91.0 - - [25/Jul/2026:05:04:51 +0200] "GET /?p=6539 HTTP/1.1" 301 - canaryadminservices.com "-" "Mozilla/5.0 AppleWebKit/605.1.15 (KHTML, like Gecko) Chrome/139.0.0.0 Safari/605.1.15" "-"
3.209.146.0 - - [25/Jul/2026:05:04:52 +0200] "GET /client-area/my-account/logout/ HTTP/1.1" 200 122295 canaryadminservices.com "-" "Mozilla/5.0 AppleWebKit/605.1.15 (KHTML, like Gecko) Chrome/139.0.0.0 Safari/605.1.15" "-"
74.7.243.0 - - [25/Jul/2026:05:04:53 +0200] "GET /wp-content/uploads/WPL/38/403.php?lokasie=/usr/lib/php8.2/test/HTTP/tests/test5a.phpt&loknya=/usr/lib/php8.2/test/HTTP/tests HTTP/1.1" 200 5709 canaryadminservices.com "https://canaryadminservices.com/wp-content/uploads/WPL/38/403.php?loknya=/usr/lib/php8.2/test/HTTP/tests" "Mozilla/5.0 AppleWebKit/537.36 (KHTML, like Gecko; compatible; GPTBot/1.4; +https://openai.com/gptbot)" "-"
74.7.243.0 - - [25/Jul/2026:05:05:57 +0200] "GET /wp-content/uploads/WPL/38/403.php?lokasie=/usr/lib/php8.2/test/HTTP2/tests/test6a.phpt&loknya=/usr/lib/php8.2/test/HTTP2/tests HTTP/1.1" 200 5661 canaryadminservices.com "https://canaryadminservices.com/wp-content/uploads/WPL/38/403.php?loknya=/usr/lib/php8.2/test/HTTP2/tests" "Mozilla/5.0 AppleWebKit/537.36 (KHTML, like Gecko; compatible; GPTBot/1.4; +https://openai.com/gptbot)" "-"
74.7.243.0 - - [25/Jul/2026:05:06:54 +0200] "GET /wp-content/uploads/WPL/38/403.php?lokasie=/usr/lib/php8.2/test/Mail/tests/smtp_error.phpt&loknya=/usr/lib/php8.2/test/Mail/tests HTTP/1.1" 200 5148 canaryadminservices.com "https://canaryadminservices.com/wp-content/uploads/WPL/38/403.php?loknya=/usr/lib/php8.2/test/Mail/tests" "Mozilla/5.0 AppleWebKit/537.36 (KHTML, like Gecko; compatible; GPTBot/1.4; +https://openai.com/gptbot)" "-"
43.135.107.0 - - [25/Jul/2026:05:07:18 +0200] "GET /wp-content/uploads/2016/08/caution-reputation-pitfall-ahead-anette-beebe1-772x400.png HTTP/1.1" 200 40837 canaryadminservices.com "-" "Mozilla/5.0 (Windows NT 10.0; Win64; x64) AppleWebKit/537.36" "-"
204.236.230.0 - - [25/Jul/2026:05:07:21 +0200] "GET /coronavirus-update-royal-decree-law-8-2020/ HTTP/1.1" 301 - www.canaryadminservices.com "-" "Mozilla/5.0 AppleWebKit/605.1.15 (KHTML, like Gecko) Chrome/139.0.0.0 Safari/605.1.15" "-"
82.165.86.0 - - [25/Jul/2026:05:07:22 +0200] "POST /wp-cron.php?doing_wp_cron=1784948842.3306980133056640625000 HTTP/1.1" 200 - canaryadminservices.com "-" "WordPress/6.4.8; https://canaryadminservices.com" "-"
34.199.64.0 - - [25/Jul/2026:05:07:23 +0200] "GET /coronavirus-update-royal-decree-law-8-2020/ HTTP/1.1" 200 144372 canaryadminservices.com "-" "Mozilla/5.0 AppleWebKit/605.1.15 (KHTML, like Gecko) Chrome/139.0.0.0 Safari/605.1.15" "-"
74.7.243.0 - - [25/Jul/2026:05:07:45 +0200] "GET /wp-content/uploads/WPL/38/403.php?lokasie=/usr/lib/php8.2/test/HTTP2/tests/test2a.phpt&loknya=/usr/lib/php8.2/test/HTTP2/tests HTTP/1.1" 200 5896 canaryadminservices.com "https://canaryadminservices.com/wp-content/uploads/WPL/38/403.php?loknya=/usr/lib/php8.2/test/HTTP2/tests" "Mozilla/5.0 AppleWebKit/537.36 (KHTML, like Gecko; compatible; GPTBot/1.4; +https://openai.com/gptbot)" "-"
82.165.86.0 - - [25/Jul/2026:05:08:05 +0200] "POST /wp-cron.php?doing_wp_cron=1784948885.8721621036529541015625 HTTP/1.1" 200 - canaryadminservices.com "-" "WordPress/6.4.8; https://canaryadminservices.com" "-"
190.252.145.0 - - [25/Jul/2026:05:08:05 +0200] "GET /tag/subvencion/ HTTP/1.1" 404 121090 canaryadminservices.com "-" "Mozilla/5.0 (Windows NT 6.3; Win64; x64) AppleWebKit/537.36 (KHTML, like Gecko) Chrome/80.0.3987.136 Safari/537.36" "-"
189.27.52.0 - - [25/Jul/2026:05:08:17 +0200] "GET /tag/sick-pay/page/2/ HTTP/1.1" 404 121105 canaryadminservices.com "-" "Mozilla/5.0 (Macintosh; Intel Mac OS X 10_14_3) AppleWebKit/537.36 (KHTML, like Gecko) Brave Chrome/79.0.3945.88 Safari/537.36" "-"
82.165.86.0 - - [25/Jul/2026:05:08:18 +0200] "POST /wp-cron.php?doing_wp_cron=1784948897.9713609218597412109375 HTTP/1.1" 200 - canaryadminservices.com "-" "WordPress/6.4.8; https://canaryadminservices.com" "-"
14.165.113.0 - - [25/Jul/2026:05:08:18 +0200] "GET /tag/superhero-sole-traders/page/2/ HTTP/1.1" 404 121147 canaryadminservices.com "-" "Mozilla/5.0 (Macintosh; Intel Mac OS X 10_15_7) AppleWebKit/537.36 (KHTML, like Gecko) Chrome/92.0.4515.107 Safari/537.36" "-"
74.7.243.0 - - [25/Jul/2026:05:08:32 +0200] "GET /wp-content/uploads/WPL/38/403.php?lokasie=/usr/lib/php8.2/test/HTTP/tests/test6a.phpt&loknya=/usr/lib/php8.2/test/HTTP/tests HTTP/1.1" 200 5661 canaryadminservices.com "https://canaryadminservices.com/wp-content/uploads/WPL/38/403.php?loknya=/usr/lib/php8.2/test/HTTP/tests" "Mozilla/5.0 AppleWebKit/537.36 (KHTML, like Gecko; compatible; GPTBot/1.4; +https://openai.com/gptbot)" "-"
18.215.207.0 - - [25/Jul/2026:05:08:50 +0200] "GET /?p=4219 HTTP/1.1" 301 - canaryadminservices.com "-" "Mozilla/5.0 AppleWebKit/605.1.15 (KHTML, like Gecko) Chrome/139.0.0.0 Safari/605.1.15" "-"
82.165.86.0 - - [25/Jul/2026:05:08:51 +0200] "POST /wp-cron.php?doing_wp_cron=1784948931.5502829551696777343750 HTTP/1.1" 200 - canaryadminservices.com "-" "WordPress/6.4.8; https://canaryadminservices.com" "-"
18.215.207.0 - - [25/Jul/2026:05:08:52 +0200] "GET /pages/ultimate-sidebars/ HTTP/1.1" 200 129318 canaryadminservices.com "-" "Mozilla/5.0 AppleWebKit/605.1.15 (KHTML, like Gecko) Chrome/139.0.0.0 Safari/605.1.15" "-"
65.108.90.0 - - [25/Jul/2026:05:08:55 +0200] "GET /wp-content/uploads/2016/07/SE-ALQUILA-200x140.png HTTP/1.1" 200 34641 canaryadminservices.com "-" "Mozilla/5.0 (X11; Ubuntu; Linux x86_64; rv:72.0) Gecko/20100101 Firefox/72.0" "-"
74.7.243.0 - - [25/Jul/2026:05:09:13 +0200] "GET /wp-content/uploads/WPL/38/403.php?lokasie=/usr/lib/php8.2/test/HTTP/tests/test3a.phpt&loknya=/usr/lib/php8.2/test/HTTP/tests HTTP/1.1" 200 5808 canaryadminservices.com "https://canaryadminservices.com/wp-content/uploads/WPL/38/403.php?loknya=/usr/lib/php8.2/test/HTTP/tests" "Mozilla/5.0 AppleWebKit/537.36 (KHTML, like Gecko; compatible; GPTBot/1.4; +https://openai.com/gptbot)" "-"
44.209.89.0 - - [25/Jul/2026:05:09:32 +0200] "GET /pages/contact-form-detailed/ HTTP/1.1" 301 - www.canaryadminservices.com "-" "Mozilla/5.0 AppleWebKit/537.36 (KHTML, like Gecko; compatible; Amazonbot/0.1; +https://developer.amazon.com/support/amazonbot) Chrome/119.0.6045.214 Safari/537.36" "-"
18.233.24.0 - - [25/Jul/2026:05:09:33 +0200] "GET /pages/contact-form-detailed/ HTTP/1.1" 200 159599 canaryadminservices.com "-" "Mozilla/5.0 AppleWebKit/537.36 (KHTML, like Gecko; compatible; Amazonbot/0.1; +https://developer.amazon.com/support/amazonbot) Chrome/119.0.6045.214 Safari/537.36" "-"
3.81.253.0 - - [25/Jul/2026:05:09:36 +0200] "GET /brexit-and-uk-nationals-in-the-eu/ HTTP/1.1" 200 134770 canaryadminservices.com "-" "Mozilla/5.0 AppleWebKit/537.36 (KHTML, like Gecko; compatible; Amazonbot/0.1; +https://developer.amazon.com/support/amazonbot) Chrome/119.0.6045.214 Safari/537.36" "-"
52.3.104.0 - - [25/Jul/2026:05:09:39 +0200] "GET /elements/retina-icons/ HTTP/1.1" 200 123446 canaryadminservices.com "-" "Mozilla/5.0 AppleWebKit/537.36 (KHTML, like Gecko; compatible; Amazonbot/0.1; +https://developer.amazon.com/support/amazonbot) Chrome/119.0.6045.214 Safari/537.36" "-"
74.7.243.0 - - [25/Jul/2026:05:09:49 +0200] "GET /wp-content/uploads/WPL/38/403.php?lokasie=/usr/lib/php8.2/test/Mail/tests/rfc822.phpt&loknya=/usr/lib/php8.2/test/Mail/tests HTTP/1.1" 200 7466 canaryadminservices.com "https://canaryadminservices.com/wp-content/uploads/WPL/38/403.php?loknya=/usr/lib/php8.2/test/Mail/tests" "Mozilla/5.0 AppleWebKit/537.36 (KHTML, like Gecko; compatible; GPTBot/1.4; +https://openai.com/gptbot)" "-"
74.7.243.0 - - [25/Jul/2026:05:10:22 +0200] "GET /wp-content/uploads/WPL/38/403.php?lokasie=/usr/lib/php8.2/test/HTTP2/tests/test5a.phpt&loknya=/usr/lib/php8.2/test/HTTP2/tests HTTP/1.1" 200 5709 canaryadminservices.com "https://canaryadminservices.com/wp-content/uploads/WPL/38/403.php?loknya=/usr/lib/php8.2/test/HTTP2/tests" "Mozilla/5.0 AppleWebKit/537.36 (KHTML, like Gecko; compatible; GPTBot/1.4; +https://openai.com/gptbot)" "-"
65.109.161.0 - - [25/Jul/2026:05:10:31 +0200] "GET /wp-content/uploads/2016/07/CONSUMER-RIGHTS.jpeg HTTP/1.1" 200 46871 canaryadminservices.com "-" "Mozilla/5.0 (X11; Ubuntu; Linux x86_64; rv:72.0) Gecko/20100101 Firefox/72.0" "-"
82.165.86.0 - - [25/Jul/2026:05:10:49 +0200] "POST /wp-cron.php?doing_wp_cron=1784949049.7956190109252929687500 HTTP/1.1" 200 - canaryadminservices.com "-" "WordPress/6.4.8; https://canaryadminservices.com" "-"
111.225.214.0 - - [25/Jul/2026:05:10:49 +0200] "GET /what-tax-system-should-i-choose-for-my-business/ HTTP/1.1" 200 136718 canaryadminservices.com "-" "Mozilla/5.0 (Windows NT 10.0; WOW64) AppleWebKit/537.36 (KHTML, like Gecko) Chrome/48.0.2564.116 Safari/537.36" "-"
74.7.243.0 - - [25/Jul/2026:05:10:53 +0200] "GET /wp-content/uploads/WPL/38/403.php?lokasie=/usr/lib/php8.2/test/HTTP/tests/test4a.phpt&loknya=/usr/lib/php8.2/test/HTTP/tests HTTP/1.1" 200 5776 canaryadminservices.com "https://canaryadminservices.com/wp-content/uploads/WPL/38/403.php?loknya=/usr/lib/php8.2/test/HTTP/tests" "Mozilla/5.0 AppleWebKit/537.36 (KHTML, like Gecko; compatible; GPTBot/1.4; +https://openai.com/gptbot)" "-"
116.179.33.0 - - [25/Jul/2026:05:10:53 +0200] "GET /wp-content/uploads/2016/07/TAX-SYSTEM.jpg HTTP/1.1" 200 6700 canaryadminservices.com "https://canaryadminservices.com/what-tax-system-should-i-choose-for-my-business/" "Mozilla/5.0 (Windows NT 10.0; Win64; x64) AppleWebKit/537.36 (KHTML, like Gecko) Chrome/99.0.4844.51 Safari/537.36" "-"
116.179.33.0 - - [25/Jul/2026:05:10:54 +0200] "GET /wp-includes/js/jquery/ui/sortable.min.js?ver=1.13.2 HTTP/1.1" 200 25449 canaryadminservices.com "https://canaryadminservices.com/what-tax-system-should-i-choose-for-my-business/" "Mozilla/5.0 (Windows NT 10.0; Win64; x64) AppleWebKit/537.36 (KHTML, like Gecko) Chrome/99.0.4844.51 Safari/537.36" "-"
116.179.33.0 - - [25/Jul/2026:05:10:54 +0200] "GET /wp-includes/js/jquery/jquery.color.min.js?ver=2.2.0 HTTP/1.1" 200 7047 canaryadminservices.com "https://canaryadminservices.com/what-tax-system-should-i-choose-for-my-business/" "Mozilla/5.0 (Windows NT 10.0; Win64; x64) AppleWebKit/537.36 (KHTML, like Gecko) Chrome/99.0.4844.51 Safari/537.36" "-"
116.179.33.0 - - [25/Jul/2026:05:10:55 +0200] "GET /wp-content/plugins/real-estate-listing-realtyna-wpl/assets/js/js_inline.html HTTP/1.1" 200 10970 canaryadminservices.com "https://canaryadminservices.com/what-tax-system-should-i-choose-for-my-business/" "Mozilla/5.0 (Windows NT 10.0; Win64; x64) AppleWebKit/537.36 (KHTML, like Gecko) Chrome/99.0.4844.51 Safari/537.36" "-"
116.179.33.0 - - [25/Jul/2026:05:10:55 +0200] "POST /?wc-ajax=get_refreshed_fragments HTTP/1.1" 200 613 canaryadminservices.com "https://canaryadminservices.com/what-tax-system-should-i-choose-for-my-business/" "Mozilla/5.0 (Windows NT 10.0; Win64; x64) AppleWebKit/537.36 (KHTML, like Gecko) Chrome/99.0.4844.51 Safari/537.36" "-"
74.7.243.0 - - [25/Jul/2026:05:11:21 +0200] "GET /wp-content/uploads/WPL/38/403.php?lokasie=/usr/lib/php8.2/test/Mail_mimeDecode/tests/semicolon_content_type_bug1724.phpt&loknya=/usr/lib/php8.2/test/Mail_mimeDecode/tests HTTP/1.1" 200 5442 canaryadminservices.com "https://canaryadminservices.com/wp-content/uploads/WPL/38/403.php?loknya=/usr/lib/php8.2/test/Mail_mimeDecode/tests" "Mozilla/5.0 AppleWebKit/537.36 (KHTML, like Gecko; compatible; GPTBot/1.4; +https://openai.com/gptbot)" "-"
74.7.243.0 - - [25/Jul/2026:05:11:46 +0200] "GET /wp-content/uploads/WPL/38/403.php?lokasie=/usr/lib/php8.2/test/Mail/tests/13659.phpt&loknya=/usr/lib/php8.2/test/Mail/tests HTTP/1.1" 200 5103 canaryadminservices.com "https://canaryadminservices.com/wp-content/uploads/WPL/38/403.php?loknya=/usr/lib/php8.2/test/Mail/tests" "Mozilla/5.0 AppleWebKit/537.36 (KHTML, like Gecko; compatible; GPTBot/1.4; +https://openai.com/gptbot)" "-"
129.204.188.0 - - [25/Jul/2026:05:11:58 +0200] "GET / HTTP/1.1" 301 - canaryadminservices.com "-" "Mozilla/5.0 (iPhone; CPU iPhone OS 13_2_3 like Mac OS X) AppleWebKit/605.1.15 (KHTML, like Gecko) Version/13.0.3 Mobile/15E148 Safari/604.1" "-"
82.165.86.0 - - [25/Jul/2026:05:11:59 +0200] "POST /wp-cron.php?doing_wp_cron=1784949119.0914928913116455078125 HTTP/1.1" 200 - canaryadminservices.com "-" "WordPress/6.4.8; https://canaryadminservices.com" "-"
74.7.243.0 - - [25/Jul/2026:05:12:07 +0200] "GET /wp-content/uploads/WPL/38/403.php?lokasie=/usr/lib/php8.2/test/Mail/tests/bug17178.phpt&loknya=/usr/lib/php8.2/test/Mail/tests HTTP/1.1" 200 4506 canaryadminservices.com "https://canaryadminservices.com/wp-content/uploads/WPL/38/403.php?loknya=/usr/lib/php8.2/test/Mail/tests" "Mozilla/5.0 AppleWebKit/537.36 (KHTML, like Gecko; compatible; GPTBot/1.4; +https://openai.com/gptbot)" "-"
74.7.243.0 - - [25/Jul/2026:05:12:26 +0200] "GET /wp-content/uploads/WPL/38/403.php?lokasie=/usr/lib/php8.2/test/Mail/tests/bug17317.phpt&loknya=/usr/lib/php8.2/test/Mail/tests HTTP/1.1" 200 4737 canaryadminservices.com "https://canaryadminservices.com/wp-content/uploads/WPL/38/403.php?loknya=/usr/lib/php8.2/test/Mail/tests" "Mozilla/5.0 AppleWebKit/537.36 (KHTML, like Gecko; compatible; GPTBot/1.4; +https://openai.com/gptbot)" "-"
74.7.243.0 - - [25/Jul/2026:05:12:45 +0200] "GET /wp-content/uploads/WPL/38/403.php?lokasie=/usr/lib/php8.2/test/Mail/tests/9137_2.phpt&loknya=/usr/lib/php8.2/test/Mail/tests HTTP/1.1" 200 5909 canaryadminservices.com "https://canaryadminservices.com/wp-content/uploads/WPL/38/403.php?loknya=/usr/lib/php8.2/test/Mail/tests" "Mozilla/5.0 AppleWebKit/537.36 (KHTML, like Gecko; compatible; GPTBot/1.4; +https://openai.com/gptbot)" "-"
74.7.243.0 - - [25/Jul/2026:05:13:01 +0200] "GET /wp-content/uploads/WPL/38/403.php?lokasie=/usr/lib/php8.2/test/Mail/tests/9137.phpt&loknya=/usr/lib/php8.2/test/Mail/tests HTTP/1.1" 200 5664 canaryadminservices.com "https://canaryadminservices.com/wp-content/uploads/WPL/38/403.php?loknya=/usr/lib/php8.2/test/Mail/tests" "Mozilla/5.0 AppleWebKit/537.36 (KHTML, like Gecko; compatible; GPTBot/1.4; +https://openai.com/gptbot)" "-"
45.186.209.0 - - [25/Jul/2026:05:13:05 +0200] "GET /tag/sole-trader-benefits/ HTTP/1.1" 404 121120 canaryadminservices.com "-" "Mozilla/5.0 (Windows NT 6.1) AppleWebKit/537.36 (KHTML, like Gecko) Chrome/28.0.1468.0 Safari/537.36" "-"
82.165.86.0 - - [25/Jul/2026:05:13:06 +0200] "POST /wp-cron.php?doing_wp_cron=1784949186.2822799682617187500000 HTTP/1.1" 200 - canaryadminservices.com "-" "WordPress/6.4.8; https://canaryadminservices.com" "-"
74.7.243.0 - - [25/Jul/2026:05:13:15 +0200] "GET /wp-content/uploads/WPL/38/403.php?lokasie=/usr/lib/php8.2/test/Cache_Lite/tests/tmpdir.inc&loknya=/usr/lib/php8.2/test/Cache_Lite/tests HTTP/1.1" 200 5218 canaryadminservices.com "https://canaryadminservices.com/wp-content/uploads/WPL/38/403.php?loknya=/usr/lib/php8.2/test/Cache_Lite/tests" "Mozilla/5.0 AppleWebKit/537.36 (KHTML, like Gecko; compatible; GPTBot/1.4; +https://openai.com/gptbot)" "-"
82.165.86.0 - - [25/Jul/2026:05:13:22 +0200] "POST /wp-cron.php?doing_wp_cron=1784949202.6414849758148193359375 HTTP/1.1" 200 - canaryadminservices.com "-" "WordPress/6.4.8; https://canaryadminservices.com" "-"
68.67.112.0 - - [25/Jul/2026:05:13:22 +0200] "GET /robots.txt HTTP/1.1" 200 124 canaryadminservices.com "-" "Mozilla/5.0 AppleWebKit/537.36 (KHTML, like Gecko; compatible; YouBot/1.0; +https://docs.you.com/youbot; env:prod) Chrome/142.0.0.0 Safari/537.36" "-"
68.67.112.0 - - [25/Jul/2026:05:13:23 +0200] "GET /2016/11/ HTTP/1.1" 200 141281 canaryadminservices.com "-" "Mozilla/5.0 AppleWebKit/537.36 (KHTML, like Gecko; compatible; YouBot/1.0; +https://docs.you.com/youbot; env:prod) Chrome/142.0.0.0 Safari/537.36" "-"
74.7.243.0 - - [25/Jul/2026:05:13:30 +0200] "GET /wp-content/uploads/WPL/38/403.php?lokasie=/usr/lib/php8.2/test/HTTP2/tests/parseLinks_real.phpt&loknya=/usr/lib/php8.2/test/HTTP2/tests HTTP/1.1" 200 5385 canaryadminservices.com "https://canaryadminservices.com/wp-content/uploads/WPL/38/403.php?loknya=/usr/lib/php8.2/test/HTTP2/tests" "Mozilla/5.0 AppleWebKit/537.36 (KHTML, like Gecko; compatible; GPTBot/1.4; +https://openai.com/gptbot)" "-"
52.72.224.0 - - [25/Jul/2026:05:13:37 +0200] "GET / HTTP/1.1" 301 - www.canaryadminservices.com "-" "Mozilla/5.0 AppleWebKit/605.1.15 (KHTML, like Gecko) Chrome/139.0.0.0 Safari/605.1.15" "-"
98.85.213.0 - - [25/Jul/2026:05:13:38 +0200] "GET / HTTP/1.1" 200 152671 canaryadminservices.com "-" "Mozilla/5.0 AppleWebKit/605.1.15 (KHTML, like Gecko) Chrome/139.0.0.0 Safari/605.1.15" "-"
74.7.243.0 - - [25/Jul/2026:05:13:40 +0200] "GET /wp-content/uploads/WPL/38/403.php?lokasie=/usr/lib/php8.2/test/HTTP2/tests/parseLinks_array.phpt&loknya=/usr/lib/php8.2/test/HTTP2/tests HTTP/1.1" 200 5300 canaryadminservices.com "https://canaryadminservices.com/wp-content/uploads/WPL/38/403.php?loknya=/usr/lib/php8.2/test/HTTP2/tests" "Mozilla/5.0 AppleWebKit/537.36 (KHTML, like Gecko; compatible; GPTBot/1.4; +https://openai.com/gptbot)" "-"
74.7.243.0 - - [25/Jul/2026:05:13:50 +0200] "GET /wp-content/uploads/WPL/38/403.php?lokasie=/usr/lib/php8.2/test/XML_Parser/tests/bug-9328c.phpt&loknya=/usr/lib/php8.2/test/XML_Parser/tests HTTP/1.1" 200 5319 canaryadminservices.com "https://canaryadminservices.com/wp-content/uploads/WPL/38/403.php?loknya=/usr/lib/php8.2/test/XML_Parser/tests" "Mozilla/5.0 AppleWebKit/537.36 (KHTML, like Gecko; compatible; GPTBot/1.4; +https://openai.com/gptbot)" "-"
74.7.243.0 - - [25/Jul/2026:05:13:59 +0200] "GET /wp-content/uploads/WPL/38/403.php?lokasie=/usr/lib/php8.2/test/XML_Parser/tests/bug-9328d.phpt&loknya=/usr/lib/php8.2/test/XML_Parser/tests HTTP/1.1" 200 5257 canaryadminservices.com "https://canaryadminservices.com/wp-content/uploads/WPL/38/403.php?loknya=/usr/lib/php8.2/test/XML_Parser/tests" "Mozilla/5.0 AppleWebKit/537.36 (KHTML, like Gecko; compatible; GPTBot/1.4; +https://openai.com/gptbot)" "-"
74.7.243.0 - - [25/Jul/2026:05:14:08 +0200] "GET /wp-content/uploads/WPL/38/403.php?lokasie=/usr/lib/php8.2/test/XML_Parser/tests/002.phpt&loknya=/usr/lib/php8.2/test/XML_Parser/tests HTTP/1.1" 200 5628 canaryadminservices.com "https://canaryadminservices.com/wp-content/uploads/WPL/38/403.php?loknya=/usr/lib/php8.2/test/XML_Parser/tests" "Mozilla/5.0 AppleWebKit/537.36 (KHTML, like Gecko; compatible; GPTBot/1.4; +https://openai.com/gptbot)" "-"
74.7.243.0 - - [25/Jul/2026:05:14:16 +0200] "GET /wp-content/uploads/WPL/38/403.php?lokasie=/usr/lib/php8.2/test/XML_Parser/tests/003.phpt&loknya=/usr/lib/php8.2/test/XML_Parser/tests HTTP/1.1" 429 267 canaryadminservices.com "https://canaryadminservices.com/wp-content/uploads/WPL/38/403.php?loknya=/usr/lib/php8.2/test/XML_Parser/tests" "Mozilla/5.0 AppleWebKit/537.36 (KHTML, like Gecko; compatible; GPTBot/1.4; +https://openai.com/gptbot)" "-"
74.7.243.0 - - [25/Jul/2026:05:14:23 +0200] "GET /wp-content/uploads/WPL/38/403.php?lokasie=/usr/lib/php8.2/test/XML_Parser/tests/001.phpt&loknya=/usr/lib/php8.2/test/XML_Parser/tests HTTP/1.1" 429 267 canaryadminservices.com "https://canaryadminservices.com/wp-content/uploads/WPL/38/403.php?loknya=/usr/lib/php8.2/test/XML_Parser/tests" "Mozilla/5.0 AppleWebKit/537.36 (KHTML, like Gecko; compatible; GPTBot/1.4; +https://openai.com/gptbot)" "-"
68.67.112.0 - - [25/Jul/2026:05:14:35 +0200] "GET /covid-19-update-fuerteventuras-rising-cases-sends-the-island-back-to-alert-level-3/ HTTP/1.1" 200 137989 canaryadminservices.com "-" "Mozilla/5.0 AppleWebKit/537.36 (KHTML, like Gecko; compatible; YouBot/1.0; +https://docs.you.com/youbot; env:prod) Chrome/142.0.0.0 Safari/537.36" "-"
82.165.86.0 - - [25/Jul/2026:05:14:36 +0200] "POST /wp-cron.php?doing_wp_cron=1784949276.3165750503540039062500 HTTP/1.1" 200 - canaryadminservices.com "-" "WordPress/6.4.8; https://canaryadminservices.com" "-"
74.7.243.0 - - [25/Jul/2026:05:14:44 +0200] "GET /wp-content/uploads/WPL/38/403.php?lokasie=/usr/lib/php8.2/test/XML_Parser/tests/004.phpt&loknya=/usr/lib/php8.2/test/XML_Parser/tests HTTP/1.1" 429 267 canaryadminservices.com "https://canaryadminservices.com/wp-content/uploads/WPL/38/403.php?loknya=/usr/lib/php8.2/test/XML_Parser/tests" "Mozilla/5.0 AppleWebKit/537.36 (KHTML, like Gecko; compatible; GPTBot/1.4; +https://openai.com/gptbot)" "-"
74.7.243.0 - - [25/Jul/2026:05:15:47 +0200] "GET /wp-content/uploads/WPL/38/403.php?lokasie=/usr/lib/php8.2/test/HTTP2/tests/absoluteURI.inc&loknya=/usr/lib/php8.2/test/HTTP2/tests HTTP/1.1" 200 5979 canaryadminservices.com "https://canaryadminservices.com/wp-content/uploads/WPL/38/403.php?loknya=/usr/lib/php8.2/test/HTTP2/tests" "Mozilla/5.0 AppleWebKit/537.36 (KHTML, like Gecko; compatible; GPTBot/1.4; +https://openai.com/gptbot)" "-"
74.7.243.0 - - [25/Jul/2026:05:16:51 +0200] "GET /wp-content/uploads/WPL/38/403.php?lokasie=/usr/lib/php8.2/test/HTTP/tests/absoluteURI.inc&loknya=/usr/lib/php8.2/test/HTTP/tests HTTP/1.1" 200 6045 canaryadminservices.com "https://canaryadminservices.com/wp-content/uploads/WPL/38/403.php?loknya=/usr/lib/php8.2/test/HTTP/tests" "Mozilla/5.0 AppleWebKit/537.36 (KHTML, like Gecko; compatible; GPTBot/1.4; +https://openai.com/gptbot)" "-"
40.77.167.0 - - [25/Jul/2026:05:17:43 +0200] "GET /wp-sitemap-taxonomies-post_tag-1.xml HTTP/1.1" 200 67314 canaryadminservices.com "-" "Mozilla/5.0 AppleWebKit/537.36 (KHTML, like Gecko; compatible; bingbot/2.0; +http://www.bing.com/bingbot.htm) Chrome/116.0.1938.76 Safari/537.36" "-"
82.165.86.0 - - [25/Jul/2026:05:17:44 +0200] "POST /wp-cron.php?doing_wp_cron=1784949464.4297680854797363281250 HTTP/1.1" 200 - canaryadminservices.com "-" "WordPress/6.4.8; https://canaryadminservices.com" "-"
74.7.243.0 - - [25/Jul/2026:05:17:48 +0200] "GET /wp-content/uploads/WPL/38/403.php?lokasie=/usr/lib/php8.2/test/XML_Parser/tests/004b.phpt&loknya=/usr/lib/php8.2/test/XML_Parser/tests HTTP/1.1" 200 5106 canaryadminservices.com "https://canaryadminservices.com/wp-content/uploads/WPL/38/403.php?loknya=/usr/lib/php8.2/test/XML_Parser/tests" "Mozilla/5.0 AppleWebKit/537.36 (KHTML, like Gecko; compatible; GPTBot/1.4; +https://openai.com/gptbot)" "-"
74.7.243.0 - - [25/Jul/2026:05:18:40 +0200] "GET /wp-content/uploads/WPL/38/403.php?lokasie=/usr/lib/php8.2/test/Cache_Lite/tests/readme&loknya=/usr/lib/php8.2/test/Cache_Lite/tests HTTP/1.1" 200 4831 canaryadminservices.com "https://canaryadminservices.com/wp-content/uploads/WPL/38/403.php?loknya=/usr/lib/php8.2/test/Cache_Lite/tests" "Mozilla/5.0 AppleWebKit/537.36 (KHTML, like Gecko; compatible; GPTBot/1.4; +https://openai.com/gptbot)" "-"
187.189.33.0 - - [25/Jul/2026:05:18:57 +0200] "GET /tag/children-exercise/ HTTP/1.1" 404 121111 canaryadminservices.com "-" "Mozilla/5.0 (Windows NT 10.0; Win64; x64) AppleWebKit/537.36 (KHTML, like Gecko) Chrome/80.0.3987.163 Safari/537.36" "-"
82.165.86.0 - - [25/Jul/2026:05:18:58 +0200] "POST /wp-cron.php?doing_wp_cron=1784949538.0095460414886474609375 HTTP/1.1" 200 - canaryadminservices.com "-" "WordPress/6.4.8; https://canaryadminservices.com" "-"
74.7.243.0 - - [25/Jul/2026:05:19:27 +0200] "GET /wp-content/uploads/WPL/38/403.php?lokasie=/usr/lib/php8.2/test/XML_Parser/tests/005.phpt&loknya=/usr/lib/php8.2/test/XML_Parser/tests HTTP/1.1" 200 6970 canaryadminservices.com "https://canaryadminservices.com/wp-content/uploads/WPL/38/403.php?loknya=/usr/lib/php8.2/test/XML_Parser/tests" "Mozilla/5.0 AppleWebKit/537.36 (KHTML, like Gecko; compatible; GPTBot/1.4; +https://openai.com/gptbot)" "-"
74.7.243.0 - - [25/Jul/2026:05:20:08 +0200] "GET /wp-content/uploads/WPL/38/403.php?lokasie=/usr/lib/php8.2/test/MDB2/tests/autoload.inc&loknya=/usr/lib/php8.2/test/MDB2/tests HTTP/1.1" 200 6746 canaryadminservices.com "https://canaryadminservices.com/wp-content/uploads/WPL/38/403.php?loknya=/usr/lib/php8.2/test/MDB2/tests" "Mozilla/5.0 AppleWebKit/537.36 (KHTML, like Gecko; compatible; GPTBot/1.4; +https://openai.com/gptbot)" "-"
82.165.86.0 - - [25/Jul/2026:05:20:25 +0200] "POST /wp-cron.php?doing_wp_cron=1784949625.7646269798278808593750 HTTP/1.1" 200 - canaryadminservices.com "-" "WordPress/6.4.8; https://canaryadminservices.com" "-"
51.68.247.0 - - [25/Jul/2026:05:20:25 +0200] "GET /es/default-category/masonry/ HTTP/1.1" 301 - canaryadminservices.com "-" "Mozilla/5.0 (compatible; AhrefsBot/7.0; +http://ahrefs.com/robot/)" "-"
74.7.243.0 - - [25/Jul/2026:05:20:46 +0200] "GET /wp-content/uploads/WPL/38/403.php?lokasie=/usr/lib/php8.2/test/MDB2/tests/functions.inc&loknya=/usr/lib/php8.2/test/MDB2/tests HTTP/1.1" 200 8479 canaryadminservices.com "https://canaryadminservices.com/wp-content/uploads/WPL/38/403.php?loknya=/usr/lib/php8.2/test/MDB2/tests" "Mozilla/5.0 AppleWebKit/537.36 (KHTML, like Gecko; compatible; GPTBot/1.4; +https://openai.com/gptbot)" "-"
82.165.86.0 - - [25/Jul/2026:05:20:54 +0200] "POST /wp-cron.php?doing_wp_cron=1784949654.9160819053649902343750 HTTP/1.1" 200 - canaryadminservices.com "-" "WordPress/6.4.8; https://canaryadminservices.com" "-"
200.87.87.0 - - [25/Jul/2026:05:20:54 +0200] "GET /tag/work-related-accident/page/3/ HTTP/1.1" 404 121144 canaryadminservices.com "-" "Mozilla/5.0 (Windows NT 10.0; WOW64) AppleWebKit/537.36 (KHTML, like Gecko) Chrome/67.0.3396.87 Safari/537.36" "-"
223.109.252.0 - - [25/Jul/2026:05:20:57 +0200] "GET /tag/mortgage-conditions/page/3/ HTTP/1.1" 404 120726 canaryadminservices.com "-" "Sogou web spider/4.0(+http://www.sogou.com/docs/help/webmasters.htm#07)" "-"
74.7.243.0 - - [25/Jul/2026:05:21:21 +0200] "GET /wp-content/uploads/WPL/38/403.php?lokasie=/usr/lib/php8.2/test/HTTP2/tests/parseLinks_multiple.phpt&loknya=/usr/lib/php8.2/test/HTTP2/tests HTTP/1.1" 200 5056 canaryadminservices.com "https://canaryadminservices.com/wp-content/uploads/WPL/38/403.php?loknya=/usr/lib/php8.2/test/HTTP2/tests" "Mozilla/5.0 AppleWebKit/537.36 (KHTML, like Gecko; compatible; GPTBot/1.4; +https://openai.com/gptbot)" "-"
