216.73.216.0 - - [25/Jul/2026:09:55:03 +0200] "GET /wp-content/uploads/WPL/38/403.php?lokasie=%2Fhomepages%2F36%2Fd682636120%2Fhtdocs%2Fpublic_html%2Fwp-content%2Fuploads%2F2021%2F05%2Fgerman.tourist-213x405.jpg&loknya=%2Fhomepages%2F36%2Fd682636120%2Fhtdocs%2Fpublic_html%2Fwp-content%2Fuploads%2F2021%2F05 HTTP/1.1" 200 69915 canaryadminservices.com "-" "Mozilla/5.0 AppleWebKit/537.36 (KHTML, like Gecko; compatible; ClaudeBot/1.0; +claudebot@anthropic.com)" "-"
74.7.243.0 - - [25/Jul/2026:09:55:26 +0200] "GET /wp-content/uploads/WPL/38/403.php?lokasie=/usr/lib/x86_64-linux-gnu/gconv/CP1253.so&loknya=/usr/lib/x86_64-linux-gnu/gconv HTTP/1.1" 200 26580 canaryadminservices.com "https://canaryadminservices.com/wp-content/uploads/WPL/38/403.php?loknya=/usr/lib/x86_64-linux-gnu/gconv" "Mozilla/5.0 AppleWebKit/537.36 (KHTML, like Gecko; compatible; GPTBot/1.4; +https://openai.com/gptbot)" "-"
62.238.48.0 - - [25/Jul/2026:09:55:48 +0200] "GET /wp-content/uploads/2016/07/CONTRATO-ARRENDAMIENTO-150x150.jpg HTTP/1.1" 200 9800 canaryadminservices.com "-" "Mozilla/5.0 (X11; Ubuntu; Linux x86_64; rv:72.0) Gecko/20100101 Firefox/72.0" "-"
220.181.108.0 - - [25/Jul/2026:09:56:14 +0200] "GET /working-from-home-pros-and-cons/ HTTP/1.1" 429 267 canaryadminservices.com "-" "Mozilla/5.0 (compatible; Baiduspider/2.0; +http://www.baidu.com/search/spider.html)" "-"
74.7.243.0 - - [25/Jul/2026:09:56:29 +0200] "GET /wp-content/uploads/WPL/38/403.php?lokasie=/usr/lib/x86_64-linux-gnu/libfftw3_threads.so.3.5.8&loknya=/usr/lib/x86_64-linux-gnu HTTP/1.1" 200 44583 canaryadminservices.com "https://canaryadminservices.com/wp-content/uploads/WPL/38/403.php?loknya=/usr/lib/x86_64-linux-gnu" "Mozilla/5.0 AppleWebKit/537.36 (KHTML, like Gecko; compatible; GPTBot/1.4; +https://openai.com/gptbot)" "-"
74.7.243.0 - - [25/Jul/2026:09:57:24 +0200] "GET /wp-content/uploads/WPL/38/403.php?lokasie=/usr/lib/x86_64-linux-gnu/gconv/IBM937.so&loknya=/usr/lib/x86_64-linux-gnu/gconv HTTP/1.1" 200 197202 canaryadminservices.com "https://canaryadminservices.com/wp-content/uploads/WPL/38/403.php?loknya=/usr/lib/x86_64-linux-gnu/gconv" "Mozilla/5.0 AppleWebKit/537.36 (KHTML, like Gecko; compatible; GPTBot/1.4; +https://openai.com/gptbot)" "-"
74.7.243.0 - - [25/Jul/2026:09:58:17 +0200] "GET /wp-content/uploads/WPL/38/403.php?lokasie=/usr/lib/x86_64-linux-gnu/gconv/IBM932.so&loknya=/usr/lib/x86_64-linux-gnu/gconv HTTP/1.1" 200 133798 canaryadminservices.com "https://canaryadminservices.com/wp-content/uploads/WPL/38/403.php?loknya=/usr/lib/x86_64-linux-gnu/gconv" "Mozilla/5.0 AppleWebKit/537.36 (KHTML, like Gecko; compatible; GPTBot/1.4; +https://openai.com/gptbot)" "-"
74.7.243.0 - - [25/Jul/2026:09:59:04 +0200] "GET /wp-content/uploads/WPL/38/403.php?lokasie=/usr/lib/x86_64-linux-gnu/ldscripts/i386pe.xr&loknya=/usr/lib/x86_64-linux-gnu/ldscripts HTTP/1.1" 200 8176 canaryadminservices.com "https://canaryadminservices.com/wp-content/uploads/WPL/38/403.php?loknya=/usr/lib/x86_64-linux-gnu/ldscripts" "Mozilla/5.0 AppleWebKit/537.36 (KHTML, like Gecko; compatible; GPTBot/1.4; +https://openai.com/gptbot)" "-"
74.7.243.0 - - [25/Jul/2026:09:59:47 +0200] "GET /wp-content/uploads/WPL/38/403.php?lokasie=/usr/lib/x86_64-linux-gnu/gconv/IBM1143.so&loknya=/usr/lib/x86_64-linux-gnu/gconv HTTP/1.1" 200 26481 canaryadminservices.com "https://canaryadminservices.com/wp-content/uploads/WPL/38/403.php?loknya=/usr/lib/x86_64-linux-gnu/gconv" "Mozilla/5.0 AppleWebKit/537.36 (KHTML, like Gecko; compatible; GPTBot/1.4; +https://openai.com/gptbot)" "-"
74.7.243.0 - - [25/Jul/2026:10:00:25 +0200] "GET /wp-content/uploads/WPL/38/403.php?lokasie=/usr/lib/x86_64-linux-gnu/gconv/IBM856.so&loknya=/usr/lib/x86_64-linux-gnu/gconv HTTP/1.1" 200 26769 canaryadminservices.com "https://canaryadminservices.com/wp-content/uploads/WPL/38/403.php?loknya=/usr/lib/x86_64-linux-gnu/gconv" "Mozilla/5.0 AppleWebKit/537.36 (KHTML, like Gecko; compatible; GPTBot/1.4; +https://openai.com/gptbot)" "-"
74.7.243.0 - - [25/Jul/2026:10:00:58 +0200] "GET /wp-content/uploads/WPL/38/403.php?lokasie=/usr/lib/x86_64-linux-gnu/gconv/IBM297.so&loknya=/usr/lib/x86_64-linux-gnu/gconv HTTP/1.1" 200 26636 canaryadminservices.com "https://canaryadminservices.com/wp-content/uploads/WPL/38/403.php?loknya=/usr/lib/x86_64-linux-gnu/gconv" "Mozilla/5.0 AppleWebKit/537.36 (KHTML, like Gecko; compatible; GPTBot/1.4; +https://openai.com/gptbot)" "-"
74.7.243.0 - - [25/Jul/2026:10:01:27 +0200] "GET /wp-content/uploads/WPL/38/403.php?lokasie=/usr/lib/x86_64-linux-gnu/ldscripts/elf_i386.x&loknya=/usr/lib/x86_64-linux-gnu/ldscripts HTTP/1.1" 200 13239 canaryadminservices.com "https://canaryadminservices.com/wp-content/uploads/WPL/38/403.php?loknya=/usr/lib/x86_64-linux-gnu/ldscripts" "Mozilla/5.0 AppleWebKit/537.36 (KHTML, like Gecko; compatible; GPTBot/1.4; +https://openai.com/gptbot)" "-"
74.7.243.0 - - [25/Jul/2026:10:01:55 +0200] "GET /wp-content/uploads/WPL/38/403.php?lokasie=/usr/lib/x86_64-linux-gnu/gconv/IBM866NAV.so&loknya=/usr/lib/x86_64-linux-gnu/gconv HTTP/1.1" 200 26333 canaryadminservices.com "https://canaryadminservices.com/wp-content/uploads/WPL/38/403.php?loknya=/usr/lib/x86_64-linux-gnu/gconv" "Mozilla/5.0 AppleWebKit/537.36 (KHTML, like Gecko; compatible; GPTBot/1.4; +https://openai.com/gptbot)" "-"
74.7.243.0 - - [25/Jul/2026:10:02:19 +0200] "GET /wp-content/uploads/WPL/38/403.php?lokasie=/usr/lib/x86_64-linux-gnu/gconv/ASMO_449.so&loknya=/usr/lib/x86_64-linux-gnu/gconv HTTP/1.1" 200 26175 canaryadminservices.com "https://canaryadminservices.com/wp-content/uploads/WPL/38/403.php?loknya=/usr/lib/x86_64-linux-gnu/gconv" "Mozilla/5.0 AppleWebKit/537.36 (KHTML, like Gecko; compatible; GPTBot/1.4; +https://openai.com/gptbot)" "-"
74.7.243.0 - - [25/Jul/2026:10:02:41 +0200] "GET /wp-content/uploads/WPL/38/403.php?lokasie=/usr/lib/x86_64-linux-gnu/gconv/IBM1046.so&loknya=/usr/lib/x86_64-linux-gnu/gconv HTTP/1.1" 200 26790 canaryadminservices.com "https://canaryadminservices.com/wp-content/uploads/WPL/38/403.php?loknya=/usr/lib/x86_64-linux-gnu/gconv" "Mozilla/5.0 AppleWebKit/537.36 (KHTML, like Gecko; compatible; GPTBot/1.4; +https://openai.com/gptbot)" "-"
74.7.243.0 - - [25/Jul/2026:10:03:00 +0200] "GET /wp-content/uploads/WPL/38/403.php?lokasie=/usr/lib/x86_64-linux-gnu/gconv/IBM868.so&loknya=/usr/lib/x86_64-linux-gnu/gconv HTTP/1.1" 200 26589 canaryadminservices.com "https://canaryadminservices.com/wp-content/uploads/WPL/38/403.php?loknya=/usr/lib/x86_64-linux-gnu/gconv" "Mozilla/5.0 AppleWebKit/537.36 (KHTML, like Gecko; compatible; GPTBot/1.4; +https://openai.com/gptbot)" "-"
74.7.243.0 - - [25/Jul/2026:10:03:18 +0200] "GET /wp-content/uploads/WPL/38/403.php?lokasie=/usr/lib/x86_64-linux-gnu/gconv/IBM1144.so&loknya=/usr/lib/x86_64-linux-gnu/gconv HTTP/1.1" 200 26473 canaryadminservices.com "https://canaryadminservices.com/wp-content/uploads/WPL/38/403.php?loknya=/usr/lib/x86_64-linux-gnu/gconv" "Mozilla/5.0 AppleWebKit/537.36 (KHTML, like Gecko; compatible; GPTBot/1.4; +https://openai.com/gptbot)" "-"
74.7.243.0 - - [25/Jul/2026:10:03:34 +0200] "GET /wp-content/uploads/WPL/38/403.php?lokasie=/usr/lib/x86_64-linux-gnu/gconv/IBM280.so&loknya=/usr/lib/x86_64-linux-gnu/gconv HTTP/1.1" 200 26637 canaryadminservices.com "https://canaryadminservices.com/wp-content/uploads/WPL/38/403.php?loknya=/usr/lib/x86_64-linux-gnu/gconv" "Mozilla/5.0 AppleWebKit/537.36 (KHTML, like Gecko; compatible; GPTBot/1.4; +https://openai.com/gptbot)" "-"
74.7.243.0 - - [25/Jul/2026:10:03:48 +0200] "GET /wp-content/uploads/WPL/38/403.php?lokasie=/usr/lib/x86_64-linux-gnu/libboost_iostreams.so.1.74.0&loknya=/usr/lib/x86_64-linux-gnu HTTP/1.1" 200 133679 canaryadminservices.com "https://canaryadminservices.com/wp-content/uploads/WPL/38/403.php?loknya=/usr/lib/x86_64-linux-gnu" "Mozilla/5.0 AppleWebKit/537.36 (KHTML, like Gecko; compatible; GPTBot/1.4; +https://openai.com/gptbot)" "-"
74.7.243.0 - - [25/Jul/2026:10:04:02 +0200] "GET /wp-content/uploads/WPL/38/403.php?lokasie=/usr/lib/x86_64-linux-gnu/gconv/IBM865.so&loknya=/usr/lib/x86_64-linux-gnu/gconv HTTP/1.1" 200 26563 canaryadminservices.com "https://canaryadminservices.com/wp-content/uploads/WPL/38/403.php?loknya=/usr/lib/x86_64-linux-gnu/gconv" "Mozilla/5.0 AppleWebKit/537.36 (KHTML, like Gecko; compatible; GPTBot/1.4; +https://openai.com/gptbot)" "-"
192.0.113.0 - - [25/Jul/2026:10:04:10 +0200] "GET /wp-content/uploads/2016/11/The-Voice-Fuerteventura.jpg HTTP/1.1" 200 39216 www.canaryadminservices.com "-" "Photon/1.0" "-"
74.7.243.0 - - [25/Jul/2026:10:04:13 +0200] "GET /wp-content/uploads/WPL/38/403.php?lokasie=/usr/lib/x86_64-linux-gnu/gconv/CP1125.so&loknya=/usr/lib/x86_64-linux-gnu/gconv HTTP/1.1" 200 26350 canaryadminservices.com "https://canaryadminservices.com/wp-content/uploads/WPL/38/403.php?loknya=/usr/lib/x86_64-linux-gnu/gconv" "Mozilla/5.0 AppleWebKit/537.36 (KHTML, like Gecko; compatible; GPTBot/1.4; +https://openai.com/gptbot)" "-"
74.7.243.0 - - [25/Jul/2026:10:04:23 +0200] "GET /wp-content/uploads/WPL/38/403.php?lokasie=/usr/lib/x86_64-linux-gnu/gconv/TIS-620.so&loknya=/usr/lib/x86_64-linux-gnu/gconv HTTP/1.1" 200 26309 canaryadminservices.com "https://canaryadminservices.com/wp-content/uploads/WPL/38/403.php?loknya=/usr/lib/x86_64-linux-gnu/gconv" "Mozilla/5.0 AppleWebKit/537.36 (KHTML, like Gecko; compatible; GPTBot/1.4; +https://openai.com/gptbot)" "-"
74.7.243.0 - - [25/Jul/2026:10:04:33 +0200] "GET /wp-content/uploads/WPL/38/403.php?lokasie=/usr/lib/x86_64-linux-gnu/ldscripts/elf_i386.xd&loknya=/usr/lib/x86_64-linux-gnu/ldscripts HTTP/1.1" 200 13104 canaryadminservices.com "https://canaryadminservices.com/wp-content/uploads/WPL/38/403.php?loknya=/usr/lib/x86_64-linux-gnu/ldscripts" "Mozilla/5.0 AppleWebKit/537.36 (KHTML, like Gecko; compatible; GPTBot/1.4; +https://openai.com/gptbot)" "-"
74.7.243.0 - - [25/Jul/2026:10:04:41 +0200] "GET /wp-content/uploads/WPL/38/403.php?lokasie=/usr/lib/x86_64-linux-gnu/ldscripts/elf_x86_64.xd&loknya=/usr/lib/x86_64-linux-gnu/ldscripts HTTP/1.1" 200 13692 canaryadminservices.com "https://canaryadminservices.com/wp-content/uploads/WPL/38/403.php?loknya=/usr/lib/x86_64-linux-gnu/ldscripts" "Mozilla/5.0 AppleWebKit/537.36 (KHTML, like Gecko; compatible; GPTBot/1.4; +https://openai.com/gptbot)" "-"
74.7.243.0 - - [25/Jul/2026:10:04:48 +0200] "GET /wp-content/uploads/WPL/38/403.php?lokasie=/usr/lib/x86_64-linux-gnu/gconv/IBM1122.so&loknya=/usr/lib/x86_64-linux-gnu/gconv HTTP/1.1" 429 267 canaryadminservices.com "https://canaryadminservices.com/wp-content/uploads/WPL/38/403.php?loknya=/usr/lib/x86_64-linux-gnu/gconv" "Mozilla/5.0 AppleWebKit/537.36 (KHTML, like Gecko; compatible; GPTBot/1.4; +https://openai.com/gptbot)" "-"
74.7.243.0 - - [25/Jul/2026:10:04:55 +0200] "GET /wp-content/uploads/WPL/38/403.php?lokasie=/usr/lib/x86_64-linux-gnu/libunwind-x86_64.so.8&loknya=/usr/lib/x86_64-linux-gnu HTTP/1.1" 429 267 canaryadminservices.com "https://canaryadminservices.com/wp-content/uploads/WPL/38/403.php?loknya=/usr/lib/x86_64-linux-gnu" "Mozilla/5.0 AppleWebKit/537.36 (KHTML, like Gecko; compatible; GPTBot/1.4; +https://openai.com/gptbot)" "-"
74.7.243.0 - - [25/Jul/2026:10:05:17 +0200] "GET /wp-content/uploads/WPL/38/403.php?lokasie=/usr/lib/x86_64-linux-gnu/gconv/IBM852.so&loknya=/usr/lib/x86_64-linux-gnu/gconv HTTP/1.1" 429 267 canaryadminservices.com "https://canaryadminservices.com/wp-content/uploads/WPL/38/403.php?loknya=/usr/lib/x86_64-linux-gnu/gconv" "Mozilla/5.0 AppleWebKit/537.36 (KHTML, like Gecko; compatible; GPTBot/1.4; +https://openai.com/gptbot)" "-"
14.177.129.0 - - [25/Jul/2026:10:05:58 +0200] "GET /tag/sole-trader/page/3/ HTTP/1.1" 404 121114 canaryadminservices.com "-" "Mozilla/5.0 (Macintosh; Intel Mac OS X 10_15_6) AppleWebKit/537.36 (KHTML, like Gecko) Brave Chrome/85.0.4183.121 Safari/537.36" "-"
82.165.86.0 - - [25/Jul/2026:10:05:59 +0200] "POST /wp-cron.php?doing_wp_cron=1784966759.0469911098480224609375 HTTP/1.1" 200 - canaryadminservices.com "-" "WordPress/6.4.8; https://canaryadminservices.com" "-"
74.7.243.0 - - [25/Jul/2026:10:06:20 +0200] "GET /wp-content/uploads/WPL/38/403.php?lokasie=/usr/lib/x86_64-linux-gnu/ldscripts/elf_i386.xu&loknya=/usr/lib/x86_64-linux-gnu/ldscripts HTTP/1.1" 200 8719 canaryadminservices.com "https://canaryadminservices.com/wp-content/uploads/WPL/38/403.php?loknya=/usr/lib/x86_64-linux-gnu/ldscripts" "Mozilla/5.0 AppleWebKit/537.36 (KHTML, like Gecko; compatible; GPTBot/1.4; +https://openai.com/gptbot)" "-"
102.208.232.0 - - [25/Jul/2026:10:06:41 +0200] "GET /tag/customer-log/ HTTP/1.1" 404 121096 canaryadminservices.com "-" "Mozilla/5.0 (Windows NT 10.0; Win64; x64) AppleWebKit/537.36 (KHTML, like Gecko) Chrome/80.0.3987.163 Safari/537.36" "-"
82.165.86.0 - - [25/Jul/2026:10:06:42 +0200] "POST /wp-cron.php?doing_wp_cron=1784966802.2940440177917480468750 HTTP/1.1" 200 - canaryadminservices.com "-" "WordPress/6.4.8; https://canaryadminservices.com" "-"
74.7.243.0 - - [25/Jul/2026:10:07:22 +0200] "GET /wp-content/uploads/WPL/38/403.php?lokasie=/usr/lib/x86_64-linux-gnu/gconv/IBM870.so&loknya=/usr/lib/x86_64-linux-gnu/gconv HTTP/1.1" 200 22057 canaryadminservices.com "https://canaryadminservices.com/wp-content/uploads/WPL/38/403.php?loknya=/usr/lib/x86_64-linux-gnu/gconv" "Mozilla/5.0 AppleWebKit/537.36 (KHTML, like Gecko; compatible; GPTBot/1.4; +https://openai.com/gptbot)" "-"
220.181.108.0 - - [25/Jul/2026:10:07:34 +0200] "GET /wp-login.php?redirect_to=https%3A%2F%2Fcanaryadminservices.com%2Froundabout-rules%2F HTTP/1.1" 429 267 www.canaryadminservices.com "-" "Mozilla/5.0 (compatible; Baiduspider/2.0; +http://www.baidu.com/search/spider.html)" "-"
119.249.100.0 - - [25/Jul/2026:10:07:37 +0200] "GET /wp-login.php?redirect_to=https%3A%2F%2Fcanaryadminservices.com%2Froundabout-rules%2F HTTP/1.1" 200 13596 www.canaryadminservices.com "-" "Mozilla/5.0 (Windows NT 10.0; WOW64) AppleWebKit/537.36 (KHTML, like Gecko) Chrome/48.0.2564.116 Safari/537.36" "-"
116.179.33.0 - - [25/Jul/2026:10:07:50 +0200] "OPTIONS /wp-json/cleantalk-antispam/v1/apbct_get_pixel_url HTTP/1.1" 200 221 canaryadminservices.com "https://www.canaryadminservices.com/" "Mozilla/5.0 (Windows NT 10.0; Win64; x64) AppleWebKit/537.36 (KHTML, like Gecko) Chrome/99.0.4844.51 Safari/537.36" "-"
82.165.86.0 - - [25/Jul/2026:10:07:51 +0200] "POST /wp-cron.php?doing_wp_cron=1784966871.1465849876403808593750 HTTP/1.1" 200 - canaryadminservices.com "-" "WordPress/6.4.8; https://canaryadminservices.com" "-"
116.179.33.0 - - [25/Jul/2026:10:07:52 +0200] "POST /wp-json/cleantalk-antispam/v1/apbct_get_pixel_url HTTP/1.1" 200 83 canaryadminservices.com "https://www.canaryadminservices.com/" "Mozilla/5.0 (Windows NT 10.0; Win64; x64) AppleWebKit/537.36 (KHTML, like Gecko) Chrome/99.0.4844.51 Safari/537.36" "-"
81.172.92.0 - - [25/Jul/2026:10:08:00 +0200] "GET /comments/feed/ HTTP/1.1" 200 1614 canaryadminservices.com "-" "Mozilla/5.0 (Macintosh; Intel Mac OS X 10.15; rv:147.0) Gecko/20100101 Firefox/147.0" "-"
34.52.240.0 - - [25/Jul/2026:10:08:09 +0200] "GET /portfolio/masonry-filter-load-more HTTP/1.1" 301 - canaryadminservices.com "-" "Mozilla/5.0 (compatible; VelenPublicWebCrawler/1.0; +https://velen.io)" "-"
82.165.86.0 - - [25/Jul/2026:10:08:11 +0200] "POST /wp-cron.php?doing_wp_cron=1784966891.7234499454498291015625 HTTP/1.1" 200 - canaryadminservices.com "-" "WordPress/6.4.8; https://canaryadminservices.com" "-"
34.52.240.0 - - [25/Jul/2026:10:08:11 +0200] "GET /portfolio/masonry-filter-load-more HTTP/1.1" 301 - canaryadminservices.com "http://canaryadminservices.com/portfolio/masonry-filter-load-more" "Mozilla/5.0 (compatible; VelenPublicWebCrawler/1.0; +https://velen.io)" "-"
34.52.240.0 - - [25/Jul/2026:10:08:13 +0200] "GET /portfolio/masonry-filter-load-more/ HTTP/1.1" 200 136954 canaryadminservices.com "https://canaryadminservices.com/portfolio/masonry-filter-load-more" "Mozilla/5.0 (compatible; VelenPublicWebCrawler/1.0; +https://velen.io)" "-"
74.7.243.0 - - [25/Jul/2026:10:08:20 +0200] "GET /wp-content/uploads/WPL/38/403.php?lokasie=/usr/lib/x86_64-linux-gnu/gconv/IBM1390.so&loknya=/usr/lib/x86_64-linux-gnu/gconv HTTP/1.1" 200 329502 canaryadminservices.com "https://canaryadminservices.com/wp-content/uploads/WPL/38/403.php?loknya=/usr/lib/x86_64-linux-gnu/gconv" "Mozilla/5.0 AppleWebKit/537.36 (KHTML, like Gecko; compatible; GPTBot/1.4; +https://openai.com/gptbot)" "-"
100.24.149.0 - - [25/Jul/2026:10:08:53 +0200] "GET /for-sale/ HTTP/1.1" 200 155474 canaryadminservices.com "-" "Mozilla/5.0 AppleWebKit/537.36 (KHTML, like Gecko; compatible; Amazonbot/0.1; +https://developer.amazon.com/support/amazonbot) Chrome/119.0.6045.214 Safari/537.36" "-"
82.165.86.0 - - [25/Jul/2026:10:08:54 +0200] "POST /wp-cron.php?doing_wp_cron=1784966934.0703320503234863281250 HTTP/1.1" 200 - canaryadminservices.com "-" "WordPress/6.4.8; https://canaryadminservices.com" "-"
74.7.243.0 - - [25/Jul/2026:10:09:12 +0200] "GET /wp-content/uploads/WPL/38/403.php?lokasie=/usr/lib/x86_64-linux-gnu/gconv/IBM857.so&loknya=/usr/lib/x86_64-linux-gnu/gconv HTTP/1.1" 200 26559 canaryadminservices.com "https://canaryadminservices.com/wp-content/uploads/WPL/38/403.php?loknya=/usr/lib/x86_64-linux-gnu/gconv" "Mozilla/5.0 AppleWebKit/537.36 (KHTML, like Gecko; compatible; GPTBot/1.4; +https://openai.com/gptbot)" "-"
74.7.243.0 - - [25/Jul/2026:10:09:59 +0200] "GET /wp-content/uploads/WPL/38/403.php?lokasie=/usr/lib/x86_64-linux-gnu/gconv/IBM9030.so&loknya=/usr/lib/x86_64-linux-gnu/gconv HTTP/1.1" 200 26294 canaryadminservices.com "https://canaryadminservices.com/wp-content/uploads/WPL/38/403.php?loknya=/usr/lib/x86_64-linux-gnu/gconv" "Mozilla/5.0 AppleWebKit/537.36 (KHTML, like Gecko; compatible; GPTBot/1.4; +https://openai.com/gptbot)" "-"
74.7.243.0 - - [25/Jul/2026:10:10:41 +0200] "GET /wp-content/uploads/WPL/38/403.php?lokasie=/usr/lib/x86_64-linux-gnu/libpangocairo-1.0.so.0&loknya=/usr/lib/x86_64-linux-gnu HTTP/1.1" 200 89194 canaryadminservices.com "https://canaryadminservices.com/wp-content/uploads/WPL/38/403.php?loknya=/usr/lib/x86_64-linux-gnu" "Mozilla/5.0 AppleWebKit/537.36 (KHTML, like Gecko; compatible; GPTBot/1.4; +https://openai.com/gptbot)" "-"
74.7.243.0 - - [25/Jul/2026:10:11:17 +0200] "GET /wp-content/uploads/WPL/38/403.php?lokasie=/usr/lib/x86_64-linux-gnu/gconv/ISO646.so&loknya=/usr/lib/x86_64-linux-gnu/gconv HTTP/1.1" 200 49959 canaryadminservices.com "https://canaryadminservices.com/wp-content/uploads/WPL/38/403.php?loknya=/usr/lib/x86_64-linux-gnu/gconv" "Mozilla/5.0 AppleWebKit/537.36 (KHTML, like Gecko; compatible; GPTBot/1.4; +https://openai.com/gptbot)" "-"
74.7.243.0 - - [25/Jul/2026:10:11:51 +0200] "GET /wp-content/uploads/WPL/38/403.php?lokasie=/usr/lib/x86_64-linux-gnu/gconv/IBM1156.so&loknya=/usr/lib/x86_64-linux-gnu/gconv HTTP/1.1" 200 26402 canaryadminservices.com "https://canaryadminservices.com/wp-content/uploads/WPL/38/403.php?loknya=/usr/lib/x86_64-linux-gnu/gconv" "Mozilla/5.0 AppleWebKit/537.36 (KHTML, like Gecko; compatible; GPTBot/1.4; +https://openai.com/gptbot)" "-"
74.7.243.0 - - [25/Jul/2026:10:12:20 +0200] "GET /wp-content/uploads/WPL/38/403.php?lokasie=/usr/lib/x86_64-linux-gnu/gconv/IBM869.so&loknya=/usr/lib/x86_64-linux-gnu/gconv HTTP/1.1" 200 26591 canaryadminservices.com "https://canaryadminservices.com/wp-content/uploads/WPL/38/403.php?loknya=/usr/lib/x86_64-linux-gnu/gconv" "Mozilla/5.0 AppleWebKit/537.36 (KHTML, like Gecko; compatible; GPTBot/1.4; +https://openai.com/gptbot)" "-"
74.7.243.0 - - [25/Jul/2026:10:12:46 +0200] "GET /wp-content/uploads/WPL/38/403.php?lokasie=/usr/lib/x86_64-linux-gnu/gconv/IBM1137.so&loknya=/usr/lib/x86_64-linux-gnu/gconv HTTP/1.1" 200 26478 canaryadminservices.com "https://canaryadminservices.com/wp-content/uploads/WPL/38/403.php?loknya=/usr/lib/x86_64-linux-gnu/gconv" "Mozilla/5.0 AppleWebKit/537.36 (KHTML, like Gecko; compatible; GPTBot/1.4; +https://openai.com/gptbot)" "-"
34.38.12.0 - - [25/Jul/2026:10:12:56 +0200] "GET /non-payment-of-employee-social-what-are-the-risks HTTP/1.1" 301 - canaryadminservices.com "-" "Mozilla/5.0 (compatible; VelenPublicWebCrawler/1.0; +https://velen.io)" "-"
82.165.86.0 - - [25/Jul/2026:10:12:57 +0200] "POST /wp-cron.php?doing_wp_cron=1784967177.0923979282379150390625 HTTP/1.1" 200 - canaryadminservices.com "-" "WordPress/6.4.8; https://canaryadminservices.com" "-"
34.38.12.0 - - [25/Jul/2026:10:13:00 +0200] "GET /non-payment-of-employee-social-what-are-the-risks HTTP/1.1" 301 - canaryadminservices.com "http://canaryadminservices.com/non-payment-of-employee-social-what-are-the-risks" "Mozilla/5.0 (compatible; VelenPublicWebCrawler/1.0; +https://velen.io)" "-"
57.141.0.0 - - [25/Jul/2026:10:13:00 +0200] "GET /es/tag/canary-admin-services-es/ HTTP/1.1" 200 133732 canaryadminservices.com "-" "Mozilla/5.0 (Windows NT 10.0; Win64; x64) AppleWebKit/537.36 (KHTML, like Gecko) Chrome/145.0.0.0 Safari/537.36 (compatible; meta-externalagent/1.1 (+https://developers.facebook.com/docs/sharing/webmasters/crawler))" "-"
34.38.12.0 - - [25/Jul/2026:10:13:02 +0200] "GET /non-payment-of-employee-social-what-are-the-risks/ HTTP/1.1" 200 135385 canaryadminservices.com "https://canaryadminservices.com/non-payment-of-employee-social-what-are-the-risks" "Mozilla/5.0 (compatible; VelenPublicWebCrawler/1.0; +https://velen.io)" "-"
74.7.243.0 - - [25/Jul/2026:10:13:09 +0200] "GET /wp-content/uploads/WPL/38/403.php?lokasie=/usr/lib/x86_64-linux-gnu/gconv/IBM1166.so&loknya=/usr/lib/x86_64-linux-gnu/gconv HTTP/1.1" 200 26429 canaryadminservices.com "https://canaryadminservices.com/wp-content/uploads/WPL/38/403.php?loknya=/usr/lib/x86_64-linux-gnu/gconv" "Mozilla/5.0 AppleWebKit/537.36 (KHTML, like Gecko; compatible; GPTBot/1.4; +https://openai.com/gptbot)" "-"
74.7.243.0 - - [25/Jul/2026:10:13:31 +0200] "GET /wp-content/uploads/WPL/38/403.php?lokasie=/usr/lib/x86_64-linux-gnu/libmaxminddb.so.0.0.7&loknya=/usr/lib/x86_64-linux-gnu HTTP/1.1" 200 35206 canaryadminservices.com "https://canaryadminservices.com/wp-content/uploads/WPL/38/403.php?loknya=/usr/lib/x86_64-linux-gnu" "Mozilla/5.0 AppleWebKit/537.36 (KHTML, like Gecko; compatible; GPTBot/1.4; +https://openai.com/gptbot)" "-"
74.7.243.0 - - [25/Jul/2026:10:13:51 +0200] "GET /wp-content/uploads/WPL/38/403.php?lokasie=/usr/lib/x86_64-linux-gnu/ldscripts/elf_i386.xdc&loknya=/usr/lib/x86_64-linux-gnu/ldscripts HTTP/1.1" 200 12920 canaryadminservices.com "https://canaryadminservices.com/wp-content/uploads/WPL/38/403.php?loknya=/usr/lib/x86_64-linux-gnu/ldscripts" "Mozilla/5.0 AppleWebKit/537.36 (KHTML, like Gecko; compatible; GPTBot/1.4; +https://openai.com/gptbot)" "-"
74.7.243.0 - - [25/Jul/2026:10:14:08 +0200] "GET /wp-content/uploads/WPL/38/403.php?lokasie=/usr/lib/x86_64-linux-gnu/gconv/IBM290.so&loknya=/usr/lib/x86_64-linux-gnu/gconv HTTP/1.1" 200 26521 canaryadminservices.com "https://canaryadminservices.com/wp-content/uploads/WPL/38/403.php?loknya=/usr/lib/x86_64-linux-gnu/gconv" "Mozilla/5.0 AppleWebKit/537.36 (KHTML, like Gecko; compatible; GPTBot/1.4; +https://openai.com/gptbot)" "-"
74.7.243.0 - - [25/Jul/2026:10:14:24 +0200] "GET /wp-content/uploads/WPL/38/403.php?lokasie=/usr/lib/x86_64-linux-gnu/ldscripts/elf_i386.xw&loknya=/usr/lib/x86_64-linux-gnu/ldscripts HTTP/1.1" 200 12978 canaryadminservices.com "https://canaryadminservices.com/wp-content/uploads/WPL/38/403.php?loknya=/usr/lib/x86_64-linux-gnu/ldscripts" "Mozilla/5.0 AppleWebKit/537.36 (KHTML, like Gecko; compatible; GPTBot/1.4; +https://openai.com/gptbot)" "-"
74.7.243.0 - - [25/Jul/2026:10:14:38 +0200] "GET /wp-content/uploads/WPL/38/403.php?lokasie=/usr/lib/x86_64-linux-gnu/gconv/IBM275.so&loknya=/usr/lib/x86_64-linux-gnu/gconv HTTP/1.1" 200 26095 canaryadminservices.com "https://canaryadminservices.com/wp-content/uploads/WPL/38/403.php?loknya=/usr/lib/x86_64-linux-gnu/gconv" "Mozilla/5.0 AppleWebKit/537.36 (KHTML, like Gecko; compatible; GPTBot/1.4; +https://openai.com/gptbot)" "-"
74.7.243.0 - - [25/Jul/2026:10:14:52 +0200] "GET /wp-content/uploads/WPL/38/403.php?lokasie=/usr/lib/x86_64-linux-gnu/gconv/IBM1008.so&loknya=/usr/lib/x86_64-linux-gnu/gconv HTTP/1.1" 200 26881 canaryadminservices.com "https://canaryadminservices.com/wp-content/uploads/WPL/38/403.php?loknya=/usr/lib/x86_64-linux-gnu/gconv" "Mozilla/5.0 AppleWebKit/537.36 (KHTML, like Gecko; compatible; GPTBot/1.4; +https://openai.com/gptbot)" "-"
74.7.243.0 - - [25/Jul/2026:10:15:03 +0200] "GET /wp-content/uploads/WPL/38/403.php?lokasie=/usr/lib/x86_64-linux-gnu/perl/5.32/CORE/perl_langinfo.h&loknya=/usr/lib/x86_64-linux-gnu/perl/5.32/CORE HTTP/1.1" 200 7247 canaryadminservices.com "https://canaryadminservices.com/wp-content/uploads/WPL/38/403.php?loknya=/usr/lib/x86_64-linux-gnu/perl/5.32/CORE" "Mozilla/5.0 AppleWebKit/537.36 (KHTML, like Gecko; compatible; GPTBot/1.4; +https://openai.com/gptbot)" "-"
74.7.243.0 - - [25/Jul/2026:10:15:13 +0200] "GET /wp-content/uploads/WPL/38/403.php?lokasie=/usr/lib/x86_64-linux-gnu/perl/5.32/CORE/invlist_inline.h&loknya=/usr/lib/x86_64-linux-gnu/perl/5.32/CORE HTTP/1.1" 200 11866 canaryadminservices.com "https://canaryadminservices.com/wp-content/uploads/WPL/38/403.php?loknya=/usr/lib/x86_64-linux-gnu/perl/5.32/CORE" "Mozilla/5.0 AppleWebKit/537.36 (KHTML, like Gecko; compatible; GPTBot/1.4; +https://openai.com/gptbot)" "-"
74.7.243.0 - - [25/Jul/2026:10:15:23 +0200] "GET /wp-content/uploads/WPL/38/403.php?lokasie=/usr/lib/x86_64-linux-gnu/perl/5.32.1/IO/Select.pm&loknya=/usr/lib/x86_64-linux-gnu/perl/5.32.1/IO HTTP/1.1" 200 14205 canaryadminservices.com "https://canaryadminservices.com/wp-content/uploads/WPL/38/403.php?loknya=/usr/lib/x86_64-linux-gnu/perl/5.32.1/IO" "Mozilla/5.0 AppleWebKit/537.36 (KHTML, like Gecko; compatible; GPTBot/1.4; +https://openai.com/gptbot)" "-"
74.7.243.0 - - [25/Jul/2026:10:15:31 +0200] "GET /wp-content/uploads/WPL/38/403.php?lokasie=/usr/lib/x86_64-linux-gnu/perl5/5.32/Bit/Vector.pm&loknya=/usr/lib/x86_64-linux-gnu/perl5/5.32/Bit HTTP/1.1" 200 5959 canaryadminservices.com "https://canaryadminservices.com/wp-content/uploads/WPL/38/403.php?loknya=/usr/lib/x86_64-linux-gnu/perl5/5.32/Bit" "Mozilla/5.0 AppleWebKit/537.36 (KHTML, like Gecko; compatible; GPTBot/1.4; +https://openai.com/gptbot)" "-"
74.7.243.0 - - [25/Jul/2026:10:15:39 +0200] "GET /wp-content/uploads/WPL/38/403.php?lokasie=/usr/lib/x86_64-linux-gnu/perl5/5.32/DBD/Sponge.pm&loknya=/usr/lib/x86_64-linux-gnu/perl5/5.32/DBD HTTP/1.1" 429 267 canaryadminservices.com "https://canaryadminservices.com/wp-content/uploads/WPL/38/403.php?loknya=/usr/lib/x86_64-linux-gnu/perl5/5.32/DBD" "Mozilla/5.0 AppleWebKit/537.36 (KHTML, like Gecko; compatible; GPTBot/1.4; +https://openai.com/gptbot)" "-"
74.7.243.0 - - [25/Jul/2026:10:15:47 +0200] "GET /wp-content/uploads/WPL/38/403.php?lokasie=/usr/lib/x86_64-linux-gnu/perl5/5.32/Net/LibIDN.pm&loknya=/usr/lib/x86_64-linux-gnu/perl5/5.32/Net HTTP/1.1" 429 267 canaryadminservices.com "https://canaryadminservices.com/wp-content/uploads/WPL/38/403.php?loknya=/usr/lib/x86_64-linux-gnu/perl5/5.32/Net" "Mozilla/5.0 AppleWebKit/537.36 (KHTML, like Gecko; compatible; GPTBot/1.4; +https://openai.com/gptbot)" "-"
104.155.88.0 - - [25/Jul/2026:10:16:01 +0200] "GET /tag/implement HTTP/1.1" 301 - canaryadminservices.com "-" "Mozilla/5.0 (compatible; VelenPublicWebCrawler/1.0; +https://velen.io)" "-"
82.165.86.0 - - [25/Jul/2026:10:16:02 +0200] "POST /wp-cron.php?doing_wp_cron=1784967362.2992110252380371093750 HTTP/1.1" 200 - canaryadminservices.com "-" "WordPress/6.4.8; https://canaryadminservices.com" "-"
104.155.88.0 - - [25/Jul/2026:10:16:04 +0200] "GET /tag/implement HTTP/1.1" 301 - canaryadminservices.com "http://canaryadminservices.com/tag/implement" "Mozilla/5.0 (compatible; VelenPublicWebCrawler/1.0; +https://velen.io)" "-"
74.7.243.0 - - [25/Jul/2026:10:16:06 +0200] "GET /wp-content/uploads/WPL/38/403.php?lokasie=/usr/lib/x86_64-linux-gnu/perl5/5.32/GD/Polyline.pm&loknya=/usr/lib/x86_64-linux-gnu/perl5/5.32/GD HTTP/1.1" 429 267 canaryadminservices.com "https://canaryadminservices.com/wp-content/uploads/WPL/38/403.php?loknya=/usr/lib/x86_64-linux-gnu/perl5/5.32/GD" "Mozilla/5.0 AppleWebKit/537.36 (KHTML, like Gecko; compatible; GPTBot/1.4; +https://openai.com/gptbot)" "-"
104.155.88.0 - - [25/Jul/2026:10:16:06 +0200] "GET /tag/implement/ HTTP/1.1" 200 126485 canaryadminservices.com "https://canaryadminservices.com/tag/implement" "Mozilla/5.0 (compatible; VelenPublicWebCrawler/1.0; +https://velen.io)" "-"
74.7.243.0 - - [25/Jul/2026:10:17:06 +0200] "GET /wp-content/uploads/WPL/38/403.php?lokasie=/usr/lib/x86_64-linux-gnu/perl5/5.32/Net/SSLeay.pm&loknya=/usr/lib/x86_64-linux-gnu/perl5/5.32/Net HTTP/1.1" 200 66758 canaryadminservices.com "https://canaryadminservices.com/wp-content/uploads/WPL/38/403.php?loknya=/usr/lib/x86_64-linux-gnu/perl5/5.32/Net" "Mozilla/5.0 AppleWebKit/537.36 (KHTML, like Gecko; compatible; GPTBot/1.4; +https://openai.com/gptbot)" "-"
52.4.213.0 - - [25/Jul/2026:10:17:29 +0200] "GET /tag/la-oliva/ HTTP/1.1" 200 126605 canaryadminservices.com "-" "Mozilla/5.0 AppleWebKit/537.36 (KHTML, like Gecko; compatible; Amazonbot/0.1; +https://developer.amazon.com/support/amazonbot) Chrome/119.0.6045.214 Safari/537.36" "-"
82.165.86.0 - - [25/Jul/2026:10:17:30 +0200] "POST /wp-cron.php?doing_wp_cron=1784967449.9874930381774902343750 HTTP/1.1" 200 - canaryadminservices.com "-" "WordPress/6.4.8; https://canaryadminservices.com" "-"
52.204.71.0 - - [25/Jul/2026:10:17:33 +0200] "GET /wp-login.php?redirect_to=https://canaryadminservices.com/urgent-deadline-to-exchange-uk-driving-licences-in-final-run-to-brexit/ HTTP/1.1" 200 13700 canaryadminservices.com "-" "Mozilla/5.0 AppleWebKit/537.36 (KHTML, like Gecko; compatible; Amazonbot/0.1; +https://developer.amazon.com/support/amazonbot) Chrome/119.0.6045.214 Safari/537.36" "-"
62.238.57.0 - - [25/Jul/2026:10:17:53 +0200] "GET /wp-content/uploads/2018/07/AUTONOMO--370x370.jpg HTTP/1.1" 200 62732 canaryadminservices.com "-" "Mozilla/5.0 (X11; Ubuntu; Linux x86_64; rv:72.0) Gecko/20100101 Firefox/72.0" "-"
95.217.9.0 - - [25/Jul/2026:10:17:53 +0200] "GET /elements/testimonials/2x HTTP/1.1" 404 121117 canaryadminservices.com "-" "Mozilla/5.0 (X11; Ubuntu; Linux x86_64; rv:72.0) Gecko/20100101 Firefox/72.0" "-"
82.165.86.0 - - [25/Jul/2026:10:17:54 +0200] "POST /wp-cron.php?doing_wp_cron=1784967474.2738440036773681640625 HTTP/1.1" 200 - canaryadminservices.com "-" "WordPress/6.4.8; https://canaryadminservices.com" "-"
74.7.243.0 - - [25/Jul/2026:10:18:08 +0200] "GET /wp-content/uploads/WPL/38/403.php?lokasie=/usr/lib/x86_64-linux-gnu/perl/5.32.1/IO/Handle.pm&loknya=/usr/lib/x86_64-linux-gnu/perl/5.32.1/IO HTTP/1.1" 200 22340 canaryadminservices.com "https://canaryadminservices.com/wp-content/uploads/WPL/38/403.php?loknya=/usr/lib/x86_64-linux-gnu/perl/5.32.1/IO" "Mozilla/5.0 AppleWebKit/537.36 (KHTML, like Gecko; compatible; GPTBot/1.4; +https://openai.com/gptbot)" "-"
82.165.86.0 - - [25/Jul/2026:10:18:56 +0200] "POST /wp-cron.php?doing_wp_cron=1784967536.9245200157165527343750 HTTP/1.1" 200 - canaryadminservices.com "-" "WordPress/6.4.8; https://canaryadminservices.com" "-"
180.102.110.0 - - [25/Jul/2026:10:18:56 +0200] "GET /services/property/ HTTP/1.1" 200 136933 canaryadminservices.com "-" "Sogou web spider/4.0(+http://www.sogou.com/docs/help/webmasters.htm#07)" "-"
74.7.243.0 - - [25/Jul/2026:10:19:05 +0200] "GET /wp-content/uploads/WPL/38/403.php?lokasie=/usr/lib/x86_64-linux-gnu/perl/5.32.1/Config_heavy.pl&loknya=/usr/lib/x86_64-linux-gnu/perl/5.32.1 HTTP/1.1" 200 73285 canaryadminservices.com "https://canaryadminservices.com/wp-content/uploads/WPL/38/403.php?loknya=/usr/lib/x86_64-linux-gnu/perl/5.32.1" "Mozilla/5.0 AppleWebKit/537.36 (KHTML, like Gecko; compatible; GPTBot/1.4; +https://openai.com/gptbot)" "-"
74.7.243.0 - - [25/Jul/2026:10:19:58 +0200] "GET /wp-content/uploads/WPL/38/403.php?lokasie=/usr/lib/x86_64-linux-gnu/perl/5.32.1//Config_git.pl&loknya=/usr/lib/x86_64-linux-gnu/perl/5.32.1/ HTTP/1.1" 200 4710 canaryadminservices.com "https://canaryadminservices.com/wp-content/uploads/WPL/38/403.php?loknya=/usr/lib/x86_64-linux-gnu/perl/5.32.1/" "Mozilla/5.0 AppleWebKit/537.36 (KHTML, like Gecko; compatible; GPTBot/1.4; +https://openai.com/gptbot)" "-"
74.7.243.0 - - [25/Jul/2026:10:20:46 +0200] "GET /wp-content/uploads/WPL/38/403.php?lokasie=/usr/lib/x86_64-linux-gnu/perl/5.32.1//DynaLoader.pm&loknya=/usr/lib/x86_64-linux-gnu/perl/5.32.1/ HTTP/1.1" 200 30641 canaryadminservices.com "https://canaryadminservices.com/wp-content/uploads/WPL/38/403.php?loknya=/usr/lib/x86_64-linux-gnu/perl/5.32.1/" "Mozilla/5.0 AppleWebKit/537.36 (KHTML, like Gecko; compatible; GPTBot/1.4; +https://openai.com/gptbot)" "-"
74.7.243.0 - - [25/Jul/2026:10:21:26 +0200] "GET /wp-content/uploads/WPL/38/403.php?lokasie=/usr/lib/x86_64-linux-gnu/perl5/5.32/SVN/Client.pm&loknya=/usr/lib/x86_64-linux-gnu/perl5/5.32/SVN HTTP/1.1" 200 74670 canaryadminservices.com "https://canaryadminservices.com/wp-content/uploads/WPL/38/403.php?loknya=/usr/lib/x86_64-linux-gnu/perl5/5.32/SVN" "Mozilla/5.0 AppleWebKit/537.36 (KHTML, like Gecko; compatible; GPTBot/1.4; +https://openai.com/gptbot)" "-"
74.7.243.0 - - [25/Jul/2026:10:22:03 +0200] "GET /wp-content/uploads/WPL/38/403.php?lokasie=/usr/lib/x86_64-linux-gnu/perl5/5.32/Data/UUID.pm&loknya=/usr/lib/x86_64-linux-gnu/perl5/5.32/Data HTTP/1.1" 200 9523 canaryadminservices.com "https://canaryadminservices.com/wp-content/uploads/WPL/38/403.php?loknya=/usr/lib/x86_64-linux-gnu/perl5/5.32/Data" "Mozilla/5.0 AppleWebKit/537.36 (KHTML, like Gecko; compatible; GPTBot/1.4; +https://openai.com/gptbot)" "-"
74.7.243.0 - - [25/Jul/2026:10:22:35 +0200] "GET /wp-content/uploads/WPL/38/403.php?lokasie=/usr/lib/python3/dist-packages/certifi-2020.6.20.egg-info/not-zip-safe&loknya=/usr/lib/python3/dist-packages/certifi-2020.6.20.egg-info HTTP/1.1" 200 4275 canaryadminservices.com "https://canaryadminservices.com/wp-content/uploads/WPL/38/403.php?loknya=/usr/lib/python3/dist-packages/certifi-2020.6.20.egg-info" "Mozilla/5.0 AppleWebKit/537.36 (KHTML, like Gecko; compatible; GPTBot/1.4; +https://openai.com/gptbot)" "-"
82.165.86.0 - - [25/Jul/2026:10:22:43 +0200] "POST /wp-cron.php?doing_wp_cron=1784967763.7576029300689697265625 HTTP/1.1" 200 - canaryadminservices.com "-" "WordPress/6.4.8; https://canaryadminservices.com" "-"
40.77.167.0 - - [25/Jul/2026:10:22:43 +0200] "GET /wp-sitemap-taxonomies-defaultitem_cat-1.xml HTTP/1.1" 200 527 canaryadminservices.com "-" "Mozilla/5.0 AppleWebKit/537.36 (KHTML, like Gecko; compatible; bingbot/2.0; +http://www.bing.com/bingbot.htm) Chrome/116.0.1938.76 Safari/537.36" "-"
98.81.160.0 - - [25/Jul/2026:10:23:04 +0200] "GET /wp-content/uploads/2016/07/PAPEL-TIMBRADO-294x405.jpg HTTP/1.1" 200 46958 www.canaryadminservices.com "-" "Mozilla/5.0 (X11; Ubuntu; Linux x86_64; rv:72.0) Gecko/20100101 Firefox/72.0 (compatible; [nvidia]-[psirt@nvidia.com]-[nspect-i05s-fieu]-[nvidiabot]; +https://github.com/rom1504/img2dataset)" "-"
74.7.243.0 - - [25/Jul/2026:10:23:06 +0200] "GET /wp-content/uploads/WPL/38/403.php?lokasie=/usr/lib/x86_64-linux-gnu/ruby/2.7.0/enc/windows_1250.so&loknya=/usr/lib/x86_64-linux-gnu/ruby/2.7.0/enc HTTP/1.1" 200 20452 canaryadminservices.com "https://canaryadminservices.com/wp-content/uploads/WPL/38/403.php?loknya=/usr/lib/x86_64-linux-gnu/ruby/2.7.0/enc" "Mozilla/5.0 AppleWebKit/537.36 (KHTML, like Gecko; compatible; GPTBot/1.4; +https://openai.com/gptbot)" "-"
82.165.86.0 - - [25/Jul/2026:10:23:19 +0200] "POST /wp-cron.php?doing_wp_cron=1784967799.8377010822296142578125 HTTP/1.1" 200 - canaryadminservices.com "-" "WordPress/6.4.8; https://canaryadminservices.com" "-"
98.81.160.0 - - [25/Jul/2026:10:23:19 +0200] "GET /canaryadminservices/wp-content/uploads/2016/05/Vv_ViviendasVacacionales1.jpg_8186511071-300x300-150x150.jpg HTTP/1.1" 301 - www.canaryadminservices.com "-" "Mozilla/5.0 (X11; Ubuntu; Linux x86_64; rv:72.0) Gecko/20100101 Firefox/72.0 (compatible; [nvidia]-[psirt@nvidia.com]-[nspect-i05s-fieu]-[nvidiabot]; +https://github.com/rom1504/img2dataset)" "-"
98.81.160.0 - - [25/Jul/2026:10:23:21 +0200] "GET /canaryadminservices/wp-content/uploads/2016/05/Vv_ViviendasVacacionales1.jpg_8186511071-300x300-150x150.jpg HTTP/1.1" 404 120954 canaryadminservices.com "-" "Mozilla/5.0 (X11; Ubuntu; Linux x86_64; rv:72.0) Gecko/20100101 Firefox/72.0 (compatible; [nvidia]-[psirt@nvidia.com]-[nspect-i05s-fieu]-[nvidiabot]; +https://github.com/rom1504/img2dataset)" "-"
74.7.243.0 - - [25/Jul/2026:10:23:33 +0200] "GET /wp-content/uploads/WPL/38/403.php?lokasie=/usr/lib/x86_64-linux-gnu/perl/5.32.1/File//DosGlob.pm&loknya=/usr/lib/x86_64-linux-gnu/perl/5.32.1/File/ HTTP/1.1" 200 12969 canaryadminservices.com "https://canaryadminservices.com/wp-content/uploads/WPL/38/403.php?loknya=/usr/lib/x86_64-linux-gnu/perl/5.32.1/File/" "Mozilla/5.0 AppleWebKit/537.36 (KHTML, like Gecko; compatible; GPTBot/1.4; +https://openai.com/gptbot)" "-"
98.81.160.0 - - [25/Jul/2026:10:23:47 +0200] "GET /wp-content/uploads/2021/07/panel_autopista.gif HTTP/1.1" 200 36709 www.canaryadminservices.com "-" "Mozilla/5.0 (X11; Ubuntu; Linux x86_64; rv:72.0) Gecko/20100101 Firefox/72.0 (compatible; [nvidia]-[psirt@nvidia.com]-[nspect-i05s-fieu]-[nvidiabot]; +https://github.com/rom1504/img2dataset)" "-"
98.81.160.0 - - [25/Jul/2026:10:23:50 +0200] "GET /wp-content/uploads/2012/01/The-Voice-Fuerteventura.jpg HTTP/1.1" 301 - www.canaryadminservices.com "-" "Mozilla/5.0 (X11; Ubuntu; Linux x86_64; rv:72.0) Gecko/20100101 Firefox/72.0 (compatible; [nvidia]-[psirt@nvidia.com]-[nspect-i05s-fieu]-[nvidiabot]; +https://github.com/rom1504/img2dataset)" "-"
82.165.86.0 - - [25/Jul/2026:10:23:51 +0200] "POST /wp-cron.php?doing_wp_cron=1784967831.3697519302368164062500 HTTP/1.1" 200 - canaryadminservices.com "-" "WordPress/6.4.8; https://canaryadminservices.com" "-"
98.81.160.0 - - [25/Jul/2026:10:23:52 +0200] "GET /wp-content/uploads/2012/01/The-Voice-Fuerteventura.jpg HTTP/1.1" 404 120795 canaryadminservices.com "-" "Mozilla/5.0 (X11; Ubuntu; Linux x86_64; rv:72.0) Gecko/20100101 Firefox/72.0 (compatible; [nvidia]-[psirt@nvidia.com]-[nspect-i05s-fieu]-[nvidiabot]; +https://github.com/rom1504/img2dataset)" "-"
74.7.243.0 - - [25/Jul/2026:10:23:59 +0200] "GET /wp-content/uploads/WPL/38/403.php?lokasie=/usr/lib/x86_64-linux-gnu/perl/5.32.1/auto/Hash/Util/Util.so&loknya=/usr/lib/x86_64-linux-gnu/perl/5.32.1/auto/Hash/Util HTTP/1.1" 200 34797 canaryadminservices.com "https://canaryadminservices.com/wp-content/uploads/WPL/38/403.php?loknya=/usr/lib/x86_64-linux-gnu/perl/5.32.1/auto/Hash/Util" "Mozilla/5.0 AppleWebKit/537.36 (KHTML, like Gecko; compatible; GPTBot/1.4; +https://openai.com/gptbot)" "-"
62.238.51.0 - - [25/Jul/2026:10:24:10 +0200] "GET /planning-is-key-part-one-business-plan/2x HTTP/1.1" 404 121168 canaryadminservices.com "-" "Mozilla/5.0 (X11; Ubuntu; Linux x86_64; rv:72.0) Gecko/20100101 Firefox/72.0" "-"
74.7.243.0 - - [25/Jul/2026:10:24:22 +0200] "GET /wp-content/uploads/WPL/38/403.php?lokasie=/usr/lib/x86_64-linux-gnu/perl/5.32.1/bits//waitstatus.ph&loknya=/usr/lib/x86_64-linux-gnu/perl/5.32.1/bits/ HTTP/1.1" 200 6066 canaryadminservices.com "https://canaryadminservices.com/wp-content/uploads/WPL/38/403.php?loknya=/usr/lib/x86_64-linux-gnu/perl/5.32.1/bits/" "Mozilla/5.0 AppleWebKit/537.36 (KHTML, like Gecko; compatible; GPTBot/1.4; +https://openai.com/gptbot)" "-"
74.7.243.0 - - [25/Jul/2026:10:24:41 +0200] "GET /wp-content/uploads/WPL/38/403.php?lokasie=/usr/lib/x86_64-linux-gnu/perl/5.32.1/bits//select.ph&loknya=/usr/lib/x86_64-linux-gnu/perl/5.32.1/bits/ HTTP/1.1" 200 5977 canaryadminservices.com "https://canaryadminservices.com/wp-content/uploads/WPL/38/403.php?loknya=/usr/lib/x86_64-linux-gnu/perl/5.32.1/bits/" "Mozilla/5.0 AppleWebKit/537.36 (KHTML, like Gecko; compatible; GPTBot/1.4; +https://openai.com/gptbot)" "-"
74.7.243.0 - - [25/Jul/2026:10:24:58 +0200] "GET /wp-content/uploads/WPL/38/403.php?lokasie=/usr/lib/x86_64-linux-gnu/perl5/5.32/Class/C3/XS.pm&loknya=/usr/lib/x86_64-linux-gnu/perl5/5.32/Class/C3 HTTP/1.1" 200 7641 canaryadminservices.com "https://canaryadminservices.com/wp-content/uploads/WPL/38/403.php?loknya=/usr/lib/x86_64-linux-gnu/perl5/5.32/Class/C3" "Mozilla/5.0 AppleWebKit/537.36 (KHTML, like Gecko; compatible; GPTBot/1.4; +https://openai.com/gptbot)" "-"
82.165.86.0 - - [25/Jul/2026:10:24:59 +0200] "POST /wp-cron.php?doing_wp_cron=1784967899.9076879024505615234375 HTTP/1.1" 200 - canaryadminservices.com "-" "WordPress/6.4.8; https://canaryadminservices.com" "-"
98.81.160.0 - - [25/Jul/2026:10:24:59 +0200] "GET /canaryadminservices/wp-content/uploads/2016/05/blanqueo-de-dinero-300x159.jpg HTTP/1.1" 301 - www.canaryadminservices.com "-" "Mozilla/5.0 (X11; Ubuntu; Linux x86_64; rv:72.0) Gecko/20100101 Firefox/72.0 (compatible; [nvidia]-[psirt@nvidia.com]-[nspect-i05s-fieu]-[nvidiabot]; +https://github.com/rom1504/img2dataset)" "-"
98.81.160.0 - - [25/Jul/2026:10:25:00 +0200] "GET /canaryadminservices/wp-content/uploads/2016/05/blanqueo-de-dinero-300x159.jpg HTTP/1.1" 404 120864 canaryadminservices.com "-" "Mozilla/5.0 (X11; Ubuntu; Linux x86_64; rv:72.0) Gecko/20100101 Firefox/72.0 (compatible; [nvidia]-[psirt@nvidia.com]-[nspect-i05s-fieu]-[nvidiabot]; +https://github.com/rom1504/img2dataset)" "-"
50.16.248.0 - - [25/Jul/2026:10:25:05 +0200] "GET /registering-as-self-employed-calculating-the-cost/embed/ HTTP/1.1" 200 21575 canaryadminservices.com "-" "Mozilla/5.0 AppleWebKit/537.36 (KHTML, like Gecko; compatible; Amazonbot/0.1; +https://developer.amazon.com/support/amazonbot) Chrome/119.0.6045.214 Safari/537.36" "-"
52.71.216.0 - - [25/Jul/2026:10:25:08 +0200] "GET /wp-json/wp/v2/tags/369 HTTP/1.1" 200 671 canaryadminservices.com "-" "Mozilla/5.0 AppleWebKit/537.36 (KHTML, like Gecko; compatible; Amazonbot/0.1; +https://developer.amazon.com/support/amazonbot) Chrome/119.0.6045.214 Safari/537.36" "-"
44.223.232.0 - - [25/Jul/2026:10:25:09 +0200] "GET /wp-content/uploads/2016/07/CALCULATE-SOLE-TRADER-COSTS-540x231.jpg HTTP/1.1" 200 28646 canaryadminservices.com "-" "Mozilla/5.0 AppleWebKit/537.36 (KHTML, like Gecko; compatible; Amazonbot/0.1; +https://developer.amazon.com/support/amazonbot) Chrome/119.0.6045.214 Safari/537.36" "-"
34.206.193.0 - - [25/Jul/2026:10:25:11 +0200] "GET /wp-json/wp/v2/tags/616 HTTP/1.1" 200 647 canaryadminservices.com "-" "Mozilla/5.0 AppleWebKit/537.36 (KHTML, like Gecko; compatible; Amazonbot/0.1; +https://developer.amazon.com/support/amazonbot) Chrome/119.0.6045.214 Safari/537.36" "-"
74.7.243.0 - - [25/Jul/2026:10:25:15 +0200] "GET /wp-content/uploads/WPL/38/403.php?lokasie=/usr/lib/x86_64-linux-gnu/perl5/5.32/auto/SVN/_Delta/_Delta.so&loknya=/usr/lib/x86_64-linux-gnu/perl5/5.32/auto/SVN/_Delta HTTP/1.1" 200 323580 canaryadminservices.com "https://canaryadminservices.com/wp-content/uploads/WPL/38/403.php?loknya=/usr/lib/x86_64-linux-gnu/perl5/5.32/auto/SVN/_Delta" "Mozilla/5.0 AppleWebKit/537.36 (KHTML, like Gecko; compatible; GPTBot/1.4; +https://openai.com/gptbot)" "-"
98.81.160.0 - - [25/Jul/2026:10:25:20 +0200] "GET /wp-content/uploads/2016/07/OFICINA-DE-EMPLEO.jpg HTTP/1.1" 200 8035 www.canaryadminservices.com "-" "Mozilla/5.0 (X11; Ubuntu; Linux x86_64; rv:72.0) Gecko/20100101 Firefox/72.0 (compatible; [nvidia]-[psirt@nvidia.com]-[nspect-i05s-fieu]-[nvidiabot]; +https://github.com/rom1504/img2dataset)" "-"
74.7.243.0 - - [25/Jul/2026:10:25:29 +0200] "GET /wp-content/uploads/WPL/38/403.php?lokasie=/usr/lib/x86_64-linux-gnu/perl5/5.32/File//FcntlLock.pod&loknya=/usr/lib/x86_64-linux-gnu/perl5/5.32/File/ HTTP/1.1" 200 15868 canaryadminservices.com "https://canaryadminservices.com/wp-content/uploads/WPL/38/403.php?loknya=/usr/lib/x86_64-linux-gnu/perl5/5.32/File/" "Mozilla/5.0 AppleWebKit/537.36 (KHTML, like Gecko; compatible; GPTBot/1.4; +https://openai.com/gptbot)" "-"
74.7.243.0 - - [25/Jul/2026:10:25:42 +0200] "GET /wp-content/uploads/WPL/38/403.php?lokasie=/usr/lib/x86_64-linux-gnu/perl/5.32.1/auto/Time/Piece/Piece.so&loknya=/usr/lib/x86_64-linux-gnu/perl/5.32.1/auto/Time/Piece HTTP/1.1" 200 35679 canaryadminservices.com "https://canaryadminservices.com/wp-content/uploads/WPL/38/403.php?loknya=/usr/lib/x86_64-linux-gnu/perl/5.32.1/auto/Time/Piece" "Mozilla/5.0 AppleWebKit/537.36 (KHTML, like Gecko; compatible; GPTBot/1.4; +https://openai.com/gptbot)" "-"
102.204.89.0 - - [25/Jul/2026:10:25:51 +0200] "GET /wp-content/uploads/2016/07/Super-hero-sole-traders.jpeg HTTP/1.1" 200 7725 canaryadminservices.com "-" "Mozilla/5.0 (Macintosh; Intel Mac OS X 11_2_1) AppleWebKit/537.36 (KHTML, like Gecko) Chrome/89.0.4389.90 Safari/537.36" "-"
74.7.243.0 - - [25/Jul/2026:10:25:54 +0200] "GET /wp-content/uploads/WPL/38/403.php?lokasie=/usr/lib/x86_64-linux-gnu/perl5/5.32/auto/DBI/Driver_xst.h&loknya=/usr/lib/x86_64-linux-gnu/perl5/5.32/auto/DBI HTTP/1.1" 200 8512 canaryadminservices.com "https://canaryadminservices.com/wp-content/uploads/WPL/38/403.php?loknya=/usr/lib/x86_64-linux-gnu/perl5/5.32/auto/DBI" "Mozilla/5.0 AppleWebKit/537.36 (KHTML, like Gecko; compatible; GPTBot/1.4; +https://openai.com/gptbot)" "-"
98.81.160.0 - - [25/Jul/2026:10:25:56 +0200] "GET /wp-content/uploads/2016/08/PRICING-200x150.jpg HTTP/1.1" 200 6491 www.canaryadminservices.com "-" "Mozilla/5.0 (X11; Ubuntu; Linux x86_64; rv:72.0) Gecko/20100101 Firefox/72.0 (compatible; [nvidia]-[psirt@nvidia.com]-[nspect-i05s-fieu]-[nvidiabot]; +https://github.com/rom1504/img2dataset)" "-"
74.7.243.0 - - [25/Jul/2026:10:26:05 +0200] "GET /wp-content/uploads/WPL/38/403.php?lokasie=/usr/lib/x86_64-linux-gnu/perl5/5.32/DBD/File/HowTo.pod&loknya=/usr/lib/x86_64-linux-gnu/perl5/5.32/DBD/File HTTP/1.1" 200 9640 canaryadminservices.com "https://canaryadminservices.com/wp-content/uploads/WPL/38/403.php?loknya=/usr/lib/x86_64-linux-gnu/perl5/5.32/DBD/File" "Mozilla/5.0 AppleWebKit/537.36 (KHTML, like Gecko; compatible; GPTBot/1.4; +https://openai.com/gptbot)" "-"
98.81.160.0 - - [25/Jul/2026:10:26:10 +0200] "GET /wp-content/uploads/2016/07/BUSINESS-CROSSROAD-540x270.jpg HTTP/1.1" 200 75381 www.canaryadminservices.com "-" "Mozilla/5.0 (X11; Ubuntu; Linux x86_64; rv:72.0) Gecko/20100101 Firefox/72.0 (compatible; [nvidia]-[psirt@nvidia.com]-[nspect-i05s-fieu]-[nvidiabot]; +https://github.com/rom1504/img2dataset)" "-"
98.81.160.0 - - [25/Jul/2026:10:26:10 +0200] "GET /wp-content/uploads/2016/07/NON-PAYING-CUSTOMERS.jpg HTTP/1.1" 200 8964 www.canaryadminservices.com "-" "Mozilla/5.0 (X11; Ubuntu; Linux x86_64; rv:72.0) Gecko/20100101 Firefox/72.0 (compatible; [nvidia]-[psirt@nvidia.com]-[nspect-i05s-fieu]-[nvidiabot]; +https://github.com/rom1504/img2dataset)" "-"
74.7.243.0 - - [25/Jul/2026:10:26:14 +0200] "GET /wp-content/uploads/WPL/38/403.php?lokasie=/usr/lib/x86_64-linux-gnu/ruby/2.7.0/enc/iso_8859_11.so&loknya=/usr/lib/x86_64-linux-gnu/ruby/2.7.0/enc HTTP/1.1" 200 19399 canaryadminservices.com "https://canaryadminservices.com/wp-content/uploads/WPL/38/403.php?loknya=/usr/lib/x86_64-linux-gnu/ruby/2.7.0/enc" "Mozilla/5.0 AppleWebKit/537.36 (KHTML, like Gecko; compatible; GPTBot/1.4; +https://openai.com/gptbot)" "-"
197.216.107.0 - - [25/Jul/2026:10:26:20 +0200] "GET /tag/decreto-ley-4-2020/ HTTP/1.1" 404 121114 canaryadminservices.com "-" "Mozilla/5.0 (Windows NT 6.1) AppleWebKit/537.36 (KHTML, like Gecko) Brave Chrome/78.0.3904.108 Safari/537.36" "-"
82.165.86.0 - - [25/Jul/2026:10:26:21 +0200] "POST /wp-cron.php?doing_wp_cron=1784967981.1167991161346435546875 HTTP/1.1" 200 - canaryadminservices.com "-" "WordPress/6.4.8; https://canaryadminservices.com" "-"
74.7.243.0 - - [25/Jul/2026:10:26:23 +0200] "GET /wp-content/uploads/WPL/38/403.php?lokasie=/usr/lib/x86_64-linux-gnu/perl5/5.32/auto/DBI/dbi_sql.h&loknya=/usr/lib/x86_64-linux-gnu/perl5/5.32/auto/DBI HTTP/1.1" 200 8076 canaryadminservices.com "https://canaryadminservices.com/wp-content/uploads/WPL/38/403.php?loknya=/usr/lib/x86_64-linux-gnu/perl5/5.32/auto/DBI" "Mozilla/5.0 AppleWebKit/537.36 (KHTML, like Gecko; compatible; GPTBot/1.4; +https://openai.com/gptbot)" "-"
98.81.160.0 - - [25/Jul/2026:10:26:23 +0200] "GET /canaryadminservices/wp-content/uploads/2015/01/3d-loop-rounded-box-azoom-wordpress.mp4 HTTP/1.1" 301 - www.canaryadminservices.com "-" "Mozilla/5.0 (X11; Ubuntu; Linux x86_64; rv:72.0) Gecko/20100101 Firefox/72.0 (compatible; [nvidia]-[psirt@nvidia.com]-[nspect-i05s-fieu]-[nvidiabot]; +https://github.com/rom1504/img2dataset)" "-"
98.81.160.0 - - [25/Jul/2026:10:26:24 +0200] "GET /canaryadminservices/wp-content/uploads/2015/01/3d-loop-rounded-box-azoom-wordpress.mp4 HTTP/1.1" 404 120891 canaryadminservices.com "-" "Mozilla/5.0 (X11; Ubuntu; Linux x86_64; rv:72.0) Gecko/20100101 Firefox/72.0 (compatible; [nvidia]-[psirt@nvidia.com]-[nspect-i05s-fieu]-[nvidiabot]; +https://github.com/rom1504/img2dataset)" "-"
74.7.243.0 - - [25/Jul/2026:10:26:30 +0200] "GET /wp-content/uploads/WPL/38/403.php?lokasie=/usr/lib/x86_64-linux-gnu/ruby/2.7.0/enc/windows_1254.so&loknya=/usr/lib/x86_64-linux-gnu/ruby/2.7.0/enc HTTP/1.1" 429 267 canaryadminservices.com "https://canaryadminservices.com/wp-content/uploads/WPL/38/403.php?loknya=/usr/lib/x86_64-linux-gnu/ruby/2.7.0/enc" "Mozilla/5.0 AppleWebKit/537.36 (KHTML, like Gecko; compatible; GPTBot/1.4; +https://openai.com/gptbot)" "-"
74.7.243.0 - - [25/Jul/2026:10:26:37 +0200] "GET /wp-content/uploads/WPL/38/403.php?lokasie=/usr/lib/x86_64-linux-gnu/perl/5.32.1/bits/types/__sigset_t.ph&loknya=/usr/lib/x86_64-linux-gnu/perl/5.32.1/bits/types HTTP/1.1" 429 267 canaryadminservices.com "https://canaryadminservices.com/wp-content/uploads/WPL/38/403.php?loknya=/usr/lib/x86_64-linux-gnu/perl/5.32.1/bits/types" "Mozilla/5.0 AppleWebKit/537.36 (KHTML, like Gecko; compatible; GPTBot/1.4; +https://openai.com/gptbot)" "-"
