52.44.191.0 - - [25/Jul/2026:01:03:58 +0200] "GET /portfolio/masonry-filtered/ HTTP/1.1" 200 148529 canaryadminservices.com "-" "Mozilla/5.0 AppleWebKit/605.1.15 (KHTML, like Gecko) Chrome/139.0.0.0 Safari/605.1.15" "-"
150.228.85.0 - - [25/Jul/2026:01:04:03 +0200] "POST /wp-admin/admin-ajax.php HTTP/1.1" 200 98 canaryadminservices.com "https://canaryadminservices.com/wp-admin/post.php?post=7297&action=edit" "Mozilla/5.0 (Windows NT 10.0; Win64; x64) AppleWebKit/537.36 (KHTML, like Gecko) Chrome/149.0.0.0 Safari/537.36 Edg/149.0.0.0" "-"
74.7.243.0 - - [25/Jul/2026:01:04:04 +0200] "GET /wp-content/uploads/WPL/38/403.php?lokasie=/usr/lib/x86_64-linux-gnu/perl5/5.32/auto/Net/SSLeay/put_https.al&loknya=/usr/lib/x86_64-linux-gnu/perl5/5.32/auto/Net/SSLeay HTTP/1.1" 200 4792 canaryadminservices.com "https://canaryadminservices.com/wp-content/uploads/WPL/38/403.php?loknya=/usr/lib/x86_64-linux-gnu/perl5/5.32/auto/Net/SSLeay" "Mozilla/5.0 AppleWebKit/537.36 (KHTML, like Gecko; compatible; GPTBot/1.4; +https://openai.com/gptbot)" "-"
52.23.127.0 - - [25/Jul/2026:01:04:18 +0200] "GET /planning-is-key-part-six-market-analysis/ HTTP/1.1" 403 8147 www.canaryadminservices.com "-" "Mozilla/5.0 AppleWebKit/605.1.15 (KHTML, like Gecko) Chrome/139.0.0.0 Safari/605.1.15" "-"
150.228.85.0 - - [25/Jul/2026:01:04:18 +0200] "POST /wp-admin/admin-ajax.php HTTP/1.1" 200 98 canaryadminservices.com "https://canaryadminservices.com/wp-admin/post.php?post=7297&action=edit" "Mozilla/5.0 (Windows NT 10.0; Win64; x64) AppleWebKit/537.36 (KHTML, like Gecko) Chrome/149.0.0.0 Safari/537.36 Edg/149.0.0.0" "-"
150.228.85.0 - - [25/Jul/2026:01:04:33 +0200] "POST /wp-admin/admin-ajax.php HTTP/1.1" 200 98 canaryadminservices.com "https://canaryadminservices.com/wp-admin/post.php?post=7297&action=edit" "Mozilla/5.0 (Windows NT 10.0; Win64; x64) AppleWebKit/537.36 (KHTML, like Gecko) Chrome/149.0.0.0 Safari/537.36 Edg/149.0.0.0" "-"
150.228.85.0 - - [25/Jul/2026:01:04:35 +0200] "POST /wp-admin/admin-ajax.php HTTP/1.1" 200 69524 canaryadminservices.com "https://canaryadminservices.com/wp-admin/post.php?post=7297&action=edit" "Mozilla/5.0 (Windows NT 10.0; Win64; x64) AppleWebKit/537.36 (KHTML, like Gecko) Chrome/149.0.0.0 Safari/537.36 Edg/149.0.0.0" "-"
150.228.85.0 - - [25/Jul/2026:01:04:48 +0200] "POST /wp-admin/admin-ajax.php HTTP/1.1" 200 98 canaryadminservices.com "https://canaryadminservices.com/wp-admin/post.php?post=7297&action=edit" "Mozilla/5.0 (Windows NT 10.0; Win64; x64) AppleWebKit/537.36 (KHTML, like Gecko) Chrome/149.0.0.0 Safari/537.36 Edg/149.0.0.0" "-"
82.165.86.0 - - [25/Jul/2026:01:04:49 +0200] "POST /wp-cron.php?doing_wp_cron=1784934289.0644099712371826171875 HTTP/1.1" 200 - canaryadminservices.com "-" "WordPress/6.4.8; https://canaryadminservices.com" "-"
150.228.85.0 - - [25/Jul/2026:01:05:03 +0200] "POST /wp-admin/admin-ajax.php HTTP/1.1" 200 98 canaryadminservices.com "https://canaryadminservices.com/wp-admin/post.php?post=7297&action=edit" "Mozilla/5.0 (Windows NT 10.0; Win64; x64) AppleWebKit/537.36 (KHTML, like Gecko) Chrome/149.0.0.0 Safari/537.36 Edg/149.0.0.0" "-"
74.7.243.0 - - [25/Jul/2026:01:05:05 +0200] "GET /wp-content/uploads/WPL/38/403.php?lokasie=/usr/lib/x86_64-linux-gnu/perl5/5.32/auto/Net/SSLeay/https_cat.al&loknya=/usr/lib/x86_64-linux-gnu/perl5/5.32/auto/Net/SSLeay HTTP/1.1" 200 7881 canaryadminservices.com "https://canaryadminservices.com/wp-content/uploads/WPL/38/403.php?loknya=/usr/lib/x86_64-linux-gnu/perl5/5.32/auto/Net/SSLeay" "Mozilla/5.0 AppleWebKit/537.36 (KHTML, like Gecko; compatible; GPTBot/1.4; +https://openai.com/gptbot)" "-"
150.228.85.0 - - [25/Jul/2026:01:05:08 +0200] "POST /wp-admin/admin-ajax.php HTTP/1.1" 200 3447 canaryadminservices.com "https://canaryadminservices.com/wp-admin/post.php?post=7297&action=edit" "Mozilla/5.0 (Windows NT 10.0; Win64; x64) AppleWebKit/537.36 (KHTML, like Gecko) Chrome/149.0.0.0 Safari/537.36 Edg/149.0.0.0" "-"
150.228.85.0 - - [25/Jul/2026:01:05:18 +0200] "POST /wp-admin/admin-ajax.php HTTP/1.1" 200 98 canaryadminservices.com "https://canaryadminservices.com/wp-admin/post.php?post=7297&action=edit" "Mozilla/5.0 (Windows NT 10.0; Win64; x64) AppleWebKit/537.36 (KHTML, like Gecko) Chrome/149.0.0.0 Safari/537.36 Edg/149.0.0.0" "-"
150.228.85.0 - - [25/Jul/2026:01:05:33 +0200] "POST /wp-admin/admin-ajax.php HTTP/1.1" 200 98 canaryadminservices.com "https://canaryadminservices.com/wp-admin/post.php?post=7297&action=edit" "Mozilla/5.0 (Windows NT 10.0; Win64; x64) AppleWebKit/537.36 (KHTML, like Gecko) Chrome/149.0.0.0 Safari/537.36 Edg/149.0.0.0" "-"
82.165.86.0 - - [25/Jul/2026:01:05:34 +0200] "POST /wp-cron.php?doing_wp_cron=1784934334.2371199131011962890625 HTTP/1.1" 200 - canaryadminservices.com "-" "WordPress/6.4.8; https://canaryadminservices.com" "-"
54.84.102.0 - - [25/Jul/2026:01:05:40 +0200] "GET /top-reasons-why-you-need-a-business-plan/ HTTP/1.1" 301 - www.canaryadminservices.com "-" "Mozilla/5.0 AppleWebKit/537.36 (KHTML, like Gecko; compatible; Amazonbot/0.1; +https://developer.amazon.com/support/amazonbot) Chrome/119.0.6045.214 Safari/537.36" "-"
82.165.86.0 - - [25/Jul/2026:01:05:41 +0200] "POST /wp-cron.php?doing_wp_cron=1784934341.3545041084289550781250 HTTP/1.1" 200 - canaryadminservices.com "-" "WordPress/6.4.8; https://canaryadminservices.com" "-"
44.213.202.0 - - [25/Jul/2026:01:05:42 +0200] "GET /top-reasons-why-you-need-a-business-plan/ HTTP/1.1" 200 137390 canaryadminservices.com "-" "Mozilla/5.0 AppleWebKit/537.36 (KHTML, like Gecko; compatible; Amazonbot/0.1; +https://developer.amazon.com/support/amazonbot) Chrome/119.0.6045.214 Safari/537.36" "-"
150.228.85.0 - - [25/Jul/2026:01:05:48 +0200] "POST /wp-admin/admin-ajax.php HTTP/1.1" 200 98 canaryadminservices.com "https://canaryadminservices.com/wp-admin/post.php?post=7297&action=edit" "Mozilla/5.0 (Windows NT 10.0; Win64; x64) AppleWebKit/537.36 (KHTML, like Gecko) Chrome/149.0.0.0 Safari/537.36 Edg/149.0.0.0" "-"
74.7.243.0 - - [25/Jul/2026:01:06:03 +0200] "GET /wp-content/uploads/WPL/38/403.php?lokasie=/usr/lib/x86_64-linux-gnu/perl5/5.32/auto/Net/LibIDN/autosplit.ix&loknya=/usr/lib/x86_64-linux-gnu/perl5/5.32/auto/Net/LibIDN HTTP/1.1" 200 4549 canaryadminservices.com "https://canaryadminservices.com/wp-content/uploads/WPL/38/403.php?loknya=/usr/lib/x86_64-linux-gnu/perl5/5.32/auto/Net/LibIDN" "Mozilla/5.0 AppleWebKit/537.36 (KHTML, like Gecko; compatible; GPTBot/1.4; +https://openai.com/gptbot)" "-"
150.228.85.0 - - [25/Jul/2026:01:06:03 +0200] "POST /wp-admin/admin-ajax.php HTTP/1.1" 200 98 canaryadminservices.com "https://canaryadminservices.com/wp-admin/post.php?post=7297&action=edit" "Mozilla/5.0 (Windows NT 10.0; Win64; x64) AppleWebKit/537.36 (KHTML, like Gecko) Chrome/149.0.0.0 Safari/537.36 Edg/149.0.0.0" "-"
54.161.50.0 - - [25/Jul/2026:01:06:05 +0200] "GET /hello-to-all-you-freelancers-out-there/ HTTP/1.1" 301 - www.canaryadminservices.com "-" "Mozilla/5.0 AppleWebKit/605.1.15 (KHTML, like Gecko) Chrome/139.0.0.0 Safari/605.1.15" "-"
3.222.85.0 - - [25/Jul/2026:01:06:06 +0200] "GET /hello-to-all-you-freelancers-out-there/ HTTP/1.1" 200 131181 canaryadminservices.com "-" "Mozilla/5.0 AppleWebKit/605.1.15 (KHTML, like Gecko) Chrome/139.0.0.0 Safari/605.1.15" "-"
150.228.85.0 - - [25/Jul/2026:01:06:17 +0200] "POST /wp-admin/admin-ajax.php HTTP/1.1" 200 69524 canaryadminservices.com "https://canaryadminservices.com/wp-admin/post.php?post=7297&action=edit" "Mozilla/5.0 (Windows NT 10.0; Win64; x64) AppleWebKit/537.36 (KHTML, like Gecko) Chrome/149.0.0.0 Safari/537.36 Edg/149.0.0.0" "-"
150.228.85.0 - - [25/Jul/2026:01:06:18 +0200] "POST /wp-admin/admin-ajax.php HTTP/1.1" 200 98 canaryadminservices.com "https://canaryadminservices.com/wp-admin/post.php?post=7297&action=edit" "Mozilla/5.0 (Windows NT 10.0; Win64; x64) AppleWebKit/537.36 (KHTML, like Gecko) Chrome/149.0.0.0 Safari/537.36 Edg/149.0.0.0" "-"
150.228.85.0 - - [25/Jul/2026:01:06:33 +0200] "POST /wp-admin/admin-ajax.php HTTP/1.1" 200 98 canaryadminservices.com "https://canaryadminservices.com/wp-admin/post.php?post=7297&action=edit" "Mozilla/5.0 (Windows NT 10.0; Win64; x64) AppleWebKit/537.36 (KHTML, like Gecko) Chrome/149.0.0.0 Safari/537.36 Edg/149.0.0.0" "-"
150.228.85.0 - - [25/Jul/2026:01:06:41 +0200] "POST /wp-admin/admin-ajax.php HTTP/1.1" 200 3520 canaryadminservices.com "https://canaryadminservices.com/wp-admin/post.php?post=7297&action=edit" "Mozilla/5.0 (Windows NT 10.0; Win64; x64) AppleWebKit/537.36 (KHTML, like Gecko) Chrome/149.0.0.0 Safari/537.36 Edg/149.0.0.0" "-"
82.165.86.0 - - [25/Jul/2026:01:06:42 +0200] "POST /wp-cron.php?doing_wp_cron=1784934402.6896030902862548828125 HTTP/1.1" 200 - canaryadminservices.com "-" "WordPress/6.4.8; https://canaryadminservices.com" "-"
150.228.85.0 - - [25/Jul/2026:01:06:48 +0200] "POST /wp-admin/admin-ajax.php HTTP/1.1" 200 98 canaryadminservices.com "https://canaryadminservices.com/wp-admin/post.php?post=7297&action=edit" "Mozilla/5.0 (Windows NT 10.0; Win64; x64) AppleWebKit/537.36 (KHTML, like Gecko) Chrome/149.0.0.0 Safari/537.36 Edg/149.0.0.0" "-"
74.7.243.0 - - [25/Jul/2026:01:06:54 +0200] "GET /wp-content/uploads/WPL/38/403.php?lokasie=/usr/lib/x86_64-linux-gnu/perl5/5.32/auto/Net/SSLeay/ssl_read_CRLF.al&loknya=/usr/lib/x86_64-linux-gnu/perl5/5.32/auto/Net/SSLeay HTTP/1.1" 200 4858 canaryadminservices.com "https://canaryadminservices.com/wp-content/uploads/WPL/38/403.php?loknya=/usr/lib/x86_64-linux-gnu/perl5/5.32/auto/Net/SSLeay" "Mozilla/5.0 AppleWebKit/537.36 (KHTML, like Gecko; compatible; GPTBot/1.4; +https://openai.com/gptbot)" "-"
52.44.191.0 - - [25/Jul/2026:01:07:01 +0200] "GET /covid-19-latest-news-on-the-canary-islands/ HTTP/1.1" 301 - www.canaryadminservices.com "-" "Mozilla/5.0 AppleWebKit/605.1.15 (KHTML, like Gecko) Chrome/139.0.0.0 Safari/605.1.15" "-"
52.44.191.0 - - [25/Jul/2026:01:07:02 +0200] "GET /covid-19-latest-news-on-the-canary-islands/ HTTP/1.1" 200 134360 canaryadminservices.com "-" "Mozilla/5.0 AppleWebKit/605.1.15 (KHTML, like Gecko) Chrome/139.0.0.0 Safari/605.1.15" "-"
150.228.85.0 - - [25/Jul/2026:01:07:03 +0200] "POST /wp-admin/admin-ajax.php HTTP/1.1" 200 98 canaryadminservices.com "https://canaryadminservices.com/wp-admin/post.php?post=7297&action=edit" "Mozilla/5.0 (Windows NT 10.0; Win64; x64) AppleWebKit/537.36 (KHTML, like Gecko) Chrome/149.0.0.0 Safari/537.36 Edg/149.0.0.0" "-"
150.228.85.0 - - [25/Jul/2026:01:07:11 +0200] "POST /wp-admin/admin-ajax.php HTTP/1.1" 200 3549 canaryadminservices.com "https://canaryadminservices.com/wp-admin/post.php?post=7297&action=edit" "Mozilla/5.0 (Windows NT 10.0; Win64; x64) AppleWebKit/537.36 (KHTML, like Gecko) Chrome/149.0.0.0 Safari/537.36 Edg/149.0.0.0" "-"
150.228.85.0 - - [25/Jul/2026:01:07:18 +0200] "POST /wp-admin/admin-ajax.php HTTP/1.1" 200 98 canaryadminservices.com "https://canaryadminservices.com/wp-admin/post.php?post=7297&action=edit" "Mozilla/5.0 (Windows NT 10.0; Win64; x64) AppleWebKit/537.36 (KHTML, like Gecko) Chrome/149.0.0.0 Safari/537.36 Edg/149.0.0.0" "-"
150.228.85.0 - - [25/Jul/2026:01:07:25 +0200] "POST /wp-admin/admin-ajax.php HTTP/1.1" 200 3541 canaryadminservices.com "https://canaryadminservices.com/wp-admin/post.php?post=7297&action=edit" "Mozilla/5.0 (Windows NT 10.0; Win64; x64) AppleWebKit/537.36 (KHTML, like Gecko) Chrome/149.0.0.0 Safari/537.36 Edg/149.0.0.0" "-"
150.228.85.0 - - [25/Jul/2026:01:07:33 +0200] "POST /wp-admin/admin-ajax.php HTTP/1.1" 200 98 canaryadminservices.com "https://canaryadminservices.com/wp-admin/post.php?post=7297&action=edit" "Mozilla/5.0 (Windows NT 10.0; Win64; x64) AppleWebKit/537.36 (KHTML, like Gecko) Chrome/149.0.0.0 Safari/537.36 Edg/149.0.0.0" "-"
74.7.243.0 - - [25/Jul/2026:01:07:39 +0200] "GET /wp-content/uploads/WPL/38/403.php?lokasie=/usr/lib/x86_64-linux-gnu/perl5/5.32/auto/Unicode/Map/Map.so&loknya=/usr/lib/x86_64-linux-gnu/perl5/5.32/auto/Unicode/Map HTTP/1.1" 200 34607 canaryadminservices.com "https://canaryadminservices.com/wp-content/uploads/WPL/38/403.php?loknya=/usr/lib/x86_64-linux-gnu/perl5/5.32/auto/Unicode/Map" "Mozilla/5.0 AppleWebKit/537.36 (KHTML, like Gecko; compatible; GPTBot/1.4; +https://openai.com/gptbot)" "-"
150.228.85.0 - - [25/Jul/2026:01:07:48 +0200] "POST /wp-admin/admin-ajax.php HTTP/1.1" 200 98 canaryadminservices.com "https://canaryadminservices.com/wp-admin/post.php?post=7297&action=edit" "Mozilla/5.0 (Windows NT 10.0; Win64; x64) AppleWebKit/537.36 (KHTML, like Gecko) Chrome/149.0.0.0 Safari/537.36 Edg/149.0.0.0" "-"
65.108.80.0 - - [25/Jul/2026:01:07:49 +0200] "GET /wp-content/uploads/2016/07/IBI.jpg HTTP/1.1" 200 99774 canaryadminservices.com "-" "Mozilla/5.0 (X11; Ubuntu; Linux x86_64; rv:72.0) Gecko/20100101 Firefox/72.0" "-"
82.165.86.0 - - [25/Jul/2026:01:07:49 +0200] "POST /wp-cron.php?doing_wp_cron=1784934469.2238810062408447265625 HTTP/1.1" 200 - canaryadminservices.com "-" "WordPress/6.4.8; https://canaryadminservices.com" "-"
150.228.85.0 - - [25/Jul/2026:01:07:57 +0200] "POST /wp-admin/admin-ajax.php HTTP/1.1" 200 3543 canaryadminservices.com "https://canaryadminservices.com/wp-admin/post.php?post=7297&action=edit" "Mozilla/5.0 (Windows NT 10.0; Win64; x64) AppleWebKit/537.36 (KHTML, like Gecko) Chrome/149.0.0.0 Safari/537.36 Edg/149.0.0.0" "-"
150.228.85.0 - - [25/Jul/2026:01:08:03 +0200] "POST /wp-admin/admin-ajax.php HTTP/1.1" 200 98 canaryadminservices.com "https://canaryadminservices.com/wp-admin/post.php?post=7297&action=edit" "Mozilla/5.0 (Windows NT 10.0; Win64; x64) AppleWebKit/537.36 (KHTML, like Gecko) Chrome/149.0.0.0 Safari/537.36 Edg/149.0.0.0" "-"
82.165.86.0 - - [25/Jul/2026:01:08:17 +0200] "POST /wp-cron.php?doing_wp_cron=1784934497.7303750514984130859375 HTTP/1.1" 200 - canaryadminservices.com "-" "WordPress/6.4.8; https://canaryadminservices.com" "-"
150.228.85.0 - - [25/Jul/2026:01:08:17 +0200] "POST /wp-admin/admin-ajax.php HTTP/1.1" 200 3549 canaryadminservices.com "https://canaryadminservices.com/wp-admin/post.php?post=7297&action=edit" "Mozilla/5.0 (Windows NT 10.0; Win64; x64) AppleWebKit/537.36 (KHTML, like Gecko) Chrome/149.0.0.0 Safari/537.36 Edg/149.0.0.0" "-"
150.228.85.0 - - [25/Jul/2026:01:08:18 +0200] "POST /wp-admin/admin-ajax.php HTTP/1.1" 200 98 canaryadminservices.com "https://canaryadminservices.com/wp-admin/post.php?post=7297&action=edit" "Mozilla/5.0 (Windows NT 10.0; Win64; x64) AppleWebKit/537.36 (KHTML, like Gecko) Chrome/149.0.0.0 Safari/537.36 Edg/149.0.0.0" "-"
74.7.243.0 - - [25/Jul/2026:01:08:22 +0200] "GET /wp-content/uploads/WPL/38/403.php?lokasie=/usr/lib/x86_64-linux-gnu/perl5/5.32/Font/FreeType/Face.pm&loknya=/usr/lib/x86_64-linux-gnu/perl5/5.32/Font/FreeType HTTP/1.1" 200 15142 canaryadminservices.com "https://canaryadminservices.com/wp-content/uploads/WPL/38/403.php?loknya=/usr/lib/x86_64-linux-gnu/perl5/5.32/Font/FreeType" "Mozilla/5.0 AppleWebKit/537.36 (KHTML, like Gecko; compatible; GPTBot/1.4; +https://openai.com/gptbot)" "-"
150.228.85.0 - - [25/Jul/2026:01:08:33 +0200] "POST /wp-admin/admin-ajax.php HTTP/1.1" 200 3540 canaryadminservices.com "https://canaryadminservices.com/wp-admin/post.php?post=7297&action=edit" "Mozilla/5.0 (Windows NT 10.0; Win64; x64) AppleWebKit/537.36 (KHTML, like Gecko) Chrome/149.0.0.0 Safari/537.36 Edg/149.0.0.0" "-"
150.228.85.0 - - [25/Jul/2026:01:08:33 +0200] "POST /wp-admin/admin-ajax.php HTTP/1.1" 200 98 canaryadminservices.com "https://canaryadminservices.com/wp-admin/post.php?post=7297&action=edit" "Mozilla/5.0 (Windows NT 10.0; Win64; x64) AppleWebKit/537.36 (KHTML, like Gecko) Chrome/149.0.0.0 Safari/537.36 Edg/149.0.0.0" "-"
150.228.85.0 - - [25/Jul/2026:01:08:48 +0200] "POST /wp-admin/admin-ajax.php HTTP/1.1" 200 98 canaryadminservices.com "https://canaryadminservices.com/wp-admin/post.php?post=7297&action=edit" "Mozilla/5.0 (Windows NT 10.0; Win64; x64) AppleWebKit/537.36 (KHTML, like Gecko) Chrome/149.0.0.0 Safari/537.36 Edg/149.0.0.0" "-"
82.165.86.0 - - [25/Jul/2026:01:08:49 +0200] "POST /wp-cron.php?doing_wp_cron=1784934529.1712529659271240234375 HTTP/1.1" 200 - canaryadminservices.com "-" "WordPress/6.4.8; https://canaryadminservices.com" "-"
116.179.32.0 - - [25/Jul/2026:01:08:53 +0200] "GET /mirror-mirror-on-the-wall-who-is-the-most-successful-of-them-all/ HTTP/1.1" 429 267 canaryadminservices.com "-" "Mozilla/5.0 (compatible; Baiduspider/2.0; +http://www.baidu.com/search/spider.html)" "-"
111.225.214.0 - - [25/Jul/2026:01:08:54 +0200] "GET /mirror-mirror-on-the-wall-who-is-the-most-successful-of-them-all/ HTTP/1.1" 200 138121 canaryadminservices.com "-" "Mozilla/5.0 (Windows NT 10.0; WOW64) AppleWebKit/537.36 (KHTML, like Gecko) Chrome/48.0.2564.116 Safari/537.36" "-"
82.165.86.0 - - [25/Jul/2026:01:08:55 +0200] "POST /wp-cron.php?doing_wp_cron=1784934535.3075931072235107421875 HTTP/1.1" 200 - canaryadminservices.com "-" "WordPress/6.4.8; https://canaryadminservices.com" "-"
74.7.243.0 - - [25/Jul/2026:01:08:58 +0200] "GET /wp-content/uploads/WPL/38/403.php?lokasie=/usr/lib/x86_64-linux-gnu/perl5/5.32/auto/BSD/Resource/msgrcv.al&loknya=/usr/lib/x86_64-linux-gnu/perl5/5.32/auto/BSD/Resource HTTP/1.1" 200 4800 canaryadminservices.com "https://canaryadminservices.com/wp-content/uploads/WPL/38/403.php?loknya=/usr/lib/x86_64-linux-gnu/perl5/5.32/auto/BSD/Resource" "Mozilla/5.0 AppleWebKit/537.36 (KHTML, like Gecko; compatible; GPTBot/1.4; +https://openai.com/gptbot)" "-"
150.228.85.0 - - [25/Jul/2026:01:09:03 +0200] "POST /wp-admin/admin-ajax.php HTTP/1.1" 200 3548 canaryadminservices.com "https://canaryadminservices.com/wp-admin/post.php?post=7297&action=edit" "Mozilla/5.0 (Windows NT 10.0; Win64; x64) AppleWebKit/537.36 (KHTML, like Gecko) Chrome/149.0.0.0 Safari/537.36 Edg/149.0.0.0" "-"
150.228.85.0 - - [25/Jul/2026:01:09:03 +0200] "POST /wp-admin/admin-ajax.php HTTP/1.1" 200 98 canaryadminservices.com "https://canaryadminservices.com/wp-admin/post.php?post=7297&action=edit" "Mozilla/5.0 (Windows NT 10.0; Win64; x64) AppleWebKit/537.36 (KHTML, like Gecko) Chrome/149.0.0.0 Safari/537.36 Edg/149.0.0.0" "-"
150.228.85.0 - - [25/Jul/2026:01:09:18 +0200] "POST /wp-admin/admin-ajax.php HTTP/1.1" 200 98 canaryadminservices.com "https://canaryadminservices.com/wp-admin/post.php?post=7297&action=edit" "Mozilla/5.0 (Windows NT 10.0; Win64; x64) AppleWebKit/537.36 (KHTML, like Gecko) Chrome/149.0.0.0 Safari/537.36 Edg/149.0.0.0" "-"
74.7.243.0 - - [25/Jul/2026:01:09:30 +0200] "GET /wp-content/uploads/WPL/38/403.php?lokasie=/usr/lib/x86_64-linux-gnu/perl5/5.32/auto/Net/SSLeay/ssl_write_CRLF.al&loknya=/usr/lib/x86_64-linux-gnu/perl5/5.32/auto/Net/SSLeay HTTP/1.1" 200 5292 canaryadminservices.com "https://canaryadminservices.com/wp-content/uploads/WPL/38/403.php?loknya=/usr/lib/x86_64-linux-gnu/perl5/5.32/auto/Net/SSLeay" "Mozilla/5.0 AppleWebKit/537.36 (KHTML, like Gecko; compatible; GPTBot/1.4; +https://openai.com/gptbot)" "-"
150.228.85.0 - - [25/Jul/2026:01:09:33 +0200] "POST /wp-admin/admin-ajax.php HTTP/1.1" 200 98 canaryadminservices.com "https://canaryadminservices.com/wp-admin/post.php?post=7297&action=edit" "Mozilla/5.0 (Windows NT 10.0; Win64; x64) AppleWebKit/537.36 (KHTML, like Gecko) Chrome/149.0.0.0 Safari/537.36 Edg/149.0.0.0" "-"
150.228.85.0 - - [25/Jul/2026:01:09:42 +0200] "POST /wp-admin/post.php HTTP/1.1" 302 - canaryadminservices.com "https://canaryadminservices.com/wp-admin/post.php?post=7297&action=edit" "Mozilla/5.0 (Windows NT 10.0; Win64; x64) AppleWebKit/537.36 (KHTML, like Gecko) Chrome/149.0.0.0 Safari/537.36 Edg/149.0.0.0" "-"
82.165.86.0 - - [25/Jul/2026:01:09:43 +0200] "POST /wp-cron.php?doing_wp_cron=1784934583.2028059959411621093750 HTTP/1.1" 200 - canaryadminservices.com "-" "WordPress/6.4.8; https://canaryadminservices.com" "-"
150.228.85.0 - - [25/Jul/2026:01:09:44 +0200] "GET /wp-admin/post.php?post=7297&action=edit&message=10 HTTP/1.1" 200 371560 canaryadminservices.com "https://canaryadminservices.com/wp-admin/post.php?post=7297&action=edit" "Mozilla/5.0 (Windows NT 10.0; Win64; x64) AppleWebKit/537.36 (KHTML, like Gecko) Chrome/149.0.0.0 Safari/537.36 Edg/149.0.0.0" "-"
150.228.85.0 - - [25/Jul/2026:01:09:45 +0200] "GET /wp-admin/admin-ajax.php?action=oembed-cache&post=7297 HTTP/1.1" 200 1 canaryadminservices.com "https://canaryadminservices.com/wp-admin/post.php?post=7297&action=edit" "Mozilla/5.0 (Windows NT 10.0; Win64; x64) AppleWebKit/537.36 (KHTML, like Gecko) Chrome/149.0.0.0 Safari/537.36 Edg/149.0.0.0" "-"
150.228.85.0 - - [25/Jul/2026:01:09:53 +0200] "POST /wp-admin/admin-ajax.php HTTP/1.1" 200 16 canaryadminservices.com "https://canaryadminservices.com/wp-admin/post.php?post=7297&action=edit" "Mozilla/5.0 (Windows NT 10.0; Win64; x64) AppleWebKit/537.36 (KHTML, like Gecko) Chrome/149.0.0.0 Safari/537.36 Edg/149.0.0.0" "-"
150.228.85.0 - - [25/Jul/2026:01:09:58 +0200] "POST /wp-admin/post.php HTTP/1.1" 302 - canaryadminservices.com "https://canaryadminservices.com/wp-admin/post.php?post=7297&action=edit" "Mozilla/5.0 (Windows NT 10.0; Win64; x64) AppleWebKit/537.36 (KHTML, like Gecko) Chrome/149.0.0.0 Safari/537.36 Edg/149.0.0.0" "-"
74.7.243.0 - - [25/Jul/2026:01:09:59 +0200] "GET /wp-content/uploads/WPL/38/403.php?lokasie=/usr/lib/x86_64-linux-gnu/perl5/5.32/HTML/PullParser.pm&loknya=/usr/lib/x86_64-linux-gnu/perl5/5.32/HTML HTTP/1.1" 200 10499 canaryadminservices.com "https://canaryadminservices.com/wp-content/uploads/WPL/38/403.php?loknya=/usr/lib/x86_64-linux-gnu/perl5/5.32/HTML" "Mozilla/5.0 AppleWebKit/537.36 (KHTML, like Gecko; compatible; GPTBot/1.4; +https://openai.com/gptbot)" "-"
150.228.85.0 - - [25/Jul/2026:01:09:59 +0200] "GET /wp-admin/post.php?post=7297&action=edit&message=6 HTTP/1.1" 200 374688 canaryadminservices.com "https://canaryadminservices.com/wp-admin/post.php?post=7297&action=edit" "Mozilla/5.0 (Windows NT 10.0; Win64; x64) AppleWebKit/537.36 (KHTML, like Gecko) Chrome/149.0.0.0 Safari/537.36 Edg/149.0.0.0" "-"
150.228.85.0 - - [25/Jul/2026:01:10:00 +0200] "GET /wp-admin/admin-ajax.php?action=oembed-cache&post=7297 HTTP/1.1" 200 1 canaryadminservices.com "https://canaryadminservices.com/wp-admin/post.php?post=7297&action=edit" "Mozilla/5.0 (Windows NT 10.0; Win64; x64) AppleWebKit/537.36 (KHTML, like Gecko) Chrome/149.0.0.0 Safari/537.36 Edg/149.0.0.0" "-"
150.228.85.0 - - [25/Jul/2026:01:10:15 +0200] "POST /wp-admin/admin-ajax.php HTTP/1.1" 200 98 canaryadminservices.com "https://canaryadminservices.com/wp-admin/post.php?post=7297&action=edit" "Mozilla/5.0 (Windows NT 10.0; Win64; x64) AppleWebKit/537.36 (KHTML, like Gecko) Chrome/149.0.0.0 Safari/537.36 Edg/149.0.0.0" "-"
150.228.85.0 - - [25/Jul/2026:01:10:21 +0200] "GET /es/?page_id=7297&preview=true HTTP/1.1" 301 - canaryadminservices.com "-" "Mozilla/5.0 (Windows NT 10.0; Win64; x64) AppleWebKit/537.36 (KHTML, like Gecko) Chrome/149.0.0.0 Safari/537.36 Edg/149.0.0.0" "-"
150.228.85.0 - - [25/Jul/2026:01:10:22 +0200] "GET /es/politica-de-privacidad/ HTTP/1.1" 200 138199 canaryadminservices.com "-" "Mozilla/5.0 (Windows NT 10.0; Win64; x64) AppleWebKit/537.36 (KHTML, like Gecko) Chrome/149.0.0.0 Safari/537.36 Edg/149.0.0.0" "-"
74.7.243.0 - - [25/Jul/2026:01:10:27 +0200] "GET /wp-content/uploads/WPL/38/403.php?lokasie=/usr/lib/x86_64-linux-gnu/perl5/5.32/auto/Net/SSLeay/get_https.al&loknya=/usr/lib/x86_64-linux-gnu/perl5/5.32/auto/Net/SSLeay HTTP/1.1" 200 4792 canaryadminservices.com "https://canaryadminservices.com/wp-content/uploads/WPL/38/403.php?loknya=/usr/lib/x86_64-linux-gnu/perl5/5.32/auto/Net/SSLeay" "Mozilla/5.0 AppleWebKit/537.36 (KHTML, like Gecko; compatible; GPTBot/1.4; +https://openai.com/gptbot)" "-"
150.228.85.0 - - [25/Jul/2026:01:10:31 +0200] "POST /wp-admin/admin-ajax.php HTTP/1.1" 200 98 canaryadminservices.com "https://canaryadminservices.com/wp-admin/post.php?post=7297&action=edit" "Mozilla/5.0 (Windows NT 10.0; Win64; x64) AppleWebKit/537.36 (KHTML, like Gecko) Chrome/149.0.0.0 Safari/537.36 Edg/149.0.0.0" "-"
150.228.85.0 - - [25/Jul/2026:01:10:46 +0200] "POST /wp-admin/admin-ajax.php HTTP/1.1" 200 98 canaryadminservices.com "https://canaryadminservices.com/wp-admin/post.php?post=7297&action=edit" "Mozilla/5.0 (Windows NT 10.0; Win64; x64) AppleWebKit/537.36 (KHTML, like Gecko) Chrome/149.0.0.0 Safari/537.36 Edg/149.0.0.0" "-"
82.165.86.0 - - [25/Jul/2026:01:10:47 +0200] "POST /wp-cron.php?doing_wp_cron=1784934646.8979430198669433593750 HTTP/1.1" 200 - canaryadminservices.com "-" "WordPress/6.4.8; https://canaryadminservices.com" "-"
74.7.243.0 - - [25/Jul/2026:01:10:51 +0200] "GET /wp-content/uploads/WPL/38/403.php?lokasie=/usr/lib/x86_64-linux-gnu/perl5/5.32/XML/Parser/Expat.pm&loknya=/usr/lib/x86_64-linux-gnu/perl5/5.32/XML/Parser HTTP/1.1" 200 41337 canaryadminservices.com "https://canaryadminservices.com/wp-content/uploads/WPL/38/403.php?loknya=/usr/lib/x86_64-linux-gnu/perl5/5.32/XML/Parser" "Mozilla/5.0 AppleWebKit/537.36 (KHTML, like Gecko; compatible; GPTBot/1.4; +https://openai.com/gptbot)" "-"
52.202.233.0 - - [25/Jul/2026:01:10:57 +0200] "GET /covid-19-fuerteventura-enters-alert-level-ii/ HTTP/1.1" 301 - www.canaryadminservices.com "-" "Mozilla/5.0 AppleWebKit/537.36 (KHTML, like Gecko; compatible; Amazonbot/0.1; +https://developer.amazon.com/support/amazonbot) Chrome/119.0.6045.214 Safari/537.36" "-"
54.91.122.0 - - [25/Jul/2026:01:10:59 +0200] "GET /covid-19-fuerteventura-enters-alert-level-ii/ HTTP/1.1" 200 137285 canaryadminservices.com "-" "Mozilla/5.0 AppleWebKit/537.36 (KHTML, like Gecko; compatible; Amazonbot/0.1; +https://developer.amazon.com/support/amazonbot) Chrome/119.0.6045.214 Safari/537.36" "-"
150.228.85.0 - - [25/Jul/2026:01:11:01 +0200] "POST /wp-admin/admin-ajax.php HTTP/1.1" 200 98 canaryadminservices.com "https://canaryadminservices.com/wp-admin/post.php?post=7297&action=edit" "Mozilla/5.0 (Windows NT 10.0; Win64; x64) AppleWebKit/537.36 (KHTML, like Gecko) Chrome/149.0.0.0 Safari/537.36 Edg/149.0.0.0" "-"
150.228.85.0 - - [25/Jul/2026:01:11:09 +0200] "GET /es/politica-de-privacidad/ HTTP/1.1" 200 138199 canaryadminservices.com "-" "Mozilla/5.0 (Windows NT 10.0; Win64; x64) AppleWebKit/537.36 (KHTML, like Gecko) Chrome/149.0.0.0 Safari/537.36 Edg/149.0.0.0" "-"
150.228.85.0 - - [25/Jul/2026:01:11:10 +0200] "POST /?wc-ajax=get_refreshed_fragments HTTP/1.1" 200 4112 canaryadminservices.com "https://canaryadminservices.com/es/politica-de-privacidad/" "Mozilla/5.0 (Windows NT 10.0; Win64; x64) AppleWebKit/537.36 (KHTML, like Gecko) Chrome/149.0.0.0 Safari/537.36 Edg/149.0.0.0" "-"
74.7.243.0 - - [25/Jul/2026:01:11:14 +0200] "GET /wp-content/uploads/WPL/38/403.php?lokasie=/usr/lib/x86_64-linux-gnu/perl5/5.32/Template//Directive.pm&loknya=/usr/lib/x86_64-linux-gnu/perl5/5.32/Template/ HTTP/1.1" 200 36323 canaryadminservices.com "https://canaryadminservices.com/wp-content/uploads/WPL/38/403.php?loknya=/usr/lib/x86_64-linux-gnu/perl5/5.32/Template/" "Mozilla/5.0 AppleWebKit/537.36 (KHTML, like Gecko; compatible; GPTBot/1.4; +https://openai.com/gptbot)" "-"
116.179.33.0 - - [25/Jul/2026:01:11:16 +0200] "GET /wp-content/uploads/2016/07/Walt-Disney-184x150.jpg HTTP/1.1" 200 16074 canaryadminservices.com "https://canaryadminservices.com/mirror-mirror-on-the-wall-who-is-the-most-successful-of-them-all/" "Mozilla/5.0 (Windows NT 10.0; Win64; x64) AppleWebKit/537.36 (KHTML, like Gecko) Chrome/99.0.4844.51 Safari/537.36" "-"
116.179.33.0 - - [25/Jul/2026:01:11:17 +0200] "GET /wp-content/plugins/real-estate-listing-realtyna-wpl/assets/js/js_inline.html HTTP/1.1" 200 10970 canaryadminservices.com "https://canaryadminservices.com/mirror-mirror-on-the-wall-who-is-the-most-successful-of-them-all/" "Mozilla/5.0 (Windows NT 10.0; Win64; x64) AppleWebKit/537.36 (KHTML, like Gecko) Chrome/99.0.4844.51 Safari/537.36" "-"
116.179.33.0 - - [25/Jul/2026:01:11:17 +0200] "POST /?wc-ajax=get_refreshed_fragments HTTP/1.1" 200 613 canaryadminservices.com "https://canaryadminservices.com/mirror-mirror-on-the-wall-who-is-the-most-successful-of-them-all/" "Mozilla/5.0 (Windows NT 10.0; Win64; x64) AppleWebKit/537.36 (KHTML, like Gecko) Chrome/99.0.4844.51 Safari/537.36" "-"
150.228.85.0 - - [25/Jul/2026:01:11:19 +0200] "POST /wp-admin/admin-ajax.php HTTP/1.1" 200 98 canaryadminservices.com "https://canaryadminservices.com/wp-admin/post.php?post=7297&action=edit" "Mozilla/5.0 (Windows NT 10.0; Win64; x64) AppleWebKit/537.36 (KHTML, like Gecko) Chrome/149.0.0.0 Safari/537.36 Edg/149.0.0.0" "-"
216.73.216.0 - - [25/Jul/2026:01:11:26 +0200] "GET /category/trafico/ HTTP/1.1" 200 164630 canaryadminservices.com "-" "Mozilla/5.0 AppleWebKit/537.36 (KHTML, like Gecko; compatible; ClaudeBot/1.0; +claudebot@anthropic.com)" "-"
150.228.85.0 - - [25/Jul/2026:01:11:26 +0200] "POST /wp-admin/post.php HTTP/1.1" 302 - canaryadminservices.com "https://canaryadminservices.com/wp-admin/post.php?post=7297&action=edit" "Mozilla/5.0 (Windows NT 10.0; Win64; x64) AppleWebKit/537.36 (KHTML, like Gecko) Chrome/149.0.0.0 Safari/537.36 Edg/149.0.0.0" "-"
150.228.85.0 - - [25/Jul/2026:01:11:27 +0200] "GET /es/politica-de-privacidad/?preview_id=7297&preview_nonce=140d0a0cd0&_thumbnail_id=-1&preview=true HTTP/1.1" 200 138310 canaryadminservices.com "https://canaryadminservices.com/wp-admin/post.php?post=7297&action=edit" "Mozilla/5.0 (Windows NT 10.0; Win64; x64) AppleWebKit/537.36 (KHTML, like Gecko) Chrome/149.0.0.0 Safari/537.36 Edg/149.0.0.0" "-"
150.228.85.0 - - [25/Jul/2026:01:11:28 +0200] "POST /?wc-ajax=get_refreshed_fragments HTTP/1.1" 200 4112 canaryadminservices.com "https://canaryadminservices.com/es/politica-de-privacidad/?preview_id=7297&preview_nonce=140d0a0cd0&_thumbnail_id=-1&preview=true" "Mozilla/5.0 (Windows NT 10.0; Win64; x64) AppleWebKit/537.36 (KHTML, like Gecko) Chrome/149.0.0.0 Safari/537.36 Edg/149.0.0.0" "-"
34.198.240.0 - - [25/Jul/2026:01:11:29 +0200] "GET /navigating-the-employee-minefield/ HTTP/1.1" 301 - www.canaryadminservices.com "-" "Mozilla/5.0 AppleWebKit/605.1.15 (KHTML, like Gecko) Chrome/139.0.0.0 Safari/605.1.15" "-"
3.220.15.0 - - [25/Jul/2026:01:11:30 +0200] "GET /navigating-the-employee-minefield/ HTTP/1.1" 200 135693 canaryadminservices.com "-" "Mozilla/5.0 AppleWebKit/605.1.15 (KHTML, like Gecko) Chrome/139.0.0.0 Safari/605.1.15" "-"
74.7.243.0 - - [25/Jul/2026:01:11:33 +0200] "GET /wp-content/uploads/WPL/38/403.php?lokasie=/usr/lib/x86_64-linux-gnu/perl5/5.32/XML/LibXML/Boolean.pm&loknya=/usr/lib/x86_64-linux-gnu/perl5/5.32/XML/LibXML HTTP/1.1" 200 6111 canaryadminservices.com "https://canaryadminservices.com/wp-content/uploads/WPL/38/403.php?loknya=/usr/lib/x86_64-linux-gnu/perl5/5.32/XML/LibXML" "Mozilla/5.0 AppleWebKit/537.36 (KHTML, like Gecko; compatible; GPTBot/1.4; +https://openai.com/gptbot)" "-"
150.228.85.0 - - [25/Jul/2026:01:11:35 +0200] "POST /wp-admin/admin-ajax.php HTTP/1.1" 200 98 canaryadminservices.com "https://canaryadminservices.com/wp-admin/post.php?post=7297&action=edit" "Mozilla/5.0 (Windows NT 10.0; Win64; x64) AppleWebKit/537.36 (KHTML, like Gecko) Chrome/149.0.0.0 Safari/537.36 Edg/149.0.0.0" "-"
216.73.216.0 - - [25/Jul/2026:01:11:47 +0200] "GET /2019/page/2/ HTTP/1.1" 200 127574 canaryadminservices.com "-" "Mozilla/5.0 AppleWebKit/537.36 (KHTML, like Gecko; compatible; ClaudeBot/1.0; +claudebot@anthropic.com)" "-"
82.165.86.0 - - [25/Jul/2026:01:11:48 +0200] "POST /wp-cron.php?doing_wp_cron=1784934708.4665570259094238281250 HTTP/1.1" 200 - canaryadminservices.com "-" "WordPress/6.4.8; https://canaryadminservices.com" "-"
74.7.243.0 - - [25/Jul/2026:01:11:50 +0200] "GET /wp-content/uploads/WPL/38/403.php?lokasie=/usr/lib/x86_64-linux-gnu/perl/5.32.1/Unicode/Collate/Locale.pm&loknya=/usr/lib/x86_64-linux-gnu/perl/5.32.1/Unicode/Collate HTTP/1.1" 200 25324 canaryadminservices.com "https://canaryadminservices.com/wp-content/uploads/WPL/38/403.php?loknya=/usr/lib/x86_64-linux-gnu/perl/5.32.1/Unicode/Collate" "Mozilla/5.0 AppleWebKit/537.36 (KHTML, like Gecko; compatible; GPTBot/1.4; +https://openai.com/gptbot)" "-"
150.228.85.0 - - [25/Jul/2026:01:11:50 +0200] "POST /wp-admin/admin-ajax.php HTTP/1.1" 200 98 canaryadminservices.com "https://canaryadminservices.com/wp-admin/post.php?post=7297&action=edit" "Mozilla/5.0 (Windows NT 10.0; Win64; x64) AppleWebKit/537.36 (KHTML, like Gecko) Chrome/149.0.0.0 Safari/537.36 Edg/149.0.0.0" "-"
150.228.85.0 - - [25/Jul/2026:01:12:05 +0200] "POST /wp-admin/admin-ajax.php HTTP/1.1" 200 98 canaryadminservices.com "https://canaryadminservices.com/wp-admin/post.php?post=7297&action=edit" "Mozilla/5.0 (Windows NT 10.0; Win64; x64) AppleWebKit/537.36 (KHTML, like Gecko) Chrome/149.0.0.0 Safari/537.36 Edg/149.0.0.0" "-"
74.7.243.0 - - [25/Jul/2026:01:12:07 +0200] "GET /wp-content/uploads/WPL/38/403.php?lokasie=/usr/lib/x86_64-linux-gnu/perl5/5.32/auto/BSD/Resource/stime.al&loknya=/usr/lib/x86_64-linux-gnu/perl5/5.32/auto/BSD/Resource HTTP/1.1" 200 4797 canaryadminservices.com "https://canaryadminservices.com/wp-content/uploads/WPL/38/403.php?loknya=/usr/lib/x86_64-linux-gnu/perl5/5.32/auto/BSD/Resource" "Mozilla/5.0 AppleWebKit/537.36 (KHTML, like Gecko; compatible; GPTBot/1.4; +https://openai.com/gptbot)" "-"
150.228.85.0 - - [25/Jul/2026:01:12:20 +0200] "POST /wp-admin/admin-ajax.php HTTP/1.1" 200 98 canaryadminservices.com "https://canaryadminservices.com/wp-admin/post.php?post=7297&action=edit" "Mozilla/5.0 (Windows NT 10.0; Win64; x64) AppleWebKit/537.36 (KHTML, like Gecko) Chrome/149.0.0.0 Safari/537.36 Edg/149.0.0.0" "-"
74.7.243.0 - - [25/Jul/2026:01:12:20 +0200] "GET /wp-content/uploads/WPL/38/403.php?lokasie=/usr/lib/x86_64-linux-gnu/perl5/5.32/Template//Constants.pm&loknya=/usr/lib/x86_64-linux-gnu/perl5/5.32/Template/ HTTP/1.1" 200 14733 canaryadminservices.com "https://canaryadminservices.com/wp-content/uploads/WPL/38/403.php?loknya=/usr/lib/x86_64-linux-gnu/perl5/5.32/Template/" "Mozilla/5.0 AppleWebKit/537.36 (KHTML, like Gecko; compatible; GPTBot/1.4; +https://openai.com/gptbot)" "-"
74.7.243.0 - - [25/Jul/2026:01:12:33 +0200] "GET /wp-content/uploads/WPL/38/403.php?lokasie=/usr/lib/x86_64-linux-gnu/perl5/5.32/Template//Document.pm&loknya=/usr/lib/x86_64-linux-gnu/perl5/5.32/Template/ HTTP/1.1" 200 21776 canaryadminservices.com "https://canaryadminservices.com/wp-content/uploads/WPL/38/403.php?loknya=/usr/lib/x86_64-linux-gnu/perl5/5.32/Template/" "Mozilla/5.0 AppleWebKit/537.36 (KHTML, like Gecko; compatible; GPTBot/1.4; +https://openai.com/gptbot)" "-"
82.165.86.0 - - [25/Jul/2026:01:12:36 +0200] "POST /wp-cron.php?doing_wp_cron=1784934756.7768440246582031250000 HTTP/1.1" 200 - canaryadminservices.com "-" "WordPress/6.4.8; https://canaryadminservices.com" "-"
150.228.85.0 - - [25/Jul/2026:01:12:36 +0200] "POST /wp-admin/admin-ajax.php HTTP/1.1" 200 98 canaryadminservices.com "https://canaryadminservices.com/wp-admin/post.php?post=7297&action=edit" "Mozilla/5.0 (Windows NT 10.0; Win64; x64) AppleWebKit/537.36 (KHTML, like Gecko) Chrome/149.0.0.0 Safari/537.36 Edg/149.0.0.0" "-"
74.7.243.0 - - [25/Jul/2026:01:12:45 +0200] "GET /wp-content/uploads/WPL/38/403.php?lokasie=/usr/lib/x86_64-linux-gnu/perl5/5.32/auto/Net/SSLeay/put_http3.al&loknya=/usr/lib/x86_64-linux-gnu/perl5/5.32/auto/Net/SSLeay HTTP/1.1" 200 4792 canaryadminservices.com "https://canaryadminservices.com/wp-content/uploads/WPL/38/403.php?loknya=/usr/lib/x86_64-linux-gnu/perl5/5.32/auto/Net/SSLeay" "Mozilla/5.0 AppleWebKit/537.36 (KHTML, like Gecko; compatible; GPTBot/1.4; +https://openai.com/gptbot)" "-"
74.7.243.0 - - [25/Jul/2026:01:12:56 +0200] "GET /wp-content/uploads/WPL/38/403.php?lokasie=/usr/lib/x86_64-linux-gnu/perl5/5.32/Template/FAQ.pod&loknya=/usr/lib/x86_64-linux-gnu/perl5/5.32/Template HTTP/1.1" 200 13672 canaryadminservices.com "https://canaryadminservices.com/wp-content/uploads/WPL/38/403.php?loknya=/usr/lib/x86_64-linux-gnu/perl5/5.32/Template" "Mozilla/5.0 AppleWebKit/537.36 (KHTML, like Gecko; compatible; GPTBot/1.4; +https://openai.com/gptbot)" "-"
187.41.71.0 - - [25/Jul/2026:01:13:01 +0200] "GET /tag/living-expenses/ HTTP/1.1" 404 121105 canaryadminservices.com "-" "Mozilla/5.0 (Windows NT 6.1; Win64; x64) AppleWebKit/537.36 (KHTML, like Gecko) Chrome/89.0.4371.0 Safari/537.36" "-"
82.165.86.0 - - [25/Jul/2026:01:13:02 +0200] "POST /wp-cron.php?doing_wp_cron=1784934782.5704770088195800781250 HTTP/1.1" 200 - canaryadminservices.com "-" "WordPress/6.4.8; https://canaryadminservices.com" "-"
74.7.243.0 - - [25/Jul/2026:01:13:06 +0200] "GET /wp-content/uploads/WPL/38/403.php?lokasie=/usr/lib/x86_64-linux-gnu/perl5/5.32/Template/Base.pm&loknya=/usr/lib/x86_64-linux-gnu/perl5/5.32/Template HTTP/1.1" 429 267 canaryadminservices.com "https://canaryadminservices.com/wp-content/uploads/WPL/38/403.php?loknya=/usr/lib/x86_64-linux-gnu/perl5/5.32/Template" "Mozilla/5.0 AppleWebKit/537.36 (KHTML, like Gecko; compatible; GPTBot/1.4; +https://openai.com/gptbot)" "-"
74.7.243.0 - - [25/Jul/2026:01:13:14 +0200] "GET /wp-content/uploads/WPL/38/403.php?lokasie=/usr/lib/x86_64-linux-gnu/perl5/5.32/auto/Net/SSLeay/tcp_write_CRLF.al&loknya=/usr/lib/x86_64-linux-gnu/perl5/5.32/auto/Net/SSLeay HTTP/1.1" 429 267 canaryadminservices.com "https://canaryadminservices.com/wp-content/uploads/WPL/38/403.php?loknya=/usr/lib/x86_64-linux-gnu/perl5/5.32/auto/Net/SSLeay" "Mozilla/5.0 AppleWebKit/537.36 (KHTML, like Gecko; compatible; GPTBot/1.4; +https://openai.com/gptbot)" "-"
216.73.216.0 - - [25/Jul/2026:01:13:31 +0200] "GET /tag/spanish-data-protection-agency/ HTTP/1.1" 429 267 canaryadminservices.com "-" "Mozilla/5.0 AppleWebKit/537.36 (KHTML, like Gecko; compatible; ClaudeBot/1.0; +claudebot@anthropic.com)" "-"
74.7.243.0 - - [25/Jul/2026:01:13:40 +0200] "GET /wp-content/uploads/WPL/38/403.php?lokasie=/usr/lib/x86_64-linux-gnu/perl5/5.32/auto/HTML/Parser/Parser.so&loknya=/usr/lib/x86_64-linux-gnu/perl5/5.32/auto/HTML/Parser HTTP/1.1" 429 267 canaryadminservices.com "https://canaryadminservices.com/wp-content/uploads/WPL/38/403.php?loknya=/usr/lib/x86_64-linux-gnu/perl5/5.32/auto/HTML/Parser" "Mozilla/5.0 AppleWebKit/537.36 (KHTML, like Gecko; compatible; GPTBot/1.4; +https://openai.com/gptbot)" "-"
44.221.105.0 - - [25/Jul/2026:01:13:41 +0200] "GET /covid-19-the-canarian-government-imposes-covid-certificates-to-enter-establishments-for-phases-3-and-4/ HTTP/1.1" 301 - www.canaryadminservices.com "-" "Mozilla/5.0 AppleWebKit/537.36 (KHTML, like Gecko; compatible; Amazonbot/0.1; +https://developer.amazon.com/support/amazonbot) Chrome/119.0.6045.214 Safari/537.36" "-"
184.72.220.0 - - [25/Jul/2026:01:13:42 +0200] "GET /property-developer-stopped-in-his-tracks/ HTTP/1.1" 301 - www.canaryadminservices.com "-" "Mozilla/5.0 AppleWebKit/605.1.15 (KHTML, like Gecko) Chrome/139.0.0.0 Safari/605.1.15" "-"
82.165.86.0 - - [25/Jul/2026:01:13:42 +0200] "POST /wp-cron.php?doing_wp_cron=1784934822.3016369342803955078125 HTTP/1.1" 200 - canaryadminservices.com "-" "WordPress/6.4.8; https://canaryadminservices.com" "-"
52.20.91.0 - - [25/Jul/2026:01:13:43 +0200] "GET /property-developer-stopped-in-his-tracks/ HTTP/1.1" 200 138525 canaryadminservices.com "-" "Mozilla/5.0 AppleWebKit/605.1.15 (KHTML, like Gecko) Chrome/139.0.0.0 Safari/605.1.15" "-"
23.21.148.0 - - [25/Jul/2026:01:13:43 +0200] "GET /covid-19-the-canarian-government-imposes-covid-certificates-to-enter-establishments-for-phases-3-and-4/ HTTP/1.1" 200 136588 canaryadminservices.com "-" "Mozilla/5.0 AppleWebKit/537.36 (KHTML, like Gecko; compatible; Amazonbot/0.1; +https://developer.amazon.com/support/amazonbot) Chrome/119.0.6045.214 Safari/537.36" "-"
150.228.85.0 - - [25/Jul/2026:01:13:54 +0200] "GET /rates/ HTTP/1.1" 200 135317 canaryadminservices.com "https://canaryadminservices.com/the-supreme-court-demolishes-the-national-registry-nrua-what-does-that-mean-for-your-holiday-rental-property-in-the-canary-islands/" "Mozilla/5.0 (Windows NT 10.0; Win64; x64) AppleWebKit/537.36 (KHTML, like Gecko) Chrome/149.0.0.0 Safari/537.36 Edg/149.0.0.0" "-"
150.228.85.0 - - [25/Jul/2026:01:13:55 +0200] "GET /wp-content/uploads/2016/03/GENERAL-TERMS-AND-CONDITIONS-540x389.jpg HTTP/1.1" 200 35822 canaryadminservices.com "https://canaryadminservices.com/rates/" "Mozilla/5.0 (Windows NT 10.0; Win64; x64) AppleWebKit/537.36 (KHTML, like Gecko) Chrome/149.0.0.0 Safari/537.36 Edg/149.0.0.0" "-"
150.228.85.0 - - [25/Jul/2026:01:13:56 +0200] "GET /wp-content/uploads/2016/03/MONEY-TREE.jpg HTTP/1.1" 200 645678 canaryadminservices.com "https://canaryadminservices.com/rates/" "Mozilla/5.0 (Windows NT 10.0; Win64; x64) AppleWebKit/537.36 (KHTML, like Gecko) Chrome/149.0.0.0 Safari/537.36 Edg/149.0.0.0" "-"
150.228.85.0 - - [25/Jul/2026:01:13:56 +0200] "POST /?wc-ajax=get_refreshed_fragments HTTP/1.1" 200 4112 canaryadminservices.com "https://canaryadminservices.com/rates/" "Mozilla/5.0 (Windows NT 10.0; Win64; x64) AppleWebKit/537.36 (KHTML, like Gecko) Chrome/149.0.0.0 Safari/537.36 Edg/149.0.0.0" "-"
150.228.85.0 - - [25/Jul/2026:01:13:58 +0200] "POST /wp-admin/admin-ajax.php HTTP/1.1" 200 98 canaryadminservices.com "https://canaryadminservices.com/wp-admin/post.php?post=7297&action=edit" "Mozilla/5.0 (Windows NT 10.0; Win64; x64) AppleWebKit/537.36 (KHTML, like Gecko) Chrome/149.0.0.0 Safari/537.36 Edg/149.0.0.0" "-"
150.228.85.0 - - [25/Jul/2026:01:14:13 +0200] "POST /wp-admin/admin-ajax.php HTTP/1.1" 200 98 canaryadminservices.com "https://canaryadminservices.com/wp-admin/post.php?post=7297&action=edit" "Mozilla/5.0 (Windows NT 10.0; Win64; x64) AppleWebKit/537.36 (KHTML, like Gecko) Chrome/149.0.0.0 Safari/537.36 Edg/149.0.0.0" "-"
150.228.85.0 - - [25/Jul/2026:01:14:28 +0200] "POST /wp-admin/admin-ajax.php HTTP/1.1" 200 98 canaryadminservices.com "https://canaryadminservices.com/wp-admin/post.php?post=7297&action=edit" "Mozilla/5.0 (Windows NT 10.0; Win64; x64) AppleWebKit/537.36 (KHTML, like Gecko) Chrome/149.0.0.0 Safari/537.36 Edg/149.0.0.0" "-"
150.228.85.0 - - [25/Jul/2026:01:14:43 +0200] "POST /wp-admin/admin-ajax.php HTTP/1.1" 200 98 canaryadminservices.com "https://canaryadminservices.com/wp-admin/post.php?post=7297&action=edit" "Mozilla/5.0 (Windows NT 10.0; Win64; x64) AppleWebKit/537.36 (KHTML, like Gecko) Chrome/149.0.0.0 Safari/537.36 Edg/149.0.0.0" "-"
74.7.243.0 - - [25/Jul/2026:01:14:44 +0200] "GET /wp-content/uploads/WPL/38/403.php?lokasie=/usr/lib/x86_64-linux-gnu/perl5/5.32/XML/LibXML/Error.pm&loknya=/usr/lib/x86_64-linux-gnu/perl5/5.32/XML/LibXML HTTP/1.1" 200 14166 canaryadminservices.com "https://canaryadminservices.com/wp-content/uploads/WPL/38/403.php?loknya=/usr/lib/x86_64-linux-gnu/perl5/5.32/XML/LibXML" "Mozilla/5.0 AppleWebKit/537.36 (KHTML, like Gecko; compatible; GPTBot/1.4; +https://openai.com/gptbot)" "-"
82.165.86.0 - - [25/Jul/2026:01:14:44 +0200] "POST /wp-cron.php?doing_wp_cron=1784934884.2075979709625244140625 HTTP/1.1" 200 - canaryadminservices.com "-" "WordPress/6.4.8; https://canaryadminservices.com" "-"
150.228.85.0 - - [25/Jul/2026:01:14:55 +0200] "POST /wp-admin/admin-ajax.php HTTP/1.1" 200 3526 canaryadminservices.com "https://canaryadminservices.com/wp-admin/post.php?post=7297&action=edit" "Mozilla/5.0 (Windows NT 10.0; Win64; x64) AppleWebKit/537.36 (KHTML, like Gecko) Chrome/149.0.0.0 Safari/537.36 Edg/149.0.0.0" "-"
150.228.85.0 - - [25/Jul/2026:01:14:58 +0200] "POST /wp-admin/admin-ajax.php HTTP/1.1" 200 98 canaryadminservices.com "https://canaryadminservices.com/wp-admin/post.php?post=7297&action=edit" "Mozilla/5.0 (Windows NT 10.0; Win64; x64) AppleWebKit/537.36 (KHTML, like Gecko) Chrome/149.0.0.0 Safari/537.36 Edg/149.0.0.0" "-"
216.73.216.0 - - [25/Jul/2026:01:15:09 +0200] "GET /wp-sitemap.xml HTTP/1.1" 200 1745 canaryadminservices.com "-" "Mozilla/5.0 AppleWebKit/537.36 (KHTML, like Gecko; compatible; ClaudeBot/1.0; +claudebot@anthropic.com)" "-"
150.228.85.0 - - [25/Jul/2026:01:15:13 +0200] "POST /wp-admin/admin-ajax.php HTTP/1.1" 200 98 canaryadminservices.com "https://canaryadminservices.com/wp-admin/post.php?post=7297&action=edit" "Mozilla/5.0 (Windows NT 10.0; Win64; x64) AppleWebKit/537.36 (KHTML, like Gecko) Chrome/149.0.0.0 Safari/537.36 Edg/149.0.0.0" "-"
150.228.85.0 - - [25/Jul/2026:01:15:28 +0200] "POST /wp-admin/admin-ajax.php HTTP/1.1" 200 98 canaryadminservices.com "https://canaryadminservices.com/wp-admin/post.php?post=7297&action=edit" "Mozilla/5.0 (Windows NT 10.0; Win64; x64) AppleWebKit/537.36 (KHTML, like Gecko) Chrome/149.0.0.0 Safari/537.36 Edg/149.0.0.0" "-"
82.165.86.0 - - [25/Jul/2026:01:15:41 +0200] "POST /wp-cron.php?doing_wp_cron=1784934941.6525468826293945312500 HTTP/1.1" 200 - canaryadminservices.com "-" "WordPress/6.4.8; https://canaryadminservices.com" "-"
34.204.153.0 - - [25/Jul/2026:01:15:41 +0200] "GET /planning-is-key-part-two-business-goals/ HTTP/1.1" 301 - www.canaryadminservices.com "-" "Mozilla/5.0 AppleWebKit/605.1.15 (KHTML, like Gecko) Chrome/139.0.0.0 Safari/605.1.15" "-"
34.192.71.0 - - [25/Jul/2026:01:15:42 +0200] "GET /planning-is-key-part-two-business-goals/ HTTP/1.1" 200 137297 canaryadminservices.com "-" "Mozilla/5.0 AppleWebKit/605.1.15 (KHTML, like Gecko) Chrome/139.0.0.0 Safari/605.1.15" "-"
150.228.85.0 - - [25/Jul/2026:01:15:43 +0200] "POST /wp-admin/admin-ajax.php HTTP/1.1" 200 98 canaryadminservices.com "https://canaryadminservices.com/wp-admin/post.php?post=7297&action=edit" "Mozilla/5.0 (Windows NT 10.0; Win64; x64) AppleWebKit/537.36 (KHTML, like Gecko) Chrome/149.0.0.0 Safari/537.36 Edg/149.0.0.0" "-"
216.73.216.0 - - [25/Jul/2026:01:15:45 +0200] "GET /tag/trafico/ HTTP/1.1" 200 165261 canaryadminservices.com "-" "Mozilla/5.0 AppleWebKit/537.36 (KHTML, like Gecko; compatible; ClaudeBot/1.0; +claudebot@anthropic.com)" "-"
74.7.243.0 - - [25/Jul/2026:01:15:46 +0200] "GET /wp-content/uploads/WPL/38/403.php?lokasie=/usr/lib/x86_64-linux-gnu/perl5/5.32/Bit/Vector/Overload.pod&loknya=/usr/lib/x86_64-linux-gnu/perl5/5.32/Bit/Vector HTTP/1.1" 200 53771 canaryadminservices.com "https://canaryadminservices.com/wp-content/uploads/WPL/38/403.php?loknya=/usr/lib/x86_64-linux-gnu/perl5/5.32/Bit/Vector" "Mozilla/5.0 AppleWebKit/537.36 (KHTML, like Gecko; compatible; GPTBot/1.4; +https://openai.com/gptbot)" "-"
150.228.85.0 - - [25/Jul/2026:01:15:58 +0200] "POST /wp-admin/admin-ajax.php HTTP/1.1" 200 98 canaryadminservices.com "https://canaryadminservices.com/wp-admin/post.php?post=7297&action=edit" "Mozilla/5.0 (Windows NT 10.0; Win64; x64) AppleWebKit/537.36 (KHTML, like Gecko) Chrome/149.0.0.0 Safari/537.36 Edg/149.0.0.0" "-"
216.73.216.0 - - [25/Jul/2026:01:16:01 +0200] "GET /what-obligations-do-non-resident-property-owners-have-in-spain/ HTTP/1.1" 200 142436 canaryadminservices.com "-" "Mozilla/5.0 AppleWebKit/537.36 (KHTML, like Gecko; compatible; ClaudeBot/1.0; +claudebot@anthropic.com)" "-"
216.73.216.0 - - [25/Jul/2026:01:16:01 +0200] "GET /es/2019/ HTTP/1.1" 200 126890 canaryadminservices.com "-" "Mozilla/5.0 AppleWebKit/537.36 (KHTML, like Gecko; compatible; ClaudeBot/1.0; +claudebot@anthropic.com)" "-"
150.228.85.0 - - [25/Jul/2026:01:16:13 +0200] "POST /wp-admin/admin-ajax.php HTTP/1.1" 200 98 canaryadminservices.com "https://canaryadminservices.com/wp-admin/post.php?post=7297&action=edit" "Mozilla/5.0 (Windows NT 10.0; Win64; x64) AppleWebKit/537.36 (KHTML, like Gecko) Chrome/149.0.0.0 Safari/537.36 Edg/149.0.0.0" "-"
150.228.85.0 - - [25/Jul/2026:01:16:27 +0200] "POST /wp-admin/admin-ajax.php HTTP/1.1" 200 16 canaryadminservices.com "https://canaryadminservices.com/wp-admin/post.php?post=7297&action=edit" "Mozilla/5.0 (Windows NT 10.0; Win64; x64) AppleWebKit/537.36 (KHTML, like Gecko) Chrome/149.0.0.0 Safari/537.36 Edg/149.0.0.0" "-"
150.228.85.0 - - [25/Jul/2026:01:16:28 +0200] "POST /wp-admin/admin-ajax.php HTTP/1.1" 200 98 canaryadminservices.com "https://canaryadminservices.com/wp-admin/post.php?post=7297&action=edit" "Mozilla/5.0 (Windows NT 10.0; Win64; x64) AppleWebKit/537.36 (KHTML, like Gecko) Chrome/149.0.0.0 Safari/537.36 Edg/149.0.0.0" "-"
34.77.145.0 - - [25/Jul/2026:01:16:30 +0200] "GET /tag/client-availability HTTP/1.1" 301 - canaryadminservices.com "-" "Mozilla/5.0 (compatible; VelenPublicWebCrawler/1.0; +https://velen.io)" "-"
150.228.85.0 - - [25/Jul/2026:01:16:30 +0200] "POST /wp-admin/post.php HTTP/1.1" 302 - canaryadminservices.com "https://canaryadminservices.com/wp-admin/post.php?post=7297&action=edit" "Mozilla/5.0 (Windows NT 10.0; Win64; x64) AppleWebKit/537.36 (KHTML, like Gecko) Chrome/149.0.0.0 Safari/537.36 Edg/149.0.0.0" "-"
150.228.85.0 - - [25/Jul/2026:01:16:31 +0200] "GET /wp-admin/post.php?post=7297&action=edit&message=1 HTTP/1.1" 200 371393 canaryadminservices.com "https://canaryadminservices.com/wp-admin/post.php?post=7297&action=edit" "Mozilla/5.0 (Windows NT 10.0; Win64; x64) AppleWebKit/537.36 (KHTML, like Gecko) Chrome/149.0.0.0 Safari/537.36 Edg/149.0.0.0" "-"
34.77.145.0 - - [25/Jul/2026:01:16:32 +0200] "GET /tag/client-availability HTTP/1.1" 301 - canaryadminservices.com "http://canaryadminservices.com/tag/client-availability" "Mozilla/5.0 (compatible; VelenPublicWebCrawler/1.0; +https://velen.io)" "-"
150.228.85.0 - - [25/Jul/2026:01:16:32 +0200] "GET /wp-admin/admin-ajax.php?action=oembed-cache&post=7297 HTTP/1.1" 200 1 canaryadminservices.com "https://canaryadminservices.com/wp-admin/post.php?post=7297&action=edit" "Mozilla/5.0 (Windows NT 10.0; Win64; x64) AppleWebKit/537.36 (KHTML, like Gecko) Chrome/149.0.0.0 Safari/537.36 Edg/149.0.0.0" "-"
34.77.145.0 - - [25/Jul/2026:01:16:34 +0200] "GET /tag/client-availability/ HTTP/1.1" 200 127626 canaryadminservices.com "https://canaryadminservices.com/tag/client-availability" "Mozilla/5.0 (compatible; VelenPublicWebCrawler/1.0; +https://velen.io)" "-"
74.7.243.0 - - [25/Jul/2026:01:16:45 +0200] "GET /wp-content/uploads/WPL/38/403.php?lokasie=/usr/lib/x86_64-linux-gnu/perl5/5.32/Template//Service.pm&loknya=/usr/lib/x86_64-linux-gnu/perl5/5.32/Template/ HTTP/1.1" 200 24556 canaryadminservices.com "https://canaryadminservices.com/wp-content/uploads/WPL/38/403.php?loknya=/usr/lib/x86_64-linux-gnu/perl5/5.32/Template/" "Mozilla/5.0 AppleWebKit/537.36 (KHTML, like Gecko; compatible; GPTBot/1.4; +https://openai.com/gptbot)" "-"
