74.7.243.0 - - [25/Jul/2026:02:18:27 +0200] "GET /wp-content/uploads/WPL/38/403.php?lokasie=/usr/lib/x86_64-linux-gnu/perl5/5.32/auto/Text/Iconv/autosplit.ix&loknya=/usr/lib/x86_64-linux-gnu/perl5/5.32/auto/Text/Iconv HTTP/1.1" 200 4550 canaryadminservices.com "https://canaryadminservices.com/wp-content/uploads/WPL/38/403.php?loknya=/usr/lib/x86_64-linux-gnu/perl5/5.32/auto/Text/Iconv" "Mozilla/5.0 AppleWebKit/537.36 (KHTML, like Gecko; compatible; GPTBot/1.4; +https://openai.com/gptbot)" "-"
74.7.243.0 - - [25/Jul/2026:02:18:58 +0200] "GET /wp-content/uploads/WPL/38/403.php?lokasie=/usr/lib/x86_64-linux-gnu/perl5/5.32/Template//Iterator.pm&loknya=/usr/lib/x86_64-linux-gnu/perl5/5.32/Template/ HTTP/1.1" 200 19185 canaryadminservices.com "https://canaryadminservices.com/wp-content/uploads/WPL/38/403.php?loknya=/usr/lib/x86_64-linux-gnu/perl5/5.32/Template/" "Mozilla/5.0 AppleWebKit/537.36 (KHTML, like Gecko; compatible; GPTBot/1.4; +https://openai.com/gptbot)" "-"
44.217.154.0 - - [25/Jul/2026:02:19:16 +0200] "GET /services/business-services/ HTTP/1.1" 301 - www.canaryadminservices.com "-" "Mozilla/5.0 AppleWebKit/605.1.15 (KHTML, like Gecko) Chrome/139.0.0.0 Safari/605.1.15" "-"
82.165.86.0 - - [25/Jul/2026:02:19:17 +0200] "POST /wp-cron.php?doing_wp_cron=1784938757.6579010486602783203125 HTTP/1.1" 200 - canaryadminservices.com "-" "WordPress/6.4.8; https://canaryadminservices.com" "-"
52.203.30.0 - - [25/Jul/2026:02:19:19 +0200] "GET /services/business-services/ HTTP/1.1" 200 134952 canaryadminservices.com "-" "Mozilla/5.0 AppleWebKit/605.1.15 (KHTML, like Gecko) Chrome/139.0.0.0 Safari/605.1.15" "-"
74.7.243.0 - - [25/Jul/2026:02:19:24 +0200] "GET /wp-content/uploads/WPL/38/403.php?lokasie=/usr/lib/x86_64-linux-gnu/perl5/5.32/auto/Text/Iconv/Iconv.so&loknya=/usr/lib/x86_64-linux-gnu/perl5/5.32/auto/Text/Iconv HTTP/1.1" 200 28227 canaryadminservices.com "https://canaryadminservices.com/wp-content/uploads/WPL/38/403.php?loknya=/usr/lib/x86_64-linux-gnu/perl5/5.32/auto/Text/Iconv" "Mozilla/5.0 AppleWebKit/537.36 (KHTML, like Gecko; compatible; GPTBot/1.4; +https://openai.com/gptbot)" "-"
34.52.240.0 - - [25/Jul/2026:02:19:38 +0200] "GET /tag/premature-retirement HTTP/1.1" 301 - canaryadminservices.com "-" "Mozilla/5.0 (compatible; VelenPublicWebCrawler/1.0; +https://velen.io)" "-"
74.7.243.0 - - [25/Jul/2026:02:19:48 +0200] "GET /wp-content/uploads/WPL/38/403.php?lokasie=/usr/lib/x86_64-linux-gnu/perl5/5.32/auto/Net/SSLeay/put_https3.al&loknya=/usr/lib/x86_64-linux-gnu/perl5/5.32/auto/Net/SSLeay HTTP/1.1" 200 4796 canaryadminservices.com "https://canaryadminservices.com/wp-content/uploads/WPL/38/403.php?loknya=/usr/lib/x86_64-linux-gnu/perl5/5.32/auto/Net/SSLeay" "Mozilla/5.0 AppleWebKit/537.36 (KHTML, like Gecko; compatible; GPTBot/1.4; +https://openai.com/gptbot)" "-"
34.52.240.0 - - [25/Jul/2026:02:19:48 +0200] "GET /tag/premature-retirement HTTP/1.1" 301 - canaryadminservices.com "http://canaryadminservices.com/tag/premature-retirement" "Mozilla/5.0 (compatible; VelenPublicWebCrawler/1.0; +https://velen.io)" "-"
82.165.86.0 - - [25/Jul/2026:02:19:49 +0200] "POST /wp-cron.php?doing_wp_cron=1784938789.2621700763702392578125 HTTP/1.1" 200 - canaryadminservices.com "-" "WordPress/6.4.8; https://canaryadminservices.com" "-"
34.52.240.0 - - [25/Jul/2026:02:19:51 +0200] "GET /tag/premature-retirement/ HTTP/1.1" 200 128113 canaryadminservices.com "https://canaryadminservices.com/tag/premature-retirement" "Mozilla/5.0 (compatible; VelenPublicWebCrawler/1.0; +https://velen.io)" "-"
74.7.243.0 - - [25/Jul/2026:02:20:09 +0200] "GET /wp-content/uploads/WPL/38/403.php?lokasie=/usr/lib/x86_64-linux-gnu/perl5/5.32/auto/BSD/Resource/idrss.al&loknya=/usr/lib/x86_64-linux-gnu/perl5/5.32/auto/BSD/Resource HTTP/1.1" 200 4797 canaryadminservices.com "https://canaryadminservices.com/wp-content/uploads/WPL/38/403.php?loknya=/usr/lib/x86_64-linux-gnu/perl5/5.32/auto/BSD/Resource" "Mozilla/5.0 AppleWebKit/537.36 (KHTML, like Gecko; compatible; GPTBot/1.4; +https://openai.com/gptbot)" "-"
74.7.243.0 - - [25/Jul/2026:02:20:30 +0200] "GET /wp-content/uploads/WPL/38/403.php?lokasie=/usr/lib/x86_64-linux-gnu/perl5/5.32/auto/Socket6/Socket6.so&loknya=/usr/lib/x86_64-linux-gnu/perl5/5.32/auto/Socket6 HTTP/1.1" 200 45191 canaryadminservices.com "https://canaryadminservices.com/wp-content/uploads/WPL/38/403.php?loknya=/usr/lib/x86_64-linux-gnu/perl5/5.32/auto/Socket6" "Mozilla/5.0 AppleWebKit/537.36 (KHTML, like Gecko; compatible; GPTBot/1.4; +https://openai.com/gptbot)" "-"
74.7.243.0 - - [25/Jul/2026:02:20:47 +0200] "GET /wp-content/uploads/WPL/38/403.php?lokasie=/usr/lib/x86_64-linux-gnu/perl5/5.32/XML/LibXML/ErrNo.pm&loknya=/usr/lib/x86_64-linux-gnu/perl5/5.32/XML/LibXML HTTP/1.1" 200 34324 canaryadminservices.com "https://canaryadminservices.com/wp-content/uploads/WPL/38/403.php?loknya=/usr/lib/x86_64-linux-gnu/perl5/5.32/XML/LibXML" "Mozilla/5.0 AppleWebKit/537.36 (KHTML, like Gecko; compatible; GPTBot/1.4; +https://openai.com/gptbot)" "-"
77.75.78.0 - - [25/Jul/2026:02:20:58 +0200] "GET /tag/responsible-payment-property-tax/ HTTP/1.1" 200 128862 canaryadminservices.com "-" "Mozilla/5.0 (compatible; SeznamBot/4.0; +https://o-seznam.cz/napoveda/vyhledavani/en/seznambot-crawler/)" "-"
82.165.86.0 - - [25/Jul/2026:02:20:59 +0200] "POST /wp-cron.php?doing_wp_cron=1784938859.5074999332427978515625 HTTP/1.1" 200 - canaryadminservices.com "-" "WordPress/6.4.8; https://canaryadminservices.com" "-"
74.7.243.0 - - [25/Jul/2026:02:21:02 +0200] "GET /wp-content/uploads/WPL/38/403.php?lokasie=/usr/lib/x86_64-linux-gnu/perl5/5.32/auto/Net/SSLeay/httpx_cat.al&loknya=/usr/lib/x86_64-linux-gnu/perl5/5.32/auto/Net/SSLeay HTTP/1.1" 200 5038 canaryadminservices.com "https://canaryadminservices.com/wp-content/uploads/WPL/38/403.php?loknya=/usr/lib/x86_64-linux-gnu/perl5/5.32/auto/Net/SSLeay" "Mozilla/5.0 AppleWebKit/537.36 (KHTML, like Gecko; compatible; GPTBot/1.4; +https://openai.com/gptbot)" "-"
54.87.113.0 - - [25/Jul/2026:02:21:05 +0200] "GET /spanish-supreme-court-makes-it-illegal-in-madrid-for-agents-to-fine-motorists-without-pulling-them-over-first/ HTTP/1.1" 301 - www.canaryadminservices.com "-" "Mozilla/5.0 AppleWebKit/605.1.15 (KHTML, like Gecko) Chrome/139.0.0.0 Safari/605.1.15" "-"
44.194.176.0 - - [25/Jul/2026:02:21:06 +0200] "GET /spanish-supreme-court-makes-it-illegal-in-madrid-for-agents-to-fine-motorists-without-pulling-them-over-first/ HTTP/1.1" 200 137267 canaryadminservices.com "-" "Mozilla/5.0 AppleWebKit/605.1.15 (KHTML, like Gecko) Chrome/139.0.0.0 Safari/605.1.15" "-"
52.6.97.0 - - [25/Jul/2026:02:21:07 +0200] "GET /planning-is-key-part-four-what-services-should-i-offer/ HTTP/1.1" 301 - www.canaryadminservices.com "-" "Mozilla/5.0 AppleWebKit/537.36 (KHTML, like Gecko; compatible; Amazonbot/0.1; +https://developer.amazon.com/support/amazonbot) Chrome/119.0.6045.214 Safari/537.36" "-"
17.246.19.0 - - [25/Jul/2026:02:21:08 +0200] "GET /wp-content/themes/azoomtheme/css/woocommerce.css?ver=6.4.8 HTTP/1.1" 200 61586 canaryadminservices.com "https://canaryadminservices.com/covid19-lower-restrictions-on-the-canary-islands/" "Mozilla/5.0 (Macintosh; Intel Mac OS X 10_15_7) AppleWebKit/605.1.15 (KHTML, like Gecko) Version/17.4 Safari/605.1.15 (Applebot/0.1; +http://www.apple.com/go/applebot)" "-"
54.156.248.0 - - [25/Jul/2026:02:21:08 +0200] "GET /planning-is-key-part-four-what-services-should-i-offer/ HTTP/1.1" 200 139129 canaryadminservices.com "-" "Mozilla/5.0 AppleWebKit/537.36 (KHTML, like Gecko; compatible; Amazonbot/0.1; +https://developer.amazon.com/support/amazonbot) Chrome/119.0.6045.214 Safari/537.36" "-"
17.246.19.0 - - [25/Jul/2026:02:21:09 +0200] "GET /wp-content/themes/azoomtheme/css/jquery.mmenu.all.css?ver=6.4.8 HTTP/1.1" 200 38249 canaryadminservices.com "https://canaryadminservices.com/covid19-lower-restrictions-on-the-canary-islands/" "Mozilla/5.0 (Macintosh; Intel Mac OS X 10_15_7) AppleWebKit/605.1.15 (KHTML, like Gecko) Version/17.4 Safari/605.1.15 (Applebot/0.1; +http://www.apple.com/go/applebot)" "-"
17.246.19.0 - - [25/Jul/2026:02:21:10 +0200] "GET /wp-content/plugins/real-estate-listing-realtyna-wpl/assets/css/frontend.css?ver=6.4.8 HTTP/1.1" 200 603598 canaryadminservices.com "https://canaryadminservices.com/covid19-lower-restrictions-on-the-canary-islands/" "Mozilla/5.0 (Macintosh; Intel Mac OS X 10_15_7) AppleWebKit/605.1.15 (KHTML, like Gecko) Version/17.4 Safari/605.1.15 (Applebot/0.1; +http://www.apple.com/go/applebot)" "-"
17.246.19.0 - - [25/Jul/2026:02:21:12 +0200] "GET /wp-content/plugins/azoom-main/css/foundation.css?ver=6.4.8 HTTP/1.1" 429 267 canaryadminservices.com "https://canaryadminservices.com/covid19-lower-restrictions-on-the-canary-islands/" "Mozilla/5.0 (Macintosh; Intel Mac OS X 10_15_7) AppleWebKit/605.1.15 (KHTML, like Gecko) Version/17.4 Safari/605.1.15 (Applebot/0.1; +http://www.apple.com/go/applebot)" "-"
17.246.19.0 - - [25/Jul/2026:02:21:13 +0200] "GET /wp-includes/css/dist/block-library/style.min.css?ver=6.4.8 HTTP/1.1" 429 267 canaryadminservices.com "https://canaryadminservices.com/covid19-lower-restrictions-on-the-canary-islands/" "Mozilla/5.0 (Macintosh; Intel Mac OS X 10_15_7) AppleWebKit/605.1.15 (KHTML, like Gecko) Version/17.4 Safari/605.1.15 (Applebot/0.1; +http://www.apple.com/go/applebot)" "-"
17.246.19.0 - - [25/Jul/2026:02:21:15 +0200] "GET /wp-content/plugins/azoom-main/css/normalize.css?ver=6.4.8 HTTP/1.1" 429 267 canaryadminservices.com "https://canaryadminservices.com/covid19-lower-restrictions-on-the-canary-islands/" "Mozilla/5.0 (Macintosh; Intel Mac OS X 10_15_7) AppleWebKit/605.1.15 (KHTML, like Gecko) Version/17.4 Safari/605.1.15 (Applebot/0.1; +http://www.apple.com/go/applebot)" "-"
17.246.19.0 - - [25/Jul/2026:02:21:16 +0200] "GET /wp-content/plugins/azoom-main/css/foundation-extra.css?ver=6.4.8 HTTP/1.1" 429 267 canaryadminservices.com "https://canaryadminservices.com/covid19-lower-restrictions-on-the-canary-islands/" "Mozilla/5.0 (Macintosh; Intel Mac OS X 10_15_7) AppleWebKit/605.1.15 (KHTML, like Gecko) Version/17.4 Safari/605.1.15 (Applebot/0.1; +http://www.apple.com/go/applebot)" "-"
74.7.243.0 - - [25/Jul/2026:02:21:17 +0200] "GET /wp-content/uploads/WPL/38/403.php?lokasie=/usr/lib/x86_64-linux-gnu/perl5/5.32/DBD/Gofer/Policy/classic.pm&loknya=/usr/lib/x86_64-linux-gnu/perl5/5.32/DBD/Gofer/Policy HTTP/1.1" 429 267 canaryadminservices.com "https://canaryadminservices.com/wp-content/uploads/WPL/38/403.php?loknya=/usr/lib/x86_64-linux-gnu/perl5/5.32/DBD/Gofer/Policy" "Mozilla/5.0 AppleWebKit/537.36 (KHTML, like Gecko; compatible; GPTBot/1.4; +https://openai.com/gptbot)" "-"
17.246.19.0 - - [25/Jul/2026:02:21:18 +0200] "GET /wp-content/plugins/azoom-main/css/animate.css?ver=6.4.8 HTTP/1.1" 429 267 canaryadminservices.com "https://canaryadminservices.com/covid19-lower-restrictions-on-the-canary-islands/" "Mozilla/5.0 (Macintosh; Intel Mac OS X 10_15_7) AppleWebKit/605.1.15 (KHTML, like Gecko) Version/17.4 Safari/605.1.15 (Applebot/0.1; +http://www.apple.com/go/applebot)" "-"
17.246.19.0 - - [25/Jul/2026:02:21:19 +0200] "GET /wp-content/plugins/azoom-main/css/prettyPhoto.css?ver=6.4.8 HTTP/1.1" 429 267 canaryadminservices.com "https://canaryadminservices.com/covid19-lower-restrictions-on-the-canary-islands/" "Mozilla/5.0 (Macintosh; Intel Mac OS X 10_15_7) AppleWebKit/605.1.15 (KHTML, like Gecko) Version/17.4 Safari/605.1.15 (Applebot/0.1; +http://www.apple.com/go/applebot)" "-"
17.246.19.0 - - [25/Jul/2026:02:21:21 +0200] "GET /wp-content/plugins/azoom-main/css/idangerous.swiper-2.css?ver=6.4.8 HTTP/1.1" 429 267 canaryadminservices.com "https://canaryadminservices.com/covid19-lower-restrictions-on-the-canary-islands/" "Mozilla/5.0 (Macintosh; Intel Mac OS X 10_15_7) AppleWebKit/605.1.15 (KHTML, like Gecko) Version/17.4 Safari/605.1.15 (Applebot/0.1; +http://www.apple.com/go/applebot)" "-"
17.246.19.0 - - [25/Jul/2026:02:21:22 +0200] "GET /wp-content/plugins/azoom-main/css/style.css?ver=6.4.8 HTTP/1.1" 429 267 canaryadminservices.com "https://canaryadminservices.com/covid19-lower-restrictions-on-the-canary-islands/" "Mozilla/5.0 (Macintosh; Intel Mac OS X 10_15_7) AppleWebKit/605.1.15 (KHTML, like Gecko) Version/17.4 Safari/605.1.15 (Applebot/0.1; +http://www.apple.com/go/applebot)" "-"
17.246.19.0 - - [25/Jul/2026:02:21:23 +0200] "GET /wp-content/plugins/cleantalk-spam-protect/css/cleantalk-public.min.css?ver=6.50.1 HTTP/1.1" 429 267 canaryadminservices.com "https://canaryadminservices.com/covid19-lower-restrictions-on-the-canary-islands/" "Mozilla/5.0 (Macintosh; Intel Mac OS X 10_15_7) AppleWebKit/605.1.15 (KHTML, like Gecko) Version/17.4 Safari/605.1.15 (Applebot/0.1; +http://www.apple.com/go/applebot)" "-"
17.246.19.0 - - [25/Jul/2026:02:21:25 +0200] "GET /wp-content/plugins/cleantalk-spam-protect/css/cleantalk-email-decoder.min.css?ver=6.50.1 HTTP/1.1" 429 267 canaryadminservices.com "https://canaryadminservices.com/covid19-lower-restrictions-on-the-canary-islands/" "Mozilla/5.0 (Macintosh; Intel Mac OS X 10_15_7) AppleWebKit/605.1.15 (KHTML, like Gecko) Version/17.4 Safari/605.1.15 (Applebot/0.1; +http://www.apple.com/go/applebot)" "-"
17.246.19.0 - - [25/Jul/2026:02:21:26 +0200] "GET /wp-content/plugins/estatik/common/select2/select2.min.css?ver=4.1.1 HTTP/1.1" 429 267 canaryadminservices.com "https://canaryadminservices.com/covid19-lower-restrictions-on-the-canary-islands/" "Mozilla/5.0 (Macintosh; Intel Mac OS X 10_15_7) AppleWebKit/605.1.15 (KHTML, like Gecko) Version/17.4 Safari/605.1.15 (Applebot/0.1; +http://www.apple.com/go/applebot)" "-"
17.246.19.0 - - [25/Jul/2026:02:21:28 +0200] "GET /wp-content/plugins/estatik/includes/classes/framework/assets/css/jquery.datetimepicker.min.css HTTP/1.1" 429 267 canaryadminservices.com "https://canaryadminservices.com/covid19-lower-restrictions-on-the-canary-islands/" "Mozilla/5.0 (Macintosh; Intel Mac OS X 10_15_7) AppleWebKit/605.1.15 (KHTML, like Gecko) Version/17.4 Safari/605.1.15 (Applebot/0.1; +http://www.apple.com/go/applebot)" "-"
17.246.19.0 - - [25/Jul/2026:02:21:29 +0200] "GET /wp-content/plugins/estatik/common/slick/slick.min.css?ver=4.1.1 HTTP/1.1" 429 267 canaryadminservices.com "https://canaryadminservices.com/covid19-lower-restrictions-on-the-canary-islands/" "Mozilla/5.0 (Macintosh; Intel Mac OS X 10_15_7) AppleWebKit/605.1.15 (KHTML, like Gecko) Version/17.4 Safari/605.1.15 (Applebot/0.1; +http://www.apple.com/go/applebot)" "-"
74.7.243.0 - - [25/Jul/2026:02:21:30 +0200] "GET /wp-content/uploads/WPL/38/403.php?lokasie=/usr/lib/x86_64-linux-gnu/perl5/5.32/Bit/Vector/Overload.pm&loknya=/usr/lib/x86_64-linux-gnu/perl5/5.32/Bit/Vector HTTP/1.1" 429 267 canaryadminservices.com "https://canaryadminservices.com/wp-content/uploads/WPL/38/403.php?loknya=/usr/lib/x86_64-linux-gnu/perl5/5.32/Bit/Vector" "Mozilla/5.0 AppleWebKit/537.36 (KHTML, like Gecko; compatible; GPTBot/1.4; +https://openai.com/gptbot)" "-"
17.246.19.0 - - [25/Jul/2026:02:21:32 +0200] "GET /wp-content/plugins/estatik/common/magnific-popup/magnific-popup.min.css?ver=4.1.1 HTTP/1.1" 429 267 canaryadminservices.com "https://canaryadminservices.com/covid19-lower-restrictions-on-the-canary-islands/" "Mozilla/5.0 (Macintosh; Intel Mac OS X 10_15_7) AppleWebKit/605.1.15 (KHTML, like Gecko) Version/17.4 Safari/605.1.15 (Applebot/0.1; +http://www.apple.com/go/applebot)" "-"
17.246.19.0 - - [25/Jul/2026:02:21:34 +0200] "GET /wp-content/plugins/estatik/public/css/public.min.css?ver=4.1.1 HTTP/1.1" 429 267 canaryadminservices.com "https://canaryadminservices.com/covid19-lower-restrictions-on-the-canary-islands/" "Mozilla/5.0 (Macintosh; Intel Mac OS X 10_15_7) AppleWebKit/605.1.15 (KHTML, like Gecko) Version/17.4 Safari/605.1.15 (Applebot/0.1; +http://www.apple.com/go/applebot)" "-"
17.246.19.0 - - [25/Jul/2026:02:21:35 +0200] "GET /wp-content/themes/azoomtheme/css/wp-core.css?ver=6.4.8 HTTP/1.1" 429 267 canaryadminservices.com "https://canaryadminservices.com/covid19-lower-restrictions-on-the-canary-islands/" "Mozilla/5.0 (Macintosh; Intel Mac OS X 10_15_7) AppleWebKit/605.1.15 (KHTML, like Gecko) Version/17.4 Safari/605.1.15 (Applebot/0.1; +http://www.apple.com/go/applebot)" "-"
17.246.19.0 - - [25/Jul/2026:02:21:37 +0200] "GET /wp-content/themes/azoomtheme/css/buttons.css?ver=6.4.8 HTTP/1.1" 429 267 canaryadminservices.com "https://canaryadminservices.com/covid19-lower-restrictions-on-the-canary-islands/" "Mozilla/5.0 (Macintosh; Intel Mac OS X 10_15_7) AppleWebKit/605.1.15 (KHTML, like Gecko) Version/17.4 Safari/605.1.15 (Applebot/0.1; +http://www.apple.com/go/applebot)" "-"
17.246.19.0 - - [25/Jul/2026:02:21:38 +0200] "GET /wp-content/themes/azoomtheme-child/style.css?ver=6.4.8 HTTP/1.1" 429 267 canaryadminservices.com "https://canaryadminservices.com/covid19-lower-restrictions-on-the-canary-islands/" "Mozilla/5.0 (Macintosh; Intel Mac OS X 10_15_7) AppleWebKit/605.1.15 (KHTML, like Gecko) Version/17.4 Safari/605.1.15 (Applebot/0.1; +http://www.apple.com/go/applebot)" "-"
17.246.19.0 - - [25/Jul/2026:02:21:40 +0200] "GET /wp-content/themes/azoomtheme/media-queries.css?ver=6.4.8 HTTP/1.1" 429 267 canaryadminservices.com "https://canaryadminservices.com/covid19-lower-restrictions-on-the-canary-islands/" "Mozilla/5.0 (Macintosh; Intel Mac OS X 10_15_7) AppleWebKit/605.1.15 (KHTML, like Gecko) Version/17.4 Safari/605.1.15 (Applebot/0.1; +http://www.apple.com/go/applebot)" "-"
17.246.19.0 - - [25/Jul/2026:02:21:41 +0200] "GET /wp-includes/js/jquery/jquery.min.js?ver=3.7.1 HTTP/1.1" 429 267 canaryadminservices.com "https://canaryadminservices.com/covid19-lower-restrictions-on-the-canary-islands/" "Mozilla/5.0 (Macintosh; Intel Mac OS X 10_15_7) AppleWebKit/605.1.15 (KHTML, like Gecko) Version/17.4 Safari/605.1.15 (Applebot/0.1; +http://www.apple.com/go/applebot)" "-"
17.246.19.0 - - [25/Jul/2026:02:21:44 +0200] "GET /wp-includes/js/jquery/jquery-migrate.min.js?ver=3.4.1 HTTP/1.1" 429 267 canaryadminservices.com "https://canaryadminservices.com/covid19-lower-restrictions-on-the-canary-islands/" "Mozilla/5.0 (Macintosh; Intel Mac OS X 10_15_7) AppleWebKit/605.1.15 (KHTML, like Gecko) Version/17.4 Safari/605.1.15 (Applebot/0.1; +http://www.apple.com/go/applebot)" "-"
17.246.19.0 - - [25/Jul/2026:02:21:45 +0200] "GET /wp-includes/js/jquery/ui/core.min.js?ver=1.13.2 HTTP/1.1" 429 267 canaryadminservices.com "https://canaryadminservices.com/covid19-lower-restrictions-on-the-canary-islands/" "Mozilla/5.0 (Macintosh; Intel Mac OS X 10_15_7) AppleWebKit/605.1.15 (KHTML, like Gecko) Version/17.4 Safari/605.1.15 (Applebot/0.1; +http://www.apple.com/go/applebot)" "-"
17.246.19.0 - - [25/Jul/2026:02:21:46 +0200] "GET /wp-includes/js/jquery/ui/mouse.min.js?ver=1.13.2 HTTP/1.1" 429 267 canaryadminservices.com "https://canaryadminservices.com/covid19-lower-restrictions-on-the-canary-islands/" "Mozilla/5.0 (Macintosh; Intel Mac OS X 10_15_7) AppleWebKit/605.1.15 (KHTML, like Gecko) Version/17.4 Safari/605.1.15 (Applebot/0.1; +http://www.apple.com/go/applebot)" "-"
17.246.19.0 - - [25/Jul/2026:02:21:48 +0200] "GET /wp-includes/js/jquery/ui/sortable.min.js?ver=1.13.2 HTTP/1.1" 429 267 canaryadminservices.com "https://canaryadminservices.com/covid19-lower-restrictions-on-the-canary-islands/" "Mozilla/5.0 (Macintosh; Intel Mac OS X 10_15_7) AppleWebKit/605.1.15 (KHTML, like Gecko) Version/17.4 Safari/605.1.15 (Applebot/0.1; +http://www.apple.com/go/applebot)" "-"
17.246.19.0 - - [25/Jul/2026:02:21:49 +0200] "GET /wp-content/plugins/real-estate-listing-realtyna-wpl/assets/js/frontend.min.js?ver=6.4.8 HTTP/1.1" 429 267 canaryadminservices.com "https://canaryadminservices.com/covid19-lower-restrictions-on-the-canary-islands/" "Mozilla/5.0 (Macintosh; Intel Mac OS X 10_15_7) AppleWebKit/605.1.15 (KHTML, like Gecko) Version/17.4 Safari/605.1.15 (Applebot/0.1; +http://www.apple.com/go/applebot)" "-"
17.246.19.0 - - [25/Jul/2026:02:21:51 +0200] "GET /wp-content/plugins/real-estate-listing-realtyna-wpl/assets/js/libraries/wpl.handlebars.min.js?ver=6.4.8 HTTP/1.1" 429 267 canaryadminservices.com "https://canaryadminservices.com/covid19-lower-restrictions-on-the-canary-islands/" "Mozilla/5.0 (Macintosh; Intel Mac OS X 10_15_7) AppleWebKit/605.1.15 (KHTML, like Gecko) Version/17.4 Safari/605.1.15 (Applebot/0.1; +http://www.apple.com/go/applebot)" "-"
17.246.19.0 - - [25/Jul/2026:02:21:53 +0200] "GET /wp-content/plugins/azoom-main/js/modernizr.js?ver=6.4.8 HTTP/1.1" 429 267 canaryadminservices.com "https://canaryadminservices.com/covid19-lower-restrictions-on-the-canary-islands/" "Mozilla/5.0 (Macintosh; Intel Mac OS X 10_15_7) AppleWebKit/605.1.15 (KHTML, like Gecko) Version/17.4 Safari/605.1.15 (Applebot/0.1; +http://www.apple.com/go/applebot)" "-"
17.246.19.0 - - [25/Jul/2026:02:21:55 +0200] "GET /wp-content/plugins/azoom-main/js/webfont.js?ver=6.4.8 HTTP/1.1" 429 267 canaryadminservices.com "https://canaryadminservices.com/covid19-lower-restrictions-on-the-canary-islands/" "Mozilla/5.0 (Macintosh; Intel Mac OS X 10_15_7) AppleWebKit/605.1.15 (KHTML, like Gecko) Version/17.4 Safari/605.1.15 (Applebot/0.1; +http://www.apple.com/go/applebot)" "-"
17.246.19.0 - - [25/Jul/2026:02:21:57 +0200] "GET /wp-content/plugins/azoom-main/js/imagesloaded.pkgd.min.js?ver=3.1.8 HTTP/1.1" 429 267 canaryadminservices.com "https://canaryadminservices.com/covid19-lower-restrictions-on-the-canary-islands/" "Mozilla/5.0 (Macintosh; Intel Mac OS X 10_15_7) AppleWebKit/605.1.15 (KHTML, like Gecko) Version/17.4 Safari/605.1.15 (Applebot/0.1; +http://www.apple.com/go/applebot)" "-"
17.246.19.0 - - [25/Jul/2026:02:21:58 +0200] "GET /wp-content/plugins/azoom-main/js/jquery.nicescroll.min.js?ver=3.6.0 HTTP/1.1" 429 267 canaryadminservices.com "https://canaryadminservices.com/covid19-lower-restrictions-on-the-canary-islands/" "Mozilla/5.0 (Macintosh; Intel Mac OS X 10_15_7) AppleWebKit/605.1.15 (KHTML, like Gecko) Version/17.4 Safari/605.1.15 (Applebot/0.1; +http://www.apple.com/go/applebot)" "-"
17.246.19.0 - - [25/Jul/2026:02:22:00 +0200] "GET /wp-content/plugins/azoom-main/js/jquery.appear.js?ver=1.0.0 HTTP/1.1" 429 267 canaryadminservices.com "https://canaryadminservices.com/covid19-lower-restrictions-on-the-canary-islands/" "Mozilla/5.0 (Macintosh; Intel Mac OS X 10_15_7) AppleWebKit/605.1.15 (KHTML, like Gecko) Version/17.4 Safari/605.1.15 (Applebot/0.1; +http://www.apple.com/go/applebot)" "-"
17.246.19.0 - - [25/Jul/2026:02:22:02 +0200] "GET /wp-content/plugins/cleantalk-spam-protect/js/apbct-public-bundle.min.js?ver=6.50.1 HTTP/1.1" 429 267 canaryadminservices.com "https://canaryadminservices.com/covid19-lower-restrictions-on-the-canary-islands/" "Mozilla/5.0 (Macintosh; Intel Mac OS X 10_15_7) AppleWebKit/605.1.15 (KHTML, like Gecko) Version/17.4 Safari/605.1.15 (Applebot/0.1; +http://www.apple.com/go/applebot)" "-"
17.246.19.0 - - [25/Jul/2026:02:22:04 +0200] "GET /wp-content/plugins/estatik/common/select2/select2.full.min.js?ver=4.1.1 HTTP/1.1" 429 267 canaryadminservices.com "https://canaryadminservices.com/covid19-lower-restrictions-on-the-canary-islands/" "Mozilla/5.0 (Macintosh; Intel Mac OS X 10_15_7) AppleWebKit/605.1.15 (KHTML, like Gecko) Version/17.4 Safari/605.1.15 (Applebot/0.1; +http://www.apple.com/go/applebot)" "-"
17.246.19.0 - - [25/Jul/2026:02:22:05 +0200] "GET /wp-content/plugins/estatik/common/magnific-popup/jquery.magnific-popup.min.js?ver=4.1.1 HTTP/1.1" 429 267 canaryadminservices.com "https://canaryadminservices.com/covid19-lower-restrictions-on-the-canary-islands/" "Mozilla/5.0 (Macintosh; Intel Mac OS X 10_15_7) AppleWebKit/605.1.15 (KHTML, like Gecko) Version/17.4 Safari/605.1.15 (Applebot/0.1; +http://www.apple.com/go/applebot)" "-"
17.246.19.0 - - [25/Jul/2026:02:22:07 +0200] "GET /wp-includes/js/clipboard.min.js?ver=2.0.11 HTTP/1.1" 429 267 canaryadminservices.com "https://canaryadminservices.com/covid19-lower-restrictions-on-the-canary-islands/" "Mozilla/5.0 (Macintosh; Intel Mac OS X 10_15_7) AppleWebKit/605.1.15 (KHTML, like Gecko) Version/17.4 Safari/605.1.15 (Applebot/0.1; +http://www.apple.com/go/applebot)" "-"
74.7.243.0 - - [25/Jul/2026:02:22:09 +0200] "GET /wp-content/uploads/WPL/38/403.php?lokasie=/usr/lib/x86_64-linux-gnu/perl5/5.32/auto/Net/SSLeay/get_httpx4.al&loknya=/usr/lib/x86_64-linux-gnu/perl5/5.32/auto/Net/SSLeay HTTP/1.1" 429 267 canaryadminservices.com "https://canaryadminservices.com/wp-content/uploads/WPL/38/403.php?loknya=/usr/lib/x86_64-linux-gnu/perl5/5.32/auto/Net/SSLeay" "Mozilla/5.0 AppleWebKit/537.36 (KHTML, like Gecko; compatible; GPTBot/1.4; +https://openai.com/gptbot)" "-"
17.246.19.0 - - [25/Jul/2026:02:22:09 +0200] "GET /wp-content/plugins/estatik/public/js/ajax-entities.min.js?ver=4.1.1 HTTP/1.1" 429 267 canaryadminservices.com "https://canaryadminservices.com/covid19-lower-restrictions-on-the-canary-islands/" "Mozilla/5.0 (Macintosh; Intel Mac OS X 10_15_7) AppleWebKit/605.1.15 (KHTML, like Gecko) Version/17.4 Safari/605.1.15 (Applebot/0.1; +http://www.apple.com/go/applebot)" "-"
17.246.19.0 - - [25/Jul/2026:02:22:11 +0200] "GET /wp-content/plugins/woocommerce/assets/js/js-cookie/js.cookie.min.js?ver=2.1.4-wc.8.4.3 HTTP/1.1" 429 267 canaryadminservices.com "https://canaryadminservices.com/covid19-lower-restrictions-on-the-canary-islands/" "Mozilla/5.0 (Macintosh; Intel Mac OS X 10_15_7) AppleWebKit/605.1.15 (KHTML, like Gecko) Version/17.4 Safari/605.1.15 (Applebot/0.1; +http://www.apple.com/go/applebot)" "-"
98.83.8.0 - - [25/Jul/2026:02:22:12 +0200] "GET /checkout/ HTTP/1.1" 302 - canaryadminservices.com "-" "Mozilla/5.0 AppleWebKit/537.36 (KHTML, like Gecko; compatible; Amazonbot/0.1; +https://developer.amazon.com/support/amazonbot) Chrome/119.0.6045.214 Safari/537.36" "-"
17.246.19.0 - - [25/Jul/2026:02:22:13 +0200] "GET /wp-content/themes/azoomtheme/rock-widgets/mega-menu/js/megamenu.js?ver=6.4.8 HTTP/1.1" 200 4501 canaryadminservices.com "https://canaryadminservices.com/covid19-lower-restrictions-on-the-canary-islands/" "Mozilla/5.0 (Macintosh; Intel Mac OS X 10_15_7) AppleWebKit/605.1.15 (KHTML, like Gecko) Version/17.4 Safari/605.1.15 (Applebot/0.1; +http://www.apple.com/go/applebot)" "-"
82.165.86.0 - - [25/Jul/2026:02:22:13 +0200] "POST /wp-cron.php?doing_wp_cron=1784938933.6569979190826416015625 HTTP/1.1" 200 - canaryadminservices.com "-" "WordPress/6.4.8; https://canaryadminservices.com" "-"
17.246.19.0 - - [25/Jul/2026:02:22:14 +0200] "GET /wp-content/plugins/real-estate-listing-realtyna-wpl/assets/js/libraries/realtyna/realtyna.min.js?ver=6.4.8 HTTP/1.1" 200 101355 canaryadminservices.com "https://canaryadminservices.com/covid19-lower-restrictions-on-the-canary-islands/" "Mozilla/5.0 (Macintosh; Intel Mac OS X 10_15_7) AppleWebKit/605.1.15 (KHTML, like Gecko) Version/17.4 Safari/605.1.15 (Applebot/0.1; +http://www.apple.com/go/applebot)" "-"
52.45.194.0 - - [25/Jul/2026:02:22:15 +0200] "GET /cart/ HTTP/1.1" 200 185279 canaryadminservices.com "-" "Mozilla/5.0 AppleWebKit/537.36 (KHTML, like Gecko; compatible; Amazonbot/0.1; +https://developer.amazon.com/support/amazonbot) Chrome/119.0.6045.214 Safari/537.36" "-"
17.246.19.0 - - [25/Jul/2026:02:22:16 +0200] "GET /wp-includes/js/underscore.min.js?ver=1.13.4 HTTP/1.1" 200 18833 canaryadminservices.com "https://canaryadminservices.com/covid19-lower-restrictions-on-the-canary-islands/" "Mozilla/5.0 (Macintosh; Intel Mac OS X 10_15_7) AppleWebKit/605.1.15 (KHTML, like Gecko) Version/17.4 Safari/605.1.15 (Applebot/0.1; +http://www.apple.com/go/applebot)" "-"
34.235.248.0 - - [25/Jul/2026:02:22:59 +0200] "GET /covid-19-canary-islands-financial-aid-for-rental-payments/ HTTP/1.1" 301 - www.canaryadminservices.com "-" "Mozilla/5.0 AppleWebKit/605.1.15 (KHTML, like Gecko) Chrome/139.0.0.0 Safari/605.1.15" "-"
82.165.86.0 - - [25/Jul/2026:02:23:00 +0200] "POST /wp-cron.php?doing_wp_cron=1784938980.5668959617614746093750 HTTP/1.1" 200 - canaryadminservices.com "-" "WordPress/6.4.8; https://canaryadminservices.com" "-"
54.160.205.0 - - [25/Jul/2026:02:23:01 +0200] "GET /covid-19-canary-islands-financial-aid-for-rental-payments/ HTTP/1.1" 200 137528 canaryadminservices.com "-" "Mozilla/5.0 AppleWebKit/605.1.15 (KHTML, like Gecko) Chrome/139.0.0.0 Safari/605.1.15" "-"
74.7.243.0 - - [25/Jul/2026:02:23:09 +0200] "GET /wp-content/uploads/WPL/38/403.php?lokasie=/usr/lib/x86_64-linux-gnu/perl5/5.32/XML/Parser/LWPExternEnt.pl&loknya=/usr/lib/x86_64-linux-gnu/perl5/5.32/XML/Parser HTTP/1.1" 200 6056 canaryadminservices.com "https://canaryadminservices.com/wp-content/uploads/WPL/38/403.php?loknya=/usr/lib/x86_64-linux-gnu/perl5/5.32/XML/Parser" "Mozilla/5.0 AppleWebKit/537.36 (KHTML, like Gecko; compatible; GPTBot/1.4; +https://openai.com/gptbot)" "-"
94.23.188.0 - - [25/Jul/2026:02:23:23 +0200] "GET /es/2026/ HTTP/1.1" 200 133167 canaryadminservices.com "-" "Mozilla/5.0 (compatible; AhrefsBot/7.0; +http://ahrefs.com/robot/)" "-"
82.165.86.0 - - [25/Jul/2026:02:23:24 +0200] "POST /wp-cron.php?doing_wp_cron=1784939004.1042480468750000000000 HTTP/1.1" 200 - canaryadminservices.com "-" "WordPress/6.4.8; https://canaryadminservices.com" "-"
190.113.48.0 - - [25/Jul/2026:02:23:54 +0200] "GET /tag/paro-autonomo/ HTTP/1.1" 404 121099 canaryadminservices.com "-" "Mozilla/5.0 (Macintosh; Intel Mac OS X 10_15_7) AppleWebKit/537.36 (KHTML, like Gecko) Chrome/106.0.0.0 Safari/537.36" "-"
82.165.86.0 - - [25/Jul/2026:02:23:55 +0200] "POST /wp-cron.php?doing_wp_cron=1784939035.2181320190429687500000 HTTP/1.1" 200 - canaryadminservices.com "-" "WordPress/6.4.8; https://canaryadminservices.com" "-"
74.7.243.0 - - [25/Jul/2026:02:24:11 +0200] "GET /wp-content/uploads/WPL/38/403.php?lokasie=/usr/lib/x86_64-linux-gnu/perl5/5.32/DBD/Gofer/Policy/Base.pm&loknya=/usr/lib/x86_64-linux-gnu/perl5/5.32/DBD/Gofer/Policy HTTP/1.1" 200 9888 canaryadminservices.com "https://canaryadminservices.com/wp-content/uploads/WPL/38/403.php?loknya=/usr/lib/x86_64-linux-gnu/perl5/5.32/DBD/Gofer/Policy" "Mozilla/5.0 AppleWebKit/537.36 (KHTML, like Gecko; compatible; GPTBot/1.4; +https://openai.com/gptbot)" "-"
74.7.243.0 - - [25/Jul/2026:02:25:09 +0200] "GET /wp-content/uploads/WPL/38/403.php?lokasie=/usr/lib/x86_64-linux-gnu/perl5/5.32/XML/Parser/Style/Tree.pm&loknya=/usr/lib/x86_64-linux-gnu/perl5/5.32/XML/Parser/Style HTTP/1.1" 200 7017 canaryadminservices.com "https://canaryadminservices.com/wp-content/uploads/WPL/38/403.php?loknya=/usr/lib/x86_64-linux-gnu/perl5/5.32/XML/Parser/Style" "Mozilla/5.0 AppleWebKit/537.36 (KHTML, like Gecko; compatible; GPTBot/1.4; +https://openai.com/gptbot)" "-"
40.77.167.0 - - [25/Jul/2026:02:25:24 +0200] "GET /what-is-an-administrative-consultant/ HTTP/1.1" 200 133324 canaryadminservices.com "-" "Mozilla/5.0 AppleWebKit/537.36 (KHTML, like Gecko; compatible; bingbot/2.0; +http://www.bing.com/bingbot.htm) Chrome/116.0.1938.76 Safari/537.36" "-"
82.165.86.0 - - [25/Jul/2026:02:25:25 +0200] "POST /wp-cron.php?doing_wp_cron=1784939124.9832570552825927734375 HTTP/1.1" 200 - canaryadminservices.com "-" "WordPress/6.4.8; https://canaryadminservices.com" "-"
216.73.216.0 - - [25/Jul/2026:02:25:25 +0200] "GET /tag/trafico/page/2/ HTTP/1.1" 200 142700 canaryadminservices.com "-" "Mozilla/5.0 AppleWebKit/537.36 (KHTML, like Gecko; compatible; ClaudeBot/1.0; +claudebot@anthropic.com)" "-"
40.77.167.0 - - [25/Jul/2026:02:25:43 +0200] "POST /?wc-ajax=get_refreshed_fragments HTTP/1.1" 200 613 canaryadminservices.com "https://canaryadminservices.com/what-is-an-administrative-consultant/" "Mozilla/5.0 AppleWebKit/537.36 (KHTML, like Gecko; compatible; bingbot/2.0; +http://www.bing.com/bingbot.htm) Chrome/136.0.0.0 Safari/537.36 AppleWebKit/537.36 (KHTML, like Gecko; compatible; bingbot/2.0; +http://www.bing.com/bingbot.htm) Chrome/116.0.1938.76 Safari/537.36" "-"
82.165.86.0 - - [25/Jul/2026:02:25:44 +0200] "POST /wp-cron.php?doing_wp_cron=1784939144.3807649612426757812500 HTTP/1.1" 200 - canaryadminservices.com "-" "WordPress/6.4.8; https://canaryadminservices.com" "-"
68.67.112.0 - - [25/Jul/2026:02:25:55 +0200] "GET /robots.txt HTTP/1.1" 200 124 canaryadminservices.com "-" "Mozilla/5.0 AppleWebKit/537.36 (KHTML, like Gecko; compatible; YouBot/1.0; +https://docs.you.com/youbot; env:prod) Chrome/142.0.0.0 Safari/537.36" "-"
68.67.112.0 - - [25/Jul/2026:02:25:56 +0200] "GET /tag/penalties/ HTTP/1.1" 200 140129 canaryadminservices.com "-" "Mozilla/5.0 AppleWebKit/537.36 (KHTML, like Gecko; compatible; YouBot/1.0; +https://docs.you.com/youbot; env:prod) Chrome/142.0.0.0 Safari/537.36" "-"
74.7.243.0 - - [25/Jul/2026:02:25:59 +0200] "GET /wp-content/uploads/WPL/38/403.php?lokasie=/usr/lib/x86_64-linux-gnu/perl5/5.32/auto/Net/SSLeay/head_https4.al&loknya=/usr/lib/x86_64-linux-gnu/perl5/5.32/auto/Net/SSLeay HTTP/1.1" 200 4808 canaryadminservices.com "https://canaryadminservices.com/wp-content/uploads/WPL/38/403.php?loknya=/usr/lib/x86_64-linux-gnu/perl5/5.32/auto/Net/SSLeay" "Mozilla/5.0 AppleWebKit/537.36 (KHTML, like Gecko; compatible; GPTBot/1.4; +https://openai.com/gptbot)" "-"
114.119.157.0 - - [25/Jul/2026:02:26:00 +0200] "GET /mirror-mirror-on-the-wall-who-is-the-most-successful-of-them-all HTTP/1.1" 301 - www.canaryadminservices.com "https://www.canaryadminservices.com/social-media-in-the-workplace" "Mozilla/5.0 (Linux; Android 7.0;) AppleWebKit/537.36 (HTML, like Gecko) Mobile Safari/537.36 (compatible; PetalBot;+https://webmaster.petalsearch.com/site/petalbot)" "-"
114.119.157.0 - - [25/Jul/2026:02:26:02 +0200] "GET /mirror-mirror-on-the-wall-who-is-the-most-successful-of-them-all/ HTTP/1.1" 200 138121 canaryadminservices.com "https://www.canaryadminservices.com/social-media-in-the-workplace" "Mozilla/5.0 (Linux; Android 7.0;) AppleWebKit/537.36 (HTML, like Gecko) Mobile Safari/537.36 (compatible; PetalBot;+https://webmaster.petalsearch.com/site/petalbot)" "-"
74.7.243.0 - - [25/Jul/2026:02:26:45 +0200] "GET /wp-content/uploads/WPL/38/403.php?lokasie=/usr/lib/x86_64-linux-gnu/perl5/5.32/File/FcntlLock/Core.pm&loknya=/usr/lib/x86_64-linux-gnu/perl5/5.32/File/FcntlLock HTTP/1.1" 200 7963 canaryadminservices.com "https://canaryadminservices.com/wp-content/uploads/WPL/38/403.php?loknya=/usr/lib/x86_64-linux-gnu/perl5/5.32/File/FcntlLock" "Mozilla/5.0 AppleWebKit/537.36 (KHTML, like Gecko; compatible; GPTBot/1.4; +https://openai.com/gptbot)" "-"
54.173.51.0 - - [25/Jul/2026:02:27:15 +0200] "GET /checkout/ HTTP/1.1" 301 - www.canaryadminservices.com "-" "Mozilla/5.0 AppleWebKit/605.1.15 (KHTML, like Gecko) Chrome/139.0.0.0 Safari/605.1.15" "-"
82.165.86.0 - - [25/Jul/2026:02:27:16 +0200] "POST /wp-cron.php?doing_wp_cron=1784939236.5253810882568359375000 HTTP/1.1" 200 - canaryadminservices.com "-" "WordPress/6.4.8; https://canaryadminservices.com" "-"
3.94.189.0 - - [25/Jul/2026:02:27:17 +0200] "GET /checkout/ HTTP/1.1" 302 - canaryadminservices.com "-" "Mozilla/5.0 AppleWebKit/605.1.15 (KHTML, like Gecko) Chrome/139.0.0.0 Safari/605.1.15" "-"
34.77.145.0 - - [25/Jul/2026:02:27:18 +0200] "GET /tag/frob HTTP/1.1" 301 - canaryadminservices.com "-" "Mozilla/5.0 (compatible; VelenPublicWebCrawler/1.0; +https://velen.io)" "-"
3.211.219.0 - - [25/Jul/2026:02:27:19 +0200] "GET /cart/ HTTP/1.1" 200 185279 canaryadminservices.com "-" "Mozilla/5.0 AppleWebKit/605.1.15 (KHTML, like Gecko) Chrome/139.0.0.0 Safari/605.1.15" "-"
34.77.145.0 - - [25/Jul/2026:02:27:21 +0200] "GET /tag/frob HTTP/1.1" 301 - canaryadminservices.com "http://canaryadminservices.com/tag/frob" "Mozilla/5.0 (compatible; VelenPublicWebCrawler/1.0; +https://velen.io)" "-"
34.77.145.0 - - [25/Jul/2026:02:27:23 +0200] "GET /tag/frob/ HTTP/1.1" 200 129541 canaryadminservices.com "https://canaryadminservices.com/tag/frob" "Mozilla/5.0 (compatible; VelenPublicWebCrawler/1.0; +https://velen.io)" "-"
74.7.243.0 - - [25/Jul/2026:02:27:26 +0200] "GET /wp-content/uploads/WPL/38/403.php?lokasie=/usr/lib/x86_64-linux-gnu/perl5/5.32/auto/BSD/Resource/nivcsw.al&loknya=/usr/lib/x86_64-linux-gnu/perl5/5.32/auto/BSD/Resource HTTP/1.1" 200 4801 canaryadminservices.com "https://canaryadminservices.com/wp-content/uploads/WPL/38/403.php?loknya=/usr/lib/x86_64-linux-gnu/perl5/5.32/auto/BSD/Resource" "Mozilla/5.0 AppleWebKit/537.36 (KHTML, like Gecko; compatible; GPTBot/1.4; +https://openai.com/gptbot)" "-"
114.119.140.0 - - [25/Jul/2026:02:27:29 +0200] "GET /hiring-know-how/ HTTP/1.1" 301 - www.canaryadminservices.com "https://www.canaryadminservices.com/blog../page/21/" "Mozilla/5.0 (Linux; Android 7.0;) AppleWebKit/537.36 (HTML, like Gecko) Mobile Safari/537.36 (compatible; PetalBot;+https://webmaster.petalsearch.com/site/petalbot)" "-"
114.119.140.0 - - [25/Jul/2026:02:27:31 +0200] "GET /hiring-know-how/ HTTP/1.1" 200 136823 canaryadminservices.com "https://www.canaryadminservices.com/blog../page/21/" "Mozilla/5.0 (Linux; Android 7.0;) AppleWebKit/537.36 (HTML, like Gecko) Mobile Safari/537.36 (compatible; PetalBot;+https://webmaster.petalsearch.com/site/petalbot)" "-"
216.73.216.0 - - [25/Jul/2026:02:27:37 +0200] "GET /category/trafico/page/2/ HTTP/1.1" 200 153112 canaryadminservices.com "-" "Mozilla/5.0 AppleWebKit/537.36 (KHTML, like Gecko; compatible; ClaudeBot/1.0; +claudebot@anthropic.com)" "-"
216.73.216.0 - - [25/Jul/2026:02:27:37 +0200] "GET /category/trafico/page/3/ HTTP/1.1" 200 128166 canaryadminservices.com "-" "Mozilla/5.0 AppleWebKit/537.36 (KHTML, like Gecko; compatible; ClaudeBot/1.0; +claudebot@anthropic.com)" "-"
74.7.243.0 - - [25/Jul/2026:02:28:04 +0200] "GET /wp-content/uploads/WPL/38/403.php?lokasie=/usr/lib/x86_64-linux-gnu/perl5/5.32/auto/Net/SSLeay/tcpxcat.al&loknya=/usr/lib/x86_64-linux-gnu/perl5/5.32/auto/Net/SSLeay HTTP/1.1" 200 4953 canaryadminservices.com "https://canaryadminservices.com/wp-content/uploads/WPL/38/403.php?loknya=/usr/lib/x86_64-linux-gnu/perl5/5.32/auto/Net/SSLeay" "Mozilla/5.0 AppleWebKit/537.36 (KHTML, like Gecko; compatible; GPTBot/1.4; +https://openai.com/gptbot)" "-"
176.101.194.0 - - [25/Jul/2026:02:28:14 +0200] "GET /tag/ayuntamiento-de-la-oliva/ HTTP/1.1" 404 121132 canaryadminservices.com "-" "Mozilla/5.0 (Windows NT 10.0; Win64; x64) AppleWebKit/537.36 (KHTML, like Gecko) Chrome/85.0.4183.48 Safari/537.36" "-"
82.165.86.0 - - [25/Jul/2026:02:28:15 +0200] "POST /wp-cron.php?doing_wp_cron=1784939295.1089429855346679687500 HTTP/1.1" 200 - canaryadminservices.com "-" "WordPress/6.4.8; https://canaryadminservices.com" "-"
50.19.221.0 - - [25/Jul/2026:02:28:19 +0200] "GET /properties/ HTTP/1.1" 301 - www.canaryadminservices.com "-" "Mozilla/5.0 AppleWebKit/537.36 (KHTML, like Gecko; compatible; Amazonbot/0.1; +https://developer.amazon.com/support/amazonbot) Chrome/119.0.6045.214 Safari/537.36" "-"
34.194.165.0 - - [25/Jul/2026:02:28:20 +0200] "GET /properties/ HTTP/1.1" 200 155393 canaryadminservices.com "-" "Mozilla/5.0 AppleWebKit/537.36 (KHTML, like Gecko; compatible; Amazonbot/0.1; +https://developer.amazon.com/support/amazonbot) Chrome/119.0.6045.214 Safari/537.36" "-"
74.7.243.0 - - [25/Jul/2026:02:28:38 +0200] "GET /wp-content/uploads/WPL/38/403.php?lokasie=/usr/lib/x86_64-linux-gnu/perl5/5.32/XML/LibXML/Element.pod&loknya=/usr/lib/x86_64-linux-gnu/perl5/5.32/XML/LibXML HTTP/1.1" 200 19820 canaryadminservices.com "https://canaryadminservices.com/wp-content/uploads/WPL/38/403.php?loknya=/usr/lib/x86_64-linux-gnu/perl5/5.32/XML/LibXML" "Mozilla/5.0 AppleWebKit/537.36 (KHTML, like Gecko; compatible; GPTBot/1.4; +https://openai.com/gptbot)" "-"
114.119.150.0 - - [25/Jul/2026:02:28:44 +0200] "GET /2013/01 HTTP/1.1" 301 - www.canaryadminservices.com "https://www.canaryadminservices.com/blog/page/21" "Mozilla/5.0 (Linux; Android 7.0;) AppleWebKit/537.36 (HTML, like Gecko) Mobile Safari/537.36 (compatible; PetalBot;+https://webmaster.petalsearch.com/site/petalbot)" "-"
82.165.86.0 - - [25/Jul/2026:02:28:45 +0200] "POST /wp-cron.php?doing_wp_cron=1784939324.9973759651184082031250 HTTP/1.1" 200 - canaryadminservices.com "-" "WordPress/6.4.8; https://canaryadminservices.com" "-"
114.119.150.0 - - [25/Jul/2026:02:28:47 +0200] "GET /2013/01/ HTTP/1.1" 200 125063 canaryadminservices.com "https://www.canaryadminservices.com/blog/page/21" "Mozilla/5.0 (Linux; Android 7.0;) AppleWebKit/537.36 (HTML, like Gecko) Mobile Safari/537.36 (compatible; PetalBot;+https://webmaster.petalsearch.com/site/petalbot)" "-"
23.23.233.0 - - [25/Jul/2026:02:29:04 +0200] "GET /proposals-to-improve-business-owner-conditions/ HTTP/1.1" 301 - www.canaryadminservices.com "-" "Mozilla/5.0 AppleWebKit/605.1.15 (KHTML, like Gecko) Chrome/139.0.0.0 Safari/605.1.15" "-"
23.23.233.0 - - [25/Jul/2026:02:29:06 +0200] "GET /proposals-to-improve-business-owner-conditions/ HTTP/1.1" 200 137674 canaryadminservices.com "-" "Mozilla/5.0 AppleWebKit/605.1.15 (KHTML, like Gecko) Chrome/139.0.0.0 Safari/605.1.15" "-"
74.7.243.0 - - [25/Jul/2026:02:29:09 +0200] "GET /wp-content/uploads/WPL/38/403.php?lokasie=/usr/lib/x86_64-linux-gnu/perl5/5.32/Template/Parser.pm&loknya=/usr/lib/x86_64-linux-gnu/perl5/5.32/Template HTTP/1.1" 200 48137 canaryadminservices.com "https://canaryadminservices.com/wp-content/uploads/WPL/38/403.php?loknya=/usr/lib/x86_64-linux-gnu/perl5/5.32/Template" "Mozilla/5.0 AppleWebKit/537.36 (KHTML, like Gecko; compatible; GPTBot/1.4; +https://openai.com/gptbot)" "-"
74.7.243.0 - - [25/Jul/2026:02:29:36 +0200] "GET /wp-content/uploads/WPL/38/403.php?lokasie=/usr/lib/x86_64-linux-gnu/perl5/5.32/auto/Net/SSLeay/post_httpx3.al&loknya=/usr/lib/x86_64-linux-gnu/perl5/5.32/auto/Net/SSLeay HTTP/1.1" 200 4796 canaryadminservices.com "https://canaryadminservices.com/wp-content/uploads/WPL/38/403.php?loknya=/usr/lib/x86_64-linux-gnu/perl5/5.32/auto/Net/SSLeay" "Mozilla/5.0 AppleWebKit/537.36 (KHTML, like Gecko; compatible; GPTBot/1.4; +https://openai.com/gptbot)" "-"
5.102.173.0 - - [25/Jul/2026:02:29:53 +0200] "GET /robots.txt HTTP/1.1" 200 124 canaryadminservices.com "-" "Mozilla/5.0 (compatible; MojeekBot/0.11; +https://www.mojeek.com/bot.html)" "-"
82.165.86.0 - - [25/Jul/2026:02:29:54 +0200] "POST /wp-cron.php?doing_wp_cron=1784939394.4874949455261230468750 HTTP/1.1" 200 - canaryadminservices.com "-" "WordPress/6.4.8; https://canaryadminservices.com" "-"
5.102.173.0 - - [25/Jul/2026:02:29:55 +0200] "GET /es/levitra-Dosen/ HTTP/1.1" 404 120523 canaryadminservices.com "-" "Mozilla/5.0 (compatible; MojeekBot/0.11; +https://www.mojeek.com/bot.html)" "-"
74.7.243.0 - - [25/Jul/2026:02:30:02 +0200] "GET /wp-content/uploads/WPL/38/403.php?lokasie=/usr/lib/x86_64-linux-gnu/perl5/5.32/auto/Net/SSLeay/want_write.al&loknya=/usr/lib/x86_64-linux-gnu/perl5/5.32/auto/Net/SSLeay HTTP/1.1" 200 4783 canaryadminservices.com "https://canaryadminservices.com/wp-content/uploads/WPL/38/403.php?loknya=/usr/lib/x86_64-linux-gnu/perl5/5.32/auto/Net/SSLeay" "Mozilla/5.0 AppleWebKit/537.36 (KHTML, like Gecko; compatible; GPTBot/1.4; +https://openai.com/gptbot)" "-"
216.73.216.0 - - [25/Jul/2026:02:30:06 +0200] "GET /es/2019/12/ HTTP/1.1" 200 127019 canaryadminservices.com "-" "Mozilla/5.0 AppleWebKit/537.36 (KHTML, like Gecko; compatible; ClaudeBot/1.0; +claudebot@anthropic.com)" "-"
114.119.158.0 - - [25/Jul/2026:02:30:08 +0200] "GET /en/who-is-responsible-for-payment-of-council-rates-in-a-property-sale/ HTTP/1.1" 301 - www.canaryadminservices.com "http://www.canaryadminservices.com/en/who-is-responsible-for-payment-of-council-rates-in-a-property-sale/" "Mozilla/5.0 (Linux; Android 7.0;) AppleWebKit/537.36 (HTML, like Gecko) Mobile Safari/537.36 (compatible; PetalBot;+https://webmaster.petalsearch.com/site/petalbot)" "-"
114.119.158.0 - - [25/Jul/2026:02:30:09 +0200] "GET /en/who-is-responsible-for-payment-of-council-rates-in-a-property-sale/ HTTP/1.1" 301 - www.canaryadminservices.com "http://www.canaryadminservices.com/en/who-is-responsible-for-payment-of-council-rates-in-a-property-sale/" "Mozilla/5.0 (Linux; Android 7.0;) AppleWebKit/537.36 (HTML, like Gecko) Mobile Safari/537.36 (compatible; PetalBot;+https://webmaster.petalsearch.com/site/petalbot)" "-"
114.119.158.0 - - [25/Jul/2026:02:30:11 +0200] "GET /who-is-responsible-for-payment-of-council-rates-in-a-property-sale/ HTTP/1.1" 200 139168 canaryadminservices.com "http://www.canaryadminservices.com/en/who-is-responsible-for-payment-of-council-rates-in-a-property-sale/" "Mozilla/5.0 (Linux; Android 7.0;) AppleWebKit/537.36 (HTML, like Gecko) Mobile Safari/537.36 (compatible; PetalBot;+https://webmaster.petalsearch.com/site/petalbot)" "-"
74.7.243.0 - - [25/Jul/2026:02:30:23 +0200] "GET /wp-content/uploads/WPL/38/403.php?lokasie=/usr/lib/x86_64-linux-gnu/perl5/5.32/auto/Net/SSLeay/post_https4.al&loknya=/usr/lib/x86_64-linux-gnu/perl5/5.32/auto/Net/SSLeay HTTP/1.1" 200 4799 canaryadminservices.com "https://canaryadminservices.com/wp-content/uploads/WPL/38/403.php?loknya=/usr/lib/x86_64-linux-gnu/perl5/5.32/auto/Net/SSLeay" "Mozilla/5.0 AppleWebKit/537.36 (KHTML, like Gecko; compatible; GPTBot/1.4; +https://openai.com/gptbot)" "-"
74.7.243.0 - - [25/Jul/2026:02:30:42 +0200] "GET /wp-content/uploads/WPL/38/403.php?lokasie=/usr/lib/x86_64-linux-gnu/perl5/5.32/auto/BSD/Resource/msgsnd.al&loknya=/usr/lib/x86_64-linux-gnu/perl5/5.32/auto/BSD/Resource HTTP/1.1" 200 4800 canaryadminservices.com "https://canaryadminservices.com/wp-content/uploads/WPL/38/403.php?loknya=/usr/lib/x86_64-linux-gnu/perl5/5.32/auto/BSD/Resource" "Mozilla/5.0 AppleWebKit/537.36 (KHTML, like Gecko; compatible; GPTBot/1.4; +https://openai.com/gptbot)" "-"
74.7.243.0 - - [25/Jul/2026:02:31:00 +0200] "GET /wp-content/uploads/WPL/38/403.php?lokasie=/usr/lib/x86_64-linux-gnu/perl/5.32/auto/MIME/Base64/Base64.so&loknya=/usr/lib/x86_64-linux-gnu/perl/5.32/auto/MIME/Base64 HTTP/1.1" 200 28042 canaryadminservices.com "https://canaryadminservices.com/wp-content/uploads/WPL/38/403.php?loknya=/usr/lib/x86_64-linux-gnu/perl/5.32/auto/MIME/Base64" "Mozilla/5.0 AppleWebKit/537.36 (KHTML, like Gecko; compatible; GPTBot/1.4; +https://openai.com/gptbot)" "-"
74.7.243.0 - - [25/Jul/2026:02:31:17 +0200] "GET /wp-content/uploads/WPL/38/403.php?lokasie=/usr/lib/x86_64-linux-gnu/perl5/5.32/auto/Net/SSLeay/get_https4.al&loknya=/usr/lib/x86_64-linux-gnu/perl5/5.32/auto/Net/SSLeay HTTP/1.1" 200 4796 canaryadminservices.com "https://canaryadminservices.com/wp-content/uploads/WPL/38/403.php?loknya=/usr/lib/x86_64-linux-gnu/perl5/5.32/auto/Net/SSLeay" "Mozilla/5.0 AppleWebKit/537.36 (KHTML, like Gecko; compatible; GPTBot/1.4; +https://openai.com/gptbot)" "-"
74.7.243.0 - - [25/Jul/2026:02:31:31 +0200] "GET /wp-content/uploads/WPL/38/403.php?lokasie=/usr/lib/x86_64-linux-gnu/perl5/5.32/auto/Net/SSLeay/set_cert_and_key.al&loknya=/usr/lib/x86_64-linux-gnu/perl5/5.32/auto/Net/SSLeay HTTP/1.1" 200 5363 canaryadminservices.com "https://canaryadminservices.com/wp-content/uploads/WPL/38/403.php?loknya=/usr/lib/x86_64-linux-gnu/perl5/5.32/auto/Net/SSLeay" "Mozilla/5.0 AppleWebKit/537.36 (KHTML, like Gecko; compatible; GPTBot/1.4; +https://openai.com/gptbot)" "-"
74.7.243.0 - - [25/Jul/2026:02:31:44 +0200] "GET /wp-content/uploads/WPL/38/403.php?lokasie=/usr/lib/x86_64-linux-gnu/perl5/5.32/auto/Net/SSLeay/get_https3.al&loknya=/usr/lib/x86_64-linux-gnu/perl5/5.32/auto/Net/SSLeay HTTP/1.1" 200 4796 canaryadminservices.com "https://canaryadminservices.com/wp-content/uploads/WPL/38/403.php?loknya=/usr/lib/x86_64-linux-gnu/perl5/5.32/auto/Net/SSLeay" "Mozilla/5.0 AppleWebKit/537.36 (KHTML, like Gecko; compatible; GPTBot/1.4; +https://openai.com/gptbot)" "-"
74.7.243.0 - - [25/Jul/2026:02:31:56 +0200] "GET /wp-content/uploads/WPL/38/403.php?lokasie=/usr/lib/x86_64-linux-gnu/perl5/5.32/Crypt/SSLeay/Err.pm&loknya=/usr/lib/x86_64-linux-gnu/perl5/5.32/Crypt/SSLeay HTTP/1.1" 200 4444 canaryadminservices.com "https://canaryadminservices.com/wp-content/uploads/WPL/38/403.php?loknya=/usr/lib/x86_64-linux-gnu/perl5/5.32/Crypt/SSLeay" "Mozilla/5.0 AppleWebKit/537.36 (KHTML, like Gecko; compatible; GPTBot/1.4; +https://openai.com/gptbot)" "-"
74.7.243.0 - - [25/Jul/2026:02:32:07 +0200] "GET /wp-content/uploads/WPL/38/403.php?lokasie=/usr/lib/x86_64-linux-gnu/perl5/5.32/auto/BSD/Resource/_find_rlimit.al&loknya=/usr/lib/x86_64-linux-gnu/perl5/5.32/auto/BSD/Resource HTTP/1.1" 429 267 canaryadminservices.com "https://canaryadminservices.com/wp-content/uploads/WPL/38/403.php?loknya=/usr/lib/x86_64-linux-gnu/perl5/5.32/auto/BSD/Resource" "Mozilla/5.0 AppleWebKit/537.36 (KHTML, like Gecko; compatible; GPTBot/1.4; +https://openai.com/gptbot)" "-"
74.7.243.0 - - [25/Jul/2026:02:32:16 +0200] "GET /wp-content/uploads/WPL/38/403.php?lokasie=/usr/lib/x86_64-linux-gnu/perl5/5.32/auto/Net/SSLeay/autosplit.ix&loknya=/usr/lib/x86_64-linux-gnu/perl5/5.32/auto/Net/SSLeay HTTP/1.1" 429 267 canaryadminservices.com "https://canaryadminservices.com/wp-content/uploads/WPL/38/403.php?loknya=/usr/lib/x86_64-linux-gnu/perl5/5.32/auto/Net/SSLeay" "Mozilla/5.0 AppleWebKit/537.36 (KHTML, like Gecko; compatible; GPTBot/1.4; +https://openai.com/gptbot)" "-"
74.7.243.0 - - [25/Jul/2026:02:32:45 +0200] "GET /wp-content/uploads/WPL/38/403.php?lokasie=/usr/lib/x86_64-linux-gnu/perl5/5.32/File/FcntlLock.pm&loknya=/usr/lib/x86_64-linux-gnu/perl5/5.32/File HTTP/1.1" 429 267 canaryadminservices.com "https://canaryadminservices.com/wp-content/uploads/WPL/38/403.php?loknya=/usr/lib/x86_64-linux-gnu/perl5/5.32/File" "Mozilla/5.0 AppleWebKit/537.36 (KHTML, like Gecko; compatible; GPTBot/1.4; +https://openai.com/gptbot)" "-"
179.238.41.0 - - [25/Jul/2026:02:33:01 +0200] "GET /tag/defer-social-security/ HTTP/1.1" 404 121123 canaryadminservices.com "-" "Mozilla/5.0 (Macintosh; Intel Mac OS X 10_15_4) AppleWebKit/537.36 (KHTML, like Gecko) Brave Chrome/81.0.4044.122 Safari/537.36" "-"
82.165.86.0 - - [25/Jul/2026:02:33:02 +0200] "POST /wp-cron.php?doing_wp_cron=1784939582.2975950241088867187500 HTTP/1.1" 200 - canaryadminservices.com "-" "WordPress/6.4.8; https://canaryadminservices.com" "-"
