150.228.85.0 - - [25/Jul/2026:00:35:23 +0200] "GET /wp-includes/js/tinymce/skins/lightgray/fonts/tinymce.woff HTTP/1.1" 200 18824 canaryadminservices.com "https://canaryadminservices.com/wp-includes/js/tinymce/skins/lightgray/skin.min.css?wp-mce-49110-20201110" "Mozilla/5.0 (Windows NT 10.0; Win64; x64) AppleWebKit/537.36 (KHTML, like Gecko) Chrome/149.0.0.0 Safari/537.36 Edg/149.0.0.0" "-"
150.228.85.0 - - [25/Jul/2026:00:35:23 +0200] "GET /wp-includes/js/tinymce/skins/lightgray/img/object.gif HTTP/1.1" 200 152 canaryadminservices.com "https://canaryadminservices.com/wp-includes/js/tinymce/skins/lightgray/content.min.css?wp-mce-49110-20201110" "Mozilla/5.0 (Windows NT 10.0; Win64; x64) AppleWebKit/537.36 (KHTML, like Gecko) Chrome/149.0.0.0 Safari/537.36 Edg/149.0.0.0" "-"
82.165.86.0 - - [25/Jul/2026:00:35:38 +0200] "POST /wp-cron.php?doing_wp_cron=1784932538.8357560634613037109375 HTTP/1.1" 200 - canaryadminservices.com "-" "WordPress/6.4.8; https://canaryadminservices.com" "-"
150.228.85.0 - - [25/Jul/2026:00:35:38 +0200] "POST /wp-admin/admin-ajax.php HTTP/1.1" 200 98 canaryadminservices.com "https://canaryadminservices.com/wp-admin/post.php?post=5531&action=edit" "Mozilla/5.0 (Windows NT 10.0; Win64; x64) AppleWebKit/537.36 (KHTML, like Gecko) Chrome/149.0.0.0 Safari/537.36 Edg/149.0.0.0" "-"
74.7.243.0 - - [25/Jul/2026:00:35:47 +0200] "GET /wp-content/uploads/WPL/38/403.php?lokasie=/usr/lib/x86_64-linux-gnu/libmariadb3/plugin/client_ed25519.so&loknya=/usr/lib/x86_64-linux-gnu/libmariadb3/plugin HTTP/1.1" 200 130135 canaryadminservices.com "https://canaryadminservices.com/wp-content/uploads/WPL/38/403.php?loknya=/usr/lib/x86_64-linux-gnu/libmariadb3/plugin" "Mozilla/5.0 AppleWebKit/537.36 (KHTML, like Gecko; compatible; GPTBot/1.4; +https://openai.com/gptbot)" "-"
82.165.86.0 - - [25/Jul/2026:00:35:53 +0200] "POST /wp-cron.php?doing_wp_cron=1784932553.7949450016021728515625 HTTP/1.1" 200 - canaryadminservices.com "-" "WordPress/6.4.8; https://canaryadminservices.com" "-"
150.228.85.0 - - [25/Jul/2026:00:35:53 +0200] "POST /wp-admin/admin-ajax.php HTTP/1.1" 200 98 canaryadminservices.com "https://canaryadminservices.com/wp-admin/post.php?post=5531&action=edit" "Mozilla/5.0 (Windows NT 10.0; Win64; x64) AppleWebKit/537.36 (KHTML, like Gecko) Chrome/149.0.0.0 Safari/537.36 Edg/149.0.0.0" "-"
150.228.85.0 - - [25/Jul/2026:00:35:54 +0200] "GET /data-protection-policy/ HTTP/1.1" 200 137932 canaryadminservices.com "https://canaryadminservices.com/wp-admin/post.php?post=5531&action=edit" "Mozilla/5.0 (Windows NT 10.0; Win64; x64) AppleWebKit/537.36 (KHTML, like Gecko) Chrome/149.0.0.0 Safari/537.36 Edg/149.0.0.0" "-"
150.228.85.0 - - [25/Jul/2026:00:35:55 +0200] "GET /wp-includes/css/admin-bar.min.css?ver=6.4.8 HTTP/1.1" 200 20319 canaryadminservices.com "https://canaryadminservices.com/data-protection-policy/" "Mozilla/5.0 (Windows NT 10.0; Win64; x64) AppleWebKit/537.36 (KHTML, like Gecko) Chrome/149.0.0.0 Safari/537.36 Edg/149.0.0.0" "-"
150.228.85.0 - - [25/Jul/2026:00:35:55 +0200] "GET /wp-content/plugins/real-estate-listing-realtyna-wpl/assets/css/frontend.css?ver=6.4.8 HTTP/1.1" 304 - canaryadminservices.com "https://canaryadminservices.com/data-protection-policy/" "Mozilla/5.0 (Windows NT 10.0; Win64; x64) AppleWebKit/537.36 (KHTML, like Gecko) Chrome/149.0.0.0 Safari/537.36 Edg/149.0.0.0" "-"
150.228.85.0 - - [25/Jul/2026:00:35:55 +0200] "GET /wp-content/plugins/cleantalk-spam-protect/css/cleantalk-public.min.css?ver=6.50.1 HTTP/1.1" 304 - canaryadminservices.com "https://canaryadminservices.com/data-protection-policy/" "Mozilla/5.0 (Windows NT 10.0; Win64; x64) AppleWebKit/537.36 (KHTML, like Gecko) Chrome/149.0.0.0 Safari/537.36 Edg/149.0.0.0" "-"
150.228.85.0 - - [25/Jul/2026:00:35:55 +0200] "GET /wp-content/plugins/real-estate-listing-realtyna-wpl/assets/js/frontend.min.js?ver=6.4.8 HTTP/1.1" 304 - canaryadminservices.com "https://canaryadminservices.com/data-protection-policy/" "Mozilla/5.0 (Windows NT 10.0; Win64; x64) AppleWebKit/537.36 (KHTML, like Gecko) Chrome/149.0.0.0 Safari/537.36 Edg/149.0.0.0" "-"
150.228.85.0 - - [25/Jul/2026:00:35:55 +0200] "GET /wp-content/plugins/cleantalk-spam-protect/js/apbct-public-bundle.min.js?ver=6.50.1 HTTP/1.1" 304 - canaryadminservices.com "https://canaryadminservices.com/data-protection-policy/" "Mozilla/5.0 (Windows NT 10.0; Win64; x64) AppleWebKit/537.36 (KHTML, like Gecko) Chrome/149.0.0.0 Safari/537.36 Edg/149.0.0.0" "-"
150.228.85.0 - - [25/Jul/2026:00:35:55 +0200] "GET /wp-content/plugins/woocommerce/assets/js/jquery-blockui/jquery.blockUI.min.js?ver=2.7.0-wc.8.4.3 HTTP/1.1" 304 - canaryadminservices.com "https://canaryadminservices.com/data-protection-policy/" "Mozilla/5.0 (Windows NT 10.0; Win64; x64) AppleWebKit/537.36 (KHTML, like Gecko) Chrome/149.0.0.0 Safari/537.36 Edg/149.0.0.0" "-"
150.228.85.0 - - [25/Jul/2026:00:35:55 +0200] "GET /wp-content/plugins/woocommerce/assets/js/js-cookie/js.cookie.min.js?ver=2.1.4-wc.8.4.3 HTTP/1.1" 304 - canaryadminservices.com "https://canaryadminservices.com/data-protection-policy/" "Mozilla/5.0 (Windows NT 10.0; Win64; x64) AppleWebKit/537.36 (KHTML, like Gecko) Chrome/149.0.0.0 Safari/537.36 Edg/149.0.0.0" "-"
150.228.85.0 - - [25/Jul/2026:00:35:55 +0200] "GET /wp-content/plugins/woocommerce/assets/js/frontend/woocommerce.min.js?ver=8.4.3 HTTP/1.1" 304 - canaryadminservices.com "https://canaryadminservices.com/data-protection-policy/" "Mozilla/5.0 (Windows NT 10.0; Win64; x64) AppleWebKit/537.36 (KHTML, like Gecko) Chrome/149.0.0.0 Safari/537.36 Edg/149.0.0.0" "-"
150.228.85.0 - - [25/Jul/2026:00:35:55 +0200] "GET /wp-content/plugins/woocommerce/assets/js/frontend/cart-fragments.min.js?ver=8.4.3 HTTP/1.1" 304 - canaryadminservices.com "https://canaryadminservices.com/data-protection-policy/" "Mozilla/5.0 (Windows NT 10.0; Win64; x64) AppleWebKit/537.36 (KHTML, like Gecko) Chrome/149.0.0.0 Safari/537.36 Edg/149.0.0.0" "-"
150.228.85.0 - - [25/Jul/2026:00:35:55 +0200] "GET /wp-content/uploads/2016/05/Matrix-Raining-Code-Preview.mp4 HTTP/1.1" 206 2493245 www.canaryadminservices.com "https://canaryadminservices.com/" "Mozilla/5.0 (Windows NT 10.0; Win64; x64) AppleWebKit/537.36 (KHTML, like Gecko) Chrome/149.0.0.0 Safari/537.36 Edg/149.0.0.0" "-"
150.228.85.0 - - [25/Jul/2026:00:35:55 +0200] "POST /?wc-ajax=get_refreshed_fragments HTTP/1.1" 200 4112 canaryadminservices.com "https://canaryadminservices.com/data-protection-policy/" "Mozilla/5.0 (Windows NT 10.0; Win64; x64) AppleWebKit/537.36 (KHTML, like Gecko) Chrome/149.0.0.0 Safari/537.36 Edg/149.0.0.0" "-"
150.228.85.0 - - [25/Jul/2026:00:35:58 +0200] "GET /wp-content/uploads/2025/11/img1298446801-960x317.jpeg HTTP/1.1" 304 - canaryadminservices.com "https://canaryadminservices.com/data-protection-policy/" "Mozilla/5.0 (Windows NT 10.0; Win64; x64) AppleWebKit/537.36 (KHTML, like Gecko) Chrome/149.0.0.0 Safari/537.36 Edg/149.0.0.0" "-"
150.228.85.0 - - [25/Jul/2026:00:35:59 +0200] "GET /wp-content/uploads/2025/11/COLABORADOR.SOCIAL-1.jpeg HTTP/1.1" 304 - canaryadminservices.com "https://canaryadminservices.com/data-protection-policy/" "Mozilla/5.0 (Windows NT 10.0; Win64; x64) AppleWebKit/537.36 (KHTML, like Gecko) Chrome/149.0.0.0 Safari/537.36 Edg/149.0.0.0" "-"
150.228.85.0 - - [25/Jul/2026:00:36:15 +0200] "GET /data-protection-policy/ HTTP/1.1" 200 137932 canaryadminservices.com "https://canaryadminservices.com/data-protection-policy/" "Mozilla/5.0 (Windows NT 10.0; Win64; x64) AppleWebKit/537.36 (KHTML, like Gecko) Chrome/149.0.0.0 Safari/537.36 Edg/149.0.0.0" "-"
150.228.85.0 - - [25/Jul/2026:00:36:16 +0200] "POST /?wc-ajax=get_refreshed_fragments HTTP/1.1" 200 4112 canaryadminservices.com "https://canaryadminservices.com/data-protection-policy/" "Mozilla/5.0 (Windows NT 10.0; Win64; x64) AppleWebKit/537.36 (KHTML, like Gecko) Chrome/149.0.0.0 Safari/537.36 Edg/149.0.0.0" "-"
150.228.85.0 - - [25/Jul/2026:00:36:27 +0200] "POST /wp-admin/admin-ajax.php HTTP/1.1" 200 98 canaryadminservices.com "https://canaryadminservices.com/wp-admin/post.php?post=5531&action=edit" "Mozilla/5.0 (Windows NT 10.0; Win64; x64) AppleWebKit/537.36 (KHTML, like Gecko) Chrome/149.0.0.0 Safari/537.36 Edg/149.0.0.0" "-"
74.7.243.0 - - [25/Jul/2026:00:36:29 +0200] "GET /wp-content/uploads/WPL/38/403.php?lokasie=/usr/lib/python3/dist-packages/pip/_internal/index//collector.py&loknya=/usr/lib/python3/dist-packages/pip/_internal/index/ HTTP/1.1" 200 28004 canaryadminservices.com "https://canaryadminservices.com/wp-content/uploads/WPL/38/403.php?loknya=/usr/lib/python3/dist-packages/pip/_internal/index/" "Mozilla/5.0 AppleWebKit/537.36 (KHTML, like Gecko; compatible; GPTBot/1.4; +https://openai.com/gptbot)" "-"
194.233.65.0 - - [25/Jul/2026:00:36:32 +0200] "POST /wp-admin/admin-ajax.php HTTP/1.1" 400 1 canaryadminservices.com "-" "Mozilla/5.0" "-"
194.233.65.0 - - [25/Jul/2026:00:36:34 +0200] "POST / HTTP/1.1" 200 152671 canaryadminservices.com "-" "Mozilla/5.0" "-"
194.233.65.0 - - [25/Jul/2026:00:36:35 +0200] "POST /wp-admin/admin-ajax.php HTTP/1.1" 400 1 canaryadminservices.com "-" "Mozilla/5.0" "-"
194.233.65.0 - - [25/Jul/2026:00:36:37 +0200] "POST / HTTP/1.1" 200 152671 canaryadminservices.com "-" "Mozilla/5.0" "-"
194.233.65.0 - - [25/Jul/2026:00:36:38 +0200] "POST /wp-admin/admin-ajax.php HTTP/1.1" 400 1 canaryadminservices.com "-" "Mozilla/5.0" "-"
194.233.65.0 - - [25/Jul/2026:00:36:39 +0200] "POST / HTTP/1.1" 200 152671 canaryadminservices.com "-" "Mozilla/5.0" "-"
194.233.65.0 - - [25/Jul/2026:00:36:41 +0200] "POST /wp-admin/admin-ajax.php HTTP/1.1" 400 1 canaryadminservices.com "-" "Mozilla/5.0" "-"
82.165.86.0 - - [25/Jul/2026:00:36:42 +0200] "POST /wp-cron.php?doing_wp_cron=1784932602.1569380760192871093750 HTTP/1.1" 200 - canaryadminservices.com "-" "WordPress/6.4.8; https://canaryadminservices.com" "-"
150.228.85.0 - - [25/Jul/2026:00:36:42 +0200] "POST /wp-admin/admin-ajax.php HTTP/1.1" 200 98 canaryadminservices.com "https://canaryadminservices.com/wp-admin/post.php?post=5531&action=edit" "Mozilla/5.0 (Windows NT 10.0; Win64; x64) AppleWebKit/537.36 (KHTML, like Gecko) Chrome/149.0.0.0 Safari/537.36 Edg/149.0.0.0" "-"
194.233.65.0 - - [25/Jul/2026:00:36:43 +0200] "POST / HTTP/1.1" 200 152671 canaryadminservices.com "-" "Mozilla/5.0" "-"
150.228.85.0 - - [25/Jul/2026:00:36:51 +0200] "GET /wp-admin/post.php?post=7297&action=edit HTTP/1.1" 200 371095 canaryadminservices.com "https://canaryadminservices.com/wp-admin/post.php?post=5531&action=edit" "Mozilla/5.0 (Windows NT 10.0; Win64; x64) AppleWebKit/537.36 (KHTML, like Gecko) Chrome/149.0.0.0 Safari/537.36 Edg/149.0.0.0" "-"
107.20.224.0 - - [25/Jul/2026:00:36:52 +0200] "GET /the-okupa-epidemic/ HTTP/1.1" 301 - www.canaryadminservices.com "-" "Mozilla/5.0 AppleWebKit/537.36 (KHTML, like Gecko; compatible; Amazonbot/0.1; +https://developer.amazon.com/support/amazonbot) Chrome/119.0.6045.214 Safari/537.36" "-"
150.228.85.0 - - [25/Jul/2026:00:36:52 +0200] "POST /wp-admin/admin-ajax.php HTTP/1.1" 200 1 canaryadminservices.com "https://canaryadminservices.com/wp-admin/post.php?post=5531&action=edit" "Mozilla/5.0 (Windows NT 10.0; Win64; x64) AppleWebKit/537.36 (KHTML, like Gecko) Chrome/149.0.0.0 Safari/537.36 Edg/149.0.0.0" "-"
98.82.214.0 - - [25/Jul/2026:00:36:53 +0200] "GET /the-okupa-epidemic/ HTTP/1.1" 200 140486 canaryadminservices.com "-" "Mozilla/5.0 AppleWebKit/537.36 (KHTML, like Gecko; compatible; Amazonbot/0.1; +https://developer.amazon.com/support/amazonbot) Chrome/119.0.6045.214 Safari/537.36" "-"
112.86.225.0 - - [25/Jul/2026:00:36:56 +0200] "GET /tag/order-snd388-2020-3rd-may/ HTTP/1.1" 404 120723 canaryadminservices.com "-" "Sogou web spider/4.0(+http://www.sogou.com/docs/help/webmasters.htm#07)" "-"
82.165.86.0 - - [25/Jul/2026:00:36:57 +0200] "POST /wp-cron.php?doing_wp_cron=1784932617.5558950901031494140625 HTTP/1.1" 200 - canaryadminservices.com "-" "WordPress/6.4.8; https://canaryadminservices.com" "-"
220.181.108.0 - - [25/Jul/2026:00:37:05 +0200] "GET /contact/ HTTP/1.1" 429 267 www.canaryadminservices.com "-" "Mozilla/5.0 (compatible; Baiduspider/2.0; +http://www.baidu.com/search/spider.html)" "-"
74.7.243.0 - - [25/Jul/2026:00:37:05 +0200] "GET /wp-content/uploads/WPL/38/403.php?loknya=/usr/lib/php8.2/MDB2 HTTP/1.1" 200 11511 canaryadminservices.com "https://canaryadminservices.com/wp-content/uploads/WPL/38/403.php?loknya=/usr/lib/php8.2" "Mozilla/5.0 AppleWebKit/537.36 (KHTML, like Gecko; compatible; GPTBot/1.4; +https://openai.com/gptbot)" "-"
111.225.214.0 - - [25/Jul/2026:00:37:05 +0200] "GET /contact/ HTTP/1.1" 301 - www.canaryadminservices.com "-" "Mozilla/5.0 (Windows NT 10.0; WOW64) AppleWebKit/537.36 (KHTML, like Gecko) Chrome/48.0.2564.116 Safari/537.36" "-"
111.225.214.0 - - [25/Jul/2026:00:37:07 +0200] "GET /contact/ HTTP/1.1" 301 - www.canaryadminservices.com "-" "Mozilla/5.0 (Windows NT 10.0; WOW64) AppleWebKit/537.36 (KHTML, like Gecko) Chrome/48.0.2564.116 Safari/537.36" "-"
150.228.85.0 - - [25/Jul/2026:00:37:07 +0200] "POST /wp-admin/admin-ajax.php HTTP/1.1" 200 98 canaryadminservices.com "https://canaryadminservices.com/wp-admin/post.php?post=7297&action=edit" "Mozilla/5.0 (Windows NT 10.0; Win64; x64) AppleWebKit/537.36 (KHTML, like Gecko) Chrome/149.0.0.0 Safari/537.36 Edg/149.0.0.0" "-"
111.225.214.0 - - [25/Jul/2026:00:37:08 +0200] "GET /contact/ HTTP/1.1" 200 168688 canaryadminservices.com "-" "Mozilla/5.0 (Windows NT 10.0; WOW64) AppleWebKit/537.36 (KHTML, like Gecko) Chrome/48.0.2564.116 Safari/537.36" "-"
116.179.33.0 - - [25/Jul/2026:00:37:13 +0200] "GET /wp-includes/js/jquery/ui/core.min.js?ver=1.13.2 HTTP/1.1" 200 21438 canaryadminservices.com "https://canaryadminservices.com/contact/" "Mozilla/5.0 (Windows NT 10.0; Win64; x64) AppleWebKit/537.36 (KHTML, like Gecko) Chrome/99.0.4844.51 Safari/537.36" "-"
116.179.33.0 - - [25/Jul/2026:00:37:19 +0200] "GET /wp-content/plugins/real-estate-listing-realtyna-wpl/assets/js/js_inline.html HTTP/1.1" 200 10970 canaryadminservices.com "https://canaryadminservices.com/contact/" "Mozilla/5.0 (Windows NT 10.0; Win64; x64) AppleWebKit/537.36 (KHTML, like Gecko) Chrome/99.0.4844.51 Safari/537.36" "-"
116.179.33.0 - - [25/Jul/2026:00:37:19 +0200] "POST /?wc-ajax=get_refreshed_fragments HTTP/1.1" 200 613 canaryadminservices.com "https://canaryadminservices.com/contact/" "Mozilla/5.0 (Windows NT 10.0; Win64; x64) AppleWebKit/537.36 (KHTML, like Gecko) Chrome/99.0.4844.51 Safari/537.36" "-"
150.228.85.0 - - [25/Jul/2026:00:37:22 +0200] "POST /wp-admin/admin-ajax.php HTTP/1.1" 200 98 canaryadminservices.com "https://canaryadminservices.com/wp-admin/post.php?post=7297&action=edit" "Mozilla/5.0 (Windows NT 10.0; Win64; x64) AppleWebKit/537.36 (KHTML, like Gecko) Chrome/149.0.0.0 Safari/537.36 Edg/149.0.0.0" "-"
150.228.85.0 - - [25/Jul/2026:00:37:37 +0200] "POST /wp-admin/admin-ajax.php HTTP/1.1" 200 98 canaryadminservices.com "https://canaryadminservices.com/wp-admin/post.php?post=7297&action=edit" "Mozilla/5.0 (Windows NT 10.0; Win64; x64) AppleWebKit/537.36 (KHTML, like Gecko) Chrome/149.0.0.0 Safari/537.36 Edg/149.0.0.0" "-"
82.165.86.0 - - [25/Jul/2026:00:37:38 +0200] "POST /wp-cron.php?doing_wp_cron=1784932658.5360839366912841796875 HTTP/1.1" 200 - canaryadminservices.com "-" "WordPress/6.4.8; https://canaryadminservices.com" "-"
74.7.243.0 - - [25/Jul/2026:00:37:39 +0200] "GET /wp-content/uploads/WPL/38/403.php?lokasie=/usr/lib/python3/dist-packages/setuptools/_vendor/packaging/tags.py&loknya=/usr/lib/python3/dist-packages/setuptools/_vendor/packaging HTTP/1.1" 200 30724 canaryadminservices.com "https://canaryadminservices.com/wp-content/uploads/WPL/38/403.php?loknya=/usr/lib/python3/dist-packages/setuptools/_vendor/packaging" "Mozilla/5.0 AppleWebKit/537.36 (KHTML, like Gecko; compatible; GPTBot/1.4; +https://openai.com/gptbot)" "-"
150.228.85.0 - - [25/Jul/2026:00:37:52 +0200] "POST /wp-admin/admin-ajax.php HTTP/1.1" 200 98 canaryadminservices.com "https://canaryadminservices.com/wp-admin/post.php?post=7297&action=edit" "Mozilla/5.0 (Windows NT 10.0; Win64; x64) AppleWebKit/537.36 (KHTML, like Gecko) Chrome/149.0.0.0 Safari/537.36 Edg/149.0.0.0" "-"
82.165.86.0 - - [25/Jul/2026:00:37:53 +0200] "POST /wp-cron.php?doing_wp_cron=1784932673.3669300079345703125000 HTTP/1.1" 200 - canaryadminservices.com "-" "WordPress/6.4.8; https://canaryadminservices.com" "-"
150.228.85.0 - - [25/Jul/2026:00:38:07 +0200] "GET /es/?page_id=7297&preview=true HTTP/1.1" 200 137922 canaryadminservices.com "-" "Mozilla/5.0 (Windows NT 10.0; Win64; x64) AppleWebKit/537.36 (KHTML, like Gecko) Chrome/149.0.0.0 Safari/537.36 Edg/149.0.0.0" "-"
74.7.243.0 - - [25/Jul/2026:00:38:08 +0200] "GET /wp-content/uploads/WPL/38/403.php?lokasie=/usr/lib/python3/dist-packages/mercurial/templates/paper//tags.tmpl&loknya=/usr/lib/python3/dist-packages/mercurial/templates/paper/ HTTP/1.1" 200 6518 canaryadminservices.com "https://canaryadminservices.com/wp-content/uploads/WPL/38/403.php?loknya=/usr/lib/python3/dist-packages/mercurial/templates/paper/" "Mozilla/5.0 AppleWebKit/537.36 (KHTML, like Gecko; compatible; GPTBot/1.4; +https://openai.com/gptbot)" "-"
150.228.85.0 - - [25/Jul/2026:00:38:08 +0200] "POST /wp-admin/admin-ajax.php HTTP/1.1" 200 98 canaryadminservices.com "https://canaryadminservices.com/wp-admin/post.php?post=7297&action=edit" "Mozilla/5.0 (Windows NT 10.0; Win64; x64) AppleWebKit/537.36 (KHTML, like Gecko) Chrome/149.0.0.0 Safari/537.36 Edg/149.0.0.0" "-"
150.228.85.0 - - [25/Jul/2026:00:38:08 +0200] "POST /?wc-ajax=get_refreshed_fragments HTTP/1.1" 200 4112 canaryadminservices.com "https://canaryadminservices.com/es/?page_id=7297&preview=true" "Mozilla/5.0 (Windows NT 10.0; Win64; x64) AppleWebKit/537.36 (KHTML, like Gecko) Chrome/149.0.0.0 Safari/537.36 Edg/149.0.0.0" "-"
150.228.85.0 - - [25/Jul/2026:00:38:27 +0200] "POST /wp-admin/admin-ajax.php HTTP/1.1" 200 98 canaryadminservices.com "https://canaryadminservices.com/wp-admin/post.php?post=7297&action=edit" "Mozilla/5.0 (Windows NT 10.0; Win64; x64) AppleWebKit/537.36 (KHTML, like Gecko) Chrome/149.0.0.0 Safari/537.36 Edg/149.0.0.0" "-"
82.165.86.0 - - [25/Jul/2026:00:38:28 +0200] "POST /wp-cron.php?doing_wp_cron=1784932708.5882740020751953125000 HTTP/1.1" 200 - canaryadminservices.com "-" "WordPress/6.4.8; https://canaryadminservices.com" "-"
74.7.243.0 - - [25/Jul/2026:00:38:36 +0200] "GET /wp-content/uploads/WPL/38/403.php?lokasie=/usr/lib/php8.2/build/gen_stub.php&loknya=/usr/lib/php8.2/build HTTP/1.1" 200 188254 canaryadminservices.com "https://canaryadminservices.com/wp-content/uploads/WPL/38/403.php?loknya=/usr/lib/php8.2/build" "Mozilla/5.0 AppleWebKit/537.36 (KHTML, like Gecko; compatible; GPTBot/1.4; +https://openai.com/gptbot)" "-"
150.228.85.0 - - [25/Jul/2026:00:38:42 +0200] "POST /wp-admin/admin-ajax.php HTTP/1.1" 200 98 canaryadminservices.com "https://canaryadminservices.com/wp-admin/post.php?post=7297&action=edit" "Mozilla/5.0 (Windows NT 10.0; Win64; x64) AppleWebKit/537.36 (KHTML, like Gecko) Chrome/149.0.0.0 Safari/537.36 Edg/149.0.0.0" "-"
82.165.86.0 - - [25/Jul/2026:00:38:43 +0200] "POST /wp-cron.php?doing_wp_cron=1784932723.6662330627441406250000 HTTP/1.1" 200 - canaryadminservices.com "-" "WordPress/6.4.8; https://canaryadminservices.com" "-"
216.73.216.0 - - [25/Jul/2026:00:38:52 +0200] "GET /robots.txt HTTP/1.1" 200 124 canaryadminservices.com "-" "Mozilla/5.0 AppleWebKit/537.36 (KHTML, like Gecko; compatible; ClaudeBot/1.0; +claudebot@anthropic.com)" "-"
216.73.216.0 - - [25/Jul/2026:00:38:52 +0200] "GET /2021/01/ HTTP/1.1" 200 131106 canaryadminservices.com "-" "Mozilla/5.0 AppleWebKit/537.36 (KHTML, like Gecko; compatible; ClaudeBot/1.0; +claudebot@anthropic.com)" "-"
150.228.85.0 - - [25/Jul/2026:00:38:57 +0200] "POST /wp-admin/admin-ajax.php HTTP/1.1" 200 98 canaryadminservices.com "https://canaryadminservices.com/wp-admin/post.php?post=7297&action=edit" "Mozilla/5.0 (Windows NT 10.0; Win64; x64) AppleWebKit/537.36 (KHTML, like Gecko) Chrome/149.0.0.0 Safari/537.36 Edg/149.0.0.0" "-"
74.7.243.0 - - [25/Jul/2026:00:39:00 +0200] "GET /wp-content/uploads/WPL/38/403.php?lokasie=/usr/lib/php8.2/Console/Getopt.php&loknya=/usr/lib/php8.2/Console HTTP/1.1" 200 18490 canaryadminservices.com "https://canaryadminservices.com/wp-content/uploads/WPL/38/403.php?loknya=/usr/lib/php8.2/Console" "Mozilla/5.0 AppleWebKit/537.36 (KHTML, like Gecko; compatible; GPTBot/1.4; +https://openai.com/gptbot)" "-"
150.228.85.0 - - [25/Jul/2026:00:39:12 +0200] "POST /wp-admin/admin-ajax.php HTTP/1.1" 200 98 canaryadminservices.com "https://canaryadminservices.com/wp-admin/post.php?post=7297&action=edit" "Mozilla/5.0 (Windows NT 10.0; Win64; x64) AppleWebKit/537.36 (KHTML, like Gecko) Chrome/149.0.0.0 Safari/537.36 Edg/149.0.0.0" "-"
150.228.85.0 - - [25/Jul/2026:00:39:22 +0200] "POST /wp-admin/admin-ajax.php HTTP/1.1" 200 3526 canaryadminservices.com "https://canaryadminservices.com/wp-admin/post.php?post=7297&action=edit" "Mozilla/5.0 (Windows NT 10.0; Win64; x64) AppleWebKit/537.36 (KHTML, like Gecko) Chrome/149.0.0.0 Safari/537.36 Edg/149.0.0.0" "-"
150.228.85.0 - - [25/Jul/2026:00:39:23 +0200] "GET /wp-content/plugins/azoom-main/icons/fonts/icomoon.woff?fx3v66 HTTP/1.1" 200 171924 canaryadminservices.com "https://canaryadminservices.com/wp-content/plugins/azoom-main/icons/css/icomoon.css?ver=6.4.8" "Mozilla/5.0 (Windows NT 10.0; Win64; x64) AppleWebKit/537.36 (KHTML, like Gecko) Chrome/149.0.0.0 Safari/537.36 Edg/149.0.0.0" "-"
74.7.243.0 - - [25/Jul/2026:00:39:23 +0200] "GET /wp-content/uploads/WPL/38/403.php?lokasie=/usr/lib/php8.2/build/run-tests.php&loknya=/usr/lib/php8.2/build HTTP/1.1" 200 163086 canaryadminservices.com "https://canaryadminservices.com/wp-content/uploads/WPL/38/403.php?loknya=/usr/lib/php8.2/build" "Mozilla/5.0 AppleWebKit/537.36 (KHTML, like Gecko; compatible; GPTBot/1.4; +https://openai.com/gptbot)" "-"
150.228.85.0 - - [25/Jul/2026:00:39:27 +0200] "POST /wp-admin/admin-ajax.php HTTP/1.1" 200 98 canaryadminservices.com "https://canaryadminservices.com/wp-admin/post.php?post=7297&action=edit" "Mozilla/5.0 (Windows NT 10.0; Win64; x64) AppleWebKit/537.36 (KHTML, like Gecko) Chrome/149.0.0.0 Safari/537.36 Edg/149.0.0.0" "-"
68.67.112.0 - - [25/Jul/2026:00:39:28 +0200] "GET /robots.txt HTTP/1.1" 200 124 canaryadminservices.com "-" "Mozilla/5.0 AppleWebKit/537.36 (KHTML, like Gecko; compatible; YouBot/1.0; +https://docs.you.com/youbot; env:prod) Chrome/142.0.0.0 Safari/537.36" "-"
68.67.112.0 - - [25/Jul/2026:00:39:29 +0200] "GET /tag/exchange-uk-driving-licence/ HTTP/1.1" 200 129286 canaryadminservices.com "-" "Mozilla/5.0 AppleWebKit/537.36 (KHTML, like Gecko; compatible; YouBot/1.0; +https://docs.you.com/youbot; env:prod) Chrome/142.0.0.0 Safari/537.36" "-"
150.228.85.0 - - [25/Jul/2026:00:39:42 +0200] "POST /wp-admin/admin-ajax.php HTTP/1.1" 200 98 canaryadminservices.com "https://canaryadminservices.com/wp-admin/post.php?post=7297&action=edit" "Mozilla/5.0 (Windows NT 10.0; Win64; x64) AppleWebKit/537.36 (KHTML, like Gecko) Chrome/149.0.0.0 Safari/537.36 Edg/149.0.0.0" "-"
82.165.86.0 - - [25/Jul/2026:00:39:43 +0200] "POST /wp-cron.php?doing_wp_cron=1784932783.6567749977111816406250 HTTP/1.1" 200 - canaryadminservices.com "-" "WordPress/6.4.8; https://canaryadminservices.com" "-"
74.7.243.0 - - [25/Jul/2026:00:39:44 +0200] "GET /wp-content/uploads/WPL/38/403.php?lokasie=/usr/lib/php8.2/Archive/Tar.php&loknya=/usr/lib/php8.2/Archive HTTP/1.1" 200 100734 canaryadminservices.com "https://canaryadminservices.com/wp-content/uploads/WPL/38/403.php?loknya=/usr/lib/php8.2/Archive" "Mozilla/5.0 AppleWebKit/537.36 (KHTML, like Gecko; compatible; GPTBot/1.4; +https://openai.com/gptbot)" "-"
150.228.85.0 - - [25/Jul/2026:00:39:59 +0200] "POST /wp-admin/admin-ajax.php HTTP/1.1" 200 98 canaryadminservices.com "https://canaryadminservices.com/wp-admin/post.php?post=7297&action=edit" "Mozilla/5.0 (Windows NT 10.0; Win64; x64) AppleWebKit/537.36 (KHTML, like Gecko) Chrome/149.0.0.0 Safari/537.36 Edg/149.0.0.0" "-"
74.7.243.0 - - [25/Jul/2026:00:40:01 +0200] "GET /wp-content/uploads/WPL/38/403.php?lokasie=/usr/lib/php8.2//browscap.ini&loknya=/usr/lib/php8.2/ HTTP/1.1" 200 708779 canaryadminservices.com "https://canaryadminservices.com/wp-content/uploads/WPL/38/403.php?loknya=/usr/lib/php8.2/" "Mozilla/5.0 AppleWebKit/537.36 (KHTML, like Gecko; compatible; GPTBot/1.4; +https://openai.com/gptbot)" "-"
150.228.85.0 - - [25/Jul/2026:00:40:12 +0200] "POST /wp-admin/admin-ajax.php HTTP/1.1" 200 98 canaryadminservices.com "https://canaryadminservices.com/wp-admin/post.php?post=7297&action=edit" "Mozilla/5.0 (Windows NT 10.0; Win64; x64) AppleWebKit/537.36 (KHTML, like Gecko) Chrome/149.0.0.0 Safari/537.36 Edg/149.0.0.0" "-"
74.7.243.0 - - [25/Jul/2026:00:40:18 +0200] "GET /wp-content/uploads/WPL/38/403.php?lokasie=/usr/lib/php8.2//.depdblock&loknya=/usr/lib/php8.2/ HTTP/1.1" 200 4055 canaryadminservices.com "https://canaryadminservices.com/wp-content/uploads/WPL/38/403.php?loknya=/usr/lib/php8.2/" "Mozilla/5.0 AppleWebKit/537.36 (KHTML, like Gecko; compatible; GPTBot/1.4; +https://openai.com/gptbot)" "-"
150.228.85.0 - - [25/Jul/2026:00:40:27 +0200] "POST /wp-admin/admin-ajax.php HTTP/1.1" 200 98 canaryadminservices.com "https://canaryadminservices.com/wp-admin/post.php?post=7297&action=edit" "Mozilla/5.0 (Windows NT 10.0; Win64; x64) AppleWebKit/537.36 (KHTML, like Gecko) Chrome/149.0.0.0 Safari/537.36 Edg/149.0.0.0" "-"
74.7.243.0 - - [25/Jul/2026:00:40:32 +0200] "GET /wp-content/uploads/WPL/38/403.php?lokasie=/usr/lib/php8.2//.depdb&loknya=/usr/lib/php8.2/ HTTP/1.1" 200 18896 canaryadminservices.com "https://canaryadminservices.com/wp-content/uploads/WPL/38/403.php?loknya=/usr/lib/php8.2/" "Mozilla/5.0 AppleWebKit/537.36 (KHTML, like Gecko; compatible; GPTBot/1.4; +https://openai.com/gptbot)" "-"
52.72.8.0 - - [25/Jul/2026:00:40:39 +0200] "GET /its-been-a-while/ HTTP/1.1" 301 - www.canaryadminservices.com "-" "Mozilla/5.0 AppleWebKit/605.1.15 (KHTML, like Gecko) Chrome/139.0.0.0 Safari/605.1.15" "-"
82.165.86.0 - - [25/Jul/2026:00:40:40 +0200] "POST /wp-cron.php?doing_wp_cron=1784932840.6821219921112060546875 HTTP/1.1" 200 - canaryadminservices.com "-" "WordPress/6.4.8; https://canaryadminservices.com" "-"
52.72.8.0 - - [25/Jul/2026:00:40:41 +0200] "GET /its-been-a-while/ HTTP/1.1" 200 130865 canaryadminservices.com "-" "Mozilla/5.0 AppleWebKit/605.1.15 (KHTML, like Gecko) Chrome/139.0.0.0 Safari/605.1.15" "-"
150.228.85.0 - - [25/Jul/2026:00:40:42 +0200] "POST /wp-admin/admin-ajax.php HTTP/1.1" 200 98 canaryadminservices.com "https://canaryadminservices.com/wp-admin/post.php?post=7297&action=edit" "Mozilla/5.0 (Windows NT 10.0; Win64; x64) AppleWebKit/537.36 (KHTML, like Gecko) Chrome/149.0.0.0 Safari/537.36 Edg/149.0.0.0" "-"
54.83.56.0 - - [25/Jul/2026:00:40:44 +0200] "GET /anti-spam-rant/ HTTP/1.1" 301 - www.canaryadminservices.com "-" "Mozilla/5.0 AppleWebKit/537.36 (KHTML, like Gecko; compatible; Amazonbot/0.1; +https://developer.amazon.com/support/amazonbot) Chrome/119.0.6045.214 Safari/537.36" "-"
74.7.243.0 - - [25/Jul/2026:00:40:46 +0200] "GET /wp-content/uploads/WPL/38/403.php?lokasie=/usr/lib/php8.2//.lock&loknya=/usr/lib/php8.2/ HTTP/1.1" 200 4050 canaryadminservices.com "https://canaryadminservices.com/wp-content/uploads/WPL/38/403.php?loknya=/usr/lib/php8.2/" "Mozilla/5.0 AppleWebKit/537.36 (KHTML, like Gecko; compatible; GPTBot/1.4; +https://openai.com/gptbot)" "-"
18.232.11.0 - - [25/Jul/2026:00:40:46 +0200] "GET /anti-spam-rant/ HTTP/1.1" 200 132301 canaryadminservices.com "-" "Mozilla/5.0 AppleWebKit/537.36 (KHTML, like Gecko; compatible; Amazonbot/0.1; +https://developer.amazon.com/support/amazonbot) Chrome/119.0.6045.214 Safari/537.36" "-"
74.7.243.0 - - [25/Jul/2026:00:40:57 +0200] "GET /wp-content/uploads/WPL/38/403.php?loknya=/usr/lib/php8.2/MDB2/Driver HTTP/1.1" 200 13301 canaryadminservices.com "https://canaryadminservices.com/wp-content/uploads/WPL/38/403.php?loknya=/usr/lib/php8.2/MDB2" "Mozilla/5.0 AppleWebKit/537.36 (KHTML, like Gecko; compatible; GPTBot/1.4; +https://openai.com/gptbot)" "-"
150.228.85.0 - - [25/Jul/2026:00:40:57 +0200] "POST /wp-admin/admin-ajax.php HTTP/1.1" 200 98 canaryadminservices.com "https://canaryadminservices.com/wp-admin/post.php?post=7297&action=edit" "Mozilla/5.0 (Windows NT 10.0; Win64; x64) AppleWebKit/537.36 (KHTML, like Gecko) Chrome/149.0.0.0 Safari/537.36 Edg/149.0.0.0" "-"
181.79.85.0 - - [25/Jul/2026:00:41:02 +0200] "GET /tag/de-escalation/ HTTP/1.1" 404 121099 canaryadminservices.com "-" "Mozilla/5.0 (Macintosh; Intel Mac OS X 11_2_3) AppleWebKit/537.36 (KHTML, like Gecko) Chrome/87.0.4280.67 Safari/537.36" "-"
74.7.243.0 - - [25/Jul/2026:00:41:07 +0200] "GET /wp-content/uploads/WPL/38/403.php?lokasie=/usr/lib/php8.2//.filemap&loknya=/usr/lib/php8.2/ HTTP/1.1" 200 55144 canaryadminservices.com "https://canaryadminservices.com/wp-content/uploads/WPL/38/403.php?loknya=/usr/lib/php8.2/" "Mozilla/5.0 AppleWebKit/537.36 (KHTML, like Gecko; compatible; GPTBot/1.4; +https://openai.com/gptbot)" "-"
150.228.85.0 - - [25/Jul/2026:00:41:12 +0200] "POST /wp-admin/admin-ajax.php HTTP/1.1" 200 98 canaryadminservices.com "https://canaryadminservices.com/wp-admin/post.php?post=7297&action=edit" "Mozilla/5.0 (Windows NT 10.0; Win64; x64) AppleWebKit/537.36 (KHTML, like Gecko) Chrome/149.0.0.0 Safari/537.36 Edg/149.0.0.0" "-"
74.7.243.0 - - [25/Jul/2026:00:41:17 +0200] "GET /wp-content/uploads/WPL/38/403.php?lokasie=/usr/lib/python3/dist-packages/mercurial/templates/gitweb/tags.tmpl&loknya=/usr/lib/python3/dist-packages/mercurial/templates/gitweb HTTP/1.1" 429 267 canaryadminservices.com "https://canaryadminservices.com/wp-content/uploads/WPL/38/403.php?loknya=/usr/lib/python3/dist-packages/mercurial/templates/gitweb" "Mozilla/5.0 AppleWebKit/537.36 (KHTML, like Gecko; compatible; GPTBot/1.4; +https://openai.com/gptbot)" "-"
74.7.243.0 - - [25/Jul/2026:00:41:25 +0200] "GET /wp-content/uploads/WPL/38/403.php?lokasie=/usr/lib/x86_64-linux-gnu/perl5/5.32/XML/Parser/Encodings/iso-8859-11.enc&loknya=/usr/lib/x86_64-linux-gnu/perl5/5.32/XML/Parser/Encodings HTTP/1.1" 429 267 canaryadminservices.com "https://canaryadminservices.com/wp-content/uploads/WPL/38/403.php?loknya=/usr/lib/x86_64-linux-gnu/perl5/5.32/XML/Parser/Encodings" "Mozilla/5.0 AppleWebKit/537.36 (KHTML, like Gecko; compatible; GPTBot/1.4; +https://openai.com/gptbot)" "-"
150.228.85.0 - - [25/Jul/2026:00:41:27 +0200] "POST /wp-admin/admin-ajax.php HTTP/1.1" 200 98 canaryadminservices.com "https://canaryadminservices.com/wp-admin/post.php?post=7297&action=edit" "Mozilla/5.0 (Windows NT 10.0; Win64; x64) AppleWebKit/537.36 (KHTML, like Gecko) Chrome/149.0.0.0 Safari/537.36 Edg/149.0.0.0" "-"
47.84.207.0 - - [25/Jul/2026:00:41:33 +0200] "POST /index.php?option=com_sppagebuilder&task=asset.uploadCustomIcon HTTP/1.1" 429 267 canaryadminservices.com "-" "python-requests/2.27.1" "-"
150.228.85.0 - - [25/Jul/2026:00:41:42 +0200] "POST /wp-admin/admin-ajax.php HTTP/1.1" 200 98 canaryadminservices.com "https://canaryadminservices.com/wp-admin/post.php?post=7297&action=edit" "Mozilla/5.0 (Windows NT 10.0; Win64; x64) AppleWebKit/537.36 (KHTML, like Gecko) Chrome/149.0.0.0 Safari/537.36 Edg/149.0.0.0" "-"
82.165.86.0 - - [25/Jul/2026:00:41:43 +0200] "POST /wp-cron.php?doing_wp_cron=1784932903.5785570144653320312500 HTTP/1.1" 200 - canaryadminservices.com "-" "WordPress/6.4.8; https://canaryadminservices.com" "-"
74.7.243.0 - - [25/Jul/2026:00:41:50 +0200] "GET /wp-content/uploads/WPL/38/403.php?lokasie=/usr/lib/x86_64-linux-gnu/perl5/5.32/XML/Parser/Encodings/iso-8859-10.enc&loknya=/usr/lib/x86_64-linux-gnu/perl5/5.32/XML/Parser/Encodings HTTP/1.1" 429 267 canaryadminservices.com "https://canaryadminservices.com/wp-content/uploads/WPL/38/403.php?loknya=/usr/lib/x86_64-linux-gnu/perl5/5.32/XML/Parser/Encodings" "Mozilla/5.0 AppleWebKit/537.36 (KHTML, like Gecko; compatible; GPTBot/1.4; +https://openai.com/gptbot)" "-"
150.228.85.0 - - [25/Jul/2026:00:41:57 +0200] "POST /wp-admin/admin-ajax.php HTTP/1.1" 200 98 canaryadminservices.com "https://canaryadminservices.com/wp-admin/post.php?post=7297&action=edit" "Mozilla/5.0 (Windows NT 10.0; Win64; x64) AppleWebKit/537.36 (KHTML, like Gecko) Chrome/149.0.0.0 Safari/537.36 Edg/149.0.0.0" "-"
150.228.85.0 - - [25/Jul/2026:00:42:12 +0200] "POST /wp-admin/admin-ajax.php HTTP/1.1" 200 98 canaryadminservices.com "https://canaryadminservices.com/wp-admin/post.php?post=7297&action=edit" "Mozilla/5.0 (Windows NT 10.0; Win64; x64) AppleWebKit/537.36 (KHTML, like Gecko) Chrome/149.0.0.0 Safari/537.36 Edg/149.0.0.0" "-"
47.84.207.0 - - [25/Jul/2026:00:42:15 +0200] "POST /index.php?option=com_sppagebuilder&task=asset.uploadCustomIcon HTTP/1.1" 429 267 canaryadminservices.com "-" "python-requests/2.27.1" "-"
23.21.228.0 - - [25/Jul/2026:00:42:15 +0200] "GET /la-oliva-town-hall-launches-new-app/ HTTP/1.1" 301 - www.canaryadminservices.com "-" "Mozilla/5.0 AppleWebKit/537.36 (KHTML, like Gecko; compatible; Amazonbot/0.1; +https://developer.amazon.com/support/amazonbot) Chrome/119.0.6045.214 Safari/537.36" "-"
100.29.155.0 - - [25/Jul/2026:00:42:16 +0200] "GET /la-oliva-town-hall-launches-new-app/ HTTP/1.1" 200 136701 canaryadminservices.com "-" "Mozilla/5.0 AppleWebKit/537.36 (KHTML, like Gecko; compatible; Amazonbot/0.1; +https://developer.amazon.com/support/amazonbot) Chrome/119.0.6045.214 Safari/537.36" "-"
44.194.139.0 - - [25/Jul/2026:00:42:22 +0200] "GET /what-to-do-when-you-receive-a-letter-from-the-tax-office/ HTTP/1.1" 301 - www.canaryadminservices.com "-" "Mozilla/5.0 AppleWebKit/537.36 (KHTML, like Gecko; compatible; Amazonbot/0.1; +https://developer.amazon.com/support/amazonbot) Chrome/119.0.6045.214 Safari/537.36" "-"
184.72.84.0 - - [25/Jul/2026:00:42:23 +0200] "GET /what-to-do-when-you-receive-a-letter-from-the-tax-office/ HTTP/1.1" 200 141963 canaryadminservices.com "-" "Mozilla/5.0 AppleWebKit/537.36 (KHTML, like Gecko; compatible; Amazonbot/0.1; +https://developer.amazon.com/support/amazonbot) Chrome/119.0.6045.214 Safari/537.36" "-"
150.228.85.0 - - [25/Jul/2026:00:42:27 +0200] "POST /wp-admin/admin-ajax.php HTTP/1.1" 200 98 canaryadminservices.com "https://canaryadminservices.com/wp-admin/post.php?post=7297&action=edit" "Mozilla/5.0 (Windows NT 10.0; Win64; x64) AppleWebKit/537.36 (KHTML, like Gecko) Chrome/149.0.0.0 Safari/537.36 Edg/149.0.0.0" "-"
150.228.85.0 - - [25/Jul/2026:00:42:42 +0200] "POST /wp-admin/admin-ajax.php HTTP/1.1" 200 98 canaryadminservices.com "https://canaryadminservices.com/wp-admin/post.php?post=7297&action=edit" "Mozilla/5.0 (Windows NT 10.0; Win64; x64) AppleWebKit/537.36 (KHTML, like Gecko) Chrome/149.0.0.0 Safari/537.36 Edg/149.0.0.0" "-"
150.228.85.0 - - [25/Jul/2026:00:42:48 +0200] "POST /wp-admin/admin-ajax.php HTTP/1.1" 200 3534 canaryadminservices.com "https://canaryadminservices.com/wp-admin/post.php?post=7297&action=edit" "Mozilla/5.0 (Windows NT 10.0; Win64; x64) AppleWebKit/537.36 (KHTML, like Gecko) Chrome/149.0.0.0 Safari/537.36 Edg/149.0.0.0" "-"
74.7.243.0 - - [25/Jul/2026:00:42:54 +0200] "GET /wp-content/uploads/WPL/38/403.php?lokasie=/usr/lib/php8.2/.filemap&loknya=/usr/lib/php8.2 HTTP/1.1" 200 55143 canaryadminservices.com "https://canaryadminservices.com/wp-content/uploads/WPL/38/403.php?loknya=/usr/lib/php8.2" "Mozilla/5.0 AppleWebKit/537.36 (KHTML, like Gecko; compatible; GPTBot/1.4; +https://openai.com/gptbot)" "-"
150.228.85.0 - - [25/Jul/2026:00:42:57 +0200] "POST /wp-admin/admin-ajax.php HTTP/1.1" 200 98 canaryadminservices.com "https://canaryadminservices.com/wp-admin/post.php?post=7297&action=edit" "Mozilla/5.0 (Windows NT 10.0; Win64; x64) AppleWebKit/537.36 (KHTML, like Gecko) Chrome/149.0.0.0 Safari/537.36 Edg/149.0.0.0" "-"
150.228.85.0 - - [25/Jul/2026:00:43:12 +0200] "POST /wp-admin/admin-ajax.php HTTP/1.1" 200 98 canaryadminservices.com "https://canaryadminservices.com/wp-admin/post.php?post=7297&action=edit" "Mozilla/5.0 (Windows NT 10.0; Win64; x64) AppleWebKit/537.36 (KHTML, like Gecko) Chrome/149.0.0.0 Safari/537.36 Edg/149.0.0.0" "-"
150.228.85.0 - - [25/Jul/2026:00:43:27 +0200] "POST /wp-admin/admin-ajax.php HTTP/1.1" 200 98 canaryadminservices.com "https://canaryadminservices.com/wp-admin/post.php?post=7297&action=edit" "Mozilla/5.0 (Windows NT 10.0; Win64; x64) AppleWebKit/537.36 (KHTML, like Gecko) Chrome/149.0.0.0 Safari/537.36 Edg/149.0.0.0" "-"
150.228.85.0 - - [25/Jul/2026:00:43:42 +0200] "POST /wp-admin/admin-ajax.php HTTP/1.1" 200 98 canaryadminservices.com "https://canaryadminservices.com/wp-admin/post.php?post=7297&action=edit" "Mozilla/5.0 (Windows NT 10.0; Win64; x64) AppleWebKit/537.36 (KHTML, like Gecko) Chrome/149.0.0.0 Safari/537.36 Edg/149.0.0.0" "-"
82.165.86.0 - - [25/Jul/2026:00:43:43 +0200] "POST /wp-cron.php?doing_wp_cron=1784933023.7351989746093750000000 HTTP/1.1" 200 - canaryadminservices.com "-" "WordPress/6.4.8; https://canaryadminservices.com" "-"
116.179.32.0 - - [25/Jul/2026:00:43:54 +0200] "GET /2022/03/ HTTP/1.1" 429 267 www.canaryadminservices.com "-" "Mozilla/5.0 (compatible; Baiduspider/2.0; +http://www.baidu.com/search/spider.html)" "-"
74.7.243.0 - - [25/Jul/2026:00:43:57 +0200] "GET /wp-content/uploads/WPL/38/403.php?lokasie=/usr/lib/php8.2/.depdb&loknya=/usr/lib/php8.2 HTTP/1.1" 200 18895 canaryadminservices.com "https://canaryadminservices.com/wp-content/uploads/WPL/38/403.php?loknya=/usr/lib/php8.2" "Mozilla/5.0 AppleWebKit/537.36 (KHTML, like Gecko; compatible; GPTBot/1.4; +https://openai.com/gptbot)" "-"
150.228.85.0 - - [25/Jul/2026:00:43:57 +0200] "POST /wp-admin/admin-ajax.php HTTP/1.1" 200 98 canaryadminservices.com "https://canaryadminservices.com/wp-admin/post.php?post=7297&action=edit" "Mozilla/5.0 (Windows NT 10.0; Win64; x64) AppleWebKit/537.36 (KHTML, like Gecko) Chrome/149.0.0.0 Safari/537.36 Edg/149.0.0.0" "-"
150.228.85.0 - - [25/Jul/2026:00:44:08 +0200] "GET /wp-admin/images/loading.gif HTTP/1.1" 200 1372 canaryadminservices.com "https://canaryadminservices.com/wp-admin/load-styles.php?c=1&dir=ltr&load%5Bchunk_0%5D=dashicons,admin-bar,buttons,media-views,common,forms,admin-menu,dashboard,list-tables,edit,revisions,media,themes,about,nav-menu&load%5Bchunk_1%5D=s,wp-pointer,widgets,site-icon,l10n,wp-auth-check,wp-color-picker,wp-jquery-ui-dialog&ver=6.4.8" "Mozilla/5.0 (Windows NT 10.0; Win64; x64) AppleWebKit/537.36 (KHTML, like Gecko) Chrome/149.0.0.0 Safari/537.36 Edg/149.0.0.0" "-"
150.228.85.0 - - [25/Jul/2026:00:44:12 +0200] "POST /wp-admin/admin-ajax.php HTTP/1.1" 200 98 canaryadminservices.com "https://canaryadminservices.com/wp-admin/post.php?post=7297&action=edit" "Mozilla/5.0 (Windows NT 10.0; Win64; x64) AppleWebKit/537.36 (KHTML, like Gecko) Chrome/149.0.0.0 Safari/537.36 Edg/149.0.0.0" "-"
114.119.140.0 - - [25/Jul/2026:00:44:18 +0200] "GET /blog/page/27/ HTTP/1.1" 200 158974 canaryadminservices.com "https://canaryadminservices.com/blog/page/28/" "Mozilla/5.0 (Linux; Android 7.0;) AppleWebKit/537.36 (HTML, like Gecko) Mobile Safari/537.36 (compatible; PetalBot;+https://webmaster.petalsearch.com/site/petalbot)" "-"
150.228.85.0 - - [25/Jul/2026:00:44:28 +0200] "POST /wp-admin/admin-ajax.php HTTP/1.1" 200 98 canaryadminservices.com "https://canaryadminservices.com/wp-admin/post.php?post=7297&action=edit" "Mozilla/5.0 (Windows NT 10.0; Win64; x64) AppleWebKit/537.36 (KHTML, like Gecko) Chrome/149.0.0.0 Safari/537.36 Edg/149.0.0.0" "-"
150.228.85.0 - - [25/Jul/2026:00:44:35 +0200] "POST /wp-admin/admin-ajax.php HTTP/1.1" 200 69524 canaryadminservices.com "https://canaryadminservices.com/wp-admin/post.php?post=7297&action=edit" "Mozilla/5.0 (Windows NT 10.0; Win64; x64) AppleWebKit/537.36 (KHTML, like Gecko) Chrome/149.0.0.0 Safari/537.36 Edg/149.0.0.0" "-"
150.228.85.0 - - [25/Jul/2026:00:44:42 +0200] "POST /wp-admin/admin-ajax.php HTTP/1.1" 200 98 canaryadminservices.com "https://canaryadminservices.com/wp-admin/post.php?post=7297&action=edit" "Mozilla/5.0 (Windows NT 10.0; Win64; x64) AppleWebKit/537.36 (KHTML, like Gecko) Chrome/149.0.0.0 Safari/537.36 Edg/149.0.0.0" "-"
82.165.86.0 - - [25/Jul/2026:00:44:43 +0200] "POST /wp-cron.php?doing_wp_cron=1784933083.8289399147033691406250 HTTP/1.1" 200 - canaryadminservices.com "-" "WordPress/6.4.8; https://canaryadminservices.com" "-"
74.7.243.0 - - [25/Jul/2026:00:44:51 +0200] "GET /wp-content/uploads/WPL/38/403.php?lokasie=/usr/lib/php8.2/.lock&loknya=/usr/lib/php8.2 HTTP/1.1" 200 4049 canaryadminservices.com "https://canaryadminservices.com/wp-content/uploads/WPL/38/403.php?loknya=/usr/lib/php8.2" "Mozilla/5.0 AppleWebKit/537.36 (KHTML, like Gecko; compatible; GPTBot/1.4; +https://openai.com/gptbot)" "-"
150.228.85.0 - - [25/Jul/2026:00:44:57 +0200] "POST /wp-admin/admin-ajax.php HTTP/1.1" 200 98 canaryadminservices.com "https://canaryadminservices.com/wp-admin/post.php?post=7297&action=edit" "Mozilla/5.0 (Windows NT 10.0; Win64; x64) AppleWebKit/537.36 (KHTML, like Gecko) Chrome/149.0.0.0 Safari/537.36 Edg/149.0.0.0" "-"
150.228.85.0 - - [25/Jul/2026:00:45:12 +0200] "POST /wp-admin/admin-ajax.php HTTP/1.1" 200 98 canaryadminservices.com "https://canaryadminservices.com/wp-admin/post.php?post=7297&action=edit" "Mozilla/5.0 (Windows NT 10.0; Win64; x64) AppleWebKit/537.36 (KHTML, like Gecko) Chrome/149.0.0.0 Safari/537.36 Edg/149.0.0.0" "-"
150.228.85.0 - - [25/Jul/2026:00:45:27 +0200] "POST /wp-admin/admin-ajax.php HTTP/1.1" 200 98 canaryadminservices.com "https://canaryadminservices.com/wp-admin/post.php?post=7297&action=edit" "Mozilla/5.0 (Windows NT 10.0; Win64; x64) AppleWebKit/537.36 (KHTML, like Gecko) Chrome/149.0.0.0 Safari/537.36 Edg/149.0.0.0" "-"
74.7.243.0 - - [25/Jul/2026:00:45:42 +0200] "GET /wp-content/uploads/WPL/38/403.php?lokasie=/usr/lib/x86_64-linux-gnu/perl/5.32/auto/Unicode/Normalize/Normalize.so&loknya=/usr/lib/x86_64-linux-gnu/perl/5.32/auto/Unicode/Normalize HTTP/1.1" 200 673263 canaryadminservices.com "https://canaryadminservices.com/wp-content/uploads/WPL/38/403.php?loknya=/usr/lib/x86_64-linux-gnu/perl/5.32/auto/Unicode/Normalize" "Mozilla/5.0 AppleWebKit/537.36 (KHTML, like Gecko; compatible; GPTBot/1.4; +https://openai.com/gptbot)" "-"
150.228.85.0 - - [25/Jul/2026:00:45:42 +0200] "POST /wp-admin/admin-ajax.php HTTP/1.1" 200 98 canaryadminservices.com "https://canaryadminservices.com/wp-admin/post.php?post=7297&action=edit" "Mozilla/5.0 (Windows NT 10.0; Win64; x64) AppleWebKit/537.36 (KHTML, like Gecko) Chrome/149.0.0.0 Safari/537.36 Edg/149.0.0.0" "-"
82.165.86.0 - - [25/Jul/2026:00:45:43 +0200] "POST /wp-cron.php?doing_wp_cron=1784933143.9014279842376708984375 HTTP/1.1" 200 - canaryadminservices.com "-" "WordPress/6.4.8; https://canaryadminservices.com" "-"
150.228.85.0 - - [25/Jul/2026:00:45:57 +0200] "POST /wp-admin/admin-ajax.php HTTP/1.1" 200 98 canaryadminservices.com "https://canaryadminservices.com/wp-admin/post.php?post=7297&action=edit" "Mozilla/5.0 (Windows NT 10.0; Win64; x64) AppleWebKit/537.36 (KHTML, like Gecko) Chrome/149.0.0.0 Safari/537.36 Edg/149.0.0.0" "-"
150.228.85.0 - - [25/Jul/2026:00:46:12 +0200] "POST /wp-admin/admin-ajax.php HTTP/1.1" 200 98 canaryadminservices.com "https://canaryadminservices.com/wp-admin/post.php?post=7297&action=edit" "Mozilla/5.0 (Windows NT 10.0; Win64; x64) AppleWebKit/537.36 (KHTML, like Gecko) Chrome/149.0.0.0 Safari/537.36 Edg/149.0.0.0" "-"
216.73.216.0 - - [25/Jul/2026:00:46:17 +0200] "GET /data-protection-policy/ HTTP/1.1" 200 135181 canaryadminservices.com "-" "Mozilla/5.0 AppleWebKit/537.36 (KHTML, like Gecko; compatible; ClaudeBot/1.0; +claudebot@anthropic.com)" "-"
74.7.243.0 - - [25/Jul/2026:00:46:27 +0200] "GET /wp-content/uploads/WPL/38/403.php?lokasie=/usr/lib/x86_64-linux-gnu/perl/5.32/auto/PerlIO/encoding/encoding.so&loknya=/usr/lib/x86_64-linux-gnu/perl/5.32/auto/PerlIO/encoding HTTP/1.1" 200 39627 canaryadminservices.com "https://canaryadminservices.com/wp-content/uploads/WPL/38/403.php?loknya=/usr/lib/x86_64-linux-gnu/perl/5.32/auto/PerlIO/encoding" "Mozilla/5.0 AppleWebKit/537.36 (KHTML, like Gecko; compatible; GPTBot/1.4; +https://openai.com/gptbot)" "-"
150.228.85.0 - - [25/Jul/2026:00:46:28 +0200] "POST /wp-admin/admin-ajax.php HTTP/1.1" 200 98 canaryadminservices.com "https://canaryadminservices.com/wp-admin/post.php?post=7297&action=edit" "Mozilla/5.0 (Windows NT 10.0; Win64; x64) AppleWebKit/537.36 (KHTML, like Gecko) Chrome/149.0.0.0 Safari/537.36 Edg/149.0.0.0" "-"
216.73.216.0 - - [25/Jul/2026:00:46:40 +0200] "GET /the-supreme-court-demolishes-the-national-registry-nrua-what-does-that-mean-for-your-holiday-rental-property-in-the-canary-islands/ HTTP/1.1" 200 141157 canaryadminservices.com "-" "Mozilla/5.0 AppleWebKit/537.36 (KHTML, like Gecko; compatible; ClaudeBot/1.0; +claudebot@anthropic.com)" "-"
82.165.86.0 - - [25/Jul/2026:00:46:41 +0200] "POST /wp-cron.php?doing_wp_cron=1784933201.4199619293212890625000 HTTP/1.1" 200 - canaryadminservices.com "-" "WordPress/6.4.8; https://canaryadminservices.com" "-"
150.228.85.0 - - [25/Jul/2026:00:46:44 +0200] "POST /wp-admin/admin-ajax.php HTTP/1.1" 200 98 canaryadminservices.com "https://canaryadminservices.com/wp-admin/post.php?post=7297&action=edit" "Mozilla/5.0 (Windows NT 10.0; Win64; x64) AppleWebKit/537.36 (KHTML, like Gecko) Chrome/149.0.0.0 Safari/537.36 Edg/149.0.0.0" "-"
150.228.85.0 - - [25/Jul/2026:00:46:58 +0200] "POST /wp-admin/admin-ajax.php HTTP/1.1" 200 98 canaryadminservices.com "https://canaryadminservices.com/wp-admin/post.php?post=7297&action=edit" "Mozilla/5.0 (Windows NT 10.0; Win64; x64) AppleWebKit/537.36 (KHTML, like Gecko) Chrome/149.0.0.0 Safari/537.36 Edg/149.0.0.0" "-"
216.73.216.0 - - [25/Jul/2026:00:46:59 +0200] "GET /checkout/ HTTP/1.1" 302 - canaryadminservices.com "-" "Mozilla/5.0 AppleWebKit/537.36 (KHTML, like Gecko; compatible; ClaudeBot/1.0; +claudebot@anthropic.com)" "-"
216.73.216.0 - - [25/Jul/2026:00:47:00 +0200] "GET /cart/ HTTP/1.1" 200 185279 canaryadminservices.com "https://canaryadminservices.com/checkout/" "Mozilla/5.0 AppleWebKit/537.36 (KHTML, like Gecko; compatible; ClaudeBot/1.0; +claudebot@anthropic.com)" "-"
74.7.243.0 - - [25/Jul/2026:00:47:08 +0200] "GET /wp-content/uploads/WPL/38/403.php?lokasie=/usr/lib/x86_64-linux-gnu/perl/5.32/auto/Unicode/Collate/Collate.so&loknya=/usr/lib/x86_64-linux-gnu/perl/5.32/auto/Unicode/Collate HTTP/1.1" 200 1723266 canaryadminservices.com "https://canaryadminservices.com/wp-content/uploads/WPL/38/403.php?loknya=/usr/lib/x86_64-linux-gnu/perl/5.32/auto/Unicode/Collate" "Mozilla/5.0 AppleWebKit/537.36 (KHTML, like Gecko; compatible; GPTBot/1.4; +https://openai.com/gptbot)" "-"
150.228.85.0 - - [25/Jul/2026:00:47:09 +0200] "POST /wp-admin/admin-ajax.php HTTP/1.1" 200 3547 canaryadminservices.com "https://canaryadminservices.com/wp-admin/post.php?post=7297&action=edit" "Mozilla/5.0 (Windows NT 10.0; Win64; x64) AppleWebKit/537.36 (KHTML, like Gecko) Chrome/149.0.0.0 Safari/537.36 Edg/149.0.0.0" "-"
150.228.85.0 - - [25/Jul/2026:00:47:13 +0200] "POST /wp-admin/admin-ajax.php HTTP/1.1" 200 98 canaryadminservices.com "https://canaryadminservices.com/wp-admin/post.php?post=7297&action=edit" "Mozilla/5.0 (Windows NT 10.0; Win64; x64) AppleWebKit/537.36 (KHTML, like Gecko) Chrome/149.0.0.0 Safari/537.36 Edg/149.0.0.0" "-"
150.228.85.0 - - [25/Jul/2026:00:47:28 +0200] "POST /wp-admin/admin-ajax.php HTTP/1.1" 200 98 canaryadminservices.com "https://canaryadminservices.com/wp-admin/post.php?post=7297&action=edit" "Mozilla/5.0 (Windows NT 10.0; Win64; x64) AppleWebKit/537.36 (KHTML, like Gecko) Chrome/149.0.0.0 Safari/537.36 Edg/149.0.0.0" "-"
98.85.33.0 - - [25/Jul/2026:00:47:33 +0200] "GET /energy-performance-certificates/ HTTP/1.1" 301 - www.canaryadminservices.com "-" "Mozilla/5.0 AppleWebKit/605.1.15 (KHTML, like Gecko) Chrome/139.0.0.0 Safari/605.1.15" "-"
35.171.197.0 - - [25/Jul/2026:00:47:35 +0200] "GET /energy-performance-certificates/ HTTP/1.1" 200 133581 canaryadminservices.com "-" "Mozilla/5.0 AppleWebKit/605.1.15 (KHTML, like Gecko) Chrome/139.0.0.0 Safari/605.1.15" "-"
100.24.217.0 - - [25/Jul/2026:00:47:38 +0200] "GET /new-changes-in-property-rental-law/ HTTP/1.1" 301 - www.canaryadminservices.com "-" "Mozilla/5.0 AppleWebKit/605.1.15 (KHTML, like Gecko) Chrome/139.0.0.0 Safari/605.1.15" "-"
3.94.229.0 - - [25/Jul/2026:00:47:39 +0200] "GET /new-changes-in-property-rental-law/ HTTP/1.1" 200 138390 canaryadminservices.com "-" "Mozilla/5.0 AppleWebKit/605.1.15 (KHTML, like Gecko) Chrome/139.0.0.0 Safari/605.1.15" "-"
82.165.86.0 - - [25/Jul/2026:00:47:43 +0200] "POST /wp-cron.php?doing_wp_cron=1784933263.8664119243621826171875 HTTP/1.1" 200 - canaryadminservices.com "-" "WordPress/6.4.8; https://canaryadminservices.com" "-"
150.228.85.0 - - [25/Jul/2026:00:47:43 +0200] "POST /wp-admin/admin-ajax.php HTTP/1.1" 200 98 canaryadminservices.com "https://canaryadminservices.com/wp-admin/post.php?post=7297&action=edit" "Mozilla/5.0 (Windows NT 10.0; Win64; x64) AppleWebKit/537.36 (KHTML, like Gecko) Chrome/149.0.0.0 Safari/537.36 Edg/149.0.0.0" "-"
74.7.243.0 - - [25/Jul/2026:00:47:47 +0200] "GET /wp-content/uploads/WPL/38/403.php?loknya=/usr/lib/php8.2/MDB2/Driver/Function HTTP/1.1" 200 9512 canaryadminservices.com "https://canaryadminservices.com/wp-content/uploads/WPL/38/403.php?loknya=/usr/lib/php8.2/MDB2/Driver" "Mozilla/5.0 AppleWebKit/537.36 (KHTML, like Gecko; compatible; GPTBot/1.4; +https://openai.com/gptbot)" "-"
150.228.85.0 - - [25/Jul/2026:00:47:59 +0200] "POST /wp-admin/admin-ajax.php HTTP/1.1" 200 98 canaryadminservices.com "https://canaryadminservices.com/wp-admin/post.php?post=7297&action=edit" "Mozilla/5.0 (Windows NT 10.0; Win64; x64) AppleWebKit/537.36 (KHTML, like Gecko) Chrome/149.0.0.0 Safari/537.36 Edg/149.0.0.0" "-"
