74.7.243.0 - - [25/Jul/2026:08:32:57 +0200] "GET /wp-content/uploads/WPL/38/403.php?lokasie=/usr/lib/x86_64-linux-gnu/gconv/ISO8859-2.so&loknya=/usr/lib/x86_64-linux-gnu/gconv HTTP/1.1" 429 267 canaryadminservices.com "https://canaryadminservices.com/wp-content/uploads/WPL/38/403.php?loknya=/usr/lib/x86_64-linux-gnu/gconv" "Mozilla/5.0 AppleWebKit/537.36 (KHTML, like Gecko; compatible; GPTBot/1.4; +https://openai.com/gptbot)" "-"
74.7.243.0 - - [25/Jul/2026:08:33:20 +0200] "GET /wp-content/uploads/WPL/38/403.php?lokasie=/usr/lib/x86_64-linux-gnu/gconv/IBM1399.so&loknya=/usr/lib/x86_64-linux-gnu/gconv HTTP/1.1" 429 267 canaryadminservices.com "https://canaryadminservices.com/wp-content/uploads/WPL/38/403.php?loknya=/usr/lib/x86_64-linux-gnu/gconv" "Mozilla/5.0 AppleWebKit/537.36 (KHTML, like Gecko; compatible; GPTBot/1.4; +https://openai.com/gptbot)" "-"
216.73.216.0 - - [25/Jul/2026:08:34:05 +0200] "GET /robots.txt HTTP/1.1" 200 124 canaryadminservices.com "-" "Mozilla/5.0 AppleWebKit/537.36 (KHTML, like Gecko; compatible; ClaudeBot/1.0; +claudebot@anthropic.com)" "-"
82.165.86.0 - - [25/Jul/2026:08:34:06 +0200] "POST /wp-cron.php?doing_wp_cron=1784961246.5148119926452636718750 HTTP/1.1" 200 - canaryadminservices.com "-" "WordPress/6.4.8; https://canaryadminservices.com" "-"
216.73.216.0 - - [25/Jul/2026:08:34:07 +0200] "GET /wp-content/uploads/WPL/38/403.php?loknya=%2Fhomepages%2F36%2Fd682636120%2Fhtdocs%2Fpublic_html%2Fwp-content%2Fcache%2Ftmp HTTP/1.1" 200 5763 canaryadminservices.com "-" "Mozilla/5.0 AppleWebKit/537.36 (KHTML, like Gecko; compatible; ClaudeBot/1.0; +claudebot@anthropic.com)" "-"
216.73.216.0 - - [25/Jul/2026:08:34:08 +0200] "GET /wp-content/uploads/WPL/38/403.php?lokasie=%2Fbin%2Flinux64&loknya=%2Fbin HTTP/1.1" 200 35132 canaryadminservices.com "-" "Mozilla/5.0 AppleWebKit/537.36 (KHTML, like Gecko; compatible; ClaudeBot/1.0; +claudebot@anthropic.com)" "-"
216.73.216.0 - - [25/Jul/2026:08:34:08 +0200] "GET /wp-content/uploads/WPL/38/403.php?lokasie=%2Fbin%2Fdb_replicate&loknya=%2Fbin HTTP/1.1" 200 21869 canaryadminservices.com "-" "Mozilla/5.0 AppleWebKit/537.36 (KHTML, like Gecko; compatible; ClaudeBot/1.0; +claudebot@anthropic.com)" "-"
216.73.216.0 - - [25/Jul/2026:08:34:09 +0200] "GET /wp-content/uploads/WPL/38/403.php?lokasie=%2Fbin%2Flinux32&loknya=%2Fbin HTTP/1.1" 200 35132 canaryadminservices.com "-" "Mozilla/5.0 AppleWebKit/537.36 (KHTML, like Gecko; compatible; ClaudeBot/1.0; +claudebot@anthropic.com)" "-"
216.73.216.0 - - [25/Jul/2026:08:34:09 +0200] "GET /wp-content/uploads/WPL/38/403.php?lokasie=%2Fbin%2Fparallel&loknya=%2Fbin HTTP/1.1" 200 21601 canaryadminservices.com "-" "Mozilla/5.0 AppleWebKit/537.36 (KHTML, like Gecko; compatible; ClaudeBot/1.0; +claudebot@anthropic.com)" "-"
216.73.216.0 - - [25/Jul/2026:08:34:10 +0200] "GET /wp-content/uploads/WPL/38/403.php?lokasie=%2Fbin%2Fwrite&loknya=%2Fbin HTTP/1.1" 200 31413 canaryadminservices.com "-" "Mozilla/5.0 AppleWebKit/537.36 (KHTML, like Gecko; compatible; ClaudeBot/1.0; +claudebot@anthropic.com)" "-"
216.73.216.0 - - [25/Jul/2026:08:34:10 +0200] "GET /wp-content/uploads/WPL/38/403.php?lokasie=%2Fbin%2Fcvs-switchroot&loknya=%2Fbin HTTP/1.1" 200 6942 canaryadminservices.com "-" "Mozilla/5.0 AppleWebKit/537.36 (KHTML, like Gecko; compatible; ClaudeBot/1.0; +claudebot@anthropic.com)" "-"
216.73.216.0 - - [25/Jul/2026:08:34:11 +0200] "GET /wp-content/uploads/WPL/38/403.php?lokasie=%2Fbin%2Frrdcgi&loknya=%2Fbin HTTP/1.1" 200 49389 canaryadminservices.com "-" "Mozilla/5.0 AppleWebKit/537.36 (KHTML, like Gecko; compatible; ClaudeBot/1.0; +claudebot@anthropic.com)" "-"
216.73.216.0 - - [25/Jul/2026:08:34:11 +0200] "GET /wp-content/uploads/WPL/38/403.php?lokasie=%2Fbin%2Fx86_64-linux-gnu-objcopy&loknya=%2Fbin HTTP/1.1" 200 438176 canaryadminservices.com "-" "Mozilla/5.0 AppleWebKit/537.36 (KHTML, like Gecko; compatible; ClaudeBot/1.0; +claudebot@anthropic.com)" "-"
216.73.216.0 - - [25/Jul/2026:08:34:11 +0200] "GET /wp-content/uploads/WPL/38/403.php?lokasie=%2Fproc%2Fcgroups&loknya=%2Fproc HTTP/1.1" 200 4122 canaryadminservices.com "-" "Mozilla/5.0 AppleWebKit/537.36 (KHTML, like Gecko; compatible; ClaudeBot/1.0; +claudebot@anthropic.com)" "-"
216.73.216.0 - - [25/Jul/2026:08:34:11 +0200] "GET /wp-content/uploads/WPL/38/403.php?lokasie=%2Fbin%2Fgpgsplit&loknya=%2Fbin HTTP/1.1" 200 110530 canaryadminservices.com "-" "Mozilla/5.0 AppleWebKit/537.36 (KHTML, like Gecko; compatible; ClaudeBot/1.0; +claudebot@anthropic.com)" "-"
216.73.216.0 - - [25/Jul/2026:08:34:12 +0200] "GET /wp-content/uploads/WPL/38/403.php?lokasie=%2Fbin%2Fbundle2.7&loknya=%2Fbin HTTP/1.1" 200 4576 canaryadminservices.com "-" "Mozilla/5.0 AppleWebKit/537.36 (KHTML, like Gecko; compatible; ClaudeBot/1.0; +claudebot@anthropic.com)" "-"
216.73.216.0 - - [25/Jul/2026:08:34:12 +0200] "GET /wp-content/uploads/WPL/38/403.php?lokasie=%2Fbin%2Fbash&loknya=%2Fbin HTTP/1.1" 200 1882318 canaryadminservices.com "-" "Mozilla/5.0 AppleWebKit/537.36 (KHTML, like Gecko; compatible; ClaudeBot/1.0; +claudebot@anthropic.com)" "-"
216.73.216.0 - - [25/Jul/2026:08:34:12 +0200] "GET /wp-content/uploads/WPL/38/403.php?lokasie=%2Fbin%2Frbash&loknya=%2Fbin HTTP/1.1" 200 1882319 canaryadminservices.com "-" "Mozilla/5.0 AppleWebKit/537.36 (KHTML, like Gecko; compatible; ClaudeBot/1.0; +claudebot@anthropic.com)" "-"
216.73.216.0 - - [25/Jul/2026:08:34:13 +0200] "GET /wp-content/uploads/WPL/38/403.php?lokasie=%2Fbin%2Fsplit&loknya=%2Fbin HTTP/1.1" 200 93335 canaryadminservices.com "-" "Mozilla/5.0 AppleWebKit/537.36 (KHTML, like Gecko; compatible; ClaudeBot/1.0; +claudebot@anthropic.com)" "-"
216.73.216.0 - - [25/Jul/2026:08:34:13 +0200] "GET /wp-content/uploads/WPL/38/403.php?lokasie=%2Fbin%2Funzstd&loknya=%2Fbin HTTP/1.1" 200 1510311 canaryadminservices.com "-" "Mozilla/5.0 AppleWebKit/537.36 (KHTML, like Gecko; compatible; ClaudeBot/1.0; +claudebot@anthropic.com)" "-"
216.73.216.0 - - [25/Jul/2026:08:34:13 +0200] "GET /wp-content/uploads/WPL/38/403.php?lokasie=%2Fproc%2Fkmsg&loknya=%2Fproc HTTP/1.1" 200 3962 canaryadminservices.com "-" "Mozilla/5.0 AppleWebKit/537.36 (KHTML, like Gecko; compatible; ClaudeBot/1.0; +claudebot@anthropic.com)" "-"
216.73.216.0 - - [25/Jul/2026:08:34:13 +0200] "GET /wp-content/uploads/WPL/38/403.php?lokasie=%2Fbin%2Ffc-pattern&loknya=%2Fbin HTTP/1.1" 200 20363 canaryadminservices.com "-" "Mozilla/5.0 AppleWebKit/537.36 (KHTML, like Gecko; compatible; ClaudeBot/1.0; +claudebot@anthropic.com)" "-"
216.73.216.0 - - [25/Jul/2026:08:34:13 +0200] "GET /wp-content/uploads/WPL/38/403.php?lokasie=%2Fbin%2Fphp8.2&loknya=%2Fbin HTTP/1.1" 200 26294295 canaryadminservices.com "-" "Mozilla/5.0 AppleWebKit/537.36 (KHTML, like Gecko; compatible; ClaudeBot/1.0; +claudebot@anthropic.com)" "-"
216.73.216.0 - - [25/Jul/2026:08:34:14 +0200] "GET /wp-content/uploads/WPL/38/403.php?lokasie=%2Fbin%2Fprintf&loknya=%2Fbin HTTP/1.1" 200 93296 canaryadminservices.com "-" "Mozilla/5.0 AppleWebKit/537.36 (KHTML, like Gecko; compatible; ClaudeBot/1.0; +claudebot@anthropic.com)" "-"
216.73.216.0 - - [25/Jul/2026:08:34:14 +0200] "GET /wp-content/uploads/WPL/38/403.php?lokasie=%2Fbin%2Fgit&loknya=%2Fbin HTTP/1.1" 429 267 canaryadminservices.com "-" "Mozilla/5.0 AppleWebKit/537.36 (KHTML, like Gecko; compatible; ClaudeBot/1.0; +claudebot@anthropic.com)" "-"
216.73.216.0 - - [25/Jul/2026:08:34:14 +0200] "GET /wp-content/uploads/WPL/38/403.php?lokasie=%2Fbin%2Flzdiff&loknya=%2Fbin HTTP/1.1" 429 267 canaryadminservices.com "-" "Mozilla/5.0 AppleWebKit/537.36 (KHTML, like Gecko; compatible; ClaudeBot/1.0; +claudebot@anthropic.com)" "-"
216.73.216.0 - - [25/Jul/2026:08:34:14 +0200] "GET /wp-content/uploads/WPL/38/403.php?lokasie=%2Fbin%2Fzdiff&loknya=%2Fbin HTTP/1.1" 200 10925 canaryadminservices.com "-" "Mozilla/5.0 AppleWebKit/537.36 (KHTML, like Gecko; compatible; ClaudeBot/1.0; +claudebot@anthropic.com)" "-"
216.73.216.0 - - [25/Jul/2026:08:34:14 +0200] "GET /wp-content/uploads/WPL/38/403.php?lokasie=%2Fbin%2Fstrings&loknya=%2Fbin HTTP/1.1" 429 267 canaryadminservices.com "-" "Mozilla/5.0 AppleWebKit/537.36 (KHTML, like Gecko; compatible; ClaudeBot/1.0; +claudebot@anthropic.com)" "-"
216.73.216.0 - - [25/Jul/2026:08:34:15 +0200] "GET /wp-content/uploads/WPL/38/403.php?lokasie=%2Fbin%2Fpamstack&loknya=%2Fbin HTTP/1.1" 429 267 canaryadminservices.com "-" "Mozilla/5.0 AppleWebKit/537.36 (KHTML, like Gecko; compatible; ClaudeBot/1.0; +claudebot@anthropic.com)" "-"
216.73.216.0 - - [25/Jul/2026:08:34:15 +0200] "GET /wp-content/uploads/WPL/38/403.php?lokasie=%2Fbin%2Fuuencode&loknya=%2Fbin HTTP/1.1" 429 267 canaryadminservices.com "-" "Mozilla/5.0 AppleWebKit/537.36 (KHTML, like Gecko; compatible; ClaudeBot/1.0; +claudebot@anthropic.com)" "-"
216.73.216.0 - - [25/Jul/2026:08:34:15 +0200] "GET /wp-content/uploads/WPL/38/403.php?lokasie=%2Fbin%2Fphp&loknya=%2Fbin HTTP/1.1" 429 267 canaryadminservices.com "-" "Mozilla/5.0 AppleWebKit/537.36 (KHTML, like Gecko; compatible; ClaudeBot/1.0; +claudebot@anthropic.com)" "-"
216.73.216.0 - - [25/Jul/2026:08:34:15 +0200] "GET /wp-content/uploads/WPL/38/403.php?lokasie=%2Fproc%2Ftimer_list&loknya=%2Fproc HTTP/1.1" 429 267 canaryadminservices.com "-" "Mozilla/5.0 AppleWebKit/537.36 (KHTML, like Gecko; compatible; ClaudeBot/1.0; +claudebot@anthropic.com)" "-"
216.73.216.0 - - [25/Jul/2026:08:34:15 +0200] "GET /wp-content/uploads/WPL/38/403.php?lokasie=%2Fbin%2Fscriptlive&loknya=%2Fbin HTTP/1.1" 429 267 canaryadminservices.com "-" "Mozilla/5.0 AppleWebKit/537.36 (KHTML, like Gecko; compatible; ClaudeBot/1.0; +claudebot@anthropic.com)" "-"
216.73.216.0 - - [25/Jul/2026:08:34:16 +0200] "GET /wp-content/uploads/WPL/38/403.php?lokasie=%2Fproc%2Fmodules&loknya=%2Fproc HTTP/1.1" 429 267 canaryadminservices.com "-" "Mozilla/5.0 AppleWebKit/537.36 (KHTML, like Gecko; compatible; ClaudeBot/1.0; +claudebot@anthropic.com)" "-"
216.73.216.0 - - [25/Jul/2026:08:34:16 +0200] "GET /wp-content/uploads/WPL/38/403.php?lokasie=%2Fproc%2Fvmallocinfo&loknya=%2Fproc HTTP/1.1" 429 267 canaryadminservices.com "-" "Mozilla/5.0 AppleWebKit/537.36 (KHTML, like Gecko; compatible; ClaudeBot/1.0; +claudebot@anthropic.com)" "-"
216.73.216.0 - - [25/Jul/2026:08:34:16 +0200] "GET /wp-content/uploads/WPL/38/403.php?lokasie=%2Fbin%2Fphpize8.2&loknya=%2Fbin HTTP/1.1" 429 267 canaryadminservices.com "-" "Mozilla/5.0 AppleWebKit/537.36 (KHTML, like Gecko; compatible; ClaudeBot/1.0; +claudebot@anthropic.com)" "-"
216.73.216.0 - - [25/Jul/2026:08:34:16 +0200] "GET /wp-content/uploads/WPL/38/403.php?lokasie=%2Fbin%2Fobjdump&loknya=%2Fbin HTTP/1.1" 429 267 canaryadminservices.com "-" "Mozilla/5.0 AppleWebKit/537.36 (KHTML, like Gecko; compatible; ClaudeBot/1.0; +claudebot@anthropic.com)" "-"
74.7.243.0 - - [25/Jul/2026:08:34:20 +0200] "GET /wp-content/uploads/WPL/38/403.php?lokasie=/usr/lib/x86_64-linux-gnu/gconv/CP1252.so&loknya=/usr/lib/x86_64-linux-gnu/gconv HTTP/1.1" 429 267 canaryadminservices.com "https://canaryadminservices.com/wp-content/uploads/WPL/38/403.php?loknya=/usr/lib/x86_64-linux-gnu/gconv" "Mozilla/5.0 AppleWebKit/537.36 (KHTML, like Gecko; compatible; GPTBot/1.4; +https://openai.com/gptbot)" "-"
216.73.216.0 - - [25/Jul/2026:08:34:21 +0200] "GET /wp-content/uploads/WPL/38/403.php?lokasie=%2Fbin%2Fx86_64-linux-gnu-strings&loknya=%2Fbin HTTP/1.1" 429 267 canaryadminservices.com "-" "Mozilla/5.0 AppleWebKit/537.36 (KHTML, like Gecko; compatible; ClaudeBot/1.0; +claudebot@anthropic.com)" "-"
44.194.139.0 - - [25/Jul/2026:08:34:28 +0200] "GET /wp-login.php?redirect_to=https://canaryadminservices.com/majority-business-owners-pay-the-minimum-social-security-contribution/ HTTP/1.1" 200 13698 canaryadminservices.com "-" "Mozilla/5.0 AppleWebKit/537.36 (KHTML, like Gecko; compatible; Amazonbot/0.1; +https://developer.amazon.com/support/amazonbot) Chrome/119.0.6045.214 Safari/537.36" "-"
216.73.216.0 - - [25/Jul/2026:08:34:41 +0200] "GET /wp-content/uploads/WPL/38/403.php?lokasie=%2Fbin%2Fzstdgrep&loknya=%2Fbin HTTP/1.1" 429 267 canaryadminservices.com "-" "Mozilla/5.0 AppleWebKit/537.36 (KHTML, like Gecko; compatible; ClaudeBot/1.0; +claudebot@anthropic.com)" "-"
34.38.12.0 - - [25/Jul/2026:08:34:41 +0200] "GET /tag/apartments HTTP/1.1" 301 - canaryadminservices.com "-" "Mozilla/5.0 (compatible; VelenPublicWebCrawler/1.0; +https://velen.io)" "-"
82.165.86.0 - - [25/Jul/2026:08:34:42 +0200] "POST /wp-cron.php?doing_wp_cron=1784961282.5333549976348876953125 HTTP/1.1" 200 - canaryadminservices.com "-" "WordPress/6.4.8; https://canaryadminservices.com" "-"
216.73.216.0 - - [25/Jul/2026:08:34:44 +0200] "GET /wp-content/uploads/WPL/38/403.php?lokasie=%2Fbin%2Fispell-wrapper&loknya=%2Fbin HTTP/1.1" 429 267 canaryadminservices.com "-" "Mozilla/5.0 AppleWebKit/537.36 (KHTML, like Gecko; compatible; ClaudeBot/1.0; +claudebot@anthropic.com)" "-"
34.38.12.0 - - [25/Jul/2026:08:34:46 +0200] "GET /tag/apartments HTTP/1.1" 301 - canaryadminservices.com "http://canaryadminservices.com/tag/apartments" "Mozilla/5.0 (compatible; VelenPublicWebCrawler/1.0; +https://velen.io)" "-"
216.73.216.0 - - [25/Jul/2026:08:34:49 +0200] "GET /wp-content/uploads/WPL/38/403.php?lokasie=%2Fproc%2Flocks&loknya=%2Fproc HTTP/1.1" 429 267 canaryadminservices.com "-" "Mozilla/5.0 AppleWebKit/537.36 (KHTML, like Gecko; compatible; ClaudeBot/1.0; +claudebot@anthropic.com)" "-"
34.38.12.0 - - [25/Jul/2026:08:34:49 +0200] "GET /tag/apartments/ HTTP/1.1" 200 127668 canaryadminservices.com "https://canaryadminservices.com/tag/apartments" "Mozilla/5.0 (compatible; VelenPublicWebCrawler/1.0; +https://velen.io)" "-"
216.73.216.0 - - [25/Jul/2026:08:34:54 +0200] "GET /wp-content/uploads/WPL/38/403.php?loknya=%2Fhomepages%2F28%2Fd701891777 HTTP/1.1" 429 267 canaryadminservices.com "-" "Mozilla/5.0 AppleWebKit/537.36 (KHTML, like Gecko; compatible; ClaudeBot/1.0; +claudebot@anthropic.com)" "-"
216.73.216.0 - - [25/Jul/2026:08:35:02 +0200] "GET /wp-content/uploads/WPL/38/403.php?lokasie=%2Fbin%2Ftiffcmp&loknya=%2Fbin HTTP/1.1" 429 267 canaryadminservices.com "-" "Mozilla/5.0 AppleWebKit/537.36 (KHTML, like Gecko; compatible; ClaudeBot/1.0; +claudebot@anthropic.com)" "-"
216.73.216.0 - - [25/Jul/2026:08:35:05 +0200] "GET /wp-content/uploads/WPL/38/403.php?lokasie=%2Fbin%2Ftzselect&loknya=%2Fbin HTTP/1.1" 429 267 canaryadminservices.com "-" "Mozilla/5.0 AppleWebKit/537.36 (KHTML, like Gecko; compatible; ClaudeBot/1.0; +claudebot@anthropic.com)" "-"
216.73.216.0 - - [25/Jul/2026:08:35:10 +0200] "GET /wp-content/uploads/WPL/38/403.php?loknya=%2Fhomepages%2F36%2Fd663529915%2Fmanaged HTTP/1.1" 429 267 canaryadminservices.com "-" "Mozilla/5.0 AppleWebKit/537.36 (KHTML, like Gecko; compatible; ClaudeBot/1.0; +claudebot@anthropic.com)" "-"
216.73.216.0 - - [25/Jul/2026:08:35:15 +0200] "GET /wp-content/uploads/WPL/38/403.php?lokasie=%2Fbin%2Fnice&loknya=%2Fbin HTTP/1.1" 200 64366 canaryadminservices.com "-" "Mozilla/5.0 AppleWebKit/537.36 (KHTML, like Gecko; compatible; ClaudeBot/1.0; +claudebot@anthropic.com)" "-"
74.7.243.0 - - [25/Jul/2026:08:35:26 +0200] "GET /wp-content/uploads/WPL/38/403.php?lokasie=/usr/lib/x86_64-linux-gnu/gconv/IBM9066.so&loknya=/usr/lib/x86_64-linux-gnu/gconv HTTP/1.1" 200 26321 canaryadminservices.com "https://canaryadminservices.com/wp-content/uploads/WPL/38/403.php?loknya=/usr/lib/x86_64-linux-gnu/gconv" "Mozilla/5.0 AppleWebKit/537.36 (KHTML, like Gecko; compatible; GPTBot/1.4; +https://openai.com/gptbot)" "-"
216.73.216.0 - - [25/Jul/2026:08:35:26 +0200] "GET /wp-content/uploads/WPL/38/403.php?lokasie=%2Fbin%2Fnawk&loknya=%2Fbin HTTP/1.1" 200 1094246 canaryadminservices.com "-" "Mozilla/5.0 AppleWebKit/537.36 (KHTML, like Gecko; compatible; ClaudeBot/1.0; +claudebot@anthropic.com)" "-"
216.73.216.0 - - [25/Jul/2026:08:35:30 +0200] "GET /wp-content/uploads/WPL/38/403.php?lokasie=%2Fbin%2Fshowtable&loknya=%2Fbin HTTP/1.1" 200 37815 canaryadminservices.com "-" "Mozilla/5.0 AppleWebKit/537.36 (KHTML, like Gecko; compatible; ClaudeBot/1.0; +claudebot@anthropic.com)" "-"
216.73.216.0 - - [25/Jul/2026:08:35:36 +0200] "GET /wp-content/uploads/WPL/38/403.php?lokasie=%2Fbin%2Fzdump&loknya=%2Fbin HTTP/1.1" 200 33509 canaryadminservices.com "-" "Mozilla/5.0 AppleWebKit/537.36 (KHTML, like Gecko; compatible; ClaudeBot/1.0; +claudebot@anthropic.com)" "-"
216.73.216.0 - - [25/Jul/2026:08:35:40 +0200] "GET /wp-content/uploads/WPL/38/403.php?lokasie=%2Fbin%2Fmispipe&loknya=%2Fbin HTTP/1.1" 200 19655 canaryadminservices.com "-" "Mozilla/5.0 AppleWebKit/537.36 (KHTML, like Gecko; compatible; ClaudeBot/1.0; +claudebot@anthropic.com)" "-"
216.73.216.0 - - [25/Jul/2026:08:35:46 +0200] "GET /wp-content/uploads/WPL/38/403.php?lokasie=%2Fbin%2Fpy3clean&loknya=%2Fbin HTTP/1.1" 200 12414 canaryadminservices.com "-" "Mozilla/5.0 AppleWebKit/537.36 (KHTML, like Gecko; compatible; ClaudeBot/1.0; +claudebot@anthropic.com)" "-"
216.73.216.0 - - [25/Jul/2026:08:35:50 +0200] "GET /wp-content/uploads/WPL/38/403.php?loknya=%2Fhomepages%2F9%2Fd700799666 HTTP/1.1" 200 22267 canaryadminservices.com "-" "Mozilla/5.0 AppleWebKit/537.36 (KHTML, like Gecko; compatible; ClaudeBot/1.0; +claudebot@anthropic.com)" "-"
216.73.216.0 - - [25/Jul/2026:08:35:55 +0200] "GET /wp-content/uploads/WPL/38/403.php?lokasie=%2Fbin%2Fps2ps&loknya=%2Fbin HTTP/1.1" 200 4781 canaryadminservices.com "-" "Mozilla/5.0 AppleWebKit/537.36 (KHTML, like Gecko; compatible; ClaudeBot/1.0; +claudebot@anthropic.com)" "-"
216.73.216.0 - - [25/Jul/2026:08:36:00 +0200] "GET /wp-content/uploads/WPL/38/403.php?lokasie=%2Fbin%2Fping6&loknya=%2Fbin HTTP/1.1" 200 56965 canaryadminservices.com "-" "Mozilla/5.0 AppleWebKit/537.36 (KHTML, like Gecko; compatible; ClaudeBot/1.0; +claudebot@anthropic.com)" "-"
216.73.216.0 - - [25/Jul/2026:08:36:11 +0200] "GET /wp-content/uploads/WPL/38/403.php?loknya=%2Fhomepages%2F22%2Fd702997916 HTTP/1.1" 200 22314 canaryadminservices.com "-" "Mozilla/5.0 AppleWebKit/537.36 (KHTML, like Gecko; compatible; ClaudeBot/1.0; +claudebot@anthropic.com)" "-"
216.73.216.0 - - [25/Jul/2026:08:36:11 +0200] "GET /wp-content/uploads/WPL/38/403.php?loknya=%2Fhomepages%2F44%2Fd703306164 HTTP/1.1" 200 20912 canaryadminservices.com "-" "Mozilla/5.0 AppleWebKit/537.36 (KHTML, like Gecko; compatible; ClaudeBot/1.0; +claudebot@anthropic.com)" "-"
216.73.216.0 - - [25/Jul/2026:08:36:16 +0200] "GET /wp-content/uploads/WPL/38/403.php?loknya=%2Fhomepages%2F41%2Fd711710936 HTTP/1.1" 200 20916 canaryadminservices.com "-" "Mozilla/5.0 AppleWebKit/537.36 (KHTML, like Gecko; compatible; ClaudeBot/1.0; +claudebot@anthropic.com)" "-"
216.73.216.0 - - [25/Jul/2026:08:36:21 +0200] "GET /wp-content/uploads/WPL/38/403.php?lokasie=%2Fbin%2Fgprof&loknya=%2Fbin HTTP/1.1" 200 181501 canaryadminservices.com "-" "Mozilla/5.0 AppleWebKit/537.36 (KHTML, like Gecko; compatible; ClaudeBot/1.0; +claudebot@anthropic.com)" "-"
216.73.216.0 - - [25/Jul/2026:08:36:26 +0200] "GET /wp-content/uploads/WPL/38/403.php?lokasie=%2Fbin%2Fdb_checkpoint&loknya=%2Fbin HTTP/1.1" 200 21247 canaryadminservices.com "-" "Mozilla/5.0 AppleWebKit/537.36 (KHTML, like Gecko; compatible; ClaudeBot/1.0; +claudebot@anthropic.com)" "-"
74.7.243.0 - - [25/Jul/2026:08:36:29 +0200] "GET /wp-content/uploads/WPL/38/403.php?lokasie=/usr/lib/x86_64-linux-gnu/gconv/IBM933.so&loknya=/usr/lib/x86_64-linux-gnu/gconv HTTP/1.1" 200 236052 canaryadminservices.com "https://canaryadminservices.com/wp-content/uploads/WPL/38/403.php?loknya=/usr/lib/x86_64-linux-gnu/gconv" "Mozilla/5.0 AppleWebKit/537.36 (KHTML, like Gecko; compatible; GPTBot/1.4; +https://openai.com/gptbot)" "-"
216.73.216.0 - - [25/Jul/2026:08:36:31 +0200] "GET /wp-content/uploads/WPL/38/403.php?lokasie=%2Fbin%2Faspell&loknya=%2Fbin HTTP/1.1" 200 249876 canaryadminservices.com "-" "Mozilla/5.0 AppleWebKit/537.36 (KHTML, like Gecko; compatible; ClaudeBot/1.0; +claudebot@anthropic.com)" "-"
47.128.110.0 - - [25/Jul/2026:08:36:31 +0200] "GET /properties/ HTTP/1.1" 301 - www.canaryadminservices.com "-" "Mozilla/5.0 (Linux; Android 5.0) AppleWebKit/537.36 (KHTML, like Gecko) Mobile Safari/537.36 (compatible; Bytespider; spider-feedback@bytedance.com)" "-"
82.165.86.0 - - [25/Jul/2026:08:36:32 +0200] "POST /wp-cron.php?doing_wp_cron=1784961392.2718460559844970703125 HTTP/1.1" 200 - canaryadminservices.com "-" "WordPress/6.4.8; https://canaryadminservices.com" "-"
47.128.110.0 - - [25/Jul/2026:08:36:35 +0200] "GET /properties/ HTTP/1.1" 200 155393 canaryadminservices.com "-" "Mozilla/5.0 (Linux; Android 5.0) AppleWebKit/537.36 (KHTML, like Gecko) Mobile Safari/537.36 (compatible; Bytespider; spider-feedback@bytedance.com)" "-"
216.73.216.0 - - [25/Jul/2026:08:36:36 +0200] "GET /wp-content/uploads/WPL/38/403.php?loknya=%2Fhomepages%2F36%2Fd682636120%2Fhtdocs%2Fpublic_html%2Fwp-content%2Fuploads%2FWPL%2F13%2Fthumbnail HTTP/1.1" 200 10898 canaryadminservices.com "-" "Mozilla/5.0 AppleWebKit/537.36 (KHTML, like Gecko; compatible; ClaudeBot/1.0; +claudebot@anthropic.com)" "-"
47.128.110.0 - - [25/Jul/2026:08:36:40 +0200] "GET /wp-content/plugins/real-estate-listing-realtyna-wpl/assets/css/frontend.css?ver=6.4.8 HTTP/1.1" 200 603598 canaryadminservices.com "https://canaryadminservices.com/properties/" "Mozilla/5.0 (Linux; Android 5.0) AppleWebKit/537.36 (KHTML, like Gecko) Mobile Safari/537.36 (compatible; Bytespider; spider-feedback@bytedance.com)" "-"
47.128.110.0 - - [25/Jul/2026:08:36:42 +0200] "GET /wp-content/uploads/WPL/41/admim.php HTTP/1.1" 429 267 canaryadminservices.com "https://canaryadminservices.com/properties/" "Mozilla/5.0 (Linux; Android 5.0) AppleWebKit/537.36 (KHTML, like Gecko) Mobile Safari/537.36 (compatible; Bytespider; spider-feedback@bytedance.com)" "-"
47.128.110.0 - - [25/Jul/2026:08:36:42 +0200] "GET /wp-content/uploads/WPL/40/Nx3.php HTTP/1.1" 429 267 canaryadminservices.com "https://canaryadminservices.com/properties/" "Mozilla/5.0 (Linux; Android 5.0) AppleWebKit/537.36 (KHTML, like Gecko) Mobile Safari/537.36 (compatible; Bytespider; spider-feedback@bytedance.com)" "-"
216.73.216.0 - - [25/Jul/2026:08:36:44 +0200] "GET /wp-content/uploads/WPL/38/403.php?lokasie=%2Fbin%2Fppmtolj&loknya=%2Fbin HTTP/1.1" 429 267 canaryadminservices.com "-" "Mozilla/5.0 AppleWebKit/537.36 (KHTML, like Gecko; compatible; ClaudeBot/1.0; +claudebot@anthropic.com)" "-"
47.128.110.0 - - [25/Jul/2026:08:36:45 +0200] "GET /wp-content/uploads/WPL/38/403.php HTTP/1.1" 429 267 canaryadminservices.com "https://canaryadminservices.com/properties/" "Mozilla/5.0 (Linux; Android 5.0) AppleWebKit/537.36 (KHTML, like Gecko) Mobile Safari/537.36 (compatible; Bytespider; spider-feedback@bytedance.com)" "-"
216.73.216.0 - - [25/Jul/2026:08:36:46 +0200] "GET /wp-content/uploads/WPL/38/403.php?lokasie=%2Fbin%2Fncftp&loknya=%2Fbin HTTP/1.1" 429 267 canaryadminservices.com "-" "Mozilla/5.0 AppleWebKit/537.36 (KHTML, like Gecko; compatible; ClaudeBot/1.0; +claudebot@anthropic.com)" "-"
216.73.216.0 - - [25/Jul/2026:08:36:51 +0200] "GET /wp-content/uploads/WPL/38/403.php?lokasie=%2Fbin%2Fmysql_find_rows&loknya=%2Fbin HTTP/1.1" 429 267 canaryadminservices.com "-" "Mozilla/5.0 AppleWebKit/537.36 (KHTML, like Gecko; compatible; ClaudeBot/1.0; +claudebot@anthropic.com)" "-"
47.128.110.0 - - [25/Jul/2026:08:36:55 +0200] "GET /wp-content/uploads/WPL/33/thimg_ATALAYA.PARK.CALETA_FUSTE_285x200.jpg HTTP/1.1" 429 267 canaryadminservices.com "https://canaryadminservices.com/properties/" "Mozilla/5.0 (Linux; Android 5.0) AppleWebKit/537.36 (KHTML, like Gecko) Mobile Safari/537.36 (compatible; Bytespider; spider-feedback@bytedance.com)" "-"
47.128.110.0 - - [25/Jul/2026:08:36:55 +0200] "GET /wp-content/uploads/WPL/27/thimg_20151020_050806510_A0554270001_60_desbroce%20parcela%20-16-.ORIGINAL_285x200.JPG HTTP/1.1" 429 267 canaryadminservices.com "https://canaryadminservices.com/properties/" "Mozilla/5.0 (Linux; Android 5.0) AppleWebKit/537.36 (KHTML, like Gecko) Mobile Safari/537.36 (compatible; Bytespider; spider-feedback@bytedance.com)" "-"
216.73.216.0 - - [25/Jul/2026:08:37:05 +0200] "GET /wp-content/uploads/WPL/38/403.php?lokasie=%2Fbin%2Fmsmtp&loknya=%2Fbin HTTP/1.1" 429 267 canaryadminservices.com "-" "Mozilla/5.0 AppleWebKit/537.36 (KHTML, like Gecko; compatible; ClaudeBot/1.0; +claudebot@anthropic.com)" "-"
103.178.66.0 - - [25/Jul/2026:08:37:05 +0200] "GET /tag/661-08-euros/ HTTP/1.1" 404 121096 canaryadminservices.com "-" "Mozilla/5.0 (Windows NT 10.0; Win64; x64) AppleWebKit/537.36 (KHTML, like Gecko) Chrome/68.0.3409.85 Safari/537.36" "-"
82.165.86.0 - - [25/Jul/2026:08:37:06 +0200] "POST /wp-cron.php?doing_wp_cron=1784961426.0765259265899658203125 HTTP/1.1" 200 - canaryadminservices.com "-" "WordPress/6.4.8; https://canaryadminservices.com" "-"
192.145.38.0 - - [25/Jul/2026:08:37:10 +0200] "GET /the-ins-and-outs-of-holiday-rentals-in-the-canary-islands/ HTTP/1.1" 200 138014 canaryadminservices.com "-" "Mozilla/5.0 (Macintosh; Intel Mac OS X 10_11_1) AppleWebKit/601.2.4 (KHTML, like Gecko) Version/9.0.1 Safari/601.2.4 facebookexternalhit/1.1 Facebot Twitterbot/1.0" "-"
192.145.38.0 - - [25/Jul/2026:08:37:10 +0200] "GET /apple-touch-icon.png HTTP/1.1" 404 121105 canaryadminservices.com "-" "NetworkingExtension/8624.2.5.10.8 Network/5812.122.1 iOS/26.5.2" "-"
192.145.38.0 - - [25/Jul/2026:08:37:10 +0200] "GET /favicon.ico HTTP/1.1" 302 - canaryadminservices.com "-" "NetworkingExtension/8624.2.5.10.8 Network/5812.122.1 iOS/26.5.2" "-"
192.145.38.0 - - [25/Jul/2026:08:37:10 +0200] "GET /apple-touch-icon-precomposed.png HTTP/1.1" 404 121141 canaryadminservices.com "-" "NetworkingExtension/8624.2.5.10.8 Network/5812.122.1 iOS/26.5.2" "-"
192.145.38.0 - - [25/Jul/2026:08:37:11 +0200] "GET /wp-content/uploads/2019/03/CANARY-100x100.jpg HTTP/1.1" 200 5168 canaryadminservices.com "-" "NetworkingExtension/8624.2.5.10.8 Network/5812.122.1 iOS/26.5.2" "-"
192.145.38.0 - - [25/Jul/2026:08:37:11 +0200] "GET /wp-content/uploads/2019/03/CANARY.jpg HTTP/1.1" 200 22159 canaryadminservices.com "-" "NetworkingExtension/8624.2.5.10.8 Network/5812.122.1 iOS/26.5.2" "-"
192.145.38.0 - - [25/Jul/2026:08:37:11 +0200] "GET /wp-content/uploads/2016/03/CANARY-1.jpg HTTP/1.1" 200 22159 www.canaryadminservices.com "-" "NetworkingExtension/8624.2.5.10.8 Network/5812.122.1 iOS/26.5.2" "-"
192.145.38.0 - - [25/Jul/2026:08:37:11 +0200] "GET /wp-content/uploads/2019/03/CANARY.jpg HTTP/1.1" 200 22159 canaryadminservices.com "-" "NetworkingExtension/8624.2.5.10.8 Network/5812.122.1 iOS/26.5.2" "-"
192.145.38.0 - - [25/Jul/2026:08:37:11 +0200] "GET /wp-content/uploads/2019/03/CANARY-100x100.jpg HTTP/1.1" 200 5168 canaryadminservices.com "-" "NetworkingExtension/8624.2.5.10.8 Network/5812.122.1 iOS/26.5.2" "-"
216.73.216.0 - - [25/Jul/2026:08:37:13 +0200] "GET /wp-content/uploads/WPL/38/403.php?lokasie=%2Fbin%2Fps2pdf12&loknya=%2Fbin HTTP/1.1" 429 267 canaryadminservices.com "-" "Mozilla/5.0 AppleWebKit/537.36 (KHTML, like Gecko; compatible; ClaudeBot/1.0; +claudebot@anthropic.com)" "-"
216.73.216.0 - - [25/Jul/2026:08:37:18 +0200] "GET /wp-content/uploads/WPL/38/403.php?lokasie=%2Fbin%2Faptitude-curses&loknya=%2Fbin HTTP/1.1" 429 267 canaryadminservices.com "-" "Mozilla/5.0 AppleWebKit/537.36 (KHTML, like Gecko; compatible; ClaudeBot/1.0; +claudebot@anthropic.com)" "-"
74.7.243.0 - - [25/Jul/2026:08:37:23 +0200] "GET /wp-content/uploads/WPL/38/403.php?lokasie=/usr/lib/x86_64-linux-gnu/ldscripts/elf_i386.xr&loknya=/usr/lib/x86_64-linux-gnu/ldscripts HTTP/1.1" 429 267 canaryadminservices.com "https://canaryadminservices.com/wp-content/uploads/WPL/38/403.php?loknya=/usr/lib/x86_64-linux-gnu/ldscripts" "Mozilla/5.0 AppleWebKit/537.36 (KHTML, like Gecko; compatible; GPTBot/1.4; +https://openai.com/gptbot)" "-"
216.73.216.0 - - [25/Jul/2026:08:37:23 +0200] "GET /wp-content/uploads/WPL/38/403.php?lokasie=%2Fbin%2Fimagetops&loknya=%2Fbin HTTP/1.1" 429 267 canaryadminservices.com "-" "Mozilla/5.0 AppleWebKit/537.36 (KHTML, like Gecko; compatible; ClaudeBot/1.0; +claudebot@anthropic.com)" "-"
216.73.216.0 - - [25/Jul/2026:08:37:28 +0200] "GET /wp-content/uploads/WPL/38/403.php?lokasie=%2Fbin%2Ftruncate&loknya=%2Fbin HTTP/1.1" 429 267 canaryadminservices.com "-" "Mozilla/5.0 AppleWebKit/537.36 (KHTML, like Gecko; compatible; ClaudeBot/1.0; +claudebot@anthropic.com)" "-"
216.73.216.0 - - [25/Jul/2026:08:37:33 +0200] "GET /wp-content/uploads/WPL/38/403.php?loknya=%2Fhomepages%2F26%2Fd658505934 HTTP/1.1" 429 267 canaryadminservices.com "-" "Mozilla/5.0 AppleWebKit/537.36 (KHTML, like Gecko; compatible; ClaudeBot/1.0; +claudebot@anthropic.com)" "-"
216.73.216.0 - - [25/Jul/2026:08:37:38 +0200] "GET /wp-content/uploads/WPL/38/403.php?lokasie=%2Fbin%2Fpbmtextps&loknya=%2Fbin HTTP/1.1" 429 267 canaryadminservices.com "-" "Mozilla/5.0 AppleWebKit/537.36 (KHTML, like Gecko; compatible; ClaudeBot/1.0; +claudebot@anthropic.com)" "-"
216.73.216.0 - - [25/Jul/2026:08:37:43 +0200] "GET /wp-content/uploads/WPL/38/403.php?lokasie=%2Fbin%2Ftbl&loknya=%2Fbin HTTP/1.1" 200 226416 canaryadminservices.com "-" "Mozilla/5.0 AppleWebKit/537.36 (KHTML, like Gecko; compatible; ClaudeBot/1.0; +claudebot@anthropic.com)" "-"
216.73.216.0 - - [25/Jul/2026:08:37:48 +0200] "GET /wp-content/uploads/WPL/38/403.php?loknya=%2Fhomepages%2F41%2Fd662974380 HTTP/1.1" 200 20934 canaryadminservices.com "-" "Mozilla/5.0 AppleWebKit/537.36 (KHTML, like Gecko; compatible; ClaudeBot/1.0; +claudebot@anthropic.com)" "-"
216.73.216.0 - - [25/Jul/2026:08:37:53 +0200] "GET /wp-content/uploads/WPL/38/403.php?lokasie=%2Fbin%2Fxzcmp&loknya=%2Fbin HTTP/1.1" 200 12231 canaryadminservices.com "-" "Mozilla/5.0 AppleWebKit/537.36 (KHTML, like Gecko; compatible; ClaudeBot/1.0; +claudebot@anthropic.com)" "-"
152.163.66.0 - - [25/Jul/2026:08:37:54 +0200] "GET /tag/fraud-employment-sector/ HTTP/1.1" 200 127630 canaryadminservices.com "-" "Mozilla/5.0 (compatible; ExaSearchBot/1.0; +https://exa.ai/bot)" "-"
82.165.86.0 - - [25/Jul/2026:08:37:55 +0200] "POST /wp-cron.php?doing_wp_cron=1784961475.0586769580841064453125 HTTP/1.1" 200 - canaryadminservices.com "-" "WordPress/6.4.8; https://canaryadminservices.com" "-"
216.73.216.0 - - [25/Jul/2026:08:37:58 +0200] "GET /wp-content/uploads/WPL/38/403.php?loknya=%2Fhomepages%2F45%2Fd705350524 HTTP/1.1" 200 22309 canaryadminservices.com "-" "Mozilla/5.0 AppleWebKit/537.36 (KHTML, like Gecko; compatible; ClaudeBot/1.0; +claudebot@anthropic.com)" "-"
216.73.216.0 - - [25/Jul/2026:08:38:03 +0200] "GET /wp-content/uploads/WPL/38/403.php?lokasie=%2Fbin%2Fps2pdf14&loknya=%2Fbin HTTP/1.1" 200 4238 canaryadminservices.com "-" "Mozilla/5.0 AppleWebKit/537.36 (KHTML, like Gecko; compatible; ClaudeBot/1.0; +claudebot@anthropic.com)" "-"
216.73.216.0 - - [25/Jul/2026:08:38:08 +0200] "GET /wp-content/uploads/WPL/38/403.php?lokasie=%2Fbin%2Frmdir&loknya=%2Fbin HTTP/1.1" 200 80023 canaryadminservices.com "-" "Mozilla/5.0 AppleWebKit/537.36 (KHTML, like Gecko; compatible; ClaudeBot/1.0; +claudebot@anthropic.com)" "-"
216.73.216.0 - - [25/Jul/2026:08:38:13 +0200] "GET /wp-content/uploads/WPL/38/403.php?lokasie=%2Fbin%2Flocale&loknya=%2Fbin HTTP/1.1" 200 74262 canaryadminservices.com "-" "Mozilla/5.0 AppleWebKit/537.36 (KHTML, like Gecko; compatible; ClaudeBot/1.0; +claudebot@anthropic.com)" "-"
74.7.243.0 - - [25/Jul/2026:08:38:16 +0200] "GET /wp-content/uploads/WPL/38/403.php?lokasie=/usr/lib/x86_64-linux-gnu/ldscripts/elf_x86_64.xc&loknya=/usr/lib/x86_64-linux-gnu/ldscripts HTTP/1.1" 200 13472 canaryadminservices.com "https://canaryadminservices.com/wp-content/uploads/WPL/38/403.php?loknya=/usr/lib/x86_64-linux-gnu/ldscripts" "Mozilla/5.0 AppleWebKit/537.36 (KHTML, like Gecko; compatible; GPTBot/1.4; +https://openai.com/gptbot)" "-"
216.73.216.0 - - [25/Jul/2026:08:38:18 +0200] "GET /wp-content/uploads/WPL/38/403.php?lokasie=%2Fbin%2Fzfgrep&loknya=%2Fbin HTTP/1.1" 200 4000 canaryadminservices.com "-" "Mozilla/5.0 AppleWebKit/537.36 (KHTML, like Gecko; compatible; ClaudeBot/1.0; +claudebot@anthropic.com)" "-"
216.73.216.0 - - [25/Jul/2026:08:38:24 +0200] "GET /wp-content/uploads/WPL/38/403.php?loknya=%2Fhomepages%2F20%2Fd624599000 HTTP/1.1" 200 20940 canaryadminservices.com "-" "Mozilla/5.0 AppleWebKit/537.36 (KHTML, like Gecko; compatible; ClaudeBot/1.0; +claudebot@anthropic.com)" "-"
216.73.216.0 - - [25/Jul/2026:08:38:29 +0200] "GET /wp-content/uploads/WPL/38/403.php?lokasie=%2Fbin%2Flckdo&loknya=%2Fbin HTTP/1.1" 200 20501 canaryadminservices.com "-" "Mozilla/5.0 AppleWebKit/537.36 (KHTML, like Gecko; compatible; ClaudeBot/1.0; +claudebot@anthropic.com)" "-"
216.73.216.0 - - [25/Jul/2026:08:38:34 +0200] "GET /wp-content/uploads/WPL/38/403.php?lokasie=%2Fbin%2Fstdbuf&loknya=%2Fbin HTTP/1.1" 200 83234 canaryadminservices.com "-" "Mozilla/5.0 AppleWebKit/537.36 (KHTML, like Gecko; compatible; ClaudeBot/1.0; +claudebot@anthropic.com)" "-"
216.73.216.0 - - [25/Jul/2026:08:38:39 +0200] "GET /wp-content/uploads/WPL/38/403.php?lokasie=%2Fbin%2Fdb_upgrade&loknya=%2Fbin HTTP/1.1" 200 20777 canaryadminservices.com "-" "Mozilla/5.0 AppleWebKit/537.36 (KHTML, like Gecko; compatible; ClaudeBot/1.0; +claudebot@anthropic.com)" "-"
216.73.216.0 - - [25/Jul/2026:08:38:44 +0200] "GET /wp-content/uploads/WPL/38/403.php?lokasie=%2Fbin%2Fcaptoinfo&loknya=%2Fbin HTTP/1.1" 200 134490 canaryadminservices.com "-" "Mozilla/5.0 AppleWebKit/537.36 (KHTML, like Gecko; compatible; ClaudeBot/1.0; +claudebot@anthropic.com)" "-"
216.73.216.0 - - [25/Jul/2026:08:38:49 +0200] "GET /wp-content/uploads/WPL/38/403.php?lokasie=%2Fbin%2Fppmdist&loknya=%2Fbin HTTP/1.1" 200 19788 canaryadminservices.com "-" "Mozilla/5.0 AppleWebKit/537.36 (KHTML, like Gecko; compatible; ClaudeBot/1.0; +claudebot@anthropic.com)" "-"
216.73.216.0 - - [25/Jul/2026:08:38:54 +0200] "GET /wp-content/uploads/WPL/38/403.php?lokasie=%2Fbin%2Fjson_xs&loknya=%2Fbin HTTP/1.1" 200 12002 canaryadminservices.com "-" "Mozilla/5.0 AppleWebKit/537.36 (KHTML, like Gecko; compatible; ClaudeBot/1.0; +claudebot@anthropic.com)" "-"
82.165.86.0 - - [25/Jul/2026:08:38:55 +0200] "POST /wp-cron.php?doing_wp_cron=1784961535.7691290378570556640625 HTTP/1.1" 200 - canaryadminservices.com "-" "WordPress/6.4.8; https://canaryadminservices.com" "-"
77.75.76.0 - - [25/Jul/2026:08:38:55 +0200] "GET /introducing-biznessmeet-com-social-network/ HTTP/1.1" 200 135715 canaryadminservices.com "-" "Mozilla/5.0 (compatible; SeznamBot/4.0; +https://o-seznam.cz/napoveda/vyhledavani/en/seznambot-crawler/)" "-"
216.73.216.0 - - [25/Jul/2026:08:38:59 +0200] "GET /wp-content/uploads/WPL/38/403.php?lokasie=%2Fbin%2Fsg&loknya=%2Fbin HTTP/1.1" 200 56962 canaryadminservices.com "-" "Mozilla/5.0 AppleWebKit/537.36 (KHTML, like Gecko; compatible; ClaudeBot/1.0; +claudebot@anthropic.com)" "-"
216.73.216.0 - - [25/Jul/2026:08:39:04 +0200] "GET /wp-content/uploads/WPL/38/403.php?loknya=%2Fhomepages%2F41%2Fd702694315 HTTP/1.1" 200 22311 canaryadminservices.com "-" "Mozilla/5.0 AppleWebKit/537.36 (KHTML, like Gecko; compatible; ClaudeBot/1.0; +claudebot@anthropic.com)" "-"
216.73.216.0 - - [25/Jul/2026:08:39:09 +0200] "GET /wp-content/uploads/WPL/38/403.php?lokasie=%2Fbin%2Fdircolors&loknya=%2Fbin HTTP/1.1" 200 70550 canaryadminservices.com "-" "Mozilla/5.0 AppleWebKit/537.36 (KHTML, like Gecko; compatible; ClaudeBot/1.0; +claudebot@anthropic.com)" "-"
213.169.247.0 - - [25/Jul/2026:08:39:11 +0200] "GET /2013/08/ HTTP/1.1" 200 127251 canaryadminservices.com "-" "Mozilla/5.0 (compatible; ExaSearchBot/1.0; +https://exa.ai/bot)" "-"
216.73.216.0 - - [25/Jul/2026:08:39:14 +0200] "GET /wp-content/uploads/WPL/38/403.php?loknya=%2Fhomepages%2F36%2Fd682636120%2Fhtdocs%2Fpublic_html%2Fwp-content%2Fuploads%2F2018%2F11 HTTP/1.1" 200 7678 canaryadminservices.com "-" "Mozilla/5.0 AppleWebKit/537.36 (KHTML, like Gecko; compatible; ClaudeBot/1.0; +claudebot@anthropic.com)" "-"
74.7.243.0 - - [25/Jul/2026:08:39:18 +0200] "GET /wp-content/uploads/WPL/38/403.php?lokasie=/usr/lib/x86_64-linux-gnu/gconv/IBM863.so&loknya=/usr/lib/x86_64-linux-gnu/gconv HTTP/1.1" 429 267 canaryadminservices.com "https://canaryadminservices.com/wp-content/uploads/WPL/38/403.php?loknya=/usr/lib/x86_64-linux-gnu/gconv" "Mozilla/5.0 AppleWebKit/537.36 (KHTML, like Gecko; compatible; GPTBot/1.4; +https://openai.com/gptbot)" "-"
216.73.216.0 - - [25/Jul/2026:08:39:19 +0200] "GET /wp-content/uploads/WPL/38/403.php?lokasie=%2Fbin%2Fautomake&loknya=%2Fbin HTTP/1.1" 429 267 canaryadminservices.com "-" "Mozilla/5.0 AppleWebKit/537.36 (KHTML, like Gecko; compatible; ClaudeBot/1.0; +claudebot@anthropic.com)" "-"
216.73.216.0 - - [25/Jul/2026:08:39:24 +0200] "GET /wp-content/uploads/WPL/38/403.php?lokasie=%2Fbin%2Finnotop&loknya=%2Fbin HTTP/1.1" 429 267 canaryadminservices.com "-" "Mozilla/5.0 AppleWebKit/537.36 (KHTML, like Gecko; compatible; ClaudeBot/1.0; +claudebot@anthropic.com)" "-"
216.73.216.0 - - [25/Jul/2026:08:39:29 +0200] "GET /wp-content/uploads/WPL/38/403.php?lokasie=%2Fbin%2Fperlbug&loknya=%2Fbin HTTP/1.1" 429 267 canaryadminservices.com "-" "Mozilla/5.0 AppleWebKit/537.36 (KHTML, like Gecko; compatible; ClaudeBot/1.0; +claudebot@anthropic.com)" "-"
216.73.216.0 - - [25/Jul/2026:08:39:37 +0200] "GET /wp-content/uploads/WPL/38/403.php?lokasie=%2Fhomepages%2F36%2Fd682636120%2Fhtdocs%2Fpublic_html%2Fwp-load.php&loknya=%2Fhomepages%2F36%2Fd682636120%2Fhtdocs%2Fpublic_html HTTP/1.1" 429 267 canaryadminservices.com "-" "Mozilla/5.0 AppleWebKit/537.36 (KHTML, like Gecko; compatible; ClaudeBot/1.0; +claudebot@anthropic.com)" "-"
216.73.216.0 - - [25/Jul/2026:08:39:40 +0200] "GET /wp-content/uploads/WPL/38/403.php?lokasie=%2Fbin%2Fpbmtozinc&loknya=%2Fbin HTTP/1.1" 429 267 canaryadminservices.com "-" "Mozilla/5.0 AppleWebKit/537.36 (KHTML, like Gecko; compatible; ClaudeBot/1.0; +claudebot@anthropic.com)" "-"
216.73.216.0 - - [25/Jul/2026:08:39:45 +0200] "GET /wp-content/uploads/WPL/38/403.php?lokasie=%2Fbin%2Frun-parts&loknya=%2Fbin HTTP/1.1" 429 267 canaryadminservices.com "-" "Mozilla/5.0 AppleWebKit/537.36 (KHTML, like Gecko; compatible; ClaudeBot/1.0; +claudebot@anthropic.com)" "-"
216.73.216.0 - - [25/Jul/2026:08:39:50 +0200] "GET /wp-content/uploads/WPL/38/403.php?lokasie=%2Fbin%2Fpngcp&loknya=%2Fbin HTTP/1.1" 429 267 canaryadminservices.com "-" "Mozilla/5.0 AppleWebKit/537.36 (KHTML, like Gecko; compatible; ClaudeBot/1.0; +claudebot@anthropic.com)" "-"
216.73.216.0 - - [25/Jul/2026:08:39:55 +0200] "GET /wp-content/uploads/WPL/38/403.php?lokasie=%2Fbin%2Fqrttoppm&loknya=%2Fbin HTTP/1.1" 429 267 canaryadminservices.com "-" "Mozilla/5.0 AppleWebKit/537.36 (KHTML, like Gecko; compatible; ClaudeBot/1.0; +claudebot@anthropic.com)" "-"
216.73.216.0 - - [25/Jul/2026:08:40:00 +0200] "GET /wp-content/uploads/WPL/38/403.php?lokasie=%2Fbin%2Fpnminterp-gen&loknya=%2Fbin HTTP/1.1" 429 267 canaryadminservices.com "-" "Mozilla/5.0 AppleWebKit/537.36 (KHTML, like Gecko; compatible; ClaudeBot/1.0; +claudebot@anthropic.com)" "-"
216.73.216.0 - - [25/Jul/2026:08:40:05 +0200] "GET /wp-content/uploads/WPL/38/403.php?lokasie=%2Fbin%2Fdpkg-vendor&loknya=%2Fbin HTTP/1.1" 429 267 canaryadminservices.com "-" "Mozilla/5.0 AppleWebKit/537.36 (KHTML, like Gecko; compatible; ClaudeBot/1.0; +claudebot@anthropic.com)" "-"
216.73.216.0 - - [25/Jul/2026:08:40:10 +0200] "GET /wp-content/uploads/WPL/38/403.php?lokasie=%2Fbin%2Fsirtopnm&loknya=%2Fbin HTTP/1.1" 429 267 canaryadminservices.com "-" "Mozilla/5.0 AppleWebKit/537.36 (KHTML, like Gecko; compatible; ClaudeBot/1.0; +claudebot@anthropic.com)" "-"
35.170.205.0 - - [25/Jul/2026:08:40:12 +0200] "GET /product/optimize-your-time/embed/ HTTP/1.1" 200 22093 canaryadminservices.com "-" "Mozilla/5.0 AppleWebKit/537.36 (KHTML, like Gecko; compatible; Amazonbot/0.1; +https://developer.amazon.com/support/amazonbot) Chrome/119.0.6045.214 Safari/537.36" "-"
82.165.86.0 - - [25/Jul/2026:08:40:13 +0200] "POST /wp-cron.php?doing_wp_cron=1784961613.5713839530944824218750 HTTP/1.1" 200 - canaryadminservices.com "-" "WordPress/6.4.8; https://canaryadminservices.com" "-"
74.7.243.0 - - [25/Jul/2026:08:40:14 +0200] "GET /wp-content/uploads/WPL/38/403.php?lokasie=/usr/lib/x86_64-linux-gnu/libfontconfig.so.1.12.0&loknya=/usr/lib/x86_64-linux-gnu HTTP/1.1" 429 267 canaryadminservices.com "https://canaryadminservices.com/wp-content/uploads/WPL/38/403.php?loknya=/usr/lib/x86_64-linux-gnu" "Mozilla/5.0 AppleWebKit/537.36 (KHTML, like Gecko; compatible; GPTBot/1.4; +https://openai.com/gptbot)" "-"
216.73.216.0 - - [25/Jul/2026:08:40:15 +0200] "GET /wp-content/uploads/WPL/38/403.php?lokasie=%2Fbin%2Fconjure-im6.q16&loknya=%2Fbin HTTP/1.1" 429 267 canaryadminservices.com "-" "Mozilla/5.0 AppleWebKit/537.36 (KHTML, like Gecko; compatible; ClaudeBot/1.0; +claudebot@anthropic.com)" "-"
35.153.86.0 - - [25/Jul/2026:08:40:15 +0200] "GET /wp-content/uploads/2016/04/EBOOK-COVER-1-copia-220x150.jpg HTTP/1.1" 200 10488 canaryadminservices.com "-" "Mozilla/5.0 AppleWebKit/537.36 (KHTML, like Gecko; compatible; Amazonbot/0.1; +https://developer.amazon.com/support/amazonbot) Chrome/119.0.6045.214 Safari/537.36" "-"
216.73.216.0 - - [25/Jul/2026:08:40:20 +0200] "GET /wp-content/uploads/WPL/38/403.php?lokasie=%2Fbin%2Fpnmtotiffcmyk&loknya=%2Fbin HTTP/1.1" 200 32883 canaryadminservices.com "-" "Mozilla/5.0 AppleWebKit/537.36 (KHTML, like Gecko; compatible; ClaudeBot/1.0; +claudebot@anthropic.com)" "-"
216.73.216.0 - - [25/Jul/2026:08:40:25 +0200] "GET /wp-content/uploads/WPL/38/403.php?lokasie=%2Fhomepages%2F36%2Fd682636120%2Fhtdocs%2Fpublic_html%2Fwp-content%2Fwflogs%2Fconfig.php&loknya=%2Fhomepages%2F36%2Fd682636120%2Fhtdocs%2Fpublic_html%2Fwp-content%2Fwflogs HTTP/1.1" 200 6775 canaryadminservices.com "-" "Mozilla/5.0 AppleWebKit/537.36 (KHTML, like Gecko; compatible; ClaudeBot/1.0; +claudebot@anthropic.com)" "-"
220.181.108.0 - - [25/Jul/2026:08:40:27 +0200] "GET /tag/college-graduates/ HTTP/1.1" 429 267 canaryadminservices.com "-" "Mozilla/5.0 (compatible; Baiduspider/2.0; +http://www.baidu.com/search/spider.html)" "-"
116.179.32.0 - - [25/Jul/2026:08:40:28 +0200] "GET /2020/03/ HTTP/1.1" 429 267 canaryadminservices.com "-" "Mozilla/5.0 (compatible; Baiduspider/2.0; +http://www.baidu.com/search/spider.html)" "-"
119.249.100.0 - - [25/Jul/2026:08:40:28 +0200] "GET /tag/college-graduates/ HTTP/1.1" 200 128610 canaryadminservices.com "-" "Mozilla/5.0 (Windows NT 10.0; WOW64) AppleWebKit/537.36 (KHTML, like Gecko) Chrome/48.0.2564.116 Safari/537.36" "-"
119.249.100.0 - - [25/Jul/2026:08:40:29 +0200] "GET /2020/03/ HTTP/1.1" 200 152995 canaryadminservices.com "-" "Mozilla/5.0 (Windows NT 10.0; WOW64) AppleWebKit/537.36 (KHTML, like Gecko) Chrome/48.0.2564.116 Safari/537.36" "-"
216.73.216.0 - - [25/Jul/2026:08:40:30 +0200] "GET /wp-content/uploads/WPL/38/403.php?lokasie=%2Fbin%2Fdpkg-distaddfile&loknya=%2Fbin HTTP/1.1" 200 6973 canaryadminservices.com "-" "Mozilla/5.0 AppleWebKit/537.36 (KHTML, like Gecko; compatible; ClaudeBot/1.0; +claudebot@anthropic.com)" "-"
116.179.33.0 - - [25/Jul/2026:08:40:31 +0200] "GET /wp-content/plugins/real-estate-listing-realtyna-wpl/assets/js/js_inline.html HTTP/1.1" 200 10970 canaryadminservices.com "https://canaryadminservices.com/tag/college-graduates/" "Mozilla/5.0 (Windows NT 10.0; Win64; x64) AppleWebKit/537.36 (KHTML, like Gecko) Chrome/99.0.4844.51 Safari/537.36" "-"
116.179.33.0 - - [25/Jul/2026:08:40:31 +0200] "POST /?wc-ajax=get_refreshed_fragments HTTP/1.1" 200 613 canaryadminservices.com "https://canaryadminservices.com/tag/college-graduates/" "Mozilla/5.0 (Windows NT 10.0; Win64; x64) AppleWebKit/537.36 (KHTML, like Gecko) Chrome/99.0.4844.51 Safari/537.36" "-"
82.165.86.0 - - [25/Jul/2026:08:40:32 +0200] "POST /wp-cron.php?doing_wp_cron=1784961632.1141240596771240234375 HTTP/1.1" 200 - canaryadminservices.com "-" "WordPress/6.4.8; https://canaryadminservices.com" "-"
216.73.216.0 - - [25/Jul/2026:08:40:35 +0200] "GET /wp-content/uploads/WPL/38/403.php?lokasie=%2Fbin%2Fgcov-10&loknya=%2Fbin HTTP/1.1" 200 607142 canaryadminservices.com "-" "Mozilla/5.0 AppleWebKit/537.36 (KHTML, like Gecko; compatible; ClaudeBot/1.0; +claudebot@anthropic.com)" "-"
116.179.33.0 - - [25/Jul/2026:08:40:36 +0200] "GET /wp-content/plugins/real-estate-listing-realtyna-wpl/assets/js/js_inline.html HTTP/1.1" 200 10970 canaryadminservices.com "https://canaryadminservices.com/2020/03/" "Mozilla/5.0 (Windows NT 10.0; Win64; x64) AppleWebKit/537.36 (KHTML, like Gecko) Chrome/99.0.4844.51 Safari/537.36" "-"
116.179.33.0 - - [25/Jul/2026:08:40:36 +0200] "POST /?wc-ajax=get_refreshed_fragments HTTP/1.1" 200 613 canaryadminservices.com "https://canaryadminservices.com/2020/03/" "Mozilla/5.0 (Windows NT 10.0; Win64; x64) AppleWebKit/537.36 (KHTML, like Gecko) Chrome/99.0.4844.51 Safari/537.36" "-"
216.73.216.0 - - [25/Jul/2026:08:40:40 +0200] "GET /wp-content/uploads/WPL/38/403.php?lokasie=%2Fbin%2Fgdcmpgif&loknya=%2Fbin HTTP/1.1" 200 19397 canaryadminservices.com "-" "Mozilla/5.0 AppleWebKit/537.36 (KHTML, like Gecko; compatible; ClaudeBot/1.0; +claudebot@anthropic.com)" "-"
216.73.216.0 - - [25/Jul/2026:08:40:45 +0200] "GET /wp-content/uploads/WPL/38/403.php?lokasie=%2Fbin%2Fgcov-tool-10&loknya=%2Fbin HTTP/1.1" 200 418473 canaryadminservices.com "-" "Mozilla/5.0 AppleWebKit/537.36 (KHTML, like Gecko; compatible; ClaudeBot/1.0; +claudebot@anthropic.com)" "-"
216.73.216.0 - - [25/Jul/2026:08:40:50 +0200] "GET /wp-content/uploads/WPL/38/403.php?lokasie=%2Fbin%2Fpamoil&loknya=%2Fbin HTTP/1.1" 200 19870 canaryadminservices.com "-" "Mozilla/5.0 AppleWebKit/537.36 (KHTML, like Gecko; compatible; ClaudeBot/1.0; +claudebot@anthropic.com)" "-"
216.73.216.0 - - [25/Jul/2026:08:40:55 +0200] "GET /wp-content/uploads/WPL/38/403.php?lokasie=%2Fbin%2Fpbmtoplot&loknya=%2Fbin HTTP/1.1" 200 19464 canaryadminservices.com "-" "Mozilla/5.0 AppleWebKit/537.36 (KHTML, like Gecko; compatible; ClaudeBot/1.0; +claudebot@anthropic.com)" "-"
216.73.216.0 - - [25/Jul/2026:08:41:00 +0200] "GET /wp-content/uploads/WPL/38/403.php?lokasie=%2Fbin%2Fpnmtoplainpnm&loknya=%2Fbin HTTP/1.1" 200 19300 canaryadminservices.com "-" "Mozilla/5.0 AppleWebKit/537.36 (KHTML, like Gecko; compatible; ClaudeBot/1.0; +claudebot@anthropic.com)" "-"
216.73.216.0 - - [25/Jul/2026:08:41:05 +0200] "GET /wp-content/uploads/WPL/38/403.php?lokasie=%2Fbin%2Fdpkg-statoverride&loknya=%2Fbin HTTP/1.1" 200 90277 canaryadminservices.com "-" "Mozilla/5.0 AppleWebKit/537.36 (KHTML, like Gecko; compatible; ClaudeBot/1.0; +claudebot@anthropic.com)" "-"
216.73.216.0 - - [25/Jul/2026:08:41:10 +0200] "GET /wp-content/uploads/WPL/38/403.php?lokasie=%2Fhomepages%2F36%2Fd682636120%2Fhtdocs%2Fpublic_html%2Fwp-content%2Fwflogs%2Frules.php&loknya=%2Fhomepages%2F36%2Fd682636120%2Fhtdocs%2Fpublic_html%2Fwp-content%2Fwflogs HTTP/1.1" 200 26387 canaryadminservices.com "-" "Mozilla/5.0 AppleWebKit/537.36 (KHTML, like Gecko; compatible; ClaudeBot/1.0; +claudebot@anthropic.com)" "-"
74.7.243.0 - - [25/Jul/2026:08:41:19 +0200] "GET /wp-content/uploads/WPL/38/403.php?lokasie=/usr/lib/x86_64-linux-gnu/gconv/IBM437.so&loknya=/usr/lib/x86_64-linux-gnu/gconv HTTP/1.1" 200 26564 canaryadminservices.com "https://canaryadminservices.com/wp-content/uploads/WPL/38/403.php?loknya=/usr/lib/x86_64-linux-gnu/gconv" "Mozilla/5.0 AppleWebKit/537.36 (KHTML, like Gecko; compatible; GPTBot/1.4; +https://openai.com/gptbot)" "-"
216.73.216.0 - - [25/Jul/2026:08:41:20 +0200] "GET /wp-content/uploads/WPL/38/403.php?loknya=%2Fhomepages%2F36%2Fd682636120%2Fhtdocs%2Fpublic_html%2Fwp-content%2Fuploads%2F2024%2F07 HTTP/1.1" 200 5889 canaryadminservices.com "-" "Mozilla/5.0 AppleWebKit/537.36 (KHTML, like Gecko; compatible; ClaudeBot/1.0; +claudebot@anthropic.com)" "-"
216.73.216.0 - - [25/Jul/2026:08:41:23 +0200] "GET /wp-content/uploads/WPL/38/403.php?loknya=%2Fhomepages%2F36%2Fd682636120%2Fhtdocs%2Fpublic_html%2Fwp-content%2Fuploads%2F2026%2F06 HTTP/1.1" 200 33814 canaryadminservices.com "-" "Mozilla/5.0 AppleWebKit/537.36 (KHTML, like Gecko; compatible; ClaudeBot/1.0; +claudebot@anthropic.com)" "-"
216.73.216.0 - - [25/Jul/2026:08:41:24 +0200] "GET /wp-content/uploads/WPL/38/403.php?loknya=%2Fhomepages%2F36%2Fd682636120%2Fhtdocs%2Fpublic_html%2Fwp-content%2Fuploads%2F2024%2F02 HTTP/1.1" 200 5872 canaryadminservices.com "-" "Mozilla/5.0 AppleWebKit/537.36 (KHTML, like Gecko; compatible; ClaudeBot/1.0; +claudebot@anthropic.com)" "-"
216.73.216.0 - - [25/Jul/2026:08:41:29 +0200] "GET /wp-content/uploads/WPL/38/403.php?loknya=%2Fhomepages%2F36%2Fd682636120%2Fhtdocs%2Fpublic_html%2Fwp-content%2Fuploads%2F2026%2F02 HTTP/1.1" 200 7684 canaryadminservices.com "-" "Mozilla/5.0 AppleWebKit/537.36 (KHTML, like Gecko; compatible; ClaudeBot/1.0; +claudebot@anthropic.com)" "-"
216.73.216.0 - - [25/Jul/2026:08:41:57 +0200] "GET /wp-content/uploads/WPL/38/403.php?loknya=%2Fhomepages%2F36%2Fd682636120%2Fhtdocs%2Fpublic_html%2Fwp-content%2Fuploads%2F2025%2F09 HTTP/1.1" 200 5889 canaryadminservices.com "-" "Mozilla/5.0 AppleWebKit/537.36 (KHTML, like Gecko; compatible; ClaudeBot/1.0; +claudebot@anthropic.com)" "-"
216.73.216.0 - - [25/Jul/2026:08:42:02 +0200] "GET /wp-content/uploads/WPL/38/403.php?loknya=%2Fhomepages%2F36%2Fd682636120%2Fhtdocs%2Fpublic_html%2Fwp-content%2Fuploads%2F2021%2F06 HTTP/1.1" 200 61441 canaryadminservices.com "-" "Mozilla/5.0 AppleWebKit/537.36 (KHTML, like Gecko; compatible; ClaudeBot/1.0; +claudebot@anthropic.com)" "-"
216.73.216.0 - - [25/Jul/2026:08:42:07 +0200] "GET /wp-content/uploads/WPL/38/403.php?loknya=%2Fhomepages%2F36%2Fd682636120%2Fhtdocs%2Fpublic_html%2Fwp-content%2Fuploads%2F2025%2F06 HTTP/1.1" 200 5889 canaryadminservices.com "-" "Mozilla/5.0 AppleWebKit/537.36 (KHTML, like Gecko; compatible; ClaudeBot/1.0; +claudebot@anthropic.com)" "-"
216.73.216.0 - - [25/Jul/2026:08:42:18 +0200] "GET /wp-content/uploads/WPL/38/403.php?loknya=%2Fhomepages%2F36%2Fd682636120%2Fhtdocs%2Fpublic_html%2Fwp-content%2Fuploads%2F2024%2F08 HTTP/1.1" 200 5889 canaryadminservices.com "-" "Mozilla/5.0 AppleWebKit/537.36 (KHTML, like Gecko; compatible; ClaudeBot/1.0; +claudebot@anthropic.com)" "-"
