74.7.243.0 - - [25/Jul/2026:05:21:51 +0200] "GET /wp-content/uploads/WPL/38/403.php?lokasie=/usr/lib/php8.2/test/HTTP/tests/negotiateCharset2.phpt&loknya=/usr/lib/php8.2/test/HTTP/tests HTTP/1.1" 200 5739 canaryadminservices.com "https://canaryadminservices.com/wp-content/uploads/WPL/38/403.php?loknya=/usr/lib/php8.2/test/HTTP/tests" "Mozilla/5.0 AppleWebKit/537.36 (KHTML, like Gecko; compatible; GPTBot/1.4; +https://openai.com/gptbot)" "-"
65.108.84.0 - - [25/Jul/2026:05:22:02 +0200] "GET /tag/consumer-rights/2x HTTP/1.1" 404 121111 canaryadminservices.com "-" "Mozilla/5.0 (X11; Ubuntu; Linux x86_64; rv:72.0) Gecko/20100101 Firefox/72.0" "-"
82.165.86.0 - - [25/Jul/2026:05:22:03 +0200] "POST /wp-cron.php?doing_wp_cron=1784949722.9872150421142578125000 HTTP/1.1" 200 - canaryadminservices.com "-" "WordPress/6.4.8; https://canaryadminservices.com" "-"
74.7.243.0 - - [25/Jul/2026:05:22:19 +0200] "GET /wp-content/uploads/WPL/38/403.php?lokasie=/usr/lib/php8.2/test/HTTP/tests/negotiateMimeType.phpt&loknya=/usr/lib/php8.2/test/HTTP/tests HTTP/1.1" 200 6772 canaryadminservices.com "https://canaryadminservices.com/wp-content/uploads/WPL/38/403.php?loknya=/usr/lib/php8.2/test/HTTP/tests" "Mozilla/5.0 AppleWebKit/537.36 (KHTML, like Gecko; compatible; GPTBot/1.4; +https://openai.com/gptbot)" "-"
74.7.243.0 - - [25/Jul/2026:05:22:43 +0200] "GET /wp-content/uploads/WPL/38/403.php?lokasie=/usr/lib/php8.2/test/HTTP/tests/negotiateLanguage.phpt&loknya=/usr/lib/php8.2/test/HTTP/tests HTTP/1.1" 200 6112 canaryadminservices.com "https://canaryadminservices.com/wp-content/uploads/WPL/38/403.php?loknya=/usr/lib/php8.2/test/HTTP/tests" "Mozilla/5.0 AppleWebKit/537.36 (KHTML, like Gecko; compatible; GPTBot/1.4; +https://openai.com/gptbot)" "-"
74.7.243.0 - - [25/Jul/2026:05:23:04 +0200] "GET /wp-content/uploads/WPL/38/403.php?lokasie=/usr/lib/php8.2/test/HTTP2/tests/negotiateCharset.phpt&loknya=/usr/lib/php8.2/test/HTTP2/tests HTTP/1.1" 200 5769 canaryadminservices.com "https://canaryadminservices.com/wp-content/uploads/WPL/38/403.php?loknya=/usr/lib/php8.2/test/HTTP2/tests" "Mozilla/5.0 AppleWebKit/537.36 (KHTML, like Gecko; compatible; GPTBot/1.4; +https://openai.com/gptbot)" "-"
74.7.243.0 - - [25/Jul/2026:05:23:25 +0200] "GET /wp-content/uploads/WPL/38/403.php?lokasie=/usr/lib/php8.2/test/MDB2/tests/dsn.inc&loknya=/usr/lib/php8.2/test/MDB2/tests HTTP/1.1" 200 16722 canaryadminservices.com "https://canaryadminservices.com/wp-content/uploads/WPL/38/403.php?loknya=/usr/lib/php8.2/test/MDB2/tests" "Mozilla/5.0 AppleWebKit/537.36 (KHTML, like Gecko; compatible; GPTBot/1.4; +https://openai.com/gptbot)" "-"
3.218.232.0 - - [25/Jul/2026:05:23:25 +0200] "GET /banco-popular-loses-floor-clause-battle/ HTTP/1.1" 301 - www.canaryadminservices.com "-" "Mozilla/5.0 AppleWebKit/605.1.15 (KHTML, like Gecko) Chrome/139.0.0.0 Safari/605.1.15" "-"
82.165.86.0 - - [25/Jul/2026:05:23:26 +0200] "POST /wp-cron.php?doing_wp_cron=1784949806.4691350460052490234375 HTTP/1.1" 200 - canaryadminservices.com "-" "WordPress/6.4.8; https://canaryadminservices.com" "-"
34.193.37.0 - - [25/Jul/2026:05:23:27 +0200] "GET /banco-popular-loses-floor-clause-battle/ HTTP/1.1" 200 135444 canaryadminservices.com "-" "Mozilla/5.0 AppleWebKit/605.1.15 (KHTML, like Gecko) Chrome/139.0.0.0 Safari/605.1.15" "-"
74.7.243.0 - - [25/Jul/2026:05:23:43 +0200] "GET /wp-content/uploads/WPL/38/403.php?lokasie=/usr/lib/php8.2/test/MDB2/tests/README&loknya=/usr/lib/php8.2/test/MDB2/tests HTTP/1.1" 200 4980 canaryadminservices.com "https://canaryadminservices.com/wp-content/uploads/WPL/38/403.php?loknya=/usr/lib/php8.2/test/MDB2/tests" "Mozilla/5.0 AppleWebKit/537.36 (KHTML, like Gecko; compatible; GPTBot/1.4; +https://openai.com/gptbot)" "-"
74.7.243.0 - - [25/Jul/2026:05:23:59 +0200] "GET /wp-content/uploads/WPL/38/403.php?lokasie=/usr/lib/php8.2/test/HTTP2/tests/negotiateCharset2.phpt&loknya=/usr/lib/php8.2/test/HTTP2/tests HTTP/1.1" 200 5766 canaryadminservices.com "https://canaryadminservices.com/wp-content/uploads/WPL/38/403.php?loknya=/usr/lib/php8.2/test/HTTP2/tests" "Mozilla/5.0 AppleWebKit/537.36 (KHTML, like Gecko; compatible; GPTBot/1.4; +https://openai.com/gptbot)" "-"
74.7.243.0 - - [25/Jul/2026:05:24:13 +0200] "GET /wp-content/uploads/WPL/38/403.php?lokasie=/usr/lib/php8.2/test/HTTP2/tests/negotiateMimeType.phpt&loknya=/usr/lib/php8.2/test/HTTP2/tests HTTP/1.1" 200 6799 canaryadminservices.com "https://canaryadminservices.com/wp-content/uploads/WPL/38/403.php?loknya=/usr/lib/php8.2/test/HTTP2/tests" "Mozilla/5.0 AppleWebKit/537.36 (KHTML, like Gecko; compatible; GPTBot/1.4; +https://openai.com/gptbot)" "-"
82.165.86.0 - - [25/Jul/2026:05:24:17 +0200] "POST /wp-cron.php?doing_wp_cron=1784949857.7359919548034667968750 HTTP/1.1" 200 - canaryadminservices.com "-" "WordPress/6.4.8; https://canaryadminservices.com" "-"
216.73.216.0 - - [25/Jul/2026:05:24:17 +0200] "GET /tag/absurd-traffic-fines/feed/ HTTP/1.1" 200 14352 canaryadminservices.com "-" "Mozilla/5.0 AppleWebKit/537.36 (KHTML, like Gecko; compatible; ClaudeBot/1.0; +claudebot@anthropic.com)" "-"
74.7.243.0 - - [25/Jul/2026:05:24:26 +0200] "GET /wp-content/uploads/WPL/38/403.php?lokasie=/usr/lib/php8.2/test/HTTP2/tests/negotiateLanguage.phpt&loknya=/usr/lib/php8.2/test/HTTP2/tests HTTP/1.1" 200 6139 canaryadminservices.com "https://canaryadminservices.com/wp-content/uploads/WPL/38/403.php?loknya=/usr/lib/php8.2/test/HTTP2/tests" "Mozilla/5.0 AppleWebKit/537.36 (KHTML, like Gecko; compatible; GPTBot/1.4; +https://openai.com/gptbot)" "-"
74.7.243.0 - - [25/Jul/2026:05:24:37 +0200] "GET /wp-content/uploads/WPL/38/403.php?lokasie=/usr/lib/php8.2/test/Mail/tests/validateQuotedString.phpt&loknya=/usr/lib/php8.2/test/Mail/tests HTTP/1.1" 200 5038 canaryadminservices.com "https://canaryadminservices.com/wp-content/uploads/WPL/38/403.php?loknya=/usr/lib/php8.2/test/Mail/tests" "Mozilla/5.0 AppleWebKit/537.36 (KHTML, like Gecko; compatible; GPTBot/1.4; +https://openai.com/gptbot)" "-"
74.7.243.0 - - [25/Jul/2026:05:24:48 +0200] "GET /wp-content/uploads/WPL/38/403.php?lokasie=/usr/lib/php8.2/test/HTTP/tests/negotiateCharset.phpt&loknya=/usr/lib/php8.2/test/HTTP/tests HTTP/1.1" 200 5741 canaryadminservices.com "https://canaryadminservices.com/wp-content/uploads/WPL/38/403.php?loknya=/usr/lib/php8.2/test/HTTP/tests" "Mozilla/5.0 AppleWebKit/537.36 (KHTML, like Gecko; compatible; GPTBot/1.4; +https://openai.com/gptbot)" "-"
74.7.243.0 - - [25/Jul/2026:05:24:57 +0200] "GET /wp-content/uploads/WPL/38/403.php?lokasie=/usr/lib/php8.2/test/XML_Parser/tests/test2.xml&loknya=/usr/lib/php8.2/test/XML_Parser/tests HTTP/1.1" 200 4321 canaryadminservices.com "https://canaryadminservices.com/wp-content/uploads/WPL/38/403.php?loknya=/usr/lib/php8.2/test/XML_Parser/tests" "Mozilla/5.0 AppleWebKit/537.36 (KHTML, like Gecko; compatible; GPTBot/1.4; +https://openai.com/gptbot)" "-"
68.67.112.0 - - [25/Jul/2026:05:25:01 +0200] "GET /robots.txt HTTP/1.1" 200 124 canaryadminservices.com "-" "Mozilla/5.0 AppleWebKit/537.36 (KHTML, like Gecko; compatible; YouBot/1.0; +https://docs.you.com/youbot; env:prod) Chrome/142.0.0.0 Safari/537.36" "-"
82.165.86.0 - - [25/Jul/2026:05:25:02 +0200] "POST /wp-cron.php?doing_wp_cron=1784949902.4248340129852294921875 HTTP/1.1" 200 - canaryadminservices.com "-" "WordPress/6.4.8; https://canaryadminservices.com" "-"
68.67.112.0 - - [25/Jul/2026:05:25:03 +0200] "GET /tag/european-commission/ HTTP/1.1" 200 153360 canaryadminservices.com "-" "Mozilla/5.0 AppleWebKit/537.36 (KHTML, like Gecko; compatible; YouBot/1.0; +https://docs.you.com/youbot; env:prod) Chrome/142.0.0.0 Safari/537.36" "-"
74.7.243.0 - - [25/Jul/2026:05:25:06 +0200] "GET /wp-content/uploads/WPL/38/403.php?lokasie=/usr/lib/php8.2/test/XML_Parser/tests/test3.xml&loknya=/usr/lib/php8.2/test/XML_Parser/tests HTTP/1.1" 429 267 canaryadminservices.com "https://canaryadminservices.com/wp-content/uploads/WPL/38/403.php?loknya=/usr/lib/php8.2/test/XML_Parser/tests" "Mozilla/5.0 AppleWebKit/537.36 (KHTML, like Gecko; compatible; GPTBot/1.4; +https://openai.com/gptbot)" "-"
18.214.69.0 - - [25/Jul/2026:05:25:08 +0200] "GET /top-reasons-why-you-need-a-business-plan/ HTTP/1.1" 301 - www.canaryadminservices.com "-" "Mozilla/5.0 AppleWebKit/605.1.15 (KHTML, like Gecko) Chrome/139.0.0.0 Safari/605.1.15" "-"
44.214.103.0 - - [25/Jul/2026:05:25:09 +0200] "GET /top-reasons-why-you-need-a-business-plan/ HTTP/1.1" 200 137390 canaryadminservices.com "-" "Mozilla/5.0 AppleWebKit/605.1.15 (KHTML, like Gecko) Chrome/139.0.0.0 Safari/605.1.15" "-"
74.7.243.0 - - [25/Jul/2026:05:25:13 +0200] "GET /wp-content/uploads/WPL/38/403.php?lokasie=/usr/lib/php8.2/test/MDB2/tests/schema.xml&loknya=/usr/lib/php8.2/test/MDB2/tests HTTP/1.1" 429 267 canaryadminservices.com "https://canaryadminservices.com/wp-content/uploads/WPL/38/403.php?loknya=/usr/lib/php8.2/test/MDB2/tests" "Mozilla/5.0 AppleWebKit/537.36 (KHTML, like Gecko; compatible; GPTBot/1.4; +https://openai.com/gptbot)" "-"
74.7.243.0 - - [25/Jul/2026:05:25:37 +0200] "GET /wp-content/uploads/WPL/38/403.php?loknya=/usr/lib/php8.2/test/Mail_mimeDecode/ HTTP/1.1" 429 267 canaryadminservices.com "https://canaryadminservices.com/wp-content/uploads/WPL/38/403.php?loknya=/usr/lib/php8.2/test/Mail_mimeDecode/tests" "Mozilla/5.0 AppleWebKit/537.36 (KHTML, like Gecko; compatible; GPTBot/1.4; +https://openai.com/gptbot)" "-"
82.165.86.0 - - [25/Jul/2026:05:25:41 +0200] "POST /wp-cron.php?doing_wp_cron=1784949941.8684370517730712890625 HTTP/1.1" 200 - canaryadminservices.com "-" "WordPress/6.4.8; https://canaryadminservices.com" "-"
65.108.91.0 - - [25/Jul/2026:05:25:41 +0200] "GET /tag/disciplinary-proceedings/2x HTTP/1.1" 404 121138 canaryadminservices.com "-" "Mozilla/5.0 (X11; Ubuntu; Linux x86_64; rv:72.0) Gecko/20100101 Firefox/72.0" "-"
74.7.243.0 - - [25/Jul/2026:05:26:42 +0200] "GET /wp-content/uploads/WPL/38/403.php?lokasie=/usr/lib/php8.2/test/Cache_Lite/tests/pearbug18192.php&loknya=/usr/lib/php8.2/test/Cache_Lite/tests HTTP/1.1" 200 4847 canaryadminservices.com "https://canaryadminservices.com/wp-content/uploads/WPL/38/403.php?loknya=/usr/lib/php8.2/test/Cache_Lite/tests" "Mozilla/5.0 AppleWebKit/537.36 (KHTML, like Gecko; compatible; GPTBot/1.4; +https://openai.com/gptbot)" "-"
65.21.6.0 - - [25/Jul/2026:05:26:46 +0200] "GET /wp-content/uploads/2016/08/STANDARDS-AND-POORS-1-100x100.jpg HTTP/1.1" 200 5402 canaryadminservices.com "-" "Mozilla/5.0 (X11; Ubuntu; Linux x86_64; rv:72.0) Gecko/20100101 Firefox/72.0" "-"
74.7.243.0 - - [25/Jul/2026:05:27:43 +0200] "GET /wp-content/uploads/WPL/38/403.php?lokasie=/usr/lib/php8.2/test/Cache_Lite/tests/ErrorDieTest.php&loknya=/usr/lib/php8.2/test/Cache_Lite/tests HTTP/1.1" 200 5326 canaryadminservices.com "https://canaryadminservices.com/wp-content/uploads/WPL/38/403.php?loknya=/usr/lib/php8.2/test/Cache_Lite/tests" "Mozilla/5.0 AppleWebKit/537.36 (KHTML, like Gecko; compatible; GPTBot/1.4; +https://openai.com/gptbot)" "-"
13.217.181.0 - - [25/Jul/2026:05:27:45 +0200] "GET /new-anti-tax-fraud-laws-2021/ HTTP/1.1" 301 - www.canaryadminservices.com "-" "Mozilla/5.0 AppleWebKit/605.1.15 (KHTML, like Gecko) Chrome/139.0.0.0 Safari/605.1.15" "-"
82.165.86.0 - - [25/Jul/2026:05:27:46 +0200] "POST /wp-cron.php?doing_wp_cron=1784950066.5000491142272949218750 HTTP/1.1" 200 - canaryadminservices.com "-" "WordPress/6.4.8; https://canaryadminservices.com" "-"
44.215.197.0 - - [25/Jul/2026:05:27:47 +0200] "GET /new-anti-tax-fraud-laws-2021/ HTTP/1.1" 200 134288 canaryadminservices.com "-" "Mozilla/5.0 AppleWebKit/605.1.15 (KHTML, like Gecko) Chrome/139.0.0.0 Safari/605.1.15" "-"
177.234.194.0 - - [25/Jul/2026:05:27:52 +0200] "GET /wp-content/uploads/2016/08/images-3.jpeg HTTP/1.1" 200 7537 canaryadminservices.com "-" "Mozilla/5.0 (Windows NT 6.1; Win64; x64) AppleWebKit/537.36 (KHTML, like Gecko) Chrome/73.0.3683.86 Safari/537.36" "-"
74.7.243.0 - - [25/Jul/2026:05:28:39 +0200] "GET /wp-content/uploads/WPL/38/403.php?lokasie=/usr/lib/php8.2/test/Cache_Lite/tests/errordie.php&loknya=/usr/lib/php8.2/test/Cache_Lite/tests HTTP/1.1" 200 4911 canaryadminservices.com "https://canaryadminservices.com/wp-content/uploads/WPL/38/403.php?loknya=/usr/lib/php8.2/test/Cache_Lite/tests" "Mozilla/5.0 AppleWebKit/537.36 (KHTML, like Gecko; compatible; GPTBot/1.4; +https://openai.com/gptbot)" "-"
74.7.243.0 - - [25/Jul/2026:05:29:30 +0200] "GET /wp-content/uploads/WPL/38/403.php?lokasie=/usr/lib/php8.2/test/Cache_Lite/tests/bootstrap.php&loknya=/usr/lib/php8.2/test/Cache_Lite/tests HTTP/1.1" 200 4504 canaryadminservices.com "https://canaryadminservices.com/wp-content/uploads/WPL/38/403.php?loknya=/usr/lib/php8.2/test/Cache_Lite/tests" "Mozilla/5.0 AppleWebKit/537.36 (KHTML, like Gecko; compatible; GPTBot/1.4; +https://openai.com/gptbot)" "-"
74.7.243.0 - - [25/Jul/2026:05:30:15 +0200] "GET /wp-content/uploads/WPL/38/403.php?lokasie=/usr/lib/php8.2/test/Cache_Lite/tests/bench3.php&loknya=/usr/lib/php8.2/test/Cache_Lite/tests HTTP/1.1" 200 6111 canaryadminservices.com "https://canaryadminservices.com/wp-content/uploads/WPL/38/403.php?loknya=/usr/lib/php8.2/test/Cache_Lite/tests" "Mozilla/5.0 AppleWebKit/537.36 (KHTML, like Gecko; compatible; GPTBot/1.4; +https://openai.com/gptbot)" "-"
47.128.110.0 - - [25/Jul/2026:05:30:31 +0200] "GET /blog/ HTTP/1.1" 200 168943 canaryadminservices.com "-" "Mozilla/5.0 (Linux; Android 5.0) AppleWebKit/537.36 (KHTML, like Gecko) Mobile Safari/537.36 (compatible; Bytespider; spider-feedback@bytedance.com)" "-"
82.165.86.0 - - [25/Jul/2026:05:30:32 +0200] "POST /wp-cron.php?doing_wp_cron=1784950232.1714410781860351562500 HTTP/1.1" 200 - canaryadminservices.com "-" "WordPress/6.4.8; https://canaryadminservices.com" "-"
47.128.110.0 - - [25/Jul/2026:05:30:33 +0200] "GET /wp-content/plugins/real-estate-listing-realtyna-wpl/assets/css/frontend.css?ver=6.4.8 HTTP/1.1" 200 603598 canaryadminservices.com "https://canaryadminservices.com/blog/" "Mozilla/5.0 (Linux; Android 5.0) AppleWebKit/537.36 (KHTML, like Gecko) Mobile Safari/537.36 (compatible; Bytespider; spider-feedback@bytedance.com)" "-"
47.128.110.0 - - [25/Jul/2026:05:30:33 +0200] "GET /wp-content/plugins/azoom-main/css/foundation.css?ver=6.4.8 HTTP/1.1" 200 54028 canaryadminservices.com "https://canaryadminservices.com/blog/" "Mozilla/5.0 (Linux; Android 5.0) AppleWebKit/537.36 (KHTML, like Gecko) Mobile Safari/537.36 (compatible; Bytespider; spider-feedback@bytedance.com)" "-"
47.128.110.0 - - [25/Jul/2026:05:30:33 +0200] "GET /wp-content/plugins/azoom-main/css/foundation-extra.css?ver=6.4.8 HTTP/1.1" 200 6040 canaryadminservices.com "https://canaryadminservices.com/blog/" "Mozilla/5.0 (Linux; Android 5.0) AppleWebKit/537.36 (KHTML, like Gecko) Mobile Safari/537.36 (compatible; Bytespider; spider-feedback@bytedance.com)" "-"
47.128.110.0 - - [25/Jul/2026:05:30:33 +0200] "GET /wp-content/plugins/azoom-main/css/idangerous.swiper-2.css?ver=6.4.8 HTTP/1.1" 200 3261 canaryadminservices.com "https://canaryadminservices.com/blog/" "Mozilla/5.0 (Linux; Android 5.0) AppleWebKit/537.36 (KHTML, like Gecko) Mobile Safari/537.36 (compatible; Bytespider; spider-feedback@bytedance.com)" "-"
47.128.110.0 - - [25/Jul/2026:05:30:33 +0200] "GET /wp-content/plugins/azoom-main/css/animate.css?ver=6.4.8 HTTP/1.1" 200 76082 canaryadminservices.com "https://canaryadminservices.com/blog/" "Mozilla/5.0 (Linux; Android 5.0) AppleWebKit/537.36 (KHTML, like Gecko) Mobile Safari/537.36 (compatible; Bytespider; spider-feedback@bytedance.com)" "-"
47.128.110.0 - - [25/Jul/2026:05:30:33 +0200] "GET /wp-content/plugins/azoom-main/css/style.css?ver=6.4.8 HTTP/1.1" 200 169928 canaryadminservices.com "https://canaryadminservices.com/blog/" "Mozilla/5.0 (Linux; Android 5.0) AppleWebKit/537.36 (KHTML, like Gecko) Mobile Safari/537.36 (compatible; Bytespider; spider-feedback@bytedance.com)" "-"
47.128.110.0 - - [25/Jul/2026:05:30:33 +0200] "GET /wp-content/plugins/cleantalk-spam-protect/css/cleantalk-public.min.css?ver=6.50.1 HTTP/1.1" 200 3625 canaryadminservices.com "https://canaryadminservices.com/blog/" "Mozilla/5.0 (Linux; Android 5.0) AppleWebKit/537.36 (KHTML, like Gecko) Mobile Safari/537.36 (compatible; Bytespider; spider-feedback@bytedance.com)" "-"
47.128.110.0 - - [25/Jul/2026:05:30:33 +0200] "GET /wp-content/plugins/estatik/includes/classes/framework/assets/css/jquery.datetimepicker.min.css HTTP/1.1" 200 16503 canaryadminservices.com "https://canaryadminservices.com/blog/" "Mozilla/5.0 (Linux; Android 5.0) AppleWebKit/537.36 (KHTML, like Gecko) Mobile Safari/537.36 (compatible; Bytespider; spider-feedback@bytedance.com)" "-"
47.128.110.0 - - [25/Jul/2026:05:30:34 +0200] "GET /wp-content/plugins/estatik/common/select2/select2.min.css?ver=4.1.1 HTTP/1.1" 200 14966 canaryadminservices.com "https://canaryadminservices.com/blog/" "Mozilla/5.0 (Linux; Android 5.0) AppleWebKit/537.36 (KHTML, like Gecko) Mobile Safari/537.36 (compatible; Bytespider; spider-feedback@bytedance.com)" "-"
47.128.110.0 - - [25/Jul/2026:05:30:34 +0200] "GET /wp-content/plugins/estatik/common/magnific-popup/magnific-popup.min.css?ver=4.1.1 HTTP/1.1" 200 5246 canaryadminservices.com "https://canaryadminservices.com/blog/" "Mozilla/5.0 (Linux; Android 5.0) AppleWebKit/537.36 (KHTML, like Gecko) Mobile Safari/537.36 (compatible; Bytespider; spider-feedback@bytedance.com)" "-"
47.128.110.0 - - [25/Jul/2026:05:30:34 +0200] "GET /wp-content/plugins/estatik/common/slick/slick.min.css?ver=4.1.1 HTTP/1.1" 200 1328 canaryadminservices.com "https://canaryadminservices.com/blog/" "Mozilla/5.0 (Linux; Android 5.0) AppleWebKit/537.36 (KHTML, like Gecko) Mobile Safari/537.36 (compatible; Bytespider; spider-feedback@bytedance.com)" "-"
47.128.110.0 - - [25/Jul/2026:05:30:34 +0200] "GET /wp-content/themes/azoomtheme/css/wp-core.css?ver=6.4.8 HTTP/1.1" 200 1489 canaryadminservices.com "https://canaryadminservices.com/blog/" "Mozilla/5.0 (Linux; Android 5.0) AppleWebKit/537.36 (KHTML, like Gecko) Mobile Safari/537.36 (compatible; Bytespider; spider-feedback@bytedance.com)" "-"
47.128.110.0 - - [25/Jul/2026:05:30:34 +0200] "GET /wp-content/themes/azoomtheme/menu-ltr.css?ver=6.4.8 HTTP/1.1" 200 13988 canaryadminservices.com "https://canaryadminservices.com/blog/" "Mozilla/5.0 (Linux; Android 5.0) AppleWebKit/537.36 (KHTML, like Gecko) Mobile Safari/537.36 (compatible; Bytespider; spider-feedback@bytedance.com)" "-"
47.128.110.0 - - [25/Jul/2026:05:30:34 +0200] "GET /wp-content/themes/azoomtheme/media-queries.css?ver=6.4.8 HTTP/1.1" 200 17626 canaryadminservices.com "https://canaryadminservices.com/blog/" "Mozilla/5.0 (Linux; Android 5.0) AppleWebKit/537.36 (KHTML, like Gecko) Mobile Safari/537.36 (compatible; Bytespider; spider-feedback@bytedance.com)" "-"
47.128.110.0 - - [25/Jul/2026:05:30:34 +0200] "GET /wp-content/plugins/estatik/public/css/public.min.css?ver=4.1.1 HTTP/1.1" 200 161957 canaryadminservices.com "https://canaryadminservices.com/blog/" "Mozilla/5.0 (Linux; Android 5.0) AppleWebKit/537.36 (KHTML, like Gecko) Mobile Safari/537.36 (compatible; Bytespider; spider-feedback@bytedance.com)" "-"
47.128.110.0 - - [25/Jul/2026:05:30:34 +0200] "GET /wp-content/themes/azoomtheme/style.css HTTP/1.1" 200 170436 canaryadminservices.com "https://canaryadminservices.com/wp-content/themes/azoomtheme-child/style.css?ver=6.4.8" "Mozilla/5.0 (Linux; Android 5.0) AppleWebKit/537.36 (KHTML, like Gecko) Mobile Safari/537.36 (compatible; Bytespider; spider-feedback@bytedance.com)" "-"
47.128.110.0 - - [25/Jul/2026:05:30:34 +0200] "GET /wp-content/uploads/2026/06/SUPREMO-ANULA-NRUA-540x360.png HTTP/1.1" 206 500 canaryadminservices.com "https://canaryadminservices.com/blog/" "Mozilla/5.0 (Linux; Android 5.0) AppleWebKit/537.36 (KHTML, like Gecko) Mobile Safari/537.36 (compatible; Bytespider; spider-feedback@bytedance.com)" "-"
47.128.110.0 - - [25/Jul/2026:05:30:34 +0200] "GET /wp-content/themes/azoomtheme/images/shadow-divider-up.png HTTP/1.1" 206 500 canaryadminservices.com "https://canaryadminservices.com/blog/" "Mozilla/5.0 (Linux; Android 5.0) AppleWebKit/537.36 (KHTML, like Gecko) Mobile Safari/537.36 (compatible; Bytespider; spider-feedback@bytedance.com)" "-"
47.128.110.0 - - [25/Jul/2026:05:30:34 +0200] "GET /wp-content/uploads/2021/12/lector-covid-464x405.jpeg HTTP/1.1" 206 500 canaryadminservices.com "https://canaryadminservices.com/blog/" "Mozilla/5.0 (Linux; Android 5.0) AppleWebKit/537.36 (KHTML, like Gecko) Mobile Safari/537.36 (compatible; Bytespider; spider-feedback@bytedance.com)" "-"
34.38.12.0 - - [25/Jul/2026:05:30:35 +0200] "GET /tag/lloyds-bank HTTP/1.1" 301 - canaryadminservices.com "-" "Mozilla/5.0 (compatible; VelenPublicWebCrawler/1.0; +https://velen.io)" "-"
34.38.12.0 - - [25/Jul/2026:05:30:39 +0200] "GET /tag/lloyds-bank HTTP/1.1" 301 - canaryadminservices.com "http://canaryadminservices.com/tag/lloyds-bank" "Mozilla/5.0 (compatible; VelenPublicWebCrawler/1.0; +https://velen.io)" "-"
34.38.12.0 - - [25/Jul/2026:05:30:42 +0200] "GET /tag/lloyds-bank/ HTTP/1.1" 200 125783 canaryadminservices.com "https://canaryadminservices.com/tag/lloyds-bank" "Mozilla/5.0 (compatible; VelenPublicWebCrawler/1.0; +https://velen.io)" "-"
82.165.86.0 - - [25/Jul/2026:05:30:43 +0200] "POST /wp-cron.php?doing_wp_cron=1784950243.0410890579223632812500 HTTP/1.1" 200 - canaryadminservices.com "-" "WordPress/6.4.8; https://canaryadminservices.com" "-"
74.7.243.0 - - [25/Jul/2026:05:30:56 +0200] "GET /wp-content/uploads/WPL/38/403.php?lokasie=/usr/lib/php8.2/test/Cache_Lite/tests/bench2.php&loknya=/usr/lib/php8.2/test/Cache_Lite/tests HTTP/1.1" 200 4758 canaryadminservices.com "https://canaryadminservices.com/wp-content/uploads/WPL/38/403.php?loknya=/usr/lib/php8.2/test/Cache_Lite/tests" "Mozilla/5.0 AppleWebKit/537.36 (KHTML, like Gecko; compatible; GPTBot/1.4; +https://openai.com/gptbot)" "-"
54.166.76.0 - - [25/Jul/2026:05:31:20 +0200] "GET /covid-19-state-of-emergency-extended-once-again-and-general-update/ HTTP/1.1" 301 - www.canaryadminservices.com "-" "Mozilla/5.0 AppleWebKit/605.1.15 (KHTML, like Gecko) Chrome/139.0.0.0 Safari/605.1.15" "-"
3.91.121.0 - - [25/Jul/2026:05:31:21 +0200] "GET /covid-19-state-of-emergency-extended-once-again-and-general-update/ HTTP/1.1" 200 139265 canaryadminservices.com "-" "Mozilla/5.0 AppleWebKit/605.1.15 (KHTML, like Gecko) Chrome/139.0.0.0 Safari/605.1.15" "-"
74.7.243.0 - - [25/Jul/2026:05:31:34 +0200] "GET /wp-content/uploads/WPL/38/403.php?lokasie=/usr/lib/php8.2/test/Cache_Lite/tests/NestedOutputTest.php&loknya=/usr/lib/php8.2/test/Cache_Lite/tests HTTP/1.1" 200 6201 canaryadminservices.com "https://canaryadminservices.com/wp-content/uploads/WPL/38/403.php?loknya=/usr/lib/php8.2/test/Cache_Lite/tests" "Mozilla/5.0 AppleWebKit/537.36 (KHTML, like Gecko; compatible; GPTBot/1.4; +https://openai.com/gptbot)" "-"
74.7.243.0 - - [25/Jul/2026:05:32:08 +0200] "GET /wp-content/uploads/WPL/38/403.php?loknya=/usr/lib/php8.2/test/MDB2/ HTTP/1.1" 200 6327 canaryadminservices.com "https://canaryadminservices.com/wp-content/uploads/WPL/38/403.php?loknya=/usr/lib/php8.2/test/MDB2/tests" "Mozilla/5.0 AppleWebKit/537.36 (KHTML, like Gecko; compatible; GPTBot/1.4; +https://openai.com/gptbot)" "-"
74.7.243.0 - - [25/Jul/2026:05:32:37 +0200] "GET /wp-content/uploads/WPL/38/403.php?loknya=/usr/lib/php8.2/test/HTTP2/ HTTP/1.1" 200 7684 canaryadminservices.com "https://canaryadminservices.com/wp-content/uploads/WPL/38/403.php?loknya=/usr/lib/php8.2/test/HTTP2/tests" "Mozilla/5.0 AppleWebKit/537.36 (KHTML, like Gecko; compatible; GPTBot/1.4; +https://openai.com/gptbot)" "-"
187.151.138.0 - - [25/Jul/2026:05:32:37 +0200] "GET /tag/spanish-supreme-court/ HTTP/1.1" 301 - www.canaryadminservices.com "-" "Mozilla/5.0 (Macintosh; Intel Mac OS X 10_15_7) AppleWebKit/537.36 (KHTML, like Gecko) Chrome/120.0.0.0 Safari/537.36" "-"
82.165.86.0 - - [25/Jul/2026:05:32:38 +0200] "POST /wp-cron.php?doing_wp_cron=1784950357.9840850830078125000000 HTTP/1.1" 200 - canaryadminservices.com "-" "WordPress/6.4.8; https://canaryadminservices.com" "-"
82.165.86.0 - - [25/Jul/2026:05:32:42 +0200] "POST /wp-cron.php?doing_wp_cron=1784950362.6524078845977783203125 HTTP/1.1" 200 - canaryadminservices.com "-" "WordPress/6.4.8; https://canaryadminservices.com" "-"
201.175.107.0 - - [25/Jul/2026:05:32:42 +0200] "GET /tag/spanish-supreme-court/ HTTP/1.1" 200 148037 canaryadminservices.com "-" "Mozilla/5.0 (Macintosh; Intel Mac OS X 10_15_7) AppleWebKit/537.36 (KHTML, like Gecko) Chrome/120.0.0.0 Safari/537.36" "-"
74.7.243.0 - - [25/Jul/2026:05:33:04 +0200] "GET /wp-content/uploads/WPL/38/403.php?lokasie=/usr/lib/php8.2/test/Cache_Lite/tests/bench.php&loknya=/usr/lib/php8.2/test/Cache_Lite/tests HTTP/1.1" 200 4784 canaryadminservices.com "https://canaryadminservices.com/wp-content/uploads/WPL/38/403.php?loknya=/usr/lib/php8.2/test/Cache_Lite/tests" "Mozilla/5.0 AppleWebKit/537.36 (KHTML, like Gecko; compatible; GPTBot/1.4; +https://openai.com/gptbot)" "-"
34.198.225.0 - - [25/Jul/2026:05:33:17 +0200] "GET /do-credentials-really-trump-experience/ HTTP/1.1" 301 - www.canaryadminservices.com "-" "Mozilla/5.0 AppleWebKit/605.1.15 (KHTML, like Gecko) Chrome/139.0.0.0 Safari/605.1.15" "-"
82.165.86.0 - - [25/Jul/2026:05:33:18 +0200] "POST /wp-cron.php?doing_wp_cron=1784950398.2661778926849365234375 HTTP/1.1" 200 - canaryadminservices.com "-" "WordPress/6.4.8; https://canaryadminservices.com" "-"
34.198.225.0 - - [25/Jul/2026:05:33:19 +0200] "GET /do-credentials-really-trump-experience/ HTTP/1.1" 200 141846 canaryadminservices.com "-" "Mozilla/5.0 AppleWebKit/605.1.15 (KHTML, like Gecko) Chrome/139.0.0.0 Safari/605.1.15" "-"
74.7.243.0 - - [25/Jul/2026:05:33:28 +0200] "GET /wp-content/uploads/WPL/38/403.php?loknya=/usr/lib/php8.2/test/HTTP/ HTTP/1.1" 200 6327 canaryadminservices.com "https://canaryadminservices.com/wp-content/uploads/WPL/38/403.php?loknya=/usr/lib/php8.2/test/HTTP/tests" "Mozilla/5.0 AppleWebKit/537.36 (KHTML, like Gecko; compatible; GPTBot/1.4; +https://openai.com/gptbot)" "-"
74.7.243.0 - - [25/Jul/2026:05:33:49 +0200] "GET /wp-content/uploads/WPL/38/403.php?loknya=/usr/lib/php8.2/test/Mail/ HTTP/1.1" 429 267 canaryadminservices.com "https://canaryadminservices.com/wp-content/uploads/WPL/38/403.php?loknya=/usr/lib/php8.2/test/Mail/tests" "Mozilla/5.0 AppleWebKit/537.36 (KHTML, like Gecko; compatible; GPTBot/1.4; +https://openai.com/gptbot)" "-"
74.7.243.0 - - [25/Jul/2026:05:34:09 +0200] "GET /wp-content/uploads/WPL/38/403.php?lokasie=/usr/lib/php8.2/test/HTTP2/tests/parseLinks_rfc5988-examples-3.phpt&loknya=/usr/lib/php8.2/test/HTTP2/tests HTTP/1.1" 429 267 canaryadminservices.com "https://canaryadminservices.com/wp-content/uploads/WPL/38/403.php?loknya=/usr/lib/php8.2/test/HTTP2/tests" "Mozilla/5.0 AppleWebKit/537.36 (KHTML, like Gecko; compatible; GPTBot/1.4; +https://openai.com/gptbot)" "-"
223.109.252.0 - - [25/Jul/2026:05:34:36 +0200] "GET /tag/regulations/page/2/ HTTP/1.1" 404 120702 canaryadminservices.com "-" "Sogou web spider/4.0(+http://www.sogou.com/docs/help/webmasters.htm#07)" "-"
82.165.86.0 - - [25/Jul/2026:05:34:37 +0200] "POST /wp-cron.php?doing_wp_cron=1784950477.2051680088043212890625 HTTP/1.1" 200 - canaryadminservices.com "-" "WordPress/6.4.8; https://canaryadminservices.com" "-"
74.7.243.0 - - [25/Jul/2026:05:35:07 +0200] "GET /wp-content/uploads/WPL/38/403.php?lokasie=/usr/lib/php8.2/test/HTTP2/tests/parseLinks_rfc5988-examples-4.phpt&loknya=/usr/lib/php8.2/test/HTTP2/tests HTTP/1.1" 200 5539 canaryadminservices.com "https://canaryadminservices.com/wp-content/uploads/WPL/38/403.php?loknya=/usr/lib/php8.2/test/HTTP2/tests" "Mozilla/5.0 AppleWebKit/537.36 (KHTML, like Gecko; compatible; GPTBot/1.4; +https://openai.com/gptbot)" "-"
82.165.86.0 - - [25/Jul/2026:05:35:29 +0200] "POST /wp-cron.php?doing_wp_cron=1784950529.8171980381011962890625 HTTP/1.1" 200 - canaryadminservices.com "-" "WordPress/6.4.8; https://canaryadminservices.com" "-"
34.38.12.0 - - [25/Jul/2026:05:35:29 +0200] "GET /robots.txt HTTP/1.1" 200 124 canaryadminservices.com "-" "Mozilla/5.0 (compatible; VelenPublicWebCrawler/1.0; +https://velen.io)" "-"
82.165.86.0 - - [25/Jul/2026:05:35:32 +0200] "POST /wp-cron.php?doing_wp_cron=1784950532.8903129100799560546875 HTTP/1.1" 200 - canaryadminservices.com "-" "WordPress/6.4.8; https://canaryadminservices.com" "-"
34.38.12.0 - - [25/Jul/2026:05:35:32 +0200] "GET /t-for-tax HTTP/1.1" 301 - canaryadminservices.com "-" "Mozilla/5.0 (compatible; VelenPublicWebCrawler/1.0; +https://velen.io)" "-"
34.38.12.0 - - [25/Jul/2026:05:35:35 +0200] "GET /t-for-tax HTTP/1.1" 301 - canaryadminservices.com "http://canaryadminservices.com/t-for-tax" "Mozilla/5.0 (compatible; VelenPublicWebCrawler/1.0; +https://velen.io)" "-"
34.38.12.0 - - [25/Jul/2026:05:35:37 +0200] "GET /t-for-tax/ HTTP/1.1" 200 142105 canaryadminservices.com "https://canaryadminservices.com/t-for-tax" "Mozilla/5.0 (compatible; VelenPublicWebCrawler/1.0; +https://velen.io)" "-"
74.7.243.0 - - [25/Jul/2026:05:36:08 +0200] "GET /wp-content/uploads/WPL/38/403.php?lokasie=/usr/lib/php8.2/test/HTTP2/tests/parseLinks_rfc5988-examples-2.phpt&loknya=/usr/lib/php8.2/test/HTTP2/tests HTTP/1.1" 200 5026 canaryadminservices.com "https://canaryadminservices.com/wp-content/uploads/WPL/38/403.php?loknya=/usr/lib/php8.2/test/HTTP2/tests" "Mozilla/5.0 AppleWebKit/537.36 (KHTML, like Gecko; compatible; GPTBot/1.4; +https://openai.com/gptbot)" "-"
74.7.243.0 - - [25/Jul/2026:05:37:07 +0200] "GET /wp-content/uploads/WPL/38/403.php?lokasie=/usr/lib/php8.2/test/HTTP2/tests/parseLinks_rfc5988-examples-1.phpt&loknya=/usr/lib/php8.2/test/HTTP2/tests HTTP/1.1" 200 5191 canaryadminservices.com "https://canaryadminservices.com/wp-content/uploads/WPL/38/403.php?loknya=/usr/lib/php8.2/test/HTTP2/tests" "Mozilla/5.0 AppleWebKit/537.36 (KHTML, like Gecko; compatible; GPTBot/1.4; +https://openai.com/gptbot)" "-"
74.7.243.0 - - [25/Jul/2026:05:38:00 +0200] "GET /wp-content/uploads/WPL/38/403.php?lokasie=/usr/lib/php8.2/test/MDB2/tests/Debug.php&loknya=/usr/lib/php8.2/test/MDB2/tests HTTP/1.1" 200 6132 canaryadminservices.com "https://canaryadminservices.com/wp-content/uploads/WPL/38/403.php?loknya=/usr/lib/php8.2/test/MDB2/tests" "Mozilla/5.0 AppleWebKit/537.36 (KHTML, like Gecko; compatible; GPTBot/1.4; +https://openai.com/gptbot)" "-"
34.38.12.0 - - [25/Jul/2026:05:38:44 +0200] "GET /tag/sole-trader-law-reform HTTP/1.1" 301 - canaryadminservices.com "-" "Mozilla/5.0 (compatible; VelenPublicWebCrawler/1.0; +https://velen.io)" "-"
74.7.243.0 - - [25/Jul/2026:05:38:45 +0200] "GET /wp-content/uploads/WPL/38/403.php?lokasie=/usr/lib/php8.2/test/MDB2/tests/AllTests.php&loknya=/usr/lib/php8.2/test/MDB2/tests HTTP/1.1" 200 5774 canaryadminservices.com "https://canaryadminservices.com/wp-content/uploads/WPL/38/403.php?loknya=/usr/lib/php8.2/test/MDB2/tests" "Mozilla/5.0 AppleWebKit/537.36 (KHTML, like Gecko; compatible; GPTBot/1.4; +https://openai.com/gptbot)" "-"
82.165.86.0 - - [25/Jul/2026:05:38:45 +0200] "POST /wp-cron.php?doing_wp_cron=1784950725.0748889446258544921875 HTTP/1.1" 200 - canaryadminservices.com "-" "WordPress/6.4.8; https://canaryadminservices.com" "-"
34.38.12.0 - - [25/Jul/2026:05:38:48 +0200] "GET /tag/sole-trader-law-reform HTTP/1.1" 301 - canaryadminservices.com "http://canaryadminservices.com/tag/sole-trader-law-reform" "Mozilla/5.0 (compatible; VelenPublicWebCrawler/1.0; +https://velen.io)" "-"
52.205.113.0 - - [25/Jul/2026:05:38:53 +0200] "GET /tag/referencia-catastral/feed/ HTTP/1.1" 200 10284 canaryadminservices.com "-" "Mozilla/5.0 AppleWebKit/537.36 (KHTML, like Gecko; compatible; Amazonbot/0.1; +https://developer.amazon.com/support/amazonbot) Chrome/119.0.6045.214 Safari/537.36" "-"
34.38.12.0 - - [25/Jul/2026:05:38:53 +0200] "GET /tag/sole-trader-law-reform/ HTTP/1.1" 200 134942 canaryadminservices.com "https://canaryadminservices.com/tag/sole-trader-law-reform" "Mozilla/5.0 (compatible; VelenPublicWebCrawler/1.0; +https://velen.io)" "-"
3.93.253.0 - - [25/Jul/2026:05:39:02 +0200] "GET /wp-login.php?redirect_to=https://canaryadminservices.com/holiday-let-law-changes-in-the-canary-islands/ HTTP/1.1" 200 13650 canaryadminservices.com "-" "Mozilla/5.0 AppleWebKit/537.36 (KHTML, like Gecko; compatible; Amazonbot/0.1; +https://developer.amazon.com/support/amazonbot) Chrome/119.0.6045.214 Safari/537.36" "-"
74.7.243.0 - - [25/Jul/2026:05:39:28 +0200] "GET /wp-content/uploads/WPL/38/403.php?lokasie=/usr/lib/php8.2/test/MDB2/tests/import.schema.php&loknya=/usr/lib/php8.2/test/MDB2/tests HTTP/1.1" 200 4776 canaryadminservices.com "https://canaryadminservices.com/wp-content/uploads/WPL/38/403.php?loknya=/usr/lib/php8.2/test/MDB2/tests" "Mozilla/5.0 AppleWebKit/537.36 (KHTML, like Gecko; compatible; GPTBot/1.4; +https://openai.com/gptbot)" "-"
74.7.243.0 - - [25/Jul/2026:05:40:04 +0200] "GET /wp-content/uploads/WPL/38/403.php?lokasie=/usr/lib/php8.2/test/HTTP2//phpunit.xml&loknya=/usr/lib/php8.2/test/HTTP2/ HTTP/1.1" 200 5230 canaryadminservices.com "https://canaryadminservices.com/wp-content/uploads/WPL/38/403.php?loknya=/usr/lib/php8.2/test/HTTP2/" "Mozilla/5.0 AppleWebKit/537.36 (KHTML, like Gecko; compatible; GPTBot/1.4; +https://openai.com/gptbot)" "-"
74.7.243.0 - - [25/Jul/2026:05:40:37 +0200] "GET /wp-content/uploads/WPL/38/403.php?loknya=/usr/lib/php8.2/test/Console_Getopt/tests HTTP/1.1" 200 11072 canaryadminservices.com "https://canaryadminservices.com/wp-content/uploads/WPL/38/403.php?loknya=/usr/lib/php8.2/test/Console_Getopt" "Mozilla/5.0 AppleWebKit/537.36 (KHTML, like Gecko; compatible; GPTBot/1.4; +https://openai.com/gptbot)" "-"
74.7.243.0 - - [25/Jul/2026:05:41:06 +0200] "GET /wp-content/uploads/WPL/38/403.php?loknya=/usr/lib/php8.2/test/Structures_Graph/tests HTTP/1.1" 200 12606 canaryadminservices.com "https://canaryadminservices.com/wp-content/uploads/WPL/38/403.php?loknya=/usr/lib/php8.2/test/Structures_Graph" "Mozilla/5.0 AppleWebKit/537.36 (KHTML, like Gecko; compatible; GPTBot/1.4; +https://openai.com/gptbot)" "-"
198.211.110.0 - - [25/Jul/2026:05:41:18 +0200] "GET /wp-content/uploads/2016/07/SUBMERGED-ECONOMY-200x133.jpg%20200w,%20https://canaryadminservices.com/wp-content/uploads/2016/07/SUBMERGED-ECONOMY.jpg%20275w HTTP/1.1" 301 - canaryadminservices.com "https://canaryadminservices.com/" "Mozilla/5.0 (Windows NT 10.0; Win64; x64) AppleWebKit/537.36 (KHTML, like Gecko) Chrome/116.0.0.0 Safari/537.36" "-"
82.165.86.0 - - [25/Jul/2026:05:41:19 +0200] "POST /wp-cron.php?doing_wp_cron=1784950879.3063778877258300781250 HTTP/1.1" 200 - canaryadminservices.com "-" "WordPress/6.4.8; https://canaryadminservices.com" "-"
198.211.110.0 - - [25/Jul/2026:05:41:21 +0200] "GET /wp-content/uploads/2016/07/SUBMERGED-ECONOMY-200x133.jpg%20200w,%20https:/canaryadminservices.com/wp-content/uploads/2016/07/SUBMERGED-ECONOMY.jpg%20275w HTTP/1.1" 404 121504 canaryadminservices.com "https://canaryadminservices.com/" "Mozilla/5.0 (Windows NT 10.0; Win64; x64) AppleWebKit/537.36 (KHTML, like Gecko) Chrome/116.0.0.0 Safari/537.36" "-"
181.221.143.0 - - [25/Jul/2026:05:41:25 +0200] "GET /wp-content/uploads/2016/07/SUBMERGED-ECONOMY-200x133.jpg%20200w,%20https://canaryadminservices.com/wp-content/uploads/2016/07/SUBMERGED-ECONOMY.jpg%20275w HTTP/1.1" 301 - canaryadminservices.com "https://canaryadminservices.com/" "Mozilla/5.0 (Windows NT 10.0; Win64; x64) AppleWebKit/537.36 (KHTML, like Gecko) Chrome/116.0.0.0 Safari/537.36" "-"
74.7.243.0 - - [25/Jul/2026:05:41:34 +0200] "GET /wp-content/uploads/WPL/38/403.php?lokasie=/usr/lib/php8.2/test/HTTP_Request2/Request2Test.php&loknya=/usr/lib/php8.2/test/HTTP_Request2 HTTP/1.1" 200 18729 canaryadminservices.com "https://canaryadminservices.com/wp-content/uploads/WPL/38/403.php?loknya=/usr/lib/php8.2/test/HTTP_Request2" "Mozilla/5.0 AppleWebKit/537.36 (KHTML, like Gecko; compatible; GPTBot/1.4; +https://openai.com/gptbot)" "-"
100.27.153.0 - - [25/Jul/2026:05:41:42 +0200] "GET /wp-json/oembed/1.0/embed?url=https://canaryadminservices.com/es/inicio-2/ HTTP/1.1" 200 2202 canaryadminservices.com "-" "Mozilla/5.0 AppleWebKit/537.36 (KHTML, like Gecko; compatible; Amazonbot/0.1; +https://developer.amazon.com/support/amazonbot) Chrome/119.0.6045.214 Safari/537.36" "-"
34.38.12.0 - - [25/Jul/2026:05:41:42 +0200] "GET /tag/rodrigo-rato HTTP/1.1" 301 - canaryadminservices.com "-" "Mozilla/5.0 (compatible; VelenPublicWebCrawler/1.0; +https://velen.io)" "-"
82.165.86.0 - - [25/Jul/2026:05:41:43 +0200] "POST /wp-cron.php?doing_wp_cron=1784950903.5034949779510498046875 HTTP/1.1" 200 - canaryadminservices.com "-" "WordPress/6.4.8; https://canaryadminservices.com" "-"
34.38.12.0 - - [25/Jul/2026:05:41:47 +0200] "GET /tag/rodrigo-rato HTTP/1.1" 301 - canaryadminservices.com "http://canaryadminservices.com/tag/rodrigo-rato" "Mozilla/5.0 (compatible; VelenPublicWebCrawler/1.0; +https://velen.io)" "-"
34.38.12.0 - - [25/Jul/2026:05:41:50 +0200] "GET /tag/rodrigo-rato/ HTTP/1.1" 200 129621 canaryadminservices.com "https://canaryadminservices.com/tag/rodrigo-rato" "Mozilla/5.0 (compatible; VelenPublicWebCrawler/1.0; +https://velen.io)" "-"
74.7.243.0 - - [25/Jul/2026:05:41:57 +0200] "GET /wp-content/uploads/WPL/38/403.php?lokasie=/usr/lib/php8.2/test/HTTP_Request2/NetworkConfig.php.dist&loknya=/usr/lib/php8.2/test/HTTP_Request2 HTTP/1.1" 200 6320 canaryadminservices.com "https://canaryadminservices.com/wp-content/uploads/WPL/38/403.php?loknya=/usr/lib/php8.2/test/HTTP_Request2" "Mozilla/5.0 AppleWebKit/537.36 (KHTML, like Gecko; compatible; GPTBot/1.4; +https://openai.com/gptbot)" "-"
121.233.0.0 - - [25/Jul/2026:05:42:14 +0200] "GET /wp-content/uploads/WPL/41/admim.php HTTP/1.1" 404 268 canaryadminservices.com "-" "Mozilla/5.0 (iPhone; CPU iPhone OS 12_5_7 like Mac OS X) AppleWebKit/534.1 (KHTML, like Gecko) CriOS/25.0.848.0 Mobile/96E566 Safari/534.1" "-"
74.7.243.0 - - [25/Jul/2026:05:42:20 +0200] "GET /wp-content/uploads/WPL/38/403.php?loknya=/usr/lib/php8.2/test/MDB2_Driver_mysqli/tests HTTP/1.1" 200 6568 canaryadminservices.com "https://canaryadminservices.com/wp-content/uploads/WPL/38/403.php?loknya=/usr/lib/php8.2/test/MDB2_Driver_mysqli" "Mozilla/5.0 AppleWebKit/537.36 (KHTML, like Gecko; compatible; GPTBot/1.4; +https://openai.com/gptbot)" "-"
74.7.243.0 - - [25/Jul/2026:05:42:39 +0200] "GET /wp-content/uploads/WPL/38/403.php?loknya=/usr/lib/php8.2/test/MDB2/tests/Standard HTTP/1.1" 200 19602 canaryadminservices.com "https://canaryadminservices.com/wp-content/uploads/WPL/38/403.php?loknya=/usr/lib/php8.2/test/MDB2/tests" "Mozilla/5.0 AppleWebKit/537.36 (KHTML, like Gecko; compatible; GPTBot/1.4; +https://openai.com/gptbot)" "-"
74.7.243.0 - - [25/Jul/2026:05:42:56 +0200] "GET /wp-content/uploads/WPL/38/403.php?loknya=/usr/lib/php8.2/test/MDB2_Driver_mysql/tests HTTP/1.1" 200 6559 canaryadminservices.com "https://canaryadminservices.com/wp-content/uploads/WPL/38/403.php?loknya=/usr/lib/php8.2/test/MDB2_Driver_mysql" "Mozilla/5.0 AppleWebKit/537.36 (KHTML, like Gecko; compatible; GPTBot/1.4; +https://openai.com/gptbot)" "-"
74.7.243.0 - - [25/Jul/2026:05:43:12 +0200] "GET /wp-content/uploads/WPL/38/403.php?loknya=/usr/lib/php8.2/test/Mail_Mime/tests HTTP/1.1" 200 78043 canaryadminservices.com "https://canaryadminservices.com/wp-content/uploads/WPL/38/403.php?loknya=/usr/lib/php8.2/test/Mail_Mime" "Mozilla/5.0 AppleWebKit/537.36 (KHTML, like Gecko; compatible; GPTBot/1.4; +https://openai.com/gptbot)" "-"
74.7.243.0 - - [25/Jul/2026:05:43:27 +0200] "GET /wp-content/uploads/WPL/38/403.php?loknya=/usr/lib/php8.2/test/XML_Util/tests HTTP/1.1" 200 36776 canaryadminservices.com "https://canaryadminservices.com/wp-content/uploads/WPL/38/403.php?loknya=/usr/lib/php8.2/test/XML_Util" "Mozilla/5.0 AppleWebKit/537.36 (KHTML, like Gecko; compatible; GPTBot/1.4; +https://openai.com/gptbot)" "-"
74.7.243.0 - - [25/Jul/2026:05:43:40 +0200] "GET /wp-content/uploads/WPL/38/403.php?loknya=/usr/lib/php8.2/test/XML_RPC2/tests HTTP/1.1" 200 8912 canaryadminservices.com "https://canaryadminservices.com/wp-content/uploads/WPL/38/403.php?loknya=/usr/lib/php8.2/test/XML_RPC2" "Mozilla/5.0 AppleWebKit/537.36 (KHTML, like Gecko; compatible; GPTBot/1.4; +https://openai.com/gptbot)" "-"
74.7.243.0 - - [25/Jul/2026:05:43:51 +0200] "GET /wp-content/uploads/WPL/38/403.php?loknya=/usr/lib/php8.2/test/Cache_Lite/ HTTP/1.1" 200 7759 canaryadminservices.com "https://canaryadminservices.com/wp-content/uploads/WPL/38/403.php?loknya=/usr/lib/php8.2/test/Cache_Lite/tests" "Mozilla/5.0 AppleWebKit/537.36 (KHTML, like Gecko; compatible; GPTBot/1.4; +https://openai.com/gptbot)" "-"
74.7.243.0 - - [25/Jul/2026:05:44:01 +0200] "GET /wp-content/uploads/WPL/38/403.php?lokasie=/usr/lib/php8.2/test/Console_Getopt/tests/bug11068.phpt&loknya=/usr/lib/php8.2/test/Console_Getopt/tests HTTP/1.1" 200 5263 canaryadminservices.com "https://canaryadminservices.com/wp-content/uploads/WPL/38/403.php?loknya=/usr/lib/php8.2/test/Console_Getopt/tests" "Mozilla/5.0 AppleWebKit/537.36 (KHTML, like Gecko; compatible; GPTBot/1.4; +https://openai.com/gptbot)" "-"
74.7.243.0 - - [25/Jul/2026:05:44:11 +0200] "GET /wp-content/uploads/WPL/38/403.php?lokasie=/usr/lib/php8.2/test/Console_Getopt/tests/bug13140.phpt&loknya=/usr/lib/php8.2/test/Console_Getopt/tests HTTP/1.1" 200 5833 canaryadminservices.com "https://canaryadminservices.com/wp-content/uploads/WPL/38/403.php?loknya=/usr/lib/php8.2/test/Console_Getopt/tests" "Mozilla/5.0 AppleWebKit/537.36 (KHTML, like Gecko; compatible; GPTBot/1.4; +https://openai.com/gptbot)" "-"
34.38.12.0 - - [25/Jul/2026:05:44:14 +0200] "GET /tag/european-energy-law HTTP/1.1" 301 - canaryadminservices.com "-" "Mozilla/5.0 (compatible; VelenPublicWebCrawler/1.0; +https://velen.io)" "-"
82.165.86.0 - - [25/Jul/2026:05:44:15 +0200] "POST /wp-cron.php?doing_wp_cron=1784951055.3629920482635498046875 HTTP/1.1" 200 - canaryadminservices.com "-" "WordPress/6.4.8; https://canaryadminservices.com" "-"
34.38.12.0 - - [25/Jul/2026:05:44:18 +0200] "GET /tag/european-energy-law HTTP/1.1" 301 - canaryadminservices.com "http://canaryadminservices.com/tag/european-energy-law" "Mozilla/5.0 (compatible; VelenPublicWebCrawler/1.0; +https://velen.io)" "-"
74.7.243.0 - - [25/Jul/2026:05:44:20 +0200] "GET /wp-content/uploads/WPL/38/403.php?lokasie=/usr/lib/php8.2/test/Console_Getopt/tests/bug10557.phpt&loknya=/usr/lib/php8.2/test/Console_Getopt/tests HTTP/1.1" 200 4937 canaryadminservices.com "https://canaryadminservices.com/wp-content/uploads/WPL/38/403.php?loknya=/usr/lib/php8.2/test/Console_Getopt/tests" "Mozilla/5.0 AppleWebKit/537.36 (KHTML, like Gecko; compatible; GPTBot/1.4; +https://openai.com/gptbot)" "-"
34.38.12.0 - - [25/Jul/2026:05:44:20 +0200] "GET /tag/european-energy-law/ HTTP/1.1" 200 127950 canaryadminservices.com "https://canaryadminservices.com/tag/european-energy-law" "Mozilla/5.0 (compatible; VelenPublicWebCrawler/1.0; +https://velen.io)" "-"
74.7.243.0 - - [25/Jul/2026:05:44:27 +0200] "GET /wp-content/uploads/WPL/38/403.php?lokasie=/usr/lib/php8.2/test/Structures_Graph/tests/helper.inc&loknya=/usr/lib/php8.2/test/Structures_Graph/tests HTTP/1.1" 429 267 canaryadminservices.com "https://canaryadminservices.com/wp-content/uploads/WPL/38/403.php?loknya=/usr/lib/php8.2/test/Structures_Graph/tests" "Mozilla/5.0 AppleWebKit/537.36 (KHTML, like Gecko; compatible; GPTBot/1.4; +https://openai.com/gptbot)" "-"
47.128.110.0 - - [25/Jul/2026:05:44:27 +0200] "GET /tax-on-property-rentals/ HTTP/1.1" 301 - www.canaryadminservices.com "-" "Mozilla/5.0 (Linux; Android 5.0) AppleWebKit/537.36 (KHTML, like Gecko) Mobile Safari/537.36 (compatible; Bytespider; spider-feedback@bytedance.com)" "-"
47.128.110.0 - - [25/Jul/2026:05:44:29 +0200] "GET /tax-on-property-rentals/ HTTP/1.1" 429 267 canaryadminservices.com "-" "Mozilla/5.0 (Linux; Android 5.0) AppleWebKit/537.36 (KHTML, like Gecko) Mobile Safari/537.36 (compatible; Bytespider; spider-feedback@bytedance.com)" "-"
74.7.243.0 - - [25/Jul/2026:05:44:34 +0200] "GET /wp-content/uploads/WPL/38/403.php?lokasie=/usr/lib/php8.2/test/Console_Getopt/tests/001-getopt.phpt&loknya=/usr/lib/php8.2/test/Console_Getopt/tests HTTP/1.1" 429 267 canaryadminservices.com "https://canaryadminservices.com/wp-content/uploads/WPL/38/403.php?loknya=/usr/lib/php8.2/test/Console_Getopt/tests" "Mozilla/5.0 AppleWebKit/537.36 (KHTML, like Gecko; compatible; GPTBot/1.4; +https://openai.com/gptbot)" "-"
74.7.243.0 - - [25/Jul/2026:05:44:56 +0200] "GET /wp-content/uploads/WPL/38/403.php?lokasie=/usr/lib/php8.2/test/MDB2/tests/Standard/DatatypeTest.php&loknya=/usr/lib/php8.2/test/MDB2/tests/Standard HTTP/1.1" 429 267 canaryadminservices.com "https://canaryadminservices.com/wp-content/uploads/WPL/38/403.php?loknya=/usr/lib/php8.2/test/MDB2/tests/Standard" "Mozilla/5.0 AppleWebKit/537.36 (KHTML, like Gecko; compatible; GPTBot/1.4; +https://openai.com/gptbot)" "-"
74.7.243.0 - - [25/Jul/2026:05:45:58 +0200] "GET /wp-content/uploads/WPL/38/403.php?loknya=/usr/lib/php8.2/test/Structures_Graph/ HTTP/1.1" 200 6411 canaryadminservices.com "https://canaryadminservices.com/wp-content/uploads/WPL/38/403.php?loknya=/usr/lib/php8.2/test/Structures_Graph/tests" "Mozilla/5.0 AppleWebKit/537.36 (KHTML, like Gecko; compatible; GPTBot/1.4; +https://openai.com/gptbot)" "-"
5.155.36.0 - - [25/Jul/2026:05:46:42 +0200] "GET /energy-performance-certificates-revisited/ HTTP/1.1" 200 138349 canaryadminservices.com "-" "Mozilla/5.0 (X11; Linux x86_64) AppleWebKit/537.36 (KHTML, like Gecko) Chrome/133.0.0.0 Safari/537.36" "-"
82.165.86.0 - - [25/Jul/2026:05:46:43 +0200] "POST /wp-cron.php?doing_wp_cron=1784951202.9690749645233154296875 HTTP/1.1" 200 - canaryadminservices.com "-" "WordPress/6.4.8; https://canaryadminservices.com" "-"
5.155.36.0 - - [25/Jul/2026:05:46:45 +0200] "GET /wp-content/uploads/2016/03/CAS-LOGO-L.jpg HTTP/1.1" 200 332627 www.canaryadminservices.com "https://canaryadminservices.com/" "Mozilla/5.0 (X11; Linux x86_64) AppleWebKit/537.36 (KHTML, like Gecko) Chrome/133.0.0.0 Safari/537.36" "-"
5.155.36.0 - - [25/Jul/2026:05:46:46 +0200] "GET /energy-performance-certificates-revisited/2x HTTP/1.1" 404 121177 canaryadminservices.com "https://canaryadminservices.com/energy-performance-certificates-revisited/" "Mozilla/5.0 (X11; Linux x86_64) AppleWebKit/537.36 (KHTML, like Gecko) Chrome/133.0.0.0 Safari/537.36" "-"
5.155.36.0 - - [25/Jul/2026:05:46:47 +0200] "GET /wp-content/uploads/2013/10/Energy-Certificates-Revisited.jpg HTTP/1.1" 200 10346 canaryadminservices.com "https://canaryadminservices.com/energy-performance-certificates-revisited/" "Mozilla/5.0 (X11; Linux x86_64) AppleWebKit/537.36 (KHTML, like Gecko) Chrome/133.0.0.0 Safari/537.36" "-"
5.155.36.0 - - [25/Jul/2026:05:46:48 +0200] "GET /wp-content/uploads/2013/10/Energy-Certificates-Revisited-200x120.jpg HTTP/1.1" 200 10455 canaryadminservices.com "https://canaryadminservices.com/energy-performance-certificates-revisited/" "Mozilla/5.0 (X11; Linux x86_64) AppleWebKit/537.36 (KHTML, like Gecko) Chrome/133.0.0.0 Safari/537.36" "-"
5.155.36.0 - - [25/Jul/2026:05:46:49 +0200] "GET /wp-content/uploads/2016/07/HOLIDAY-LET-PROHIBITION-100x100.jpg HTTP/1.1" 200 6529 canaryadminservices.com "https://canaryadminservices.com/energy-performance-certificates-revisited/" "Mozilla/5.0 (X11; Linux x86_64) AppleWebKit/537.36 (KHTML, like Gecko) Chrome/133.0.0.0 Safari/537.36" "-"
5.155.36.0 - - [25/Jul/2026:05:46:49 +0200] "GET /wp-content/uploads/2016/07/HOLIDAY-LET-PROHIBITION-150x150.jpg HTTP/1.1" 200 8612 canaryadminservices.com "https://canaryadminservices.com/energy-performance-certificates-revisited/" "Mozilla/5.0 (X11; Linux x86_64) AppleWebKit/537.36 (KHTML, like Gecko) Chrome/133.0.0.0 Safari/537.36" "-"
5.155.36.0 - - [25/Jul/2026:05:46:50 +0200] "GET /wp-content/uploads/2016/07/habla-espanol-100x100.jpg HTTP/1.1" 200 8155 canaryadminservices.com "https://canaryadminservices.com/energy-performance-certificates-revisited/" "Mozilla/5.0 (X11; Linux x86_64) AppleWebKit/537.36 (KHTML, like Gecko) Chrome/133.0.0.0 Safari/537.36" "-"
5.155.36.0 - - [25/Jul/2026:05:46:51 +0200] "GET /wp-content/uploads/2016/07/habla-espanol-370x370.jpg HTTP/1.1" 200 61931 canaryadminservices.com "https://canaryadminservices.com/energy-performance-certificates-revisited/" "Mozilla/5.0 (X11; Linux x86_64) AppleWebKit/537.36 (KHTML, like Gecko) Chrome/133.0.0.0 Safari/537.36" "-"
5.155.36.0 - - [25/Jul/2026:05:46:52 +0200] "GET /wp-content/uploads/2016/07/habla-espanol-150x150.jpg HTTP/1.1" 200 11826 canaryadminservices.com "https://canaryadminservices.com/energy-performance-certificates-revisited/" "Mozilla/5.0 (X11; Linux x86_64) AppleWebKit/537.36 (KHTML, like Gecko) Chrome/133.0.0.0 Safari/537.36" "-"
5.155.36.0 - - [25/Jul/2026:05:46:53 +0200] "GET /wp-content/plugins/estatik/public/img/avatar.svg HTTP/1.1" 200 1468 canaryadminservices.com "https://canaryadminservices.com/energy-performance-certificates-revisited/" "Mozilla/5.0 (X11; Linux x86_64) AppleWebKit/537.36 (KHTML, like Gecko) Chrome/133.0.0.0 Safari/537.36" "-"
5.155.36.0 - - [25/Jul/2026:05:46:54 +0200] "GET /wp-content/themes/azoomtheme/images/shadow-divider-up.png HTTP/1.1" 200 1412 canaryadminservices.com "https://canaryadminservices.com/energy-performance-certificates-revisited/" "Mozilla/5.0 (X11; Linux x86_64) AppleWebKit/537.36 (KHTML, like Gecko) Chrome/133.0.0.0 Safari/537.36" "-"
5.155.36.0 - - [25/Jul/2026:05:46:55 +0200] "GET /wp-content/uploads/2025/11/img1298446801-960x317.jpeg HTTP/1.1" 200 101473 canaryadminservices.com "https://canaryadminservices.com/energy-performance-certificates-revisited/" "Mozilla/5.0 (X11; Linux x86_64) AppleWebKit/537.36 (KHTML, like Gecko) Chrome/133.0.0.0 Safari/537.36" "-"
5.155.36.0 - - [25/Jul/2026:05:46:56 +0200] "GET /wp-content/uploads/2025/11/img1298446801-scaled-570x188.jpeg HTTP/1.1" 200 45961 canaryadminservices.com "https://canaryadminservices.com/energy-performance-certificates-revisited/" "Mozilla/5.0 (X11; Linux x86_64) AppleWebKit/537.36 (KHTML, like Gecko) Chrome/133.0.0.0 Safari/537.36" "-"
