74.7.243.0 - - [25/Jul/2026:02:00:02 +0200] "GET /wp-content/uploads/WPL/38/403.php?lokasie=/usr/lib/x86_64-linux-gnu/perl5/5.32/Text/CharWidth.pm&loknya=/usr/lib/x86_64-linux-gnu/perl5/5.32/Text HTTP/1.1" 200 6423 canaryadminservices.com "https://canaryadminservices.com/wp-content/uploads/WPL/38/403.php?loknya=/usr/lib/x86_64-linux-gnu/perl5/5.32/Text" "Mozilla/5.0 AppleWebKit/537.36 (KHTML, like Gecko; compatible; GPTBot/1.4; +https://openai.com/gptbot)" "-"
82.165.86.0 - - [25/Jul/2026:02:00:11 +0200] "POST /wp-cron.php?doing_wp_cron=1784937611.8694229125976562500000 HTTP/1.1" 200 - canaryadminservices.com "-" "WordPress/6.4.8; https://canaryadminservices.com" "-"
150.228.85.0 - - [25/Jul/2026:02:00:11 +0200] "POST /wp-admin/admin-ajax.php HTTP/1.1" 200 104 canaryadminservices.com "https://canaryadminservices.com/wp-admin/themes.php?page=rock_options" "Mozilla/5.0 (Windows NT 10.0; Win64; x64) AppleWebKit/537.36 (KHTML, like Gecko) Chrome/149.0.0.0 Safari/537.36 Edg/149.0.0.0" "-"
74.7.243.0 - - [25/Jul/2026:02:00:12 +0200] "GET /wp-content/uploads/WPL/38/403.php?lokasie=/usr/lib/x86_64-linux-gnu/perl5/5.32/auto/BSD/Resource/nswap.al&loknya=/usr/lib/x86_64-linux-gnu/perl5/5.32/auto/BSD/Resource HTTP/1.1" 200 4797 canaryadminservices.com "https://canaryadminservices.com/wp-content/uploads/WPL/38/403.php?loknya=/usr/lib/x86_64-linux-gnu/perl5/5.32/auto/BSD/Resource" "Mozilla/5.0 AppleWebKit/537.36 (KHTML, like Gecko; compatible; GPTBot/1.4; +https://openai.com/gptbot)" "-"
74.7.243.0 - - [25/Jul/2026:02:00:20 +0200] "GET /wp-content/uploads/WPL/38/403.php?lokasie=/usr/lib/x86_64-linux-gnu/perl5/5.32/XML/LibXML/Node.pod&loknya=/usr/lib/x86_64-linux-gnu/perl5/5.32/XML/LibXML HTTP/1.1" 200 33486 canaryadminservices.com "https://canaryadminservices.com/wp-content/uploads/WPL/38/403.php?loknya=/usr/lib/x86_64-linux-gnu/perl5/5.32/XML/LibXML" "Mozilla/5.0 AppleWebKit/537.36 (KHTML, like Gecko; compatible; GPTBot/1.4; +https://openai.com/gptbot)" "-"
74.7.243.0 - - [25/Jul/2026:02:00:28 +0200] "GET /wp-content/uploads/WPL/38/403.php?lokasie=/usr/lib/x86_64-linux-gnu/perl5/5.32/auto/Net/SSLeay/post_http.al&loknya=/usr/lib/x86_64-linux-gnu/perl5/5.32/auto/Net/SSLeay HTTP/1.1" 429 267 canaryadminservices.com "https://canaryadminservices.com/wp-content/uploads/WPL/38/403.php?loknya=/usr/lib/x86_64-linux-gnu/perl5/5.32/auto/Net/SSLeay" "Mozilla/5.0 AppleWebKit/537.36 (KHTML, like Gecko; compatible; GPTBot/1.4; +https://openai.com/gptbot)" "-"
74.7.243.0 - - [25/Jul/2026:02:00:35 +0200] "GET /wp-content/uploads/WPL/38/403.php?lokasie=/usr/lib/x86_64-linux-gnu/perl5/5.32/auto/Net/SSLeay/head_httpx.al&loknya=/usr/lib/x86_64-linux-gnu/perl5/5.32/auto/Net/SSLeay HTTP/1.1" 429 267 canaryadminservices.com "https://canaryadminservices.com/wp-content/uploads/WPL/38/403.php?loknya=/usr/lib/x86_64-linux-gnu/perl5/5.32/auto/Net/SSLeay" "Mozilla/5.0 AppleWebKit/537.36 (KHTML, like Gecko; compatible; GPTBot/1.4; +https://openai.com/gptbot)" "-"
74.7.243.0 - - [25/Jul/2026:02:00:55 +0200] "GET /wp-content/uploads/WPL/38/403.php?lokasie=/usr/lib/x86_64-linux-gnu/perl/5.32.1/auto/Storable/Storable.so&loknya=/usr/lib/x86_64-linux-gnu/perl/5.32.1/auto/Storable HTTP/1.1" 429 267 canaryadminservices.com "https://canaryadminservices.com/wp-content/uploads/WPL/38/403.php?loknya=/usr/lib/x86_64-linux-gnu/perl/5.32.1/auto/Storable" "Mozilla/5.0 AppleWebKit/537.36 (KHTML, like Gecko; compatible; GPTBot/1.4; +https://openai.com/gptbot)" "-"
82.165.86.0 - - [25/Jul/2026:02:01:11 +0200] "POST /wp-cron.php?doing_wp_cron=1784937671.6595139503479003906250 HTTP/1.1" 200 - canaryadminservices.com "-" "WordPress/6.4.8; https://canaryadminservices.com" "-"
150.228.85.0 - - [25/Jul/2026:02:01:11 +0200] "POST /wp-admin/admin-ajax.php HTTP/1.1" 200 47 canaryadminservices.com "https://canaryadminservices.com/wp-admin/themes.php?page=rock_options" "Mozilla/5.0 (Windows NT 10.0; Win64; x64) AppleWebKit/537.36 (KHTML, like Gecko) Chrome/149.0.0.0 Safari/537.36 Edg/149.0.0.0" "-"
103.25.195.0 - - [25/Jul/2026:02:01:54 +0200] "GET /wp-json/wp/v2/posts HTTP/1.1" 403 8126 canaryadminservices.com "-" "Mozilla/5.0 (Windows NT 10.0; Win64; x64) AppleWebKit/537.36 (KHTML, like Gecko) Chrome/120.0.0.0 Safari/537.36" "-"
74.7.243.0 - - [25/Jul/2026:02:01:56 +0200] "GET /wp-content/uploads/WPL/38/403.php?lokasie=/usr/lib/x86_64-linux-gnu/perl5/5.32/XML/LibXML/Parser.pod&loknya=/usr/lib/x86_64-linux-gnu/perl5/5.32/XML/LibXML HTTP/1.1" 200 35203 canaryadminservices.com "https://canaryadminservices.com/wp-content/uploads/WPL/38/403.php?loknya=/usr/lib/x86_64-linux-gnu/perl5/5.32/XML/LibXML" "Mozilla/5.0 AppleWebKit/537.36 (KHTML, like Gecko; compatible; GPTBot/1.4; +https://openai.com/gptbot)" "-"
82.165.86.0 - - [25/Jul/2026:02:02:17 +0200] "POST /wp-cron.php?doing_wp_cron=1784937737.8983340263366699218750 HTTP/1.1" 200 - canaryadminservices.com "-" "WordPress/6.4.8; https://canaryadminservices.com" "-"
169.58.18.0 - - [25/Jul/2026:02:02:17 +0200] "GET /wp-admin/ HTTP/1.1" 302 - canaryadminservices.com "-" "Mozilla/5.0 (Windows NT 10.0; Win64; x64) AppleWebKit/537.36 (KHTML, like Gecko) Chrome/120.0.0.0 Safari/537.36" "-"
169.58.18.0 - - [25/Jul/2026:02:02:20 +0200] "GET /wp-admin/css/ HTTP/1.1" 403 1271 canaryadminservices.com "-" "Mozilla/5.0 (Windows NT 10.0; Win64; x64) AppleWebKit/537.36 (KHTML, like Gecko) Chrome/120.0.0.0 Safari/537.36" "-"
169.58.18.0 - - [25/Jul/2026:02:02:20 +0200] "GET /wp-admin/css/colors/ HTTP/1.1" 403 1271 canaryadminservices.com "-" "Mozilla/5.0 (Windows NT 10.0; Win64; x64) AppleWebKit/537.36 (KHTML, like Gecko) Chrome/120.0.0.0 Safari/537.36" "-"
169.58.18.0 - - [25/Jul/2026:02:02:21 +0200] "GET /wp-admin/css/colors/blue/ HTTP/1.1" 403 1271 canaryadminservices.com "-" "Mozilla/5.0 (Windows NT 10.0; Win64; x64) AppleWebKit/537.36 (KHTML, like Gecko) Chrome/120.0.0.0 Safari/537.36" "-"
169.58.18.0 - - [25/Jul/2026:02:02:21 +0200] "GET /wp-admin/includes/ HTTP/1.1" 403 1271 canaryadminservices.com "-" "Mozilla/5.0 (Windows NT 10.0; Win64; x64) AppleWebKit/537.36 (KHTML, like Gecko) Chrome/120.0.0.0 Safari/537.36" "-"
169.58.18.0 - - [25/Jul/2026:02:02:24 +0200] "GET /wp-admin/maint/ HTTP/1.1" 403 1271 canaryadminservices.com "-" "Mozilla/5.0 (Windows NT 10.0; Win64; x64) AppleWebKit/537.36 (KHTML, like Gecko) Chrome/120.0.0.0 Safari/537.36" "-"
169.58.18.0 - - [25/Jul/2026:02:02:25 +0200] "GET /wp-admin/js/ HTTP/1.1" 403 1271 canaryadminservices.com "-" "Mozilla/5.0 (Windows NT 10.0; Win64; x64) AppleWebKit/537.36 (KHTML, like Gecko) Chrome/120.0.0.0 Safari/537.36" "-"
169.58.18.0 - - [25/Jul/2026:02:02:26 +0200] "GET /wp-admin/js/widgets/ HTTP/1.1" 403 1271 canaryadminservices.com "-" "Mozilla/5.0 (Windows NT 10.0; Win64; x64) AppleWebKit/537.36 (KHTML, like Gecko) Chrome/120.0.0.0 Safari/537.36" "-"
169.58.18.0 - - [25/Jul/2026:02:02:27 +0200] "GET /wp-admin/images/ HTTP/1.1" 403 1271 canaryadminservices.com "-" "Mozilla/5.0 (Windows NT 10.0; Win64; x64) AppleWebKit/537.36 (KHTML, like Gecko) Chrome/120.0.0.0 Safari/537.36" "-"
169.58.18.0 - - [25/Jul/2026:02:02:27 +0200] "GET /wp-admin/network/ HTTP/1.1" 302 - canaryadminservices.com "-" "Mozilla/5.0 (Windows NT 10.0; Win64; x64) AppleWebKit/537.36 (KHTML, like Gecko) Chrome/120.0.0.0 Safari/537.36" "-"
169.58.18.0 - - [25/Jul/2026:02:02:33 +0200] "GET /wp-admin/user/ HTTP/1.1" 302 - canaryadminservices.com "-" "Mozilla/5.0 (Windows NT 10.0; Win64; x64) AppleWebKit/537.36 (KHTML, like Gecko) Chrome/120.0.0.0 Safari/537.36" "-"
169.58.18.0 - - [25/Jul/2026:02:02:37 +0200] "GET /wp-includes/ HTTP/1.1" 403 1271 canaryadminservices.com "-" "Mozilla/5.0 (Windows NT 10.0; Win64; x64) AppleWebKit/537.36 (KHTML, like Gecko) Chrome/120.0.0.0 Safari/537.36" "-"
169.58.18.0 - - [25/Jul/2026:02:02:38 +0200] "GET /wp-includes/Text/ HTTP/1.1" 403 1271 canaryadminservices.com "-" "Mozilla/5.0 (Windows NT 10.0; Win64; x64) AppleWebKit/537.36 (KHTML, like Gecko) Chrome/120.0.0.0 Safari/537.36" "-"
169.58.18.0 - - [25/Jul/2026:02:02:38 +0200] "GET /wp-includes/Text/Diff/ HTTP/1.1" 403 1271 canaryadminservices.com "-" "Mozilla/5.0 (Windows NT 10.0; Win64; x64) AppleWebKit/537.36 (KHTML, like Gecko) Chrome/120.0.0.0 Safari/537.36" "-"
169.58.18.0 - - [25/Jul/2026:02:02:39 +0200] "GET /wp-includes/css/ HTTP/1.1" 403 1271 canaryadminservices.com "-" "Mozilla/5.0 (Windows NT 10.0; Win64; x64) AppleWebKit/537.36 (KHTML, like Gecko) Chrome/120.0.0.0 Safari/537.36" "-"
169.58.18.0 - - [25/Jul/2026:02:02:39 +0200] "GET /wp-includes/css/dist/ HTTP/1.1" 403 1271 canaryadminservices.com "-" "Mozilla/5.0 (Windows NT 10.0; Win64; x64) AppleWebKit/537.36 (KHTML, like Gecko) Chrome/120.0.0.0 Safari/537.36" "-"
3.213.46.0 - - [25/Jul/2026:02:02:39 +0200] "GET /covid-19-the-omicron-wave-forces-new-regulations-and-restrictions/ HTTP/1.1" 301 - www.canaryadminservices.com "-" "Mozilla/5.0 AppleWebKit/537.36 (KHTML, like Gecko; compatible; Amazonbot/0.1; +https://developer.amazon.com/support/amazonbot) Chrome/119.0.6045.214 Safari/537.36" "-"
169.58.18.0 - - [25/Jul/2026:02:02:40 +0200] "GET /wp-includes/fonts/ HTTP/1.1" 403 1271 canaryadminservices.com "-" "Mozilla/5.0 (Windows NT 10.0; Win64; x64) AppleWebKit/537.36 (KHTML, like Gecko) Chrome/120.0.0.0 Safari/537.36" "-"
169.58.18.0 - - [25/Jul/2026:02:02:41 +0200] "GET /wp-includes/ID3/ HTTP/1.1" 403 1271 canaryadminservices.com "-" "Mozilla/5.0 (Windows NT 10.0; Win64; x64) AppleWebKit/537.36 (KHTML, like Gecko) Chrome/120.0.0.0 Safari/537.36" "-"
169.58.18.0 - - [25/Jul/2026:02:02:41 +0200] "GET /wp-includes/sitemaps/ HTTP/1.1" 403 1271 canaryadminservices.com "-" "Mozilla/5.0 (Windows NT 10.0; Win64; x64) AppleWebKit/537.36 (KHTML, like Gecko) Chrome/120.0.0.0 Safari/537.36" "-"
82.165.86.0 - - [25/Jul/2026:02:02:41 +0200] "POST /wp-cron.php?doing_wp_cron=1784937761.8005409240722656250000 HTTP/1.1" 200 - canaryadminservices.com "-" "WordPress/6.4.8; https://canaryadminservices.com" "-"
44.194.139.0 - - [25/Jul/2026:02:02:41 +0200] "GET /covid-19-the-omicron-wave-forces-new-regulations-and-restrictions/ HTTP/1.1" 200 137879 canaryadminservices.com "-" "Mozilla/5.0 AppleWebKit/537.36 (KHTML, like Gecko; compatible; Amazonbot/0.1; +https://developer.amazon.com/support/amazonbot) Chrome/119.0.6045.214 Safari/537.36" "-"
169.58.18.0 - - [25/Jul/2026:02:02:42 +0200] "GET /wp-includes/sitemaps/providers/ HTTP/1.1" 403 1271 canaryadminservices.com "-" "Mozilla/5.0 (Windows NT 10.0; Win64; x64) AppleWebKit/537.36 (KHTML, like Gecko) Chrome/120.0.0.0 Safari/537.36" "-"
169.58.18.0 - - [25/Jul/2026:02:02:43 +0200] "GET /wp-includes/IXR/ HTTP/1.1" 403 1271 canaryadminservices.com "-" "Mozilla/5.0 (Windows NT 10.0; Win64; x64) AppleWebKit/537.36 (KHTML, like Gecko) Chrome/120.0.0.0 Safari/537.36" "-"
169.58.18.0 - - [25/Jul/2026:02:02:43 +0200] "GET /wp-includes/images/ HTTP/1.1" 403 1271 canaryadminservices.com "-" "Mozilla/5.0 (Windows NT 10.0; Win64; x64) AppleWebKit/537.36 (KHTML, like Gecko) Chrome/120.0.0.0 Safari/537.36" "-"
169.58.18.0 - - [25/Jul/2026:02:02:45 +0200] "GET /wp-includes/PHPMailer/ HTTP/1.1" 403 1271 canaryadminservices.com "-" "Mozilla/5.0 (Windows NT 10.0; Win64; x64) AppleWebKit/537.36 (KHTML, like Gecko) Chrome/120.0.0.0 Safari/537.36" "-"
169.58.18.0 - - [25/Jul/2026:02:02:46 +0200] "GET /wp-includes/pomo/ HTTP/1.1" 403 1271 canaryadminservices.com "-" "Mozilla/5.0 (Windows NT 10.0; Win64; x64) AppleWebKit/537.36 (KHTML, like Gecko) Chrome/120.0.0.0 Safari/537.36" "-"
169.58.18.0 - - [25/Jul/2026:02:02:46 +0200] "GET /wp-includes/blocks/ HTTP/1.1" 500 - canaryadminservices.com "-" "Mozilla/5.0 (Windows NT 10.0; Win64; x64) AppleWebKit/537.36 (KHTML, like Gecko) Chrome/120.0.0.0 Safari/537.36" "-"
169.58.18.0 - - [25/Jul/2026:02:02:47 +0200] "GET /wp-includes/js/ HTTP/1.1" 403 1271 canaryadminservices.com "-" "Mozilla/5.0 (Windows NT 10.0; Win64; x64) AppleWebKit/537.36 (KHTML, like Gecko) Chrome/120.0.0.0 Safari/537.36" "-"
169.58.18.0 - - [25/Jul/2026:02:02:48 +0200] "GET /wp-includes/js/codemirror/ HTTP/1.1" 403 1271 canaryadminservices.com "-" "Mozilla/5.0 (Windows NT 10.0; Win64; x64) AppleWebKit/537.36 (KHTML, like Gecko) Chrome/120.0.0.0 Safari/537.36" "-"
169.58.18.0 - - [25/Jul/2026:02:02:48 +0200] "GET /wp-includes/js/plupload/ HTTP/1.1" 403 1271 canaryadminservices.com "-" "Mozilla/5.0 (Windows NT 10.0; Win64; x64) AppleWebKit/537.36 (KHTML, like Gecko) Chrome/120.0.0.0 Safari/537.36" "-"
169.58.18.0 - - [25/Jul/2026:02:02:49 +0200] "GET /wp-includes/widgets/ HTTP/1.1" 403 1271 canaryadminservices.com "-" "Mozilla/5.0 (Windows NT 10.0; Win64; x64) AppleWebKit/537.36 (KHTML, like Gecko) Chrome/120.0.0.0 Safari/537.36" "-"
169.58.18.0 - - [25/Jul/2026:02:02:49 +0200] "GET /wp-content/ HTTP/1.1" 200 - canaryadminservices.com "-" "Mozilla/5.0 (Windows NT 10.0; Win64; x64) AppleWebKit/537.36 (KHTML, like Gecko) Chrome/120.0.0.0 Safari/537.36" "-"
169.58.18.0 - - [25/Jul/2026:02:02:50 +0200] "GET /wp-content/languages/ HTTP/1.1" 403 1271 canaryadminservices.com "-" "Mozilla/5.0 (Windows NT 10.0; Win64; x64) AppleWebKit/537.36 (KHTML, like Gecko) Chrome/120.0.0.0 Safari/537.36" "-"
169.58.18.0 - - [25/Jul/2026:02:02:51 +0200] "GET /wp-content/IXR/ HTTP/1.1" 301 - canaryadminservices.com "-" "Mozilla/5.0 (Windows NT 10.0; Win64; x64) AppleWebKit/537.36 (KHTML, like Gecko) Chrome/120.0.0.0 Safari/537.36" "-"
169.58.18.0 - - [25/Jul/2026:02:02:56 +0200] "GET /wp-content/uploads/ HTTP/1.1" 403 1271 canaryadminservices.com "-" "Mozilla/5.0 (Windows NT 10.0; Win64; x64) AppleWebKit/537.36 (KHTML, like Gecko) Chrome/120.0.0.0 Safari/537.36" "-"
169.58.18.0 - - [25/Jul/2026:02:02:58 +0200] "GET /wp-content/upgrade/ HTTP/1.1" 403 1271 canaryadminservices.com "-" "Mozilla/5.0 (Windows NT 10.0; Win64; x64) AppleWebKit/537.36 (KHTML, like Gecko) Chrome/120.0.0.0 Safari/537.36" "-"
169.58.18.0 - - [25/Jul/2026:02:02:58 +0200] "GET /wp-content/plugins/ HTTP/1.1" 200 - canaryadminservices.com "-" "Mozilla/5.0 (Windows NT 10.0; Win64; x64) AppleWebKit/537.36 (KHTML, like Gecko) Chrome/120.0.0.0 Safari/537.36" "-"
74.7.243.0 - - [25/Jul/2026:02:02:59 +0200] "GET /wp-content/uploads/WPL/38/403.php?lokasie=/usr/lib/x86_64-linux-gnu/perl5/5.32/XML/LibXML/Comment.pod&loknya=/usr/lib/x86_64-linux-gnu/perl5/5.32/XML/LibXML HTTP/1.1" 200 5921 canaryadminservices.com "https://canaryadminservices.com/wp-content/uploads/WPL/38/403.php?loknya=/usr/lib/x86_64-linux-gnu/perl5/5.32/XML/LibXML" "Mozilla/5.0 AppleWebKit/537.36 (KHTML, like Gecko; compatible; GPTBot/1.4; +https://openai.com/gptbot)" "-"
169.58.18.0 - - [25/Jul/2026:02:02:59 +0200] "GET /wp-content/themes/ HTTP/1.1" 200 - canaryadminservices.com "-" "Mozilla/5.0 (Windows NT 10.0; Win64; x64) AppleWebKit/537.36 (KHTML, like Gecko) Chrome/120.0.0.0 Safari/537.36" "-"
169.58.18.0 - - [25/Jul/2026:02:03:00 +0200] "GET /.well-known/ HTTP/1.1" 301 - canaryadminservices.com "-" "Mozilla/5.0 (Windows NT 10.0; Win64; x64) AppleWebKit/537.36 (KHTML, like Gecko) Chrome/120.0.0.0 Safari/537.36" "-"
169.58.18.0 - - [25/Jul/2026:02:03:07 +0200] "GET /uploads/ HTTP/1.1" 301 - canaryadminservices.com "-" "Mozilla/5.0 (Windows NT 10.0; Win64; x64) AppleWebKit/537.36 (KHTML, like Gecko) Chrome/120.0.0.0 Safari/537.36" "-"
150.228.85.0 - - [25/Jul/2026:02:03:12 +0200] "POST /wp-admin/admin-ajax.php HTTP/1.1" 200 47 canaryadminservices.com "https://canaryadminservices.com/wp-admin/themes.php?page=rock_options" "Mozilla/5.0 (Windows NT 10.0; Win64; x64) AppleWebKit/537.36 (KHTML, like Gecko) Chrome/149.0.0.0 Safari/537.36 Edg/149.0.0.0" "-"
82.165.86.0 - - [25/Jul/2026:02:03:13 +0200] "POST /wp-cron.php?doing_wp_cron=1784937792.9800999164581298828125 HTTP/1.1" 200 - canaryadminservices.com "-" "WordPress/6.4.8; https://canaryadminservices.com" "-"
169.58.18.0 - - [25/Jul/2026:02:03:13 +0200] "GET /files/ HTTP/1.1" 301 - canaryadminservices.com "-" "Mozilla/5.0 (Windows NT 10.0; Win64; x64) AppleWebKit/537.36 (KHTML, like Gecko) Chrome/120.0.0.0 Safari/537.36" "-"
169.58.18.0 - - [25/Jul/2026:02:03:18 +0200] "GET /file/ HTTP/1.1" 301 - canaryadminservices.com "-" "Mozilla/5.0 (Windows NT 10.0; Win64; x64) AppleWebKit/537.36 (KHTML, like Gecko) Chrome/120.0.0.0 Safari/537.36" "-"
169.58.18.0 - - [25/Jul/2026:02:03:23 +0200] "GET /images/ HTTP/1.1" 301 - canaryadminservices.com "-" "Mozilla/5.0 (Windows NT 10.0; Win64; x64) AppleWebKit/537.36 (KHTML, like Gecko) Chrome/120.0.0.0 Safari/537.36" "-"
169.58.18.0 - - [25/Jul/2026:02:03:29 +0200] "GET /admin/ HTTP/1.1" 301 - canaryadminservices.com "-" "Mozilla/5.0 (Windows NT 10.0; Win64; x64) AppleWebKit/537.36 (KHTML, like Gecko) Chrome/120.0.0.0 Safari/537.36" "-"
169.58.18.0 - - [25/Jul/2026:02:03:31 +0200] "GET /cgi-bin/ HTTP/1.1" 403 1271 canaryadminservices.com "-" "Mozilla/5.0 (Windows NT 10.0; Win64; x64) AppleWebKit/537.36 (KHTML, like Gecko) Chrome/120.0.0.0 Safari/537.36" "-"
169.58.18.0 - - [25/Jul/2026:02:03:32 +0200] "GET /.tmb/ HTTP/1.1" 301 - canaryadminservices.com "-" "Mozilla/5.0 (Windows NT 10.0; Win64; x64) AppleWebKit/537.36 (KHTML, like Gecko) Chrome/120.0.0.0 Safari/537.36" "-"
74.7.243.0 - - [25/Jul/2026:02:03:58 +0200] "GET /wp-content/uploads/WPL/38/403.php?lokasie=/usr/lib/x86_64-linux-gnu/perl5/5.32/auto/Net/SSLeay/do_httpx4.al&loknya=/usr/lib/x86_64-linux-gnu/perl5/5.32/auto/Net/SSLeay HTTP/1.1" 200 5018 canaryadminservices.com "https://canaryadminservices.com/wp-content/uploads/WPL/38/403.php?loknya=/usr/lib/x86_64-linux-gnu/perl5/5.32/auto/Net/SSLeay" "Mozilla/5.0 AppleWebKit/537.36 (KHTML, like Gecko; compatible; GPTBot/1.4; +https://openai.com/gptbot)" "-"
3.230.224.0 - - [25/Jul/2026:02:04:11 +0200] "GET /is-it-possible-for-sole-traders-to-make-additional-social-security-contributions/ HTTP/1.1" 301 - www.canaryadminservices.com "-" "Mozilla/5.0 AppleWebKit/537.36 (KHTML, like Gecko; compatible; Amazonbot/0.1; +https://developer.amazon.com/support/amazonbot) Chrome/119.0.6045.214 Safari/537.36" "-"
104.199.99.0 - - [25/Jul/2026:02:04:12 +0200] "GET /robots.txt HTTP/1.1" 200 124 canaryadminservices.com "-" "Mozilla/5.0 (compatible; VelenPublicWebCrawler/1.0; +https://velen.io)" "-"
82.165.86.0 - - [25/Jul/2026:02:04:12 +0200] "POST /wp-cron.php?doing_wp_cron=1784937852.4667770862579345703125 HTTP/1.1" 200 - canaryadminservices.com "-" "WordPress/6.4.8; https://canaryadminservices.com" "-"
44.217.177.0 - - [25/Jul/2026:02:04:13 +0200] "GET /is-it-possible-for-sole-traders-to-make-additional-social-security-contributions/ HTTP/1.1" 200 137163 canaryadminservices.com "-" "Mozilla/5.0 AppleWebKit/537.36 (KHTML, like Gecko; compatible; Amazonbot/0.1; +https://developer.amazon.com/support/amazonbot) Chrome/119.0.6045.214 Safari/537.36" "-"
104.199.99.0 - - [25/Jul/2026:02:04:14 +0200] "GET /default-item/single-portfolio-full-image HTTP/1.1" 301 - canaryadminservices.com "-" "Mozilla/5.0 (compatible; VelenPublicWebCrawler/1.0; +https://velen.io)" "-"
104.199.99.0 - - [25/Jul/2026:02:04:16 +0200] "GET /default-item/single-portfolio-full-image HTTP/1.1" 301 - canaryadminservices.com "http://canaryadminservices.com/default-item/single-portfolio-full-image" "Mozilla/5.0 (compatible; VelenPublicWebCrawler/1.0; +https://velen.io)" "-"
3.223.103.0 - - [25/Jul/2026:02:04:18 +0200] "GET /portfolio/portfolio-description/page/1/ HTTP/1.1" 301 - canaryadminservices.com "-" "Mozilla/5.0 AppleWebKit/605.1.15 (KHTML, like Gecko) Chrome/139.0.0.0 Safari/605.1.15" "-"
104.199.99.0 - - [25/Jul/2026:02:04:19 +0200] "GET /default-item/single-portfolio-full-image/ HTTP/1.1" 200 134655 canaryadminservices.com "https://canaryadminservices.com/default-item/single-portfolio-full-image" "Mozilla/5.0 (compatible; VelenPublicWebCrawler/1.0; +https://velen.io)" "-"
44.216.78.0 - - [25/Jul/2026:02:04:19 +0200] "GET /portfolio/portfolio-description/ HTTP/1.1" 200 134155 canaryadminservices.com "-" "Mozilla/5.0 AppleWebKit/605.1.15 (KHTML, like Gecko) Chrome/139.0.0.0 Safari/605.1.15" "-"
54.146.153.0 - - [25/Jul/2026:02:04:45 +0200] "GET /what-to-do-when-you-receive-a-letter-from-the-tax-office/ HTTP/1.1" 301 - www.canaryadminservices.com "-" "Mozilla/5.0 AppleWebKit/605.1.15 (KHTML, like Gecko) Chrome/139.0.0.0 Safari/605.1.15" "-"
82.165.86.0 - - [25/Jul/2026:02:04:46 +0200] "POST /wp-cron.php?doing_wp_cron=1784937886.8313949108123779296875 HTTP/1.1" 200 - canaryadminservices.com "-" "WordPress/6.4.8; https://canaryadminservices.com" "-"
35.168.107.0 - - [25/Jul/2026:02:04:48 +0200] "GET /what-to-do-when-you-receive-a-letter-from-the-tax-office/ HTTP/1.1" 200 141963 canaryadminservices.com "-" "Mozilla/5.0 AppleWebKit/605.1.15 (KHTML, like Gecko) Chrome/139.0.0.0 Safari/605.1.15" "-"
54.174.173.0 - - [25/Jul/2026:02:04:49 +0200] "GET /holiday-let-law-changes-in-the-canary-islands/ HTTP/1.1" 301 - www.canaryadminservices.com "-" "Mozilla/5.0 AppleWebKit/605.1.15 (KHTML, like Gecko) Chrome/139.0.0.0 Safari/605.1.15" "-"
74.7.243.0 - - [25/Jul/2026:02:04:51 +0200] "GET /wp-content/uploads/WPL/38/403.php?lokasie=/usr/lib/x86_64-linux-gnu/perl5/5.32/Params/ValidateXS.pm&loknya=/usr/lib/x86_64-linux-gnu/perl5/5.32/Params HTTP/1.1" 200 4478 canaryadminservices.com "https://canaryadminservices.com/wp-content/uploads/WPL/38/403.php?loknya=/usr/lib/x86_64-linux-gnu/perl5/5.32/Params" "Mozilla/5.0 AppleWebKit/537.36 (KHTML, like Gecko; compatible; GPTBot/1.4; +https://openai.com/gptbot)" "-"
100.29.125.0 - - [25/Jul/2026:02:04:51 +0200] "GET /holiday-let-law-changes-in-the-canary-islands/ HTTP/1.1" 200 140084 canaryadminservices.com "-" "Mozilla/5.0 AppleWebKit/605.1.15 (KHTML, like Gecko) Chrome/139.0.0.0 Safari/605.1.15" "-"
150.228.85.0 - - [25/Jul/2026:02:05:13 +0200] "POST /wp-admin/admin-ajax.php HTTP/1.1" 200 47 canaryadminservices.com "https://canaryadminservices.com/wp-admin/themes.php?page=rock_options" "Mozilla/5.0 (Windows NT 10.0; Win64; x64) AppleWebKit/537.36 (KHTML, like Gecko) Chrome/149.0.0.0 Safari/537.36 Edg/149.0.0.0" "-"
74.7.243.0 - - [25/Jul/2026:02:05:37 +0200] "GET /wp-content/uploads/WPL/38/403.php?lokasie=/usr/lib/x86_64-linux-gnu/perl5/5.32/auto/Params/Util/Util.so&loknya=/usr/lib/x86_64-linux-gnu/perl5/5.32/auto/Params/Util HTTP/1.1" 200 28655 canaryadminservices.com "https://canaryadminservices.com/wp-content/uploads/WPL/38/403.php?loknya=/usr/lib/x86_64-linux-gnu/perl5/5.32/auto/Params/Util" "Mozilla/5.0 AppleWebKit/537.36 (KHTML, like Gecko; compatible; GPTBot/1.4; +https://openai.com/gptbot)" "-"
34.194.95.0 - - [25/Jul/2026:02:05:51 +0200] "GET /2020/04/ HTTP/1.1" 301 - www.canaryadminservices.com "-" "Mozilla/5.0 AppleWebKit/537.36 (KHTML, like Gecko; compatible; Amazonbot/0.1; +https://developer.amazon.com/support/amazonbot) Chrome/119.0.6045.214 Safari/537.36" "-"
82.165.86.0 - - [25/Jul/2026:02:05:52 +0200] "POST /wp-cron.php?doing_wp_cron=1784937952.2356479167938232421875 HTTP/1.1" 200 - canaryadminservices.com "-" "WordPress/6.4.8; https://canaryadminservices.com" "-"
52.45.29.0 - - [25/Jul/2026:02:05:53 +0200] "GET /2020/04/ HTTP/1.1" 200 184324 canaryadminservices.com "-" "Mozilla/5.0 AppleWebKit/537.36 (KHTML, like Gecko; compatible; Amazonbot/0.1; +https://developer.amazon.com/support/amazonbot) Chrome/119.0.6045.214 Safari/537.36" "-"
34.156.245.0 - - [25/Jul/2026:02:05:55 +0200] "GET /tag/sole-trader-reform-2017 HTTP/1.1" 301 - canaryadminservices.com "-" "Mozilla/5.0 (compatible; VelenPublicWebCrawler/1.0; +https://velen.io)" "-"
191.193.129.0 - - [25/Jul/2026:02:05:56 +0200] "GET /tag/struggling-businesses/ HTTP/1.1" 404 121123 canaryadminservices.com "-" "Mozilla/5.0 (Windows NT 10.0; Win64; x64) AppleWebKit/537.36 (KHTML, like Gecko) Chrome/80.0.3987.132 Safari/537.36" "-"
34.156.245.0 - - [25/Jul/2026:02:05:57 +0200] "GET /tag/sole-trader-reform-2017 HTTP/1.1" 301 - canaryadminservices.com "http://canaryadminservices.com/tag/sole-trader-reform-2017" "Mozilla/5.0 (compatible; VelenPublicWebCrawler/1.0; +https://velen.io)" "-"
44.209.187.0 - - [25/Jul/2026:02:05:59 +0200] "GET /checkout/ HTTP/1.1" 301 - www.canaryadminservices.com "-" "Mozilla/5.0 AppleWebKit/537.36 (KHTML, like Gecko; compatible; Amazonbot/0.1; +https://developer.amazon.com/support/amazonbot) Chrome/119.0.6045.214 Safari/537.36" "-"
34.156.245.0 - - [25/Jul/2026:02:05:59 +0200] "GET /tag/sole-trader-reform-2017/ HTTP/1.1" 200 126314 canaryadminservices.com "https://canaryadminservices.com/tag/sole-trader-reform-2017" "Mozilla/5.0 (compatible; VelenPublicWebCrawler/1.0; +https://velen.io)" "-"
44.209.187.0 - - [25/Jul/2026:02:06:01 +0200] "GET /checkout/ HTTP/1.1" 302 - canaryadminservices.com "-" "Mozilla/5.0 AppleWebKit/537.36 (KHTML, like Gecko; compatible; Amazonbot/0.1; +https://developer.amazon.com/support/amazonbot) Chrome/119.0.6045.214 Safari/537.36" "-"
18.235.81.0 - - [25/Jul/2026:02:06:02 +0200] "GET /cart/ HTTP/1.1" 200 185279 canaryadminservices.com "-" "Mozilla/5.0 AppleWebKit/537.36 (KHTML, like Gecko; compatible; Amazonbot/0.1; +https://developer.amazon.com/support/amazonbot) Chrome/119.0.6045.214 Safari/537.36" "-"
74.7.243.0 - - [25/Jul/2026:02:06:16 +0200] "GET /wp-content/uploads/WPL/38/403.php?lokasie=/usr/lib/x86_64-linux-gnu/perl5/5.32/XML/LibXML/RegExp.pod&loknya=/usr/lib/x86_64-linux-gnu/perl5/5.32/XML/LibXML HTTP/1.1" 200 6026 canaryadminservices.com "https://canaryadminservices.com/wp-content/uploads/WPL/38/403.php?loknya=/usr/lib/x86_64-linux-gnu/perl5/5.32/XML/LibXML" "Mozilla/5.0 AppleWebKit/537.36 (KHTML, like Gecko; compatible; GPTBot/1.4; +https://openai.com/gptbot)" "-"
74.7.243.0 - - [25/Jul/2026:02:06:56 +0200] "GET /wp-content/uploads/WPL/38/403.php?lokasie=/usr/lib/x86_64-linux-gnu/perl5/5.32/auto/Net/SSLeay/put_httpx4.al&loknya=/usr/lib/x86_64-linux-gnu/perl5/5.32/auto/Net/SSLeay HTTP/1.1" 200 4793 canaryadminservices.com "https://canaryadminservices.com/wp-content/uploads/WPL/38/403.php?loknya=/usr/lib/x86_64-linux-gnu/perl5/5.32/auto/Net/SSLeay" "Mozilla/5.0 AppleWebKit/537.36 (KHTML, like Gecko; compatible; GPTBot/1.4; +https://openai.com/gptbot)" "-"
150.228.85.0 - - [25/Jul/2026:02:07:14 +0200] "POST /wp-admin/admin-ajax.php HTTP/1.1" 200 47 canaryadminservices.com "https://canaryadminservices.com/wp-admin/themes.php?page=rock_options" "Mozilla/5.0 (Windows NT 10.0; Win64; x64) AppleWebKit/537.36 (KHTML, like Gecko) Chrome/149.0.0.0 Safari/537.36 Edg/149.0.0.0" "-"
82.165.86.0 - - [25/Jul/2026:02:07:15 +0200] "POST /wp-cron.php?doing_wp_cron=1784938035.0559589862823486328125 HTTP/1.1" 200 - canaryadminservices.com "-" "WordPress/6.4.8; https://canaryadminservices.com" "-"
35.233.20.0 - - [25/Jul/2026:02:07:17 +0200] "GET /tag/social-housing HTTP/1.1" 301 - canaryadminservices.com "-" "Mozilla/5.0 (compatible; VelenPublicWebCrawler/1.0; +https://velen.io)" "-"
35.233.20.0 - - [25/Jul/2026:02:07:19 +0200] "GET /tag/social-housing HTTP/1.1" 301 - canaryadminservices.com "http://canaryadminservices.com/tag/social-housing" "Mozilla/5.0 (compatible; VelenPublicWebCrawler/1.0; +https://velen.io)" "-"
35.233.20.0 - - [25/Jul/2026:02:07:21 +0200] "GET /tag/social-housing/ HTTP/1.1" 200 128748 canaryadminservices.com "https://canaryadminservices.com/tag/social-housing" "Mozilla/5.0 (compatible; VelenPublicWebCrawler/1.0; +https://velen.io)" "-"
34.77.145.0 - - [25/Jul/2026:02:07:26 +0200] "GET /tag/jose-i-goirigolzarri HTTP/1.1" 301 - canaryadminservices.com "-" "Mozilla/5.0 (compatible; VelenPublicWebCrawler/1.0; +https://velen.io)" "-"
74.7.243.0 - - [25/Jul/2026:02:07:28 +0200] "GET /wp-content/uploads/WPL/38/403.php?lokasie=/usr/lib/x86_64-linux-gnu/perl5/5.32/auto/BSD/Resource/inblock.al&loknya=/usr/lib/x86_64-linux-gnu/perl5/5.32/auto/BSD/Resource HTTP/1.1" 200 4803 canaryadminservices.com "https://canaryadminservices.com/wp-content/uploads/WPL/38/403.php?loknya=/usr/lib/x86_64-linux-gnu/perl5/5.32/auto/BSD/Resource" "Mozilla/5.0 AppleWebKit/537.36 (KHTML, like Gecko; compatible; GPTBot/1.4; +https://openai.com/gptbot)" "-"
34.77.145.0 - - [25/Jul/2026:02:07:29 +0200] "GET /tag/jose-i-goirigolzarri HTTP/1.1" 301 - canaryadminservices.com "http://canaryadminservices.com/tag/jose-i-goirigolzarri" "Mozilla/5.0 (compatible; VelenPublicWebCrawler/1.0; +https://velen.io)" "-"
34.77.145.0 - - [25/Jul/2026:02:07:32 +0200] "GET /tag/jose-i-goirigolzarri/ HTTP/1.1" 200 129705 canaryadminservices.com "https://canaryadminservices.com/tag/jose-i-goirigolzarri" "Mozilla/5.0 (compatible; VelenPublicWebCrawler/1.0; +https://velen.io)" "-"
114.119.140.0 - - [25/Jul/2026:02:07:37 +0200] "GET / HTTP/1.1" 200 152671 canaryadminservices.com "https://www.canaryadminservices.com/es/default-category/masonry" "Mozilla/5.0 (Linux; Android 7.0;) AppleWebKit/537.36 (HTML, like Gecko) Mobile Safari/537.36 (compatible; PetalBot;+https://webmaster.petalsearch.com/site/petalbot)" "-"
74.7.243.0 - - [25/Jul/2026:02:07:58 +0200] "GET /wp-content/uploads/WPL/38/403.php?lokasie=/usr/lib/x86_64-linux-gnu/perl5/5.32/Unicode/Map.pm&loknya=/usr/lib/x86_64-linux-gnu/perl5/5.32/Unicode HTTP/1.1" 200 44599 canaryadminservices.com "https://canaryadminservices.com/wp-content/uploads/WPL/38/403.php?loknya=/usr/lib/x86_64-linux-gnu/perl5/5.32/Unicode" "Mozilla/5.0 AppleWebKit/537.36 (KHTML, like Gecko; compatible; GPTBot/1.4; +https://openai.com/gptbot)" "-"
113.160.225.0 - - [25/Jul/2026:02:07:58 +0200] "GET /comments/feed/ HTTP/1.1" 200 1614 canaryadminservices.com "-" "Mozilla/5.0 (Macintosh; Intel Mac OS X 10_15_7) AppleWebKit/537.36 (KHTML, like Gecko) Chrome/131.0.0.0 Safari/537.36" "-"
82.165.86.0 - - [25/Jul/2026:02:07:59 +0200] "POST /wp-cron.php?doing_wp_cron=1784938079.4440560340881347656250 HTTP/1.1" 200 - canaryadminservices.com "-" "WordPress/6.4.8; https://canaryadminservices.com" "-"
74.7.243.0 - - [25/Jul/2026:02:08:26 +0200] "GET /wp-content/uploads/WPL/38/403.php?lokasie=/usr/lib/x86_64-linux-gnu/perl5/5.32/auto/Net/SSLeay/ssl_write_all.al&loknya=/usr/lib/x86_64-linux-gnu/perl5/5.32/auto/Net/SSLeay HTTP/1.1" 200 10817 canaryadminservices.com "https://canaryadminservices.com/wp-content/uploads/WPL/38/403.php?loknya=/usr/lib/x86_64-linux-gnu/perl5/5.32/auto/Net/SSLeay" "Mozilla/5.0 AppleWebKit/537.36 (KHTML, like Gecko; compatible; GPTBot/1.4; +https://openai.com/gptbot)" "-"
74.7.243.0 - - [25/Jul/2026:02:08:51 +0200] "GET /wp-content/uploads/WPL/38/403.php?lokasie=/usr/lib/x86_64-linux-gnu/perl5/5.32/DBD/Gofer/Policy/rush.pm&loknya=/usr/lib/x86_64-linux-gnu/perl5/5.32/DBD/Gofer/Policy HTTP/1.1" 200 7245 canaryadminservices.com "https://canaryadminservices.com/wp-content/uploads/WPL/38/403.php?loknya=/usr/lib/x86_64-linux-gnu/perl5/5.32/DBD/Gofer/Policy" "Mozilla/5.0 AppleWebKit/537.36 (KHTML, like Gecko; compatible; GPTBot/1.4; +https://openai.com/gptbot)" "-"
74.7.243.0 - - [25/Jul/2026:02:09:12 +0200] "GET /wp-content/uploads/WPL/38/403.php?lokasie=/usr/lib/x86_64-linux-gnu/perl5/5.32/Template//Filters.pm&loknya=/usr/lib/x86_64-linux-gnu/perl5/5.32/Template/ HTTP/1.1" 200 32501 canaryadminservices.com "https://canaryadminservices.com/wp-content/uploads/WPL/38/403.php?loknya=/usr/lib/x86_64-linux-gnu/perl5/5.32/Template/" "Mozilla/5.0 AppleWebKit/537.36 (KHTML, like Gecko; compatible; GPTBot/1.4; +https://openai.com/gptbot)" "-"
150.228.85.0 - - [25/Jul/2026:02:09:15 +0200] "POST /wp-admin/admin-ajax.php HTTP/1.1" 200 47 canaryadminservices.com "https://canaryadminservices.com/wp-admin/themes.php?page=rock_options" "Mozilla/5.0 (Windows NT 10.0; Win64; x64) AppleWebKit/537.36 (KHTML, like Gecko) Chrome/149.0.0.0 Safari/537.36 Edg/149.0.0.0" "-"
82.165.86.0 - - [25/Jul/2026:02:09:16 +0200] "POST /wp-cron.php?doing_wp_cron=1784938155.9734010696411132812500 HTTP/1.1" 200 - canaryadminservices.com "-" "WordPress/6.4.8; https://canaryadminservices.com" "-"
74.7.243.0 - - [25/Jul/2026:02:09:32 +0200] "GET /wp-content/uploads/WPL/38/403.php?lokasie=/usr/lib/x86_64-linux-gnu/perl5/5.32/XML/LibXML/Error.pod&loknya=/usr/lib/x86_64-linux-gnu/perl5/5.32/XML/LibXML HTTP/1.1" 200 11149 canaryadminservices.com "https://canaryadminservices.com/wp-content/uploads/WPL/38/403.php?loknya=/usr/lib/x86_64-linux-gnu/perl5/5.32/XML/LibXML" "Mozilla/5.0 AppleWebKit/537.36 (KHTML, like Gecko; compatible; GPTBot/1.4; +https://openai.com/gptbot)" "-"
74.7.243.0 - - [25/Jul/2026:02:09:50 +0200] "GET /wp-content/uploads/WPL/38/403.php?lokasie=/usr/lib/x86_64-linux-gnu/perl5/5.32/Crypt/OpenSSL//Bignum.pm&loknya=/usr/lib/x86_64-linux-gnu/perl5/5.32/Crypt/OpenSSL/ HTTP/1.1" 200 17050 canaryadminservices.com "https://canaryadminservices.com/wp-content/uploads/WPL/38/403.php?loknya=/usr/lib/x86_64-linux-gnu/perl5/5.32/Crypt/OpenSSL/" "Mozilla/5.0 AppleWebKit/537.36 (KHTML, like Gecko; compatible; GPTBot/1.4; +https://openai.com/gptbot)" "-"
74.7.243.0 - - [25/Jul/2026:02:10:06 +0200] "GET /wp-content/uploads/WPL/38/403.php?lokasie=/usr/lib/x86_64-linux-gnu/perl5/5.32/Crypt/OpenSSL/Bignum.pm&loknya=/usr/lib/x86_64-linux-gnu/perl5/5.32/Crypt/OpenSSL HTTP/1.1" 200 17049 canaryadminservices.com "https://canaryadminservices.com/wp-content/uploads/WPL/38/403.php?loknya=/usr/lib/x86_64-linux-gnu/perl5/5.32/Crypt/OpenSSL" "Mozilla/5.0 AppleWebKit/537.36 (KHTML, like Gecko; compatible; GPTBot/1.4; +https://openai.com/gptbot)" "-"
74.7.243.0 - - [25/Jul/2026:02:10:21 +0200] "GET /wp-content/uploads/WPL/38/403.php?lokasie=/usr/lib/x86_64-linux-gnu/perl5/5.32/auto/BSD/Resource/isrss.al&loknya=/usr/lib/x86_64-linux-gnu/perl5/5.32/auto/BSD/Resource HTTP/1.1" 200 4797 canaryadminservices.com "https://canaryadminservices.com/wp-content/uploads/WPL/38/403.php?loknya=/usr/lib/x86_64-linux-gnu/perl5/5.32/auto/BSD/Resource" "Mozilla/5.0 AppleWebKit/537.36 (KHTML, like Gecko; compatible; GPTBot/1.4; +https://openai.com/gptbot)" "-"
144.124.199.0 - - [25/Jul/2026:02:10:24 +0200] "GET /tag/warning-triangle/ HTTP/1.1" 404 121108 canaryadminservices.com "-" "Mozilla/5.0 (Macintosh; Intel Mac OS X 10_11_6) AppleWebKit/537.36 (KHTML, like Gecko) Chrome/97.0.4692.99 Safari/537.36" "-"
82.165.86.0 - - [25/Jul/2026:02:10:25 +0200] "POST /wp-cron.php?doing_wp_cron=1784938225.8329629898071289062500 HTTP/1.1" 200 - canaryadminservices.com "-" "WordPress/6.4.8; https://canaryadminservices.com" "-"
74.7.243.0 - - [25/Jul/2026:02:10:34 +0200] "GET /wp-content/uploads/WPL/38/403.php?lokasie=/usr/lib/x86_64-linux-gnu/perl5/5.32/Template//Tutorial.pod&loknya=/usr/lib/x86_64-linux-gnu/perl5/5.32/Template/ HTTP/1.1" 200 5369 canaryadminservices.com "https://canaryadminservices.com/wp-content/uploads/WPL/38/403.php?loknya=/usr/lib/x86_64-linux-gnu/perl5/5.32/Template/" "Mozilla/5.0 AppleWebKit/537.36 (KHTML, like Gecko; compatible; GPTBot/1.4; +https://openai.com/gptbot)" "-"
74.7.243.0 - - [25/Jul/2026:02:10:46 +0200] "GET /wp-content/uploads/WPL/38/403.php?lokasie=/usr/lib/x86_64-linux-gnu/perl5/5.32/auto/Net/SSLeay/head_https.al&loknya=/usr/lib/x86_64-linux-gnu/perl5/5.32/auto/Net/SSLeay HTTP/1.1" 200 4796 canaryadminservices.com "https://canaryadminservices.com/wp-content/uploads/WPL/38/403.php?loknya=/usr/lib/x86_64-linux-gnu/perl5/5.32/auto/Net/SSLeay" "Mozilla/5.0 AppleWebKit/537.36 (KHTML, like Gecko; compatible; GPTBot/1.4; +https://openai.com/gptbot)" "-"
74.7.243.0 - - [25/Jul/2026:02:10:57 +0200] "GET /wp-content/uploads/WPL/38/403.php?lokasie=/usr/lib/x86_64-linux-gnu/perl5/5.32/auto/Net/SSLeay/do_https.al&loknya=/usr/lib/x86_64-linux-gnu/perl5/5.32/auto/Net/SSLeay HTTP/1.1" 200 4977 canaryadminservices.com "https://canaryadminservices.com/wp-content/uploads/WPL/38/403.php?loknya=/usr/lib/x86_64-linux-gnu/perl5/5.32/auto/Net/SSLeay" "Mozilla/5.0 AppleWebKit/537.36 (KHTML, like Gecko; compatible; GPTBot/1.4; +https://openai.com/gptbot)" "-"
74.7.243.0 - - [25/Jul/2026:02:11:06 +0200] "GET /wp-content/uploads/WPL/38/403.php?lokasie=/usr/lib/x86_64-linux-gnu/perl5/5.32/auto/Net/SSLeay/tcp_read_CRLF.al&loknya=/usr/lib/x86_64-linux-gnu/perl5/5.32/auto/Net/SSLeay HTTP/1.1" 200 4874 canaryadminservices.com "https://canaryadminservices.com/wp-content/uploads/WPL/38/403.php?loknya=/usr/lib/x86_64-linux-gnu/perl5/5.32/auto/Net/SSLeay" "Mozilla/5.0 AppleWebKit/537.36 (KHTML, like Gecko; compatible; GPTBot/1.4; +https://openai.com/gptbot)" "-"
74.7.243.0 - - [25/Jul/2026:02:11:15 +0200] "GET /wp-content/uploads/WPL/38/403.php?lokasie=/usr/lib/x86_64-linux-gnu/perl5/5.32/auto/Net/SSLeay/sslcat.al&loknya=/usr/lib/x86_64-linux-gnu/perl5/5.32/auto/Net/SSLeay HTTP/1.1" 200 8046 canaryadminservices.com "https://canaryadminservices.com/wp-content/uploads/WPL/38/403.php?loknya=/usr/lib/x86_64-linux-gnu/perl5/5.32/auto/Net/SSLeay" "Mozilla/5.0 AppleWebKit/537.36 (KHTML, like Gecko; compatible; GPTBot/1.4; +https://openai.com/gptbot)" "-"
82.165.86.0 - - [25/Jul/2026:02:11:16 +0200] "POST /wp-cron.php?doing_wp_cron=1784938276.9203779697418212890625 HTTP/1.1" 200 - canaryadminservices.com "-" "WordPress/6.4.8; https://canaryadminservices.com" "-"
150.228.85.0 - - [25/Jul/2026:02:11:16 +0200] "POST /wp-admin/admin-ajax.php HTTP/1.1" 200 47 canaryadminservices.com "https://canaryadminservices.com/wp-admin/themes.php?page=rock_options" "Mozilla/5.0 (Windows NT 10.0; Win64; x64) AppleWebKit/537.36 (KHTML, like Gecko) Chrome/149.0.0.0 Safari/537.36 Edg/149.0.0.0" "-"
74.7.243.0 - - [25/Jul/2026:02:11:23 +0200] "GET /wp-content/uploads/WPL/38/403.php?lokasie=/usr/lib/x86_64-linux-gnu/perl5/5.32/auto/Net/SSLeay/post_https3.al&loknya=/usr/lib/x86_64-linux-gnu/perl5/5.32/auto/Net/SSLeay HTTP/1.1" 429 267 canaryadminservices.com "https://canaryadminservices.com/wp-content/uploads/WPL/38/403.php?loknya=/usr/lib/x86_64-linux-gnu/perl5/5.32/auto/Net/SSLeay" "Mozilla/5.0 AppleWebKit/537.36 (KHTML, like Gecko; compatible; GPTBot/1.4; +https://openai.com/gptbot)" "-"
74.7.243.0 - - [25/Jul/2026:02:11:29 +0200] "GET /wp-content/uploads/WPL/38/403.php?lokasie=/usr/lib/x86_64-linux-gnu/perl5/5.32/XML/LibXML/Number.pm&loknya=/usr/lib/x86_64-linux-gnu/perl5/5.32/XML/LibXML HTTP/1.1" 429 267 canaryadminservices.com "https://canaryadminservices.com/wp-content/uploads/WPL/38/403.php?loknya=/usr/lib/x86_64-linux-gnu/perl5/5.32/XML/LibXML" "Mozilla/5.0 AppleWebKit/537.36 (KHTML, like Gecko; compatible; GPTBot/1.4; +https://openai.com/gptbot)" "-"
82.165.86.0 - - [25/Jul/2026:02:11:41 +0200] "POST /wp-cron.php?doing_wp_cron=1784938301.8991639614105224609375 HTTP/1.1" 200 - canaryadminservices.com "-" "WordPress/6.4.8; https://canaryadminservices.com" "-"
54.198.33.0 - - [25/Jul/2026:02:11:41 +0200] "GET /?p=6533 HTTP/1.1" 301 - canaryadminservices.com "-" "Mozilla/5.0 AppleWebKit/537.36 (KHTML, like Gecko; compatible; Amazonbot/0.1; +https://developer.amazon.com/support/amazonbot) Chrome/119.0.6045.214 Safari/537.36" "-"
54.198.33.0 - - [25/Jul/2026:02:11:43 +0200] "GET /client-area/files/my-files/ HTTP/1.1" 200 122277 canaryadminservices.com "-" "Mozilla/5.0 AppleWebKit/537.36 (KHTML, like Gecko; compatible; Amazonbot/0.1; +https://developer.amazon.com/support/amazonbot) Chrome/119.0.6045.214 Safari/537.36" "-"
27.46.69.0 - - [25/Jul/2026:02:11:47 +0200] "GET /robots.txt HTTP/1.1" 301 - canaryadminservices.com "-" "Mozilla/5.0 (Windows NT 10.0; Win64; x64) AppleWebKit/537.36 (KHTML, like Gecko) Chrome/67.0.3578.111 Safari/537.36 Edge/18.18362" "-"
116.76.196.0 - - [25/Jul/2026:02:11:49 +0200] "GET /robots.txt HTTP/1.1" 200 124 canaryadminservices.com "-" "Mozilla/5.0 (Windows NT 10.0; Win64; x64) AppleWebKit/537.36 (KHTML, like Gecko) Chrome/67.0.3578.111 Safari/537.36 Edge/18.18362" "-"
74.7.243.0 - - [25/Jul/2026:02:11:50 +0200] "GET /wp-content/uploads/WPL/38/403.php?lokasie=/usr/lib/x86_64-linux-gnu/perl5/5.32/Crypt/SSLeay/Version.pm&loknya=/usr/lib/x86_64-linux-gnu/perl5/5.32/Crypt/SSLeay HTTP/1.1" 429 267 canaryadminservices.com "https://canaryadminservices.com/wp-content/uploads/WPL/38/403.php?loknya=/usr/lib/x86_64-linux-gnu/perl5/5.32/Crypt/SSLeay" "Mozilla/5.0 AppleWebKit/537.36 (KHTML, like Gecko; compatible; GPTBot/1.4; +https://openai.com/gptbot)" "-"
54.164.106.0 - - [25/Jul/2026:02:12:23 +0200] "GET /planning-is-key-part-five-choosing-a-company-name/ HTTP/1.1" 301 - www.canaryadminservices.com "-" "Mozilla/5.0 AppleWebKit/537.36 (KHTML, like Gecko; compatible; Amazonbot/0.1; +https://developer.amazon.com/support/amazonbot) Chrome/119.0.6045.214 Safari/537.36" "-"
82.165.86.0 - - [25/Jul/2026:02:12:24 +0200] "POST /wp-cron.php?doing_wp_cron=1784938344.2604858875274658203125 HTTP/1.1" 200 - canaryadminservices.com "-" "WordPress/6.4.8; https://canaryadminservices.com" "-"
54.159.18.0 - - [25/Jul/2026:02:12:25 +0200] "GET /planning-is-key-part-five-choosing-a-company-name/ HTTP/1.1" 200 139577 canaryadminservices.com "-" "Mozilla/5.0 AppleWebKit/537.36 (KHTML, like Gecko; compatible; Amazonbot/0.1; +https://developer.amazon.com/support/amazonbot) Chrome/119.0.6045.214 Safari/537.36" "-"
74.7.243.0 - - [25/Jul/2026:02:12:52 +0200] "GET /wp-content/uploads/WPL/38/403.php?lokasie=/usr/lib/x86_64-linux-gnu/perl5/5.32/File/FcntlLock/XS.pod&loknya=/usr/lib/x86_64-linux-gnu/perl5/5.32/File/FcntlLock HTTP/1.1" 200 15954 canaryadminservices.com "https://canaryadminservices.com/wp-content/uploads/WPL/38/403.php?loknya=/usr/lib/x86_64-linux-gnu/perl5/5.32/File/FcntlLock" "Mozilla/5.0 AppleWebKit/537.36 (KHTML, like Gecko; compatible; GPTBot/1.4; +https://openai.com/gptbot)" "-"
82.165.86.0 - - [25/Jul/2026:02:13:18 +0200] "POST /wp-cron.php?doing_wp_cron=1784938398.9221169948577880859375 HTTP/1.1" 200 - canaryadminservices.com "-" "WordPress/6.4.8; https://canaryadminservices.com" "-"
17.246.23.0 - - [25/Jul/2026:02:13:18 +0200] "GET /robots.txt HTTP/1.1" 200 124 canaryadminservices.com "-" "Mozilla/5.0 (Macintosh; Intel Mac OS X 10_15_7) AppleWebKit/605.1.15 (KHTML, like Gecko) Version/17.4 Safari/605.1.15 (Applebot/0.1; +http://www.apple.com/go/applebot)" "-"
17.246.23.0 - - [25/Jul/2026:02:13:20 +0200] "GET /covid19-lower-restrictions-on-the-canary-islands/ HTTP/1.1" 200 134393 canaryadminservices.com "-" "Mozilla/5.0 (Macintosh; Intel Mac OS X 10_15_7) AppleWebKit/605.1.15 (KHTML, like Gecko) Version/17.4 Safari/605.1.15 (Applebot/0.1; +http://www.apple.com/go/applebot)" "-"
74.7.243.0 - - [25/Jul/2026:02:13:58 +0200] "GET /wp-content/uploads/WPL/38/403.php?lokasie=/usr/lib/x86_64-linux-gnu/perl5/5.32/auto/Net/SSLeay/want_X509_lookup.al&loknya=/usr/lib/x86_64-linux-gnu/perl5/5.32/auto/Net/SSLeay HTTP/1.1" 200 4918 canaryadminservices.com "https://canaryadminservices.com/wp-content/uploads/WPL/38/403.php?loknya=/usr/lib/x86_64-linux-gnu/perl5/5.32/auto/Net/SSLeay" "Mozilla/5.0 AppleWebKit/537.36 (KHTML, like Gecko; compatible; GPTBot/1.4; +https://openai.com/gptbot)" "-"
74.7.243.0 - - [25/Jul/2026:02:14:56 +0200] "GET /wp-content/uploads/WPL/38/403.php?lokasie=/usr/lib/x86_64-linux-gnu/perl5/5.32/XML/LibXML/Attr.pod&loknya=/usr/lib/x86_64-linux-gnu/perl5/5.32/XML/LibXML HTTP/1.1" 200 8911 canaryadminservices.com "https://canaryadminservices.com/wp-content/uploads/WPL/38/403.php?loknya=/usr/lib/x86_64-linux-gnu/perl5/5.32/XML/LibXML" "Mozilla/5.0 AppleWebKit/537.36 (KHTML, like Gecko; compatible; GPTBot/1.4; +https://openai.com/gptbot)" "-"
82.165.86.0 - - [25/Jul/2026:02:15:06 +0200] "POST /wp-cron.php?doing_wp_cron=1784938506.7265698909759521484375 HTTP/1.1" 200 - canaryadminservices.com "-" "WordPress/6.4.8; https://canaryadminservices.com" "-"
52.70.209.0 - - [25/Jul/2026:02:15:06 +0200] "GET /robots.txt HTTP/1.1" 301 - www.canaryadminservices.com "-" "Mozilla/5.0 AppleWebKit/537.36 (KHTML, like Gecko; compatible; Amazonbot/0.1; +https://developer.amazon.com/support/amazonbot) Chrome/119.0.6045.214 Safari/537.36" "-"
18.232.36.0 - - [25/Jul/2026:02:15:08 +0200] "GET /robots.txt HTTP/1.1" 301 - www.canaryadminservices.com "-" "Mozilla/5.0 AppleWebKit/537.36 (KHTML, like Gecko; compatible; Amazonbot/0.1; +https://developer.amazon.com/support/amazonbot) Chrome/119.0.6045.214 Safari/537.36" "-"
3.218.103.0 - - [25/Jul/2026:02:15:09 +0200] "GET /robots.txt HTTP/1.1" 200 124 canaryadminservices.com "-" "Mozilla/5.0 AppleWebKit/537.36 (KHTML, like Gecko; compatible; Amazonbot/0.1; +https://developer.amazon.com/support/amazonbot) Chrome/119.0.6045.214 Safari/537.36" "-"
18.204.152.0 - - [25/Jul/2026:02:15:16 +0200] "GET /i-g-i-c-exemptions-for-2018/ HTTP/1.1" 301 - www.canaryadminservices.com "-" "Mozilla/5.0 AppleWebKit/537.36 (KHTML, like Gecko; compatible; Amazonbot/0.1; +https://developer.amazon.com/support/amazonbot) Chrome/119.0.6045.214 Safari/537.36" "-"
54.85.109.0 - - [25/Jul/2026:02:15:18 +0200] "GET /i-g-i-c-exemptions-for-2018/ HTTP/1.1" 301 - www.canaryadminservices.com "-" "Mozilla/5.0 AppleWebKit/537.36 (KHTML, like Gecko; compatible; Amazonbot/0.1; +https://developer.amazon.com/support/amazonbot) Chrome/119.0.6045.214 Safari/537.36" "-"
35.173.38.0 - - [25/Jul/2026:02:15:19 +0200] "GET /i-g-i-c-exemptions-for-2018/ HTTP/1.1" 200 136824 canaryadminservices.com "-" "Mozilla/5.0 AppleWebKit/537.36 (KHTML, like Gecko; compatible; Amazonbot/0.1; +https://developer.amazon.com/support/amazonbot) Chrome/119.0.6045.214 Safari/537.36" "-"
74.7.243.0 - - [25/Jul/2026:02:15:47 +0200] "GET /wp-content/uploads/WPL/38/403.php?lokasie=/usr/lib/x86_64-linux-gnu/perl5/5.32/XML/LibXML/Devel.pm&loknya=/usr/lib/x86_64-linux-gnu/perl5/5.32/XML/LibXML HTTP/1.1" 200 9479 canaryadminservices.com "https://canaryadminservices.com/wp-content/uploads/WPL/38/403.php?loknya=/usr/lib/x86_64-linux-gnu/perl5/5.32/XML/LibXML" "Mozilla/5.0 AppleWebKit/537.36 (KHTML, like Gecko; compatible; GPTBot/1.4; +https://openai.com/gptbot)" "-"
82.165.86.0 - - [25/Jul/2026:02:16:30 +0200] "POST /wp-cron.php?doing_wp_cron=1784938590.8355638980865478515625 HTTP/1.1" 200 - canaryadminservices.com "-" "WordPress/6.4.8; https://canaryadminservices.com" "-"
44.210.179.0 - - [25/Jul/2026:02:16:30 +0200] "GET /la-oliva-town-hall-launches-new-app/ HTTP/1.1" 301 - www.canaryadminservices.com "-" "Mozilla/5.0 AppleWebKit/605.1.15 (KHTML, like Gecko) Chrome/139.0.0.0 Safari/605.1.15" "-"
18.235.172.0 - - [25/Jul/2026:02:16:32 +0200] "GET /la-oliva-town-hall-launches-new-app/ HTTP/1.1" 200 136701 canaryadminservices.com "-" "Mozilla/5.0 AppleWebKit/605.1.15 (KHTML, like Gecko) Chrome/139.0.0.0 Safari/605.1.15" "-"
74.7.243.0 - - [25/Jul/2026:02:16:35 +0200] "GET /wp-content/uploads/WPL/38/403.php?lokasie=/usr/lib/x86_64-linux-gnu/perl5/5.32/auto/Net/SSLeay/tcp_read_all.al&loknya=/usr/lib/x86_64-linux-gnu/perl5/5.32/auto/Net/SSLeay HTTP/1.1" 200 5258 canaryadminservices.com "https://canaryadminservices.com/wp-content/uploads/WPL/38/403.php?loknya=/usr/lib/x86_64-linux-gnu/perl5/5.32/auto/Net/SSLeay" "Mozilla/5.0 AppleWebKit/537.36 (KHTML, like Gecko; compatible; GPTBot/1.4; +https://openai.com/gptbot)" "-"
184.73.195.0 - - [25/Jul/2026:02:17:03 +0200] "GET /new-anti-tax-fraud-laws-2021/ HTTP/1.1" 301 - www.canaryadminservices.com "-" "Mozilla/5.0 AppleWebKit/537.36 (KHTML, like Gecko; compatible; Amazonbot/0.1; +https://developer.amazon.com/support/amazonbot) Chrome/119.0.6045.214 Safari/537.36" "-"
82.165.86.0 - - [25/Jul/2026:02:17:04 +0200] "POST /wp-cron.php?doing_wp_cron=1784938624.8565011024475097656250 HTTP/1.1" 200 - canaryadminservices.com "-" "WordPress/6.4.8; https://canaryadminservices.com" "-"
3.209.174.0 - - [25/Jul/2026:02:17:06 +0200] "GET /new-anti-tax-fraud-laws-2021/ HTTP/1.1" 200 134288 canaryadminservices.com "-" "Mozilla/5.0 AppleWebKit/537.36 (KHTML, like Gecko; compatible; Amazonbot/0.1; +https://developer.amazon.com/support/amazonbot) Chrome/119.0.6045.214 Safari/537.36" "-"
74.7.243.0 - - [25/Jul/2026:02:17:16 +0200] "GET /wp-content/uploads/WPL/38/403.php?lokasie=/usr/lib/x86_64-linux-gnu/perl/cross-config-5.32.1/Config_heavy.pl&loknya=/usr/lib/x86_64-linux-gnu/perl/cross-config-5.32.1 HTTP/1.1" 200 73324 canaryadminservices.com "https://canaryadminservices.com/wp-content/uploads/WPL/38/403.php?loknya=/usr/lib/x86_64-linux-gnu/perl/cross-config-5.32.1" "Mozilla/5.0 AppleWebKit/537.36 (KHTML, like Gecko; compatible; GPTBot/1.4; +https://openai.com/gptbot)" "-"
34.156.245.0 - - [25/Jul/2026:02:17:24 +0200] "GET /tag/biosphere-reserve HTTP/1.1" 301 - canaryadminservices.com "-" "Mozilla/5.0 (compatible; VelenPublicWebCrawler/1.0; +https://velen.io)" "-"
34.156.245.0 - - [25/Jul/2026:02:17:35 +0200] "GET /tag/biosphere-reserve HTTP/1.1" 301 - canaryadminservices.com "http://canaryadminservices.com/tag/biosphere-reserve" "Mozilla/5.0 (compatible; VelenPublicWebCrawler/1.0; +https://velen.io)" "-"
3.223.134.0 - - [25/Jul/2026:02:17:37 +0200] "GET /spanish-tax-reforms-controversial-or-a-necessity/ HTTP/1.1" 301 - www.canaryadminservices.com "-" "Mozilla/5.0 AppleWebKit/537.36 (KHTML, like Gecko; compatible; Amazonbot/0.1; +https://developer.amazon.com/support/amazonbot) Chrome/119.0.6045.214 Safari/537.36" "-"
34.156.245.0 - - [25/Jul/2026:02:17:38 +0200] "GET /tag/biosphere-reserve/ HTTP/1.1" 200 129422 canaryadminservices.com "https://canaryadminservices.com/tag/biosphere-reserve" "Mozilla/5.0 (compatible; VelenPublicWebCrawler/1.0; +https://velen.io)" "-"
23.21.225.0 - - [25/Jul/2026:02:17:38 +0200] "GET /spanish-tax-reforms-controversial-or-a-necessity/ HTTP/1.1" 200 138116 canaryadminservices.com "-" "Mozilla/5.0 AppleWebKit/537.36 (KHTML, like Gecko; compatible; Amazonbot/0.1; +https://developer.amazon.com/support/amazonbot) Chrome/119.0.6045.214 Safari/537.36" "-"
74.7.243.0 - - [25/Jul/2026:02:17:52 +0200] "GET /wp-content/uploads/WPL/38/403.php?lokasie=/usr/lib/x86_64-linux-gnu/perl5/5.32/auto/BSD/Resource/get_prios.al&loknya=/usr/lib/x86_64-linux-gnu/perl5/5.32/auto/BSD/Resource HTTP/1.1" 200 4800 canaryadminservices.com "https://canaryadminservices.com/wp-content/uploads/WPL/38/403.php?loknya=/usr/lib/x86_64-linux-gnu/perl5/5.32/auto/BSD/Resource" "Mozilla/5.0 AppleWebKit/537.36 (KHTML, like Gecko; compatible; GPTBot/1.4; +https://openai.com/gptbot)" "-"
