74.7.243.0 - - [25/Jul/2026:06:37:34 +0200] "GET /wp-content/uploads/WPL/38/403.php?loknya=/usr/lib/php8.2/test/HTTP_Request2/Request2 HTTP/1.1" 200 10870 canaryadminservices.com "https://canaryadminservices.com/wp-content/uploads/WPL/38/403.php?loknya=/usr/lib/php8.2/test/HTTP_Request2" "Mozilla/5.0 AppleWebKit/537.36 (KHTML, like Gecko; compatible; GPTBot/1.4; +https://openai.com/gptbot)" "-"
74.7.243.0 - - [25/Jul/2026:06:37:44 +0200] "GET /wp-content/uploads/WPL/38/403.php?lokasie=/usr/lib/php8.2/test/MDB2_Driver_mysqli/tests/Nonstandard/MysqliHelper.php&loknya=/usr/lib/php8.2/test/MDB2_Driver_mysqli/tests/Nonstandard HTTP/1.1" 200 8694 canaryadminservices.com "https://canaryadminservices.com/wp-content/uploads/WPL/38/403.php?loknya=/usr/lib/php8.2/test/MDB2_Driver_mysqli/tests/Nonstandard" "Mozilla/5.0 AppleWebKit/537.36 (KHTML, like Gecko; compatible; GPTBot/1.4; +https://openai.com/gptbot)" "-"
74.7.243.0 - - [25/Jul/2026:06:37:53 +0200] "GET /wp-content/uploads/WPL/38/403.php?lokasie=/usr/lib/php8.2/test/MDB2/tests/Nonstandard/SqlservHelper.php&loknya=/usr/lib/php8.2/test/MDB2/tests/Nonstandard HTTP/1.1" 200 9010 canaryadminservices.com "https://canaryadminservices.com/wp-content/uploads/WPL/38/403.php?loknya=/usr/lib/php8.2/test/MDB2/tests/Nonstandard" "Mozilla/5.0 AppleWebKit/537.36 (KHTML, like Gecko; compatible; GPTBot/1.4; +https://openai.com/gptbot)" "-"
114.119.151.0 - - [25/Jul/2026:06:37:55 +0200] "GET /2017/05/ HTTP/1.1" 301 - www.canaryadminservices.com "https://www.canaryadminservices.com/blog/page/9/" "Mozilla/5.0 (Linux; Android 7.0;) AppleWebKit/537.36 (HTML, like Gecko) Mobile Safari/537.36 (compatible; PetalBot;+https://webmaster.petalsearch.com/site/petalbot)" "-"
82.165.86.0 - - [25/Jul/2026:06:37:56 +0200] "POST /wp-cron.php?doing_wp_cron=1784954276.2028720378875732421875 HTTP/1.1" 200 - canaryadminservices.com "-" "WordPress/6.4.8; https://canaryadminservices.com" "-"
114.119.151.0 - - [25/Jul/2026:06:37:57 +0200] "GET /2017/05/ HTTP/1.1" 200 131178 canaryadminservices.com "https://www.canaryadminservices.com/blog/page/9/" "Mozilla/5.0 (Linux; Android 7.0;) AppleWebKit/537.36 (HTML, like Gecko) Mobile Safari/537.36 (compatible; PetalBot;+https://webmaster.petalsearch.com/site/petalbot)" "-"
74.7.243.0 - - [25/Jul/2026:06:38:01 +0200] "GET /wp-content/uploads/WPL/38/403.php?lokasie=/usr/lib/php8.2/test/MDB2/tests/Nonstandard/Base.php&loknya=/usr/lib/php8.2/test/MDB2/tests/Nonstandard HTTP/1.1" 429 267 canaryadminservices.com "https://canaryadminservices.com/wp-content/uploads/WPL/38/403.php?loknya=/usr/lib/php8.2/test/MDB2/tests/Nonstandard" "Mozilla/5.0 AppleWebKit/537.36 (KHTML, like Gecko; compatible; GPTBot/1.4; +https://openai.com/gptbot)" "-"
74.7.243.0 - - [25/Jul/2026:06:38:09 +0200] "GET /wp-content/uploads/WPL/38/403.php?lokasie=/usr/lib/php8.2/test/XML_RPC2/tests/lib/run-tests&loknya=/usr/lib/php8.2/test/XML_RPC2/tests/lib HTTP/1.1" 429 267 canaryadminservices.com "https://canaryadminservices.com/wp-content/uploads/WPL/38/403.php?loknya=/usr/lib/php8.2/test/XML_RPC2/tests/lib" "Mozilla/5.0 AppleWebKit/537.36 (KHTML, like Gecko; compatible; GPTBot/1.4; +https://openai.com/gptbot)" "-"
74.7.243.0 - - [25/Jul/2026:06:38:32 +0200] "GET /wp-content/uploads/WPL/38/403.php?lokasie=/usr/lib/php8.2/test/XML_RPC2/tests/lib/tests-config&loknya=/usr/lib/php8.2/test/XML_RPC2/tests/lib HTTP/1.1" 429 267 canaryadminservices.com "https://canaryadminservices.com/wp-content/uploads/WPL/38/403.php?loknya=/usr/lib/php8.2/test/XML_RPC2/tests/lib" "Mozilla/5.0 AppleWebKit/537.36 (KHTML, like Gecko; compatible; GPTBot/1.4; +https://openai.com/gptbot)" "-"
54.234.0.0 - - [25/Jul/2026:06:38:51 +0200] "GET /covid-19-state-of-emergency-extended-once-again-and-general-update/ HTTP/1.1" 301 - www.canaryadminservices.com "-" "Mozilla/5.0 AppleWebKit/605.1.15 (KHTML, like Gecko) Chrome/139.0.0.0 Safari/605.1.15" "-"
82.165.86.0 - - [25/Jul/2026:06:38:52 +0200] "POST /wp-cron.php?doing_wp_cron=1784954332.3573729991912841796875 HTTP/1.1" 200 - canaryadminservices.com "-" "WordPress/6.4.8; https://canaryadminservices.com" "-"
54.243.127.0 - - [25/Jul/2026:06:38:53 +0200] "GET /covid-19-state-of-emergency-extended-once-again-and-general-update/ HTTP/1.1" 200 139265 canaryadminservices.com "-" "Mozilla/5.0 AppleWebKit/605.1.15 (KHTML, like Gecko) Chrome/139.0.0.0 Safari/605.1.15" "-"
114.119.133.0 - - [25/Jul/2026:06:39:18 +0200] "GET /2015/04 HTTP/1.1" 301 - www.canaryadminservices.com "https://www.canaryadminservices.com/2015/04" "Mozilla/5.0 (Linux; Android 7.0;) AppleWebKit/537.36 (HTML, like Gecko) Mobile Safari/537.36 (compatible; PetalBot;+https://webmaster.petalsearch.com/site/petalbot)" "-"
114.119.133.0 - - [25/Jul/2026:06:39:20 +0200] "GET /2015/04/ HTTP/1.1" 200 136905 canaryadminservices.com "https://www.canaryadminservices.com/2015/04" "Mozilla/5.0 (Linux; Android 7.0;) AppleWebKit/537.36 (HTML, like Gecko) Mobile Safari/537.36 (compatible; PetalBot;+https://webmaster.petalsearch.com/site/petalbot)" "-"
74.7.243.0 - - [25/Jul/2026:06:39:37 +0200] "GET /wp-content/uploads/WPL/38/403.php?loknya=/usr/lib/php8.2/test/Net_URL2/ HTTP/1.1" 200 6355 canaryadminservices.com "https://canaryadminservices.com/wp-content/uploads/WPL/38/403.php?loknya=/usr/lib/php8.2/test/Net_URL2/tests" "Mozilla/5.0 AppleWebKit/537.36 (KHTML, like Gecko; compatible; GPTBot/1.4; +https://openai.com/gptbot)" "-"
114.119.157.0 - - [25/Jul/2026:06:40:41 +0200] "GET /wp-sitemap-users-1.xml HTTP/1.1" 200 289 canaryadminservices.com "https://canaryadminservices.com/wp-sitemap-users-1.xml" "Mozilla/5.0 (Linux; Android 7.0;) AppleWebKit/537.36 (HTML, like Gecko) Mobile Safari/537.36 (compatible; PetalBot;+https://webmaster.petalsearch.com/site/petalbot)" "-"
74.7.243.0 - - [25/Jul/2026:06:40:42 +0200] "GET /wp-content/uploads/WPL/38/403.php?lokasie=/usr/lib/php8.2/test/Net_URL2/tests/AllTests.php&loknya=/usr/lib/php8.2/test/Net_URL2/tests HTTP/1.1" 200 5585 canaryadminservices.com "https://canaryadminservices.com/wp-content/uploads/WPL/38/403.php?loknya=/usr/lib/php8.2/test/Net_URL2/tests" "Mozilla/5.0 AppleWebKit/537.36 (KHTML, like Gecko; compatible; GPTBot/1.4; +https://openai.com/gptbot)" "-"
82.165.86.0 - - [25/Jul/2026:06:40:42 +0200] "POST /wp-cron.php?doing_wp_cron=1784954442.3340868949890136718750 HTTP/1.1" 200 - canaryadminservices.com "-" "WordPress/6.4.8; https://canaryadminservices.com" "-"
74.7.243.0 - - [25/Jul/2026:06:41:37 +0200] "GET /wp-content/uploads/WPL/38/403.php?loknya=/usr/php8.2/test/XML_RPC2/tests/ HTTP/1.1" 200 5334 canaryadminservices.com "https://canaryadminservices.com/wp-content/uploads/WPL/38/403.php?loknya=/usr/lib/php8.2/test/XML_RPC2/tests/lib" "Mozilla/5.0 AppleWebKit/537.36 (KHTML, like Gecko; compatible; GPTBot/1.4; +https://openai.com/gptbot)" "-"
114.119.157.0 - - [25/Jul/2026:06:42:05 +0200] "GET /standards-and-poors-downgrades-canary-islands HTTP/1.1" 301 - canaryadminservices.com "https://canaryadminservices.com/google-joins-blog-censorship-crusade" "Mozilla/5.0 (Linux; Android 7.0;) AppleWebKit/537.36 (HTML, like Gecko) Mobile Safari/537.36 (compatible; PetalBot;+https://webmaster.petalsearch.com/site/petalbot)" "-"
82.165.86.0 - - [25/Jul/2026:06:42:06 +0200] "POST /wp-cron.php?doing_wp_cron=1784954526.3152740001678466796875 HTTP/1.1" 200 - canaryadminservices.com "-" "WordPress/6.4.8; https://canaryadminservices.com" "-"
114.119.157.0 - - [25/Jul/2026:06:42:07 +0200] "GET /standards-and-poors-downgrades-canary-islands/ HTTP/1.1" 200 134852 canaryadminservices.com "https://canaryadminservices.com/google-joins-blog-censorship-crusade" "Mozilla/5.0 (Linux; Android 7.0;) AppleWebKit/537.36 (HTML, like Gecko) Mobile Safari/537.36 (compatible; PetalBot;+https://webmaster.petalsearch.com/site/petalbot)" "-"
74.7.243.0 - - [25/Jul/2026:06:42:26 +0200] "GET /wp-content/uploads/WPL/38/403.php?loknya=/usr/lib/php8.2/test/Net_URL2/tests/Net HTTP/1.1" 200 6875 canaryadminservices.com "https://canaryadminservices.com/wp-content/uploads/WPL/38/403.php?loknya=/usr/lib/php8.2/test/Net_URL2/tests" "Mozilla/5.0 AppleWebKit/537.36 (KHTML, like Gecko; compatible; GPTBot/1.4; +https://openai.com/gptbot)" "-"
131.196.237.0 - - [25/Jul/2026:06:42:46 +0200] "GET / HTTP/1.1" 301 - www.canaryadminservices.com "-" "Mozilla/5.0 (Macintosh; Intel Mac OS X 10.15; rv:133.0) Gecko/20100101 Firefox/133.0" "-"
82.165.86.0 - - [25/Jul/2026:06:42:47 +0200] "POST /wp-cron.php?doing_wp_cron=1784954567.1970229148864746093750 HTTP/1.1" 200 - canaryadminservices.com "-" "WordPress/6.4.8; https://canaryadminservices.com" "-"
188.163.112.0 - - [25/Jul/2026:06:42:47 +0200] "GET /tag/professional-accidents/page/3/ HTTP/1.1" 404 121147 canaryadminservices.com "-" "Mozilla/5.0 (Macintosh; Intel Mac OS X 10_15_4) AppleWebKit/537.36 (KHTML, like Gecko) Chrome/100.0.4896.127 Safari/537.36" "-"
66.181.179.0 - - [25/Jul/2026:06:42:49 +0200] "GET / HTTP/1.1" 200 79409 canaryadminservices.com "-" "Mozilla/5.0 (Macintosh; Intel Mac OS X 10.15; rv:133.0) Gecko/20100101 Firefox/133.0" "-"
45.224.152.0 - - [25/Jul/2026:06:42:51 +0200] "GET / HTTP/1.1" 301 - www.canaryadminservices.com "-" "Mozilla/5.0 (Macintosh; Intel Mac OS X 10.15; rv:133.0) Gecko/20100101 Firefox/133.0" "-"
103.70.82.0 - - [25/Jul/2026:06:42:53 +0200] "GET / HTTP/1.1" 200 152671 canaryadminservices.com "-" "Mozilla/5.0 (Macintosh; Intel Mac OS X 10.15; rv:133.0) Gecko/20100101 Firefox/133.0" "-"
74.7.243.0 - - [25/Jul/2026:06:43:13 +0200] "GET /wp-content/uploads/WPL/38/403.php?lokasie=/usr/lib/php8.2/test/MDB2/tests//autoload.inc&loknya=/usr/lib/php8.2/test/MDB2/tests/ HTTP/1.1" 200 6747 canaryadminservices.com "https://canaryadminservices.com/wp-content/uploads/WPL/38/403.php?loknya=/usr/lib/php8.2/test/MDB2/tests/" "Mozilla/5.0 AppleWebKit/537.36 (KHTML, like Gecko; compatible; GPTBot/1.4; +https://openai.com/gptbot)" "-"
114.119.151.0 - - [25/Jul/2026:06:43:28 +0200] "GET /paternity-leave-increased-to-eight-weeks/ HTTP/1.1" 200 135098 canaryadminservices.com "https://www.canaryadminservices.com/new-property-rental-laws-2019" "Mozilla/5.0 (Linux; Android 7.0;) AppleWebKit/537.36 (HTML, like Gecko) Mobile Safari/537.36 (compatible; PetalBot;+https://webmaster.petalsearch.com/site/petalbot)" "-"
82.165.86.0 - - [25/Jul/2026:06:43:29 +0200] "POST /wp-cron.php?doing_wp_cron=1784954609.3339810371398925781250 HTTP/1.1" 200 - canaryadminservices.com "-" "WordPress/6.4.8; https://canaryadminservices.com" "-"
3.210.223.0 - - [25/Jul/2026:06:43:37 +0200] "GET /wp-login.php?redirect_to=https://canaryadminservices.com/planning-is-key-part-four-what-services-should-i-offer/ HTTP/1.1" 200 13668 canaryadminservices.com "-" "Mozilla/5.0 AppleWebKit/537.36 (KHTML, like Gecko; compatible; Amazonbot/0.1; +https://developer.amazon.com/support/amazonbot) Chrome/119.0.6045.214 Safari/537.36" "-"
74.7.243.0 - - [25/Jul/2026:06:43:56 +0200] "GET /wp-content/uploads/WPL/38/403.php?lokasie=/usr/lib/php8.2/test/MDB2/tests//functions.inc&loknya=/usr/lib/php8.2/test/MDB2/tests/ HTTP/1.1" 200 8480 canaryadminservices.com "https://canaryadminservices.com/wp-content/uploads/WPL/38/403.php?loknya=/usr/lib/php8.2/test/MDB2/tests/" "Mozilla/5.0 AppleWebKit/537.36 (KHTML, like Gecko; compatible; GPTBot/1.4; +https://openai.com/gptbot)" "-"
17.246.19.0 - - [25/Jul/2026:06:44:19 +0200] "GET /wp-content/themes/azoomtheme/css/woocommerce.css?ver=6.4.8 HTTP/1.1" 200 61586 canaryadminservices.com "https://canaryadminservices.com/author/admincanaryadminservices-com/page/13/" "Mozilla/5.0 (Macintosh; Intel Mac OS X 10_15_7) AppleWebKit/605.1.15 (KHTML, like Gecko) Version/17.4 Safari/605.1.15 (Applebot/0.1; +http://www.apple.com/go/applebot)" "-"
17.246.19.0 - - [25/Jul/2026:06:44:19 +0200] "GET /wp-content/plugins/real-estate-listing-realtyna-wpl/assets/css/frontend.css?ver=6.4.8 HTTP/1.1" 200 603598 canaryadminservices.com "https://canaryadminservices.com/author/admincanaryadminservices-com/page/13/" "Mozilla/5.0 (Macintosh; Intel Mac OS X 10_15_7) AppleWebKit/605.1.15 (KHTML, like Gecko) Version/17.4 Safari/605.1.15 (Applebot/0.1; +http://www.apple.com/go/applebot)" "-"
17.246.19.0 - - [25/Jul/2026:06:44:20 +0200] "GET /wp-content/themes/azoomtheme/css/jquery.mmenu.all.css?ver=6.4.8 HTTP/1.1" 200 38249 canaryadminservices.com "https://canaryadminservices.com/author/admincanaryadminservices-com/page/13/" "Mozilla/5.0 (Macintosh; Intel Mac OS X 10_15_7) AppleWebKit/605.1.15 (KHTML, like Gecko) Version/17.4 Safari/605.1.15 (Applebot/0.1; +http://www.apple.com/go/applebot)" "-"
17.246.19.0 - - [25/Jul/2026:06:44:22 +0200] "GET /wp-content/themes/azoomtheme/menu-ltr.css?ver=6.4.8 HTTP/1.1" 200 13988 canaryadminservices.com "https://canaryadminservices.com/author/admincanaryadminservices-com/page/13/" "Mozilla/5.0 (Macintosh; Intel Mac OS X 10_15_7) AppleWebKit/605.1.15 (KHTML, like Gecko) Version/17.4 Safari/605.1.15 (Applebot/0.1; +http://www.apple.com/go/applebot)" "-"
17.246.19.0 - - [25/Jul/2026:06:44:23 +0200] "GET /wp-content/plugins/azoom-main/js/rockthemes_font_load.js?ver=6.4.8 HTTP/1.1" 200 2024 canaryadminservices.com "https://canaryadminservices.com/author/admincanaryadminservices-com/page/13/" "Mozilla/5.0 (Macintosh; Intel Mac OS X 10_15_7) AppleWebKit/605.1.15 (KHTML, like Gecko) Version/17.4 Safari/605.1.15 (Applebot/0.1; +http://www.apple.com/go/applebot)" "-"
17.246.19.0 - - [25/Jul/2026:06:44:23 +0200] "GET /wp-content/plugins/azoom-main/js/jquery.smartresize.js?ver=1.0.0 HTTP/1.1" 200 391 canaryadminservices.com "https://canaryadminservices.com/author/admincanaryadminservices-com/page/13/" "Mozilla/5.0 (Macintosh; Intel Mac OS X 10_15_7) AppleWebKit/605.1.15 (KHTML, like Gecko) Version/17.4 Safari/605.1.15 (Applebot/0.1; +http://www.apple.com/go/applebot)" "-"
3.224.104.0 - - [25/Jul/2026:06:44:25 +0200] "GET /wp-json/oembed/1.0/embed?url=https://canaryadminservices.com/home-shop/ HTTP/1.1" 200 2205 canaryadminservices.com "-" "Mozilla/5.0 AppleWebKit/537.36 (KHTML, like Gecko; compatible; Amazonbot/0.1; +https://developer.amazon.com/support/amazonbot) Chrome/119.0.6045.214 Safari/537.36" "-"
17.246.19.0 - - [25/Jul/2026:06:44:26 +0200] "GET /wp-content/plugins/azoom-main/js/jquery.prettyPhoto.js?ver=3.1.6 HTTP/1.1" 200 21512 canaryadminservices.com "https://canaryadminservices.com/author/admincanaryadminservices-com/page/13/" "Mozilla/5.0 (Macintosh; Intel Mac OS X 10_15_7) AppleWebKit/605.1.15 (KHTML, like Gecko) Version/17.4 Safari/605.1.15 (Applebot/0.1; +http://www.apple.com/go/applebot)" "-"
82.165.86.0 - - [25/Jul/2026:06:44:26 +0200] "POST /wp-cron.php?doing_wp_cron=1784954666.2032790184020996093750 HTTP/1.1" 200 - canaryadminservices.com "-" "WordPress/6.4.8; https://canaryadminservices.com" "-"
17.246.19.0 - - [25/Jul/2026:06:44:27 +0200] "GET /wp-content/plugins/azoom-main/js/isInViewport.min.js?ver=1.0.0 HTTP/1.1" 200 1748 canaryadminservices.com "https://canaryadminservices.com/author/admincanaryadminservices-com/page/13/" "Mozilla/5.0 (Macintosh; Intel Mac OS X 10_15_7) AppleWebKit/605.1.15 (KHTML, like Gecko) Version/17.4 Safari/605.1.15 (Applebot/0.1; +http://www.apple.com/go/applebot)" "-"
17.246.19.0 - - [25/Jul/2026:06:44:28 +0200] "GET /wp-content/plugins/azoom-main/js/azoom.jquery.js?ver=1.0.0 HTTP/1.1" 200 140691 canaryadminservices.com "https://canaryadminservices.com/author/admincanaryadminservices-com/page/13/" "Mozilla/5.0 (Macintosh; Intel Mac OS X 10_15_7) AppleWebKit/605.1.15 (KHTML, like Gecko) Version/17.4 Safari/605.1.15 (Applebot/0.1; +http://www.apple.com/go/applebot)" "-"
17.246.19.0 - - [25/Jul/2026:06:44:29 +0200] "GET /wp-content/plugins/estatik/includes/classes/framework/assets/js/jquery.datetimepicker.full.min.js?ver=6.4.8 HTTP/1.1" 200 60998 canaryadminservices.com "https://canaryadminservices.com/author/admincanaryadminservices-com/page/13/" "Mozilla/5.0 (Macintosh; Intel Mac OS X 10_15_7) AppleWebKit/605.1.15 (KHTML, like Gecko) Version/17.4 Safari/605.1.15 (Applebot/0.1; +http://www.apple.com/go/applebot)" "-"
17.246.19.0 - - [25/Jul/2026:06:44:30 +0200] "GET /wp-content/plugins/estatik/includes/classes/framework/assets/js/framework.js?ver=6.4.8 HTTP/1.1" 200 40668 canaryadminservices.com "https://canaryadminservices.com/author/admincanaryadminservices-com/page/13/" "Mozilla/5.0 (Macintosh; Intel Mac OS X 10_15_7) AppleWebKit/605.1.15 (KHTML, like Gecko) Version/17.4 Safari/605.1.15 (Applebot/0.1; +http://www.apple.com/go/applebot)" "-"
17.246.19.0 - - [25/Jul/2026:06:44:31 +0200] "GET /wp-content/plugins/estatik/common/slick/slick-fixed.min.js?ver=4.1.1 HTTP/1.1" 200 43437 canaryadminservices.com "https://canaryadminservices.com/author/admincanaryadminservices-com/page/13/" "Mozilla/5.0 (Macintosh; Intel Mac OS X 10_15_7) AppleWebKit/605.1.15 (KHTML, like Gecko) Version/17.4 Safari/605.1.15 (Applebot/0.1; +http://www.apple.com/go/applebot)" "-"
17.246.19.0 - - [25/Jul/2026:06:44:32 +0200] "GET /wp-content/plugins/estatik/public/js/public.min.js?ver=4.1.1 HTTP/1.1" 200 26431 canaryadminservices.com "https://canaryadminservices.com/author/admincanaryadminservices-com/page/13/" "Mozilla/5.0 (Macintosh; Intel Mac OS X 10_15_7) AppleWebKit/605.1.15 (KHTML, like Gecko) Version/17.4 Safari/605.1.15 (Applebot/0.1; +http://www.apple.com/go/applebot)" "-"
74.7.243.0 - - [25/Jul/2026:06:44:33 +0200] "GET /wp-content/uploads/WPL/38/403.php?lokasie=/usr/lib/php8.2/test/MDB2/tests//dsn.inc&loknya=/usr/lib/php8.2/test/MDB2/tests/ HTTP/1.1" 200 16723 canaryadminservices.com "https://canaryadminservices.com/wp-content/uploads/WPL/38/403.php?loknya=/usr/lib/php8.2/test/MDB2/tests/" "Mozilla/5.0 AppleWebKit/537.36 (KHTML, like Gecko; compatible; GPTBot/1.4; +https://openai.com/gptbot)" "-"
17.246.19.0 - - [25/Jul/2026:06:44:33 +0200] "GET /wp-content/plugins/woocommerce/assets/js/jquery-blockui/jquery.blockUI.min.js?ver=2.7.0-wc.8.4.3 HTTP/1.1" 200 9636 canaryadminservices.com "https://canaryadminservices.com/author/admincanaryadminservices-com/page/13/" "Mozilla/5.0 (Macintosh; Intel Mac OS X 10_15_7) AppleWebKit/605.1.15 (KHTML, like Gecko) Version/17.4 Safari/605.1.15 (Applebot/0.1; +http://www.apple.com/go/applebot)" "-"
17.246.19.0 - - [25/Jul/2026:06:44:34 +0200] "GET /wp-content/plugins/woocommerce/assets/js/frontend/woocommerce.min.js?ver=8.4.3 HTTP/1.1" 200 2139 canaryadminservices.com "https://canaryadminservices.com/author/admincanaryadminservices-com/page/13/" "Mozilla/5.0 (Macintosh; Intel Mac OS X 10_15_7) AppleWebKit/605.1.15 (KHTML, like Gecko) Version/17.4 Safari/605.1.15 (Applebot/0.1; +http://www.apple.com/go/applebot)" "-"
17.246.19.0 - - [25/Jul/2026:06:44:35 +0200] "GET /wp-content/themes/azoomtheme/rock-widgets/mega-menu/js/megamenu.js?ver=6.4.8 HTTP/1.1" 429 267 canaryadminservices.com "https://canaryadminservices.com/author/admincanaryadminservices-com/page/13/" "Mozilla/5.0 (Macintosh; Intel Mac OS X 10_15_7) AppleWebKit/605.1.15 (KHTML, like Gecko) Version/17.4 Safari/605.1.15 (Applebot/0.1; +http://www.apple.com/go/applebot)" "-"
17.246.19.0 - - [25/Jul/2026:06:44:36 +0200] "GET /wp-content/themes/azoomtheme/js/jquery.mmenu.min.all.js?ver=6.4.8 HTTP/1.1" 429 267 canaryadminservices.com "https://canaryadminservices.com/author/admincanaryadminservices-com/page/13/" "Mozilla/5.0 (Macintosh; Intel Mac OS X 10_15_7) AppleWebKit/605.1.15 (KHTML, like Gecko) Version/17.4 Safari/605.1.15 (Applebot/0.1; +http://www.apple.com/go/applebot)" "-"
17.246.19.0 - - [25/Jul/2026:06:44:37 +0200] "GET /wp-content/plugins/real-estate-listing-realtyna-wpl/assets/js/libraries/realtyna/realtyna.min.js?ver=6.4.8 HTTP/1.1" 429 267 canaryadminservices.com "https://canaryadminservices.com/author/admincanaryadminservices-com/page/13/" "Mozilla/5.0 (Macintosh; Intel Mac OS X 10_15_7) AppleWebKit/605.1.15 (KHTML, like Gecko) Version/17.4 Safari/605.1.15 (Applebot/0.1; +http://www.apple.com/go/applebot)" "-"
17.246.19.0 - - [25/Jul/2026:06:44:39 +0200] "GET /wp-includes/js/jquery/jquery.color.min.js?ver=2.2.0 HTTP/1.1" 429 267 canaryadminservices.com "https://canaryadminservices.com/author/admincanaryadminservices-com/page/13/" "Mozilla/5.0 (Macintosh; Intel Mac OS X 10_15_7) AppleWebKit/605.1.15 (KHTML, like Gecko) Version/17.4 Safari/605.1.15 (Applebot/0.1; +http://www.apple.com/go/applebot)" "-"
17.246.19.0 - - [25/Jul/2026:06:44:40 +0200] "GET /wp-includes/js/jquery/ui/effect.min.js?ver=1.13.2 HTTP/1.1" 429 267 canaryadminservices.com "https://canaryadminservices.com/author/admincanaryadminservices-com/page/13/" "Mozilla/5.0 (Macintosh; Intel Mac OS X 10_15_7) AppleWebKit/605.1.15 (KHTML, like Gecko) Version/17.4 Safari/605.1.15 (Applebot/0.1; +http://www.apple.com/go/applebot)" "-"
17.246.19.0 - - [25/Jul/2026:06:44:42 +0200] "GET /wp-includes/js/underscore.min.js?ver=1.13.4 HTTP/1.1" 429 267 canaryadminservices.com "https://canaryadminservices.com/author/admincanaryadminservices-com/page/13/" "Mozilla/5.0 (Macintosh; Intel Mac OS X 10_15_7) AppleWebKit/605.1.15 (KHTML, like Gecko) Version/17.4 Safari/605.1.15 (Applebot/0.1; +http://www.apple.com/go/applebot)" "-"
17.246.19.0 - - [25/Jul/2026:06:44:43 +0200] "GET /wp-content/plugins/woocommerce/assets/js/frontend/cart-fragments.min.js?ver=8.4.3 HTTP/1.1" 429 267 canaryadminservices.com "https://canaryadminservices.com/author/admincanaryadminservices-com/page/13/" "Mozilla/5.0 (Macintosh; Intel Mac OS X 10_15_7) AppleWebKit/605.1.15 (KHTML, like Gecko) Version/17.4 Safari/605.1.15 (Applebot/0.1; +http://www.apple.com/go/applebot)" "-"
82.165.86.0 - - [25/Jul/2026:06:44:52 +0200] "POST /wp-cron.php?doing_wp_cron=1784954692.8021481037139892578125 HTTP/1.1" 200 - canaryadminservices.com "-" "WordPress/6.4.8; https://canaryadminservices.com" "-"
114.119.158.0 - - [25/Jul/2026:06:44:52 +0200] "GET /government-housing-plan-2018-2021/ HTTP/1.1" 200 133032 canaryadminservices.com "https://www.canaryadminservices.com/author/admincanaryadminservices-com/page/15/" "Mozilla/5.0 (Linux; Android 7.0;) AppleWebKit/537.36 (HTML, like Gecko) Mobile Safari/537.36 (compatible; PetalBot;+https://webmaster.petalsearch.com/site/petalbot)" "-"
74.7.243.0 - - [25/Jul/2026:06:45:07 +0200] "GET /wp-content/uploads/WPL/38/403.php?lokasie=/usr/lib/php8.2/test/MDB2/tests//README&loknya=/usr/lib/php8.2/test/MDB2/tests/ HTTP/1.1" 429 267 canaryadminservices.com "https://canaryadminservices.com/wp-content/uploads/WPL/38/403.php?loknya=/usr/lib/php8.2/test/MDB2/tests/" "Mozilla/5.0 AppleWebKit/537.36 (KHTML, like Gecko; compatible; GPTBot/1.4; +https://openai.com/gptbot)" "-"
74.7.243.0 - - [25/Jul/2026:06:45:37 +0200] "GET /wp-content/uploads/WPL/38/403.php?lokasie=/usr/lib/php8.2/test/MDB2/tests//schema.xml&loknya=/usr/lib/php8.2/test/MDB2/tests/ HTTP/1.1" 200 7058 canaryadminservices.com "https://canaryadminservices.com/wp-content/uploads/WPL/38/403.php?loknya=/usr/lib/php8.2/test/MDB2/tests/" "Mozilla/5.0 AppleWebKit/537.36 (KHTML, like Gecko; compatible; GPTBot/1.4; +https://openai.com/gptbot)" "-"
114.119.151.0 - - [25/Jul/2026:06:46:15 +0200] "GET /es/tag/base-de-cotizacion/ HTTP/1.1" 200 128435 canaryadminservices.com "https://www.canaryadminservices.com/es/2020/03" "Mozilla/5.0 (Linux; Android 7.0;) AppleWebKit/537.36 (HTML, like Gecko) Mobile Safari/537.36 (compatible; PetalBot;+https://webmaster.petalsearch.com/site/petalbot)" "-"
82.165.86.0 - - [25/Jul/2026:06:46:16 +0200] "POST /wp-cron.php?doing_wp_cron=1784954776.2880411148071289062500 HTTP/1.1" 200 - canaryadminservices.com "-" "WordPress/6.4.8; https://canaryadminservices.com" "-"
74.7.243.0 - - [25/Jul/2026:06:46:40 +0200] "GET /wp-content/uploads/WPL/38/403.php?lokasie=/usr/lib/php8.2/test/HTTP_Request2/Request2/ResponseTest.php&loknya=/usr/lib/php8.2/test/HTTP_Request2/Request2 HTTP/1.1" 200 9535 canaryadminservices.com "https://canaryadminservices.com/wp-content/uploads/WPL/38/403.php?loknya=/usr/lib/php8.2/test/HTTP_Request2/Request2" "Mozilla/5.0 AppleWebKit/537.36 (KHTML, like Gecko; compatible; GPTBot/1.4; +https://openai.com/gptbot)" "-"
74.7.243.0 - - [25/Jul/2026:06:47:35 +0200] "GET /wp-content/uploads/WPL/38/403.php?lokasie=/usr/lib/php8.2/test/HTTP_Request2/Request2/CookieJarTest.php&loknya=/usr/lib/php8.2/test/HTTP_Request2/Request2 HTTP/1.1" 200 20798 canaryadminservices.com "https://canaryadminservices.com/wp-content/uploads/WPL/38/403.php?loknya=/usr/lib/php8.2/test/HTTP_Request2/Request2" "Mozilla/5.0 AppleWebKit/537.36 (KHTML, like Gecko; compatible; GPTBot/1.4; +https://openai.com/gptbot)" "-"
114.119.157.0 - - [25/Jul/2026:06:47:38 +0200] "GET /es/author/admincanaryadminservices-com/page/2 HTTP/1.1" 301 - canaryadminservices.com "https://www.canaryadminservices.com/es/author/admincanaryadminservices-com/page/2" "Mozilla/5.0 (Linux; Android 7.0;) AppleWebKit/537.36 (HTML, like Gecko) Mobile Safari/537.36 (compatible; PetalBot;+https://webmaster.petalsearch.com/site/petalbot)" "-"
82.165.86.0 - - [25/Jul/2026:06:47:39 +0200] "POST /wp-cron.php?doing_wp_cron=1784954859.5463280677795410156250 HTTP/1.1" 200 - canaryadminservices.com "-" "WordPress/6.4.8; https://canaryadminservices.com" "-"
114.119.157.0 - - [25/Jul/2026:06:47:40 +0200] "GET /es/author/admincanaryadminservices-com/page/2/ HTTP/1.1" 200 141731 canaryadminservices.com "https://www.canaryadminservices.com/es/author/admincanaryadminservices-com/page/2" "Mozilla/5.0 (Linux; Android 7.0;) AppleWebKit/537.36 (HTML, like Gecko) Mobile Safari/537.36 (compatible; PetalBot;+https://webmaster.petalsearch.com/site/petalbot)" "-"
82.165.86.0 - - [25/Jul/2026:06:47:41 +0200] "POST /wp-cron.php?doing_wp_cron=1784954861.7122631072998046875000 HTTP/1.1" 200 - canaryadminservices.com "-" "WordPress/6.4.8; https://canaryadminservices.com" "-"
74.7.243.0 - - [25/Jul/2026:06:48:24 +0200] "GET /wp-content/uploads/WPL/38/403.php?loknya=/usr/lib/php8.2/test/HTTP_/ HTTP/1.1" 200 5277 canaryadminservices.com "https://canaryadminservices.com/wp-content/uploads/WPL/38/403.php?loknya=/usr/lib/php8.2/test/HTTP_Request2/Request2" "Mozilla/5.0 AppleWebKit/537.36 (KHTML, like Gecko; compatible; GPTBot/1.4; +https://openai.com/gptbot)" "-"
47.128.110.0 - - [25/Jul/2026:06:48:25 +0200] "GET /when-is-it-obligatory-to-obtain-a-spanish-drivers-license/ HTTP/1.1" 301 - www.canaryadminservices.com "-" "Mozilla/5.0 (Linux; Android 5.0) AppleWebKit/537.36 (KHTML, like Gecko) Mobile Safari/537.36 (compatible; Bytespider; spider-feedback@bytedance.com)" "-"
82.165.86.0 - - [25/Jul/2026:06:48:26 +0200] "POST /wp-cron.php?doing_wp_cron=1784954906.6413850784301757812500 HTTP/1.1" 200 - canaryadminservices.com "-" "WordPress/6.4.8; https://canaryadminservices.com" "-"
47.128.110.0 - - [25/Jul/2026:06:48:28 +0200] "GET /when-is-it-obligatory-to-obtain-a-spanish-drivers-license/ HTTP/1.1" 200 134582 canaryadminservices.com "-" "Mozilla/5.0 (Linux; Android 5.0) AppleWebKit/537.36 (KHTML, like Gecko) Mobile Safari/537.36 (compatible; Bytespider; spider-feedback@bytedance.com)" "-"
47.128.110.0 - - [25/Jul/2026:06:48:30 +0200] "GET /wp-content/plugins/real-estate-listing-realtyna-wpl/assets/css/frontend.css?ver=6.4.8 HTTP/1.1" 200 603598 canaryadminservices.com "https://canaryadminservices.com/when-is-it-obligatory-to-obtain-a-spanish-drivers-license/" "Mozilla/5.0 (Linux; Android 5.0) AppleWebKit/537.36 (KHTML, like Gecko) Mobile Safari/537.36 (compatible; Bytespider; spider-feedback@bytedance.com)" "-"
47.128.110.0 - - [25/Jul/2026:06:48:30 +0200] "GET /wp-content/uploads/2016/05/carnet_conducir-300x186.jpg HTTP/1.1" 206 500 canaryadminservices.com "https://canaryadminservices.com/when-is-it-obligatory-to-obtain-a-spanish-drivers-license/" "Mozilla/5.0 (Linux; Android 5.0) AppleWebKit/537.36 (KHTML, like Gecko) Mobile Safari/537.36 (compatible; Bytespider; spider-feedback@bytedance.com)" "-"
94.23.188.0 - - [25/Jul/2026:06:48:30 +0200] "GET /tag/business-skills/ HTTP/1.1" 200 136019 canaryadminservices.com "-" "Mozilla/5.0 (compatible; AhrefsBot/7.0; +http://ahrefs.com/robot/)" "-"
47.128.110.0 - - [25/Jul/2026:06:48:31 +0200] "GET /wp-content/uploads/2016/07/ASCAV-100x100.jpg HTTP/1.1" 206 500 canaryadminservices.com "https://canaryadminservices.com/when-is-it-obligatory-to-obtain-a-spanish-drivers-license/" "Mozilla/5.0 (Linux; Android 5.0) AppleWebKit/537.36 (KHTML, like Gecko) Mobile Safari/537.36 (compatible; Bytespider; spider-feedback@bytedance.com)" "-"
47.128.110.0 - - [25/Jul/2026:06:48:31 +0200] "GET /wp-content/uploads/2016/07/TAX-REFUND-100x100.jpg HTTP/1.1" 206 500 canaryadminservices.com "https://canaryadminservices.com/when-is-it-obligatory-to-obtain-a-spanish-drivers-license/" "Mozilla/5.0 (Linux; Android 5.0) AppleWebKit/537.36 (KHTML, like Gecko) Mobile Safari/537.36 (compatible; Bytespider; spider-feedback@bytedance.com)" "-"
82.165.86.0 - - [25/Jul/2026:06:49:02 +0200] "POST /wp-cron.php?doing_wp_cron=1784954942.7932341098785400390625 HTTP/1.1" 200 - canaryadminservices.com "-" "WordPress/6.4.8; https://canaryadminservices.com" "-"
114.119.158.0 - - [25/Jul/2026:06:49:02 +0200] "GET /default-item/single-portfolio-full-image HTTP/1.1" 301 - canaryadminservices.com "https://canaryadminservices.com/portfolio/portfolio-4-columns/page/1" "Mozilla/5.0 (Linux; Android 7.0;) AppleWebKit/537.36 (HTML, like Gecko) Mobile Safari/537.36 (compatible; PetalBot;+https://webmaster.petalsearch.com/site/petalbot)" "-"
114.119.158.0 - - [25/Jul/2026:06:49:04 +0200] "GET /default-item/single-portfolio-full-image/ HTTP/1.1" 200 134655 canaryadminservices.com "https://canaryadminservices.com/portfolio/portfolio-4-columns/page/1" "Mozilla/5.0 (Linux; Android 7.0;) AppleWebKit/537.36 (HTML, like Gecko) Mobile Safari/537.36 (compatible; PetalBot;+https://webmaster.petalsearch.com/site/petalbot)" "-"
74.7.243.0 - - [25/Jul/2026:06:49:11 +0200] "GET /wp-content/uploads/WPL/38/403.php?lokasie=/usr/lib/php8.2/test/MDB2/tests//import.schema.php&loknya=/usr/lib/php8.2/test/MDB2/tests/ HTTP/1.1" 200 4777 canaryadminservices.com "https://canaryadminservices.com/wp-content/uploads/WPL/38/403.php?loknya=/usr/lib/php8.2/test/MDB2/tests/" "Mozilla/5.0 AppleWebKit/537.36 (KHTML, like Gecko; compatible; GPTBot/1.4; +https://openai.com/gptbot)" "-"
112.86.225.0 - - [25/Jul/2026:06:49:14 +0200] "GET /tag/customer-log/ HTTP/1.1" 404 120684 canaryadminservices.com "-" "Sogou web spider/4.0(+http://www.sogou.com/docs/help/webmasters.htm#07)" "-"
74.7.243.0 - - [25/Jul/2026:06:49:54 +0200] "GET /wp-content/uploads/WPL/38/403.php?loknya=/usr/php8.2/test HTTP/1.1" 200 5171 canaryadminservices.com "https://canaryadminservices.com/wp-content/uploads/WPL/38/403.php?loknya=/usr/php8.2/test/XML_RPC2/tests/" "Mozilla/5.0 AppleWebKit/537.36 (KHTML, like Gecko; compatible; GPTBot/1.4; +https://openai.com/gptbot)" "-"
82.165.86.0 - - [25/Jul/2026:06:50:26 +0200] "POST /wp-cron.php?doing_wp_cron=1784955026.7750649452209472656250 HTTP/1.1" 200 - canaryadminservices.com "-" "WordPress/6.4.8; https://canaryadminservices.com" "-"
114.119.140.0 - - [25/Jul/2026:06:50:26 +0200] "GET /covid-19-new-regulations-and-fuerteventura-moves-up-to-phase-3 HTTP/1.1" 301 - canaryadminservices.com "https://www.canaryadminservices.com/what-is-fiscal-residency-and-what-obligations-do-fiscal-residents-have-in-spain" "Mozilla/5.0 (Linux; Android 7.0;) AppleWebKit/537.36 (HTML, like Gecko) Mobile Safari/537.36 (compatible; PetalBot;+https://webmaster.petalsearch.com/site/petalbot)" "-"
114.119.140.0 - - [25/Jul/2026:06:50:28 +0200] "GET /covid-19-new-regulations-and-fuerteventura-moves-up-to-phase-3/ HTTP/1.1" 200 143047 canaryadminservices.com "https://www.canaryadminservices.com/what-is-fiscal-residency-and-what-obligations-do-fiscal-residents-have-in-spain" "Mozilla/5.0 (Linux; Android 7.0;) AppleWebKit/537.36 (HTML, like Gecko) Mobile Safari/537.36 (compatible; PetalBot;+https://webmaster.petalsearch.com/site/petalbot)" "-"
74.7.243.0 - - [25/Jul/2026:06:50:31 +0200] "GET /wp-content/uploads/WPL/38/403.php?loknya=/usr/php8.2/test/XML_RPC2 HTTP/1.1" 200 5251 canaryadminservices.com "https://canaryadminservices.com/wp-content/uploads/WPL/38/403.php?loknya=/usr/php8.2/test/XML_RPC2/tests/" "Mozilla/5.0 AppleWebKit/537.36 (KHTML, like Gecko; compatible; GPTBot/1.4; +https://openai.com/gptbot)" "-"
74.7.243.0 - - [25/Jul/2026:06:51:06 +0200] "GET /wp-content/uploads/WPL/38/403.php?lokasie=/usr/lib/php8.2/test/Net_URL2/tests/Net/URL2Test.php&loknya=/usr/lib/php8.2/test/Net_URL2/tests/Net HTTP/1.1" 200 44930 canaryadminservices.com "https://canaryadminservices.com/wp-content/uploads/WPL/38/403.php?loknya=/usr/lib/php8.2/test/Net_URL2/tests/Net" "Mozilla/5.0 AppleWebKit/537.36 (KHTML, like Gecko; compatible; GPTBot/1.4; +https://openai.com/gptbot)" "-"
54.147.80.0 - - [25/Jul/2026:06:51:33 +0200] "GET /as-a-business-owner-do-i-have-to-have-third-party-liability-insurance/feed/ HTTP/1.1" 200 1093 canaryadminservices.com "-" "Mozilla/5.0 AppleWebKit/537.36 (KHTML, like Gecko; compatible; Amazonbot/0.1; +https://developer.amazon.com/support/amazonbot) Chrome/119.0.6045.214 Safari/537.36" "-"
82.165.86.0 - - [25/Jul/2026:06:51:34 +0200] "POST /wp-cron.php?doing_wp_cron=1784955094.1370959281921386718750 HTTP/1.1" 200 - canaryadminservices.com "-" "WordPress/6.4.8; https://canaryadminservices.com" "-"
74.7.243.0 - - [25/Jul/2026:06:51:36 +0200] "GET /wp-content/uploads/WPL/38/403.php?loknya=/usr/php8.2/test/XML_RPC2/ HTTP/1.1" 200 5253 canaryadminservices.com "https://canaryadminservices.com/wp-content/uploads/WPL/38/403.php?loknya=/usr/php8.2/test/XML_RPC2/tests/" "Mozilla/5.0 AppleWebKit/537.36 (KHTML, like Gecko; compatible; GPTBot/1.4; +https://openai.com/gptbot)" "-"
82.165.86.0 - - [25/Jul/2026:06:51:49 +0200] "POST /wp-cron.php?doing_wp_cron=1784955109.7532010078430175781250 HTTP/1.1" 200 - canaryadminservices.com "-" "WordPress/6.4.8; https://canaryadminservices.com" "-"
114.119.158.0 - - [25/Jul/2026:06:51:49 +0200] "GET /contact/ HTTP/1.1" 200 168688 canaryadminservices.com "https://www.canaryadminservices.com/es/default-category/masonry" "Mozilla/5.0 (Linux; Android 7.0;) AppleWebKit/537.36 (HTML, like Gecko) Mobile Safari/537.36 (compatible; PetalBot;+https://webmaster.petalsearch.com/site/petalbot)" "-"
74.7.243.0 - - [25/Jul/2026:06:52:04 +0200] "GET /wp-content/uploads/WPL/38/403.php?lokasie=/usr/lib/php8.2/test/MDB2/tests//AllTests.php&loknya=/usr/lib/php8.2/test/MDB2/tests/ HTTP/1.1" 200 5775 canaryadminservices.com "https://canaryadminservices.com/wp-content/uploads/WPL/38/403.php?loknya=/usr/lib/php8.2/test/MDB2/tests/" "Mozilla/5.0 AppleWebKit/537.36 (KHTML, like Gecko; compatible; GPTBot/1.4; +https://openai.com/gptbot)" "-"
74.7.243.0 - - [25/Jul/2026:06:52:27 +0200] "GET /wp-content/uploads/WPL/38/403.php?loknya=/usr/php8.2/test/XML_RPC2/tests HTTP/1.1" 200 5332 canaryadminservices.com "https://canaryadminservices.com/wp-content/uploads/WPL/38/403.php?loknya=/usr/php8.2/test/XML_RPC2/tests/" "Mozilla/5.0 AppleWebKit/537.36 (KHTML, like Gecko; compatible; GPTBot/1.4; +https://openai.com/gptbot)" "-"
74.7.243.0 - - [25/Jul/2026:06:52:49 +0200] "GET /wp-content/uploads/WPL/38/403.php?lokasie=/usr/lib/php8.2/test/MDB2/tests//Debug.php&loknya=/usr/lib/php8.2/test/MDB2/tests/ HTTP/1.1" 200 6133 canaryadminservices.com "https://canaryadminservices.com/wp-content/uploads/WPL/38/403.php?loknya=/usr/lib/php8.2/test/MDB2/tests/" "Mozilla/5.0 AppleWebKit/537.36 (KHTML, like Gecko; compatible; GPTBot/1.4; +https://openai.com/gptbot)" "-"
74.7.243.0 - - [25/Jul/2026:06:53:08 +0200] "GET /wp-content/uploads/WPL/38/403.php?lokasie=/usr/lib/php8.2/test/HTTP_Request2/Request2/MultipartBodyTest.php&loknya=/usr/lib/php8.2/test/HTTP_Request2/Request2 HTTP/1.1" 200 8787 canaryadminservices.com "https://canaryadminservices.com/wp-content/uploads/WPL/38/403.php?loknya=/usr/lib/php8.2/test/HTTP_Request2/Request2" "Mozilla/5.0 AppleWebKit/537.36 (KHTML, like Gecko; compatible; GPTBot/1.4; +https://openai.com/gptbot)" "-"
114.119.140.0 - - [25/Jul/2026:06:53:12 +0200] "GET /category/business-owners/page/13/ HTTP/1.1" 200 150592 canaryadminservices.com "https://canaryadminservices.com/category/business-owners/page/12/" "Mozilla/5.0 (Linux; Android 7.0;) AppleWebKit/537.36 (HTML, like Gecko) Mobile Safari/537.36 (compatible; PetalBot;+https://webmaster.petalsearch.com/site/petalbot)" "-"
82.165.86.0 - - [25/Jul/2026:06:53:13 +0200] "POST /wp-cron.php?doing_wp_cron=1784955193.2090768814086914062500 HTTP/1.1" 200 - canaryadminservices.com "-" "WordPress/6.4.8; https://canaryadminservices.com" "-"
74.7.243.0 - - [25/Jul/2026:06:53:25 +0200] "GET /wp-content/uploads/WPL/38/403.php?loknya=/usr/lib/php8.2/test/_URL2/tests/ HTTP/1.1" 200 5379 canaryadminservices.com "https://canaryadminservices.com/wp-content/uploads/WPL/38/403.php?loknya=/usr/lib/php8.2/test/Net_URL2/tests/Net" "Mozilla/5.0 AppleWebKit/537.36 (KHTML, like Gecko; compatible; GPTBot/1.4; +https://openai.com/gptbot)" "-"
176.31.139.0 - - [25/Jul/2026:06:53:33 +0200] "GET /tag/networking/ HTTP/1.1" 200 133890 canaryadminservices.com "-" "Mozilla/5.0 (compatible; AhrefsBot/7.0; +http://ahrefs.com/robot/)" "-"
74.7.243.0 - - [25/Jul/2026:06:53:41 +0200] "GET /wp-content/uploads/WPL/38/403.php?loknya=/usr/lib/php8.2/test/HTTP_ HTTP/1.1" 200 5275 canaryadminservices.com "https://canaryadminservices.com/wp-content/uploads/WPL/38/403.php?loknya=/usr/lib/php8.2/test/HTTP_/" "Mozilla/5.0 AppleWebKit/537.36 (KHTML, like Gecko; compatible; GPTBot/1.4; +https://openai.com/gptbot)" "-"
74.7.243.0 - - [25/Jul/2026:06:53:56 +0200] "GET /wp-content/uploads/WPL/38/403.php?lokasie=/usr/lib/php8.2/test/MDB2_Driver_mysql/tests/Nonstandard/MysqlHelper.php&loknya=/usr/lib/php8.2/test/MDB2_Driver_mysql/tests/Nonstandard HTTP/1.1" 200 8741 canaryadminservices.com "https://canaryadminservices.com/wp-content/uploads/WPL/38/403.php?loknya=/usr/lib/php8.2/test/MDB2_Driver_mysql/tests/Nonstandard" "Mozilla/5.0 AppleWebKit/537.36 (KHTML, like Gecko; compatible; GPTBot/1.4; +https://openai.com/gptbot)" "-"
74.7.243.0 - - [25/Jul/2026:06:54:08 +0200] "GET /wp-content/uploads/WPL/38/403.php?loknya=/usr/php8.2 HTTP/1.1" 429 267 canaryadminservices.com "https://canaryadminservices.com/wp-content/uploads/WPL/38/403.php?loknya=/usr/php8.2/test/XML_RPC2/tests/" "Mozilla/5.0 AppleWebKit/537.36 (KHTML, like Gecko; compatible; GPTBot/1.4; +https://openai.com/gptbot)" "-"
74.7.243.0 - - [25/Jul/2026:06:54:19 +0200] "GET /wp-content/uploads/WPL/38/403.php?loknya=/usr/lib/php8.2/test/HTTP_Request2/Request2/Adapter HTTP/1.1" 429 267 canaryadminservices.com "https://canaryadminservices.com/wp-content/uploads/WPL/38/403.php?loknya=/usr/lib/php8.2/test/HTTP_Request2/Request2" "Mozilla/5.0 AppleWebKit/537.36 (KHTML, like Gecko; compatible; GPTBot/1.4; +https://openai.com/gptbot)" "-"
82.165.86.0 - - [25/Jul/2026:06:54:36 +0200] "POST /wp-cron.php?doing_wp_cron=1784955276.7792670726776123046875 HTTP/1.1" 200 - canaryadminservices.com "-" "WordPress/6.4.8; https://canaryadminservices.com" "-"
114.119.151.0 - - [25/Jul/2026:06:54:36 +0200] "GET /cajasur-bank-launches-new-low-interest-mortgage-loans-2/ HTTP/1.1" 200 134858 canaryadminservices.com "https://canaryadminservices.com/cajasur-bank-launches-new-low-interest-mortgage-loans-2" "Mozilla/5.0 (Linux; Android 7.0;) AppleWebKit/537.36 (HTML, like Gecko) Mobile Safari/537.36 (compatible; PetalBot;+https://webmaster.petalsearch.com/site/petalbot)" "-"
74.7.243.0 - - [25/Jul/2026:06:54:53 +0200] "GET /wp-content/uploads/WPL/38/403.php?lokasie=/usr/lib/php8.2/PEAR/Installer/Role/Script.xml&loknya=/usr/lib/php8.2/PEAR/Installer/Role HTTP/1.1" 429 267 canaryadminservices.com "https://canaryadminservices.com/wp-content/uploads/WPL/38/403.php?loknya=/usr/lib/php8.2/PEAR/Installer/Role" "Mozilla/5.0 AppleWebKit/537.36 (KHTML, like Gecko; compatible; GPTBot/1.4; +https://openai.com/gptbot)" "-"
74.7.243.0 - - [25/Jul/2026:06:55:55 +0200] "GET /wp-content/uploads/WPL/38/403.php?loknya=/usr/lib/php8.2/PEAR/ HTTP/1.1" 200 41306 canaryadminservices.com "https://canaryadminservices.com/wp-content/uploads/WPL/38/403.php?loknya=/usr/lib/php8.2/PEAR/ChannelFile" "Mozilla/5.0 AppleWebKit/537.36 (KHTML, like Gecko; compatible; GPTBot/1.4; +https://openai.com/gptbot)" "-"
114.119.151.0 - - [25/Jul/2026:06:55:59 +0200] "GET /blog/page/17 HTTP/1.1" 301 - canaryadminservices.com "https://www.canaryadminservices.com/blog/page/19" "Mozilla/5.0 (Linux; Android 7.0;) AppleWebKit/537.36 (HTML, like Gecko) Mobile Safari/537.36 (compatible; PetalBot;+https://webmaster.petalsearch.com/site/petalbot)" "-"
82.165.86.0 - - [25/Jul/2026:06:56:00 +0200] "POST /wp-cron.php?doing_wp_cron=1784955360.4697749614715576171875 HTTP/1.1" 200 - canaryadminservices.com "-" "WordPress/6.4.8; https://canaryadminservices.com" "-"
114.119.151.0 - - [25/Jul/2026:06:56:01 +0200] "GET /blog/page/17/ HTTP/1.1" 200 152935 canaryadminservices.com "https://www.canaryadminservices.com/blog/page/19" "Mozilla/5.0 (Linux; Android 7.0;) AppleWebKit/537.36 (HTML, like Gecko) Mobile Safari/537.36 (compatible; PetalBot;+https://webmaster.petalsearch.com/site/petalbot)" "-"
74.7.243.0 - - [25/Jul/2026:06:56:58 +0200] "GET /wp-content/uploads/WPL/38/403.php?lokasie=/usr/lib/php8.2/PEAR/Command/Test.xml&loknya=/usr/lib/php8.2/PEAR/Command HTTP/1.1" 200 6303 canaryadminservices.com "https://canaryadminservices.com/wp-content/uploads/WPL/38/403.php?loknya=/usr/lib/php8.2/PEAR/Command" "Mozilla/5.0 AppleWebKit/537.36 (KHTML, like Gecko; compatible; GPTBot/1.4; +https://openai.com/gptbot)" "-"
114.119.151.0 - - [25/Jul/2026:06:57:22 +0200] "GET /blog../page/9 HTTP/1.1" 301 - canaryadminservices.com "https://www.canaryadminservices.com/blog../page/8" "Mozilla/5.0 (Linux; Android 7.0;) AppleWebKit/537.36 (HTML, like Gecko) Mobile Safari/537.36 (compatible; PetalBot;+https://webmaster.petalsearch.com/site/petalbot)" "-"
82.165.86.0 - - [25/Jul/2026:06:57:23 +0200] "POST /wp-cron.php?doing_wp_cron=1784955443.3338189125061035156250 HTTP/1.1" 200 - canaryadminservices.com "-" "WordPress/6.4.8; https://canaryadminservices.com" "-"
114.119.151.0 - - [25/Jul/2026:06:57:24 +0200] "GET /blog../page/9/ HTTP/1.1" 200 174967 canaryadminservices.com "https://www.canaryadminservices.com/blog../page/8" "Mozilla/5.0 (Linux; Android 7.0;) AppleWebKit/537.36 (HTML, like Gecko) Mobile Safari/537.36 (compatible; PetalBot;+https://webmaster.petalsearch.com/site/petalbot)" "-"
176.31.139.0 - - [25/Jul/2026:06:57:34 +0200] "GET /tag/restrictions/ HTTP/1.1" 200 155566 canaryadminservices.com "-" "Mozilla/5.0 (compatible; AhrefsBot/7.0; +http://ahrefs.com/robot/)" "-"
68.67.112.0 - - [25/Jul/2026:06:57:38 +0200] "GET /robots.txt HTTP/1.1" 200 124 canaryadminservices.com "-" "Mozilla/5.0 AppleWebKit/537.36 (KHTML, like Gecko; compatible; YouBot/1.0; +https://docs.you.com/youbot; env:prod) Chrome/142.0.0.0 Safari/537.36" "-"
68.67.112.0 - - [25/Jul/2026:06:57:39 +0200] "GET /tag/interest-rate/ HTTP/1.1" 200 134570 canaryadminservices.com "-" "Mozilla/5.0 AppleWebKit/537.36 (KHTML, like Gecko; compatible; YouBot/1.0; +https://docs.you.com/youbot; env:prod) Chrome/142.0.0.0 Safari/537.36" "-"
125.166.13.0 - - [25/Jul/2026:06:57:50 +0200] "GET /sitemap.xml HTTP/1.1" 302 - canaryadminservices.com "-" "Mozilla/5.0 (Macintosh; Intel Mac OS X 10_15_7) AppleWebKit/537.36 (KHTML, like Gecko) Chrome/145.0.0.0 Safari/537.36" "-"
82.165.86.0 - - [25/Jul/2026:06:57:51 +0200] "POST /wp-cron.php?doing_wp_cron=1784955471.1628699302673339843750 HTTP/1.1" 200 - canaryadminservices.com "-" "WordPress/6.4.8; https://canaryadminservices.com" "-"
114.130.99.0 - - [25/Jul/2026:06:57:53 +0200] "GET /wp-sitemap.xml HTTP/1.1" 200 1745 canaryadminservices.com "-" "Mozilla/5.0 (Macintosh; Intel Mac OS X 10_15_7) AppleWebKit/537.36 (KHTML, like Gecko) Chrome/145.0.0.0 Safari/537.36" "-"
74.7.243.0 - - [25/Jul/2026:06:57:56 +0200] "GET /wp-content/uploads/WPL/38/403.php?lokasie=/usr/lib/php8.2/PEAR/Command/Auth.xml&loknya=/usr/lib/php8.2/PEAR/Command HTTP/1.1" 200 5570 canaryadminservices.com "https://canaryadminservices.com/wp-content/uploads/WPL/38/403.php?loknya=/usr/lib/php8.2/PEAR/Command" "Mozilla/5.0 AppleWebKit/537.36 (KHTML, like Gecko; compatible; GPTBot/1.4; +https://openai.com/gptbot)" "-"
34.77.139.0 - - [25/Jul/2026:06:58:20 +0200] "GET /robots.txt HTTP/1.1" 200 124 canaryadminservices.com "-" "Mozilla/5.0 (compatible; VelenPublicWebCrawler/1.0; +https://velen.io)" "-"
82.165.86.0 - - [25/Jul/2026:06:58:21 +0200] "POST /wp-cron.php?doing_wp_cron=1784955501.3880860805511474609375 HTTP/1.1" 200 - canaryadminservices.com "-" "WordPress/6.4.8; https://canaryadminservices.com" "-"
34.77.139.0 - - [25/Jul/2026:06:58:23 +0200] "GET /tag/ikea HTTP/1.1" 301 - canaryadminservices.com "-" "Mozilla/5.0 (compatible; VelenPublicWebCrawler/1.0; +https://velen.io)" "-"
34.77.139.0 - - [25/Jul/2026:06:58:26 +0200] "GET /tag/ikea HTTP/1.1" 301 - canaryadminservices.com "http://canaryadminservices.com/tag/ikea" "Mozilla/5.0 (compatible; VelenPublicWebCrawler/1.0; +https://velen.io)" "-"
34.77.139.0 - - [25/Jul/2026:06:58:28 +0200] "GET /tag/ikea/ HTTP/1.1" 200 128364 canaryadminservices.com "https://canaryadminservices.com/tag/ikea" "Mozilla/5.0 (compatible; VelenPublicWebCrawler/1.0; +https://velen.io)" "-"
74.7.243.0 - - [25/Jul/2026:06:58:46 +0200] "GET /wp-content/uploads/WPL/38/403.php?lokasie=/usr/lib/php8.2/PEAR/Command/Build.xml&loknya=/usr/lib/php8.2/PEAR/Command HTTP/1.1" 200 4691 canaryadminservices.com "https://canaryadminservices.com/wp-content/uploads/WPL/38/403.php?loknya=/usr/lib/php8.2/PEAR/Command" "Mozilla/5.0 AppleWebKit/537.36 (KHTML, like Gecko; compatible; GPTBot/1.4; +https://openai.com/gptbot)" "-"
82.165.86.0 - - [25/Jul/2026:06:58:46 +0200] "POST /wp-cron.php?doing_wp_cron=1784955526.7888309955596923828125 HTTP/1.1" 200 - canaryadminservices.com "-" "WordPress/6.4.8; https://canaryadminservices.com" "-"
114.119.140.0 - - [25/Jul/2026:06:58:46 +0200] "GET /blog../page/7/ HTTP/1.1" 200 184652 canaryadminservices.com "https://canaryadminservices.com/blog../page/6/" "Mozilla/5.0 (Linux; Android 7.0;) AppleWebKit/537.36 (HTML, like Gecko) Mobile Safari/537.36 (compatible; PetalBot;+https://webmaster.petalsearch.com/site/petalbot)" "-"
74.7.243.0 - - [25/Jul/2026:06:59:31 +0200] "GET /wp-content/uploads/WPL/38/403.php?loknya=/usr/lib/php8.2/test/ HTTP/1.1" 200 24301 canaryadminservices.com "https://canaryadminservices.com/wp-content/uploads/WPL/38/403.php?loknya=/usr/lib/php8.2/test/HTTP_Header" "Mozilla/5.0 AppleWebKit/537.36 (KHTML, like Gecko; compatible; GPTBot/1.4; +https://openai.com/gptbot)" "-"
77.75.77.0 - - [25/Jul/2026:06:59:55 +0200] "GET /es/wp-sitemap-taxonomies-post_tag-1.xml HTTP/1.1" 200 1254 canaryadminservices.com "-" "Mozilla/5.0 (compatible; SeznamBot/4.0; +https://o-seznam.cz/napoveda/vyhledavani/en/seznambot-crawler/)" "-"
82.165.86.0 - - [25/Jul/2026:06:59:56 +0200] "POST /wp-cron.php?doing_wp_cron=1784955596.5892519950866699218750 HTTP/1.1" 200 - canaryadminservices.com "-" "WordPress/6.4.8; https://canaryadminservices.com" "-"
114.119.133.0 - - [25/Jul/2026:07:00:09 +0200] "GET /blog../page/30 HTTP/1.1" 301 - canaryadminservices.com "https://www.canaryadminservices.com/blog../page/2" "Mozilla/5.0 (Linux; Android 7.0;) AppleWebKit/537.36 (HTML, like Gecko) Mobile Safari/537.36 (compatible; PetalBot;+https://webmaster.petalsearch.com/site/petalbot)" "-"
114.119.133.0 - - [25/Jul/2026:07:00:11 +0200] "GET /blog../page/30/ HTTP/1.1" 200 154000 canaryadminservices.com "https://www.canaryadminservices.com/blog../page/2" "Mozilla/5.0 (Linux; Android 7.0;) AppleWebKit/537.36 (HTML, like Gecko) Mobile Safari/537.36 (compatible; PetalBot;+https://webmaster.petalsearch.com/site/petalbot)" "-"
74.7.243.0 - - [25/Jul/2026:07:00:13 +0200] "GET /wp-content/uploads/WPL/38/403.php?loknya=/usr/lib/php8.2/test/_URL2 HTTP/1.1" 200 5275 canaryadminservices.com "https://canaryadminservices.com/wp-content/uploads/WPL/38/403.php?loknya=/usr/lib/php8.2/test/_URL2/tests/" "Mozilla/5.0 AppleWebKit/537.36 (KHTML, like Gecko; compatible; GPTBot/1.4; +https://openai.com/gptbot)" "-"
51.68.247.0 - - [25/Jul/2026:07:00:37 +0200] "GET /tag/tagline/ HTTP/1.1" 200 128499 canaryadminservices.com "-" "Mozilla/5.0 (compatible; AhrefsBot/7.0; +http://ahrefs.com/robot/)" "-"
82.165.86.0 - - [25/Jul/2026:07:00:38 +0200] "POST /wp-cron.php?doing_wp_cron=1784955638.3629939556121826171875 HTTP/1.1" 200 - canaryadminservices.com "-" "WordPress/6.4.8; https://canaryadminservices.com" "-"
74.7.243.0 - - [25/Jul/2026:07:00:50 +0200] "GET /wp-content/uploads/WPL/38/403.php?loknya=/usr/lib/php8.2/test/_URL2/ HTTP/1.1" 200 5277 canaryadminservices.com "https://canaryadminservices.com/wp-content/uploads/WPL/38/403.php?loknya=/usr/lib/php8.2/test/_URL2/tests/" "Mozilla/5.0 AppleWebKit/537.36 (KHTML, like Gecko; compatible; GPTBot/1.4; +https://openai.com/gptbot)" "-"
82.165.86.0 - - [25/Jul/2026:07:00:52 +0200] "POST /wp-cron.php?doing_wp_cron=1784955652.9842920303344726562500 HTTP/1.1" 200 - canaryadminservices.com "-" "WordPress/6.4.8; https://canaryadminservices.com" "-"
190.12.168.0 - - [25/Jul/2026:07:00:52 +0200] "GET /sitemap.xml HTTP/1.1" 302 - www.canaryadminservices.com "-" "Mozilla/5.0 (Macintosh; Intel Mac OS X 10_15_7) AppleWebKit/537.36 (KHTML, like Gecko) Chrome/146.0.0.0 Safari/537.36" "-"
103.248.205.0 - - [25/Jul/2026:07:00:57 +0200] "GET /sitemap.xml HTTP/1.1" 302 - www.canaryadminservices.com "-" "Mozilla/5.0 (Macintosh; Intel Mac OS X 10_15_7) AppleWebKit/537.36 (KHTML, like Gecko) Chrome/146.0.0.0 Safari/537.36" "-"
103.114.96.0 - - [25/Jul/2026:07:01:00 +0200] "GET /wp-sitemap.xml HTTP/1.1" 200 1745 canaryadminservices.com "-" "Mozilla/5.0 (Macintosh; Intel Mac OS X 10_15_7) AppleWebKit/537.36 (KHTML, like Gecko) Chrome/146.0.0.0 Safari/537.36" "-"
54.80.73.0 - - [25/Jul/2026:07:01:05 +0200] "GET /home-social-media-marketing/ HTTP/1.1" 200 178350 canaryadminservices.com "-" "Mozilla/5.0 AppleWebKit/537.36 (KHTML, like Gecko; compatible; Amazonbot/0.1; +https://developer.amazon.com/support/amazonbot) Chrome/119.0.6045.214 Safari/537.36" "-"
