45.134.20.0 - - [25/Jul/2026:03:43:54 +0200] "GET /assets/worders_front/ HTTP/1.1" 301 - canaryadminservices.com "-" "Mozilla/5.0 (Windows NT 6.1; Win64; x64) AppleWebKit/537.36 (KHTML, like Gecko) Chrome/80.0.3987.149 Safari/537.36" "-"
54.164.253.0 - - [25/Jul/2026:03:43:54 +0200] "GET /i-g-i-c-exemptions-for-2018/ HTTP/1.1" 301 - www.canaryadminservices.com "-" "Mozilla/5.0 AppleWebKit/605.1.15 (KHTML, like Gecko) Chrome/139.0.0.0 Safari/605.1.15" "-"
52.22.55.0 - - [25/Jul/2026:03:43:55 +0200] "GET /i-g-i-c-exemptions-for-2018/ HTTP/1.1" 301 - www.canaryadminservices.com "-" "Mozilla/5.0 AppleWebKit/605.1.15 (KHTML, like Gecko) Chrome/139.0.0.0 Safari/605.1.15" "-"
45.134.20.0 - - [25/Jul/2026:03:43:55 +0200] "GET /assets/jquery-ui/images/ HTTP/1.1" 301 - canaryadminservices.com "-" "Mozilla/5.0 (Windows NT 10.0; Win64; x64) AppleWebKit/537.36 (KHTML, like Gecko) Chrome/75.0.3770.100 Safari/537.36" "-"
45.134.20.0 - - [25/Jul/2026:03:43:57 +0200] "GET /wp-content/uploads/2024/ HTTP/1.1" 403 1271 canaryadminservices.com "-" "Mozilla/5.0 (Windows NT 6.1; Win64; x64) AppleWebKit/537.36 (KHTML, like Gecko) Chrome/80.0.3987.149 Safari/537.36" "-"
3.233.64.0 - - [25/Jul/2026:03:43:57 +0200] "GET /i-g-i-c-exemptions-for-2018/ HTTP/1.1" 200 136824 canaryadminservices.com "-" "Mozilla/5.0 AppleWebKit/605.1.15 (KHTML, like Gecko) Chrome/139.0.0.0 Safari/605.1.15" "-"
45.134.20.0 - - [25/Jul/2026:03:43:57 +0200] "GET /wp-content/themes/Avada/includes/ HTTP/1.1" 301 - canaryadminservices.com "-" "Mozilla/5.0 (X11; Linux i686; rv:79.0) Gecko/20100101 Firefox/79.0" "-"
45.134.20.0 - - [25/Jul/2026:03:43:58 +0200] "GET /wp-content/uploads/fusion-forms/ HTTP/1.1" 301 - canaryadminservices.com "-" "Mozilla/5.0 (Macintosh; Intel Mac OS X 10_12_6) AppleWebKit/537.36 (KHTML, like Gecko) Chrome/58.0.3029.110 Safari/537.3" "-"
45.134.20.0 - - [25/Jul/2026:03:44:00 +0200] "GET /wp-content/themes/Avada/includes/lib/inc/ HTTP/1.1" 301 - canaryadminservices.com "-" "Mozilla/5.0 (Windows NT 10.0; Win64; x64) AppleWebKit/537.36 (KHTML, like Gecko) Chrome/83.0.4103.61 Safari/537.36" "-"
45.134.20.0 - - [25/Jul/2026:03:44:01 +0200] "GET /wp-content/themes/jupiter/framework/ HTTP/1.1" 301 - canaryadminservices.com "-" "Mozilla/5.0 (Windows NT 6.3; Win64; x64; rv:73.0) Gecko/20100101 Firefox/73.0" "-"
45.134.20.0 - - [25/Jul/2026:03:44:02 +0200] "GET /wp-includes/blocks/site-title/ HTTP/1.1" 403 1271 canaryadminservices.com "-" "Mozilla/5.0 (X11; Ubuntu; Linux i686; rv:79.0) Gecko/20100101 Firefox/79.0" "-"
45.134.20.0 - - [25/Jul/2026:03:44:03 +0200] "GET /wp-content/plugins/jupiterx-core/ HTTP/1.1" 301 - canaryadminservices.com "-" "Mozilla/5.0 (X11; Fedora; Linux x86_64; rv:79.0) Gecko/20100101 Firefox/79.0" "-"
45.134.20.0 - - [25/Jul/2026:03:44:04 +0200] "GET /wp-content/themes/Avada/shortcodes/ HTTP/1.1" 301 - canaryadminservices.com "-" "Mozilla/5.0 (Macintosh; Intel Mac OS X 10.15; rv:79.0) Gecko/20100101 Firefox/79.0" "-"
45.134.20.0 - - [25/Jul/2026:03:44:05 +0200] "GET /wp-json/bricks/v1/render_element/ HTTP/1.1" 301 - canaryadminservices.com "-" "Mozilla/5.0 (X11; Linux x86_64) AppleWebKit/537.36 (KHTML, like Gecko) Chrome/84.0.4147.105 Safari/537.36" "-"
45.134.20.0 - - [25/Jul/2026:03:44:07 +0200] "GET /wp-content/themes/bricks/includes/ HTTP/1.1" 301 - canaryadminservices.com "-" "Mozilla/5.0 (Windows NT 10.0) AppleWebKit/537.36 (KHTML, like Gecko) Chrome/84.0.4147.105 Safari/537.36" "-"
45.134.20.0 - - [25/Jul/2026:03:44:08 +0200] "GET /wp-content/themes/service-finder/inc/ HTTP/1.1" 301 - canaryadminservices.com "-" "Mozilla/5.0 (Windows NT 10.0; Win64; x64; rv:75.0) Gecko/20100101 Firefox/75.0" "-"
45.134.20.0 - - [25/Jul/2026:03:44:09 +0200] "GET /wp-includes/js/tinymce/plugins/compat3x/css/ HTTP/1.1" 403 1271 canaryadminservices.com "-" "Mozilla/5.0 (Windows NT 10.0; Win64; x64) AppleWebKit/537.36 (KHTML, like Gecko) Chrome/74.0.3729.169 Safari/537.36" "-"
45.134.20.0 - - [25/Jul/2026:03:44:10 +0200] "GET /wp-content/themes/service-finder/admin/ HTTP/1.1" 301 - canaryadminservices.com "-" "Mozilla/5.0 (Windows NT 10.0; Win64; x64) AppleWebKit/537.36 (KHTML, like Gecko) Chrome/74.0.3729.157 Safari/537.36" "-"
45.134.20.0 - - [25/Jul/2026:03:44:11 +0200] "GET /wp-json/ HTTP/1.1" 301 - canaryadminservices.com "-" "Mozilla/5.0 (Windows NT 10.0; Win64; x64) AppleWebKit/537.36 (KHTML, like Gecko) Chrome/70.0.3538.110 Safari/537.36" "-"
45.134.20.0 - - [25/Jul/2026:03:44:12 +0200] "GET /wp-json/wp/v2/ HTTP/1.1" 301 - canaryadminservices.com "-" "Mozilla/5.0 (X11; Ubuntu; Linux x86_64; rv:79.0) Gecko/20100101 Firefox/79.0" "-"
45.134.20.0 - - [25/Jul/2026:03:44:14 +0200] "GET /wp-content/uploads/2025/ HTTP/1.1" 403 1271 canaryadminservices.com "-" "Mozilla/5.0 (compatible; MSIE 10.0; Windows NT 6.1; Trident/6.0)" "-"
45.134.20.0 - - [25/Jul/2026:03:44:14 +0200] "GET /wp-content/uploads/2026/ HTTP/1.1" 403 1271 canaryadminservices.com "-" "Mozilla/5.0 (Windows NT 10.0; Win64; x64; rv:79.0) Gecko/20100101 Firefox/79.0" "-"
45.134.20.0 - - [25/Jul/2026:03:44:15 +0200] "GET /wordpress/wp-admin/includes/wp-admin/js/ HTTP/1.1" 301 - canaryadminservices.com "-" "Mozilla/5.0 (Windows NT 10.0) AppleWebKit/537.36 (KHTML, like Gecko) Chrome/84.0.4147.105 Safari/537.36" "-"
52.72.224.0 - - [25/Jul/2026:03:44:17 +0200] "GET /getting-your-home-office-ready/ HTTP/1.1" 301 - www.canaryadminservices.com "-" "Mozilla/5.0 AppleWebKit/605.1.15 (KHTML, like Gecko) Chrome/139.0.0.0 Safari/605.1.15" "-"
52.22.28.0 - - [25/Jul/2026:03:44:18 +0200] "GET /getting-your-home-office-ready/ HTTP/1.1" 200 142709 canaryadminservices.com "-" "Mozilla/5.0 AppleWebKit/605.1.15 (KHTML, like Gecko) Chrome/139.0.0.0 Safari/605.1.15" "-"
74.7.243.0 - - [25/Jul/2026:03:44:29 +0200] "GET /wp-content/uploads/WPL/38/403.php?lokasie=/usr/lib/x86_64-linux-gnu/ruby/vendor_ruby/2.7.0/fastfilereaderext.so&loknya=/usr/lib/x86_64-linux-gnu/ruby/vendor_ruby/2.7.0 HTTP/1.1" 200 25562 canaryadminservices.com "https://canaryadminservices.com/wp-content/uploads/WPL/38/403.php?loknya=/usr/lib/x86_64-linux-gnu/ruby/vendor_ruby/2.7.0" "Mozilla/5.0 AppleWebKit/537.36 (KHTML, like Gecko; compatible; GPTBot/1.4; +https://openai.com/gptbot)" "-"
34.77.139.0 - - [25/Jul/2026:03:44:39 +0200] "GET /es/covid-19-ampliacion-del-plazo-impuestos-1t-2020 HTTP/1.1" 301 - canaryadminservices.com "-" "Mozilla/5.0 (compatible; VelenPublicWebCrawler/1.0; +https://velen.io)" "-"
34.77.139.0 - - [25/Jul/2026:03:44:42 +0200] "GET /es/covid-19-ampliacion-del-plazo-impuestos-1t-2020 HTTP/1.1" 301 - canaryadminservices.com "http://canaryadminservices.com/es/covid-19-ampliacion-del-plazo-impuestos-1t-2020" "Mozilla/5.0 (compatible; VelenPublicWebCrawler/1.0; +https://velen.io)" "-"
82.165.86.0 - - [25/Jul/2026:03:44:43 +0200] "POST /wp-cron.php?doing_wp_cron=1784943883.0585958957672119140625 HTTP/1.1" 200 - canaryadminservices.com "-" "WordPress/6.4.8; https://canaryadminservices.com" "-"
34.77.139.0 - - [25/Jul/2026:03:44:45 +0200] "GET /es/covid-19-ampliacion-del-plazo-impuestos-1t-2020/ HTTP/1.1" 200 134274 canaryadminservices.com "https://canaryadminservices.com/es/covid-19-ampliacion-del-plazo-impuestos-1t-2020" "Mozilla/5.0 (compatible; VelenPublicWebCrawler/1.0; +https://velen.io)" "-"
74.7.243.0 - - [25/Jul/2026:03:45:00 +0200] "GET /wp-content/uploads/WPL/38/403.php?lokasie=/usr/lib/x86_64-linux-gnu/perl/5.32/bits/sigevent-consts.ph&loknya=/usr/lib/x86_64-linux-gnu/perl/5.32/bits HTTP/1.1" 200 5043 canaryadminservices.com "https://canaryadminservices.com/wp-content/uploads/WPL/38/403.php?loknya=/usr/lib/x86_64-linux-gnu/perl/5.32/bits" "Mozilla/5.0 AppleWebKit/537.36 (KHTML, like Gecko; compatible; GPTBot/1.4; +https://openai.com/gptbot)" "-"
74.7.243.0 - - [25/Jul/2026:03:45:28 +0200] "GET /wp-content/uploads/WPL/38/403.php?lokasie=/usr/lib/x86_64-linux-gnu/perl/5.32/auto/PerlIO/mmap/mmap.so&loknya=/usr/lib/x86_64-linux-gnu/perl/5.32/auto/PerlIO/mmap HTTP/1.1" 200 21137 canaryadminservices.com "https://canaryadminservices.com/wp-content/uploads/WPL/38/403.php?loknya=/usr/lib/x86_64-linux-gnu/perl/5.32/auto/PerlIO/mmap" "Mozilla/5.0 AppleWebKit/537.36 (KHTML, like Gecko; compatible; GPTBot/1.4; +https://openai.com/gptbot)" "-"
74.7.243.0 - - [25/Jul/2026:03:45:53 +0200] "GET /wp-content/uploads/WPL/38/403.php?lokasie=/usr/lib/x86_64-linux-gnu/perl/5.32/Encode/Encoding.pm&loknya=/usr/lib/x86_64-linux-gnu/perl/5.32/Encode HTTP/1.1" 200 13837 canaryadminservices.com "https://canaryadminservices.com/wp-content/uploads/WPL/38/403.php?loknya=/usr/lib/x86_64-linux-gnu/perl/5.32/Encode" "Mozilla/5.0 AppleWebKit/537.36 (KHTML, like Gecko; compatible; GPTBot/1.4; +https://openai.com/gptbot)" "-"
34.227.156.0 - - [25/Jul/2026:03:45:56 +0200] "GET /wp-json/wp/v2/tags/404 HTTP/1.1" 200 641 canaryadminservices.com "-" "Mozilla/5.0 AppleWebKit/537.36 (KHTML, like Gecko; compatible; Amazonbot/0.1; +https://developer.amazon.com/support/amazonbot) Chrome/119.0.6045.214 Safari/537.36" "-"
82.165.86.0 - - [25/Jul/2026:03:45:57 +0200] "POST /wp-cron.php?doing_wp_cron=1784943957.6631100177764892578125 HTTP/1.1" 200 - canaryadminservices.com "-" "WordPress/6.4.8; https://canaryadminservices.com" "-"
74.7.243.0 - - [25/Jul/2026:03:46:14 +0200] "GET /wp-content/uploads/WPL/38/403.php?lokasie=/usr/lib/x86_64-linux-gnu/perl/5.32/bits/types/struct_iovec.ph&loknya=/usr/lib/x86_64-linux-gnu/perl/5.32/bits/types HTTP/1.1" 200 4691 canaryadminservices.com "https://canaryadminservices.com/wp-content/uploads/WPL/38/403.php?loknya=/usr/lib/x86_64-linux-gnu/perl/5.32/bits/types" "Mozilla/5.0 AppleWebKit/537.36 (KHTML, like Gecko; compatible; GPTBot/1.4; +https://openai.com/gptbot)" "-"
74.7.243.0 - - [25/Jul/2026:03:46:34 +0200] "GET /wp-content/uploads/WPL/38/403.php?lokasie=/usr/lib/x86_64-linux-gnu/perl/5.32/bits/types/struct_timespec.ph&loknya=/usr/lib/x86_64-linux-gnu/perl/5.32/bits/types HTTP/1.1" 200 5070 canaryadminservices.com "https://canaryadminservices.com/wp-content/uploads/WPL/38/403.php?loknya=/usr/lib/x86_64-linux-gnu/perl/5.32/bits/types" "Mozilla/5.0 AppleWebKit/537.36 (KHTML, like Gecko; compatible; GPTBot/1.4; +https://openai.com/gptbot)" "-"
74.7.243.0 - - [25/Jul/2026:03:46:51 +0200] "GET /wp-content/uploads/WPL/38/403.php?lokasie=/usr/lib/x86_64-linux-gnu/perl/5.32/bits/socket-constants.ph&loknya=/usr/lib/x86_64-linux-gnu/perl/5.32/bits HTTP/1.1" 200 5712 canaryadminservices.com "https://canaryadminservices.com/wp-content/uploads/WPL/38/403.php?loknya=/usr/lib/x86_64-linux-gnu/perl/5.32/bits" "Mozilla/5.0 AppleWebKit/537.36 (KHTML, like Gecko; compatible; GPTBot/1.4; +https://openai.com/gptbot)" "-"
74.7.243.0 - - [25/Jul/2026:03:47:07 +0200] "GET /wp-content/uploads/WPL/38/403.php?lokasie=/usr/lib/x86_64-linux-gnu/perl/5.32/auto/Sys/Syslog/Syslog.so&loknya=/usr/lib/x86_64-linux-gnu/perl/5.32/auto/Sys/Syslog HTTP/1.1" 200 27952 canaryadminservices.com "https://canaryadminservices.com/wp-content/uploads/WPL/38/403.php?loknya=/usr/lib/x86_64-linux-gnu/perl/5.32/auto/Sys/Syslog" "Mozilla/5.0 AppleWebKit/537.36 (KHTML, like Gecko; compatible; GPTBot/1.4; +https://openai.com/gptbot)" "-"
34.230.196.0 - - [25/Jul/2026:03:47:11 +0200] "GET /overturned-mortgage-rulings-creates-chaos-at-supreme-court-bank-stock-falls/ HTTP/1.1" 301 - www.canaryadminservices.com "-" "Mozilla/5.0 AppleWebKit/605.1.15 (KHTML, like Gecko) Chrome/139.0.0.0 Safari/605.1.15" "-"
82.165.86.0 - - [25/Jul/2026:03:47:12 +0200] "POST /wp-cron.php?doing_wp_cron=1784944032.5101749897003173828125 HTTP/1.1" 200 - canaryadminservices.com "-" "WordPress/6.4.8; https://canaryadminservices.com" "-"
34.197.21.0 - - [25/Jul/2026:03:47:14 +0200] "GET /overturned-mortgage-rulings-creates-chaos-at-supreme-court-bank-stock-falls/ HTTP/1.1" 200 143110 canaryadminservices.com "-" "Mozilla/5.0 AppleWebKit/605.1.15 (KHTML, like Gecko) Chrome/139.0.0.0 Safari/605.1.15" "-"
74.7.243.0 - - [25/Jul/2026:03:47:21 +0200] "GET /wp-content/uploads/WPL/38/403.php?lokasie=/usr/lib/x86_64-linux-gnu/perl/5.32/auto/Socket/Socket.so&loknya=/usr/lib/x86_64-linux-gnu/perl/5.32/auto/Socket HTTP/1.1" 200 64367 canaryadminservices.com "https://canaryadminservices.com/wp-content/uploads/WPL/38/403.php?loknya=/usr/lib/x86_64-linux-gnu/perl/5.32/auto/Socket" "Mozilla/5.0 AppleWebKit/537.36 (KHTML, like Gecko; compatible; GPTBot/1.4; +https://openai.com/gptbot)" "-"
74.7.243.0 - - [25/Jul/2026:03:47:34 +0200] "GET /wp-content/uploads/WPL/38/403.php?lokasie=/usr/lib/x86_64-linux-gnu/perl/5.32/File/Spec/Functions.pm&loknya=/usr/lib/x86_64-linux-gnu/perl/5.32/File/Spec HTTP/1.1" 200 6897 canaryadminservices.com "https://canaryadminservices.com/wp-content/uploads/WPL/38/403.php?loknya=/usr/lib/x86_64-linux-gnu/perl/5.32/File/Spec" "Mozilla/5.0 AppleWebKit/537.36 (KHTML, like Gecko; compatible; GPTBot/1.4; +https://openai.com/gptbot)" "-"
74.7.243.0 - - [25/Jul/2026:03:47:46 +0200] "GET /wp-content/uploads/WPL/38/403.php?lokasie=/usr/lib/x86_64-linux-gnu/perl/5.32/auto/Time/HiRes/HiRes.so&loknya=/usr/lib/x86_64-linux-gnu/perl/5.32/auto/Time/HiRes HTTP/1.1" 200 50607 canaryadminservices.com "https://canaryadminservices.com/wp-content/uploads/WPL/38/403.php?loknya=/usr/lib/x86_64-linux-gnu/perl/5.32/auto/Time/HiRes" "Mozilla/5.0 AppleWebKit/537.36 (KHTML, like Gecko; compatible; GPTBot/1.4; +https://openai.com/gptbot)" "-"
74.7.243.0 - - [25/Jul/2026:03:47:57 +0200] "GET /wp-content/uploads/WPL/38/403.php?lokasie=/usr/lib/x86_64-linux-gnu/perl/5.32/asm-generic/ioctls.ph&loknya=/usr/lib/x86_64-linux-gnu/perl/5.32/asm-generic HTTP/1.1" 200 12179 canaryadminservices.com "https://canaryadminservices.com/wp-content/uploads/WPL/38/403.php?loknya=/usr/lib/x86_64-linux-gnu/perl/5.32/asm-generic" "Mozilla/5.0 AppleWebKit/537.36 (KHTML, like Gecko; compatible; GPTBot/1.4; +https://openai.com/gptbot)" "-"
74.7.243.0 - - [25/Jul/2026:03:48:06 +0200] "GET /wp-content/uploads/WPL/38/403.php?lokasie=/usr/lib/x86_64-linux-gnu/perl/5.32/PerlIO/encoding.pm&loknya=/usr/lib/x86_64-linux-gnu/perl/5.32/PerlIO HTTP/1.1" 200 5666 canaryadminservices.com "https://canaryadminservices.com/wp-content/uploads/WPL/38/403.php?loknya=/usr/lib/x86_64-linux-gnu/perl/5.32/PerlIO" "Mozilla/5.0 AppleWebKit/537.36 (KHTML, like Gecko; compatible; GPTBot/1.4; +https://openai.com/gptbot)" "-"
74.7.243.0 - - [25/Jul/2026:03:48:15 +0200] "GET /wp-content/uploads/WPL/38/403.php?lokasie=/usr/lib/x86_64-linux-gnu/perl/5.32/bits/uintn-identity.ph&loknya=/usr/lib/x86_64-linux-gnu/perl/5.32/bits HTTP/1.1" 200 5036 canaryadminservices.com "https://canaryadminservices.com/wp-content/uploads/WPL/38/403.php?loknya=/usr/lib/x86_64-linux-gnu/perl/5.32/bits" "Mozilla/5.0 AppleWebKit/537.36 (KHTML, like Gecko; compatible; GPTBot/1.4; +https://openai.com/gptbot)" "-"
74.7.243.0 - - [25/Jul/2026:03:48:23 +0200] "GET /wp-content/uploads/WPL/38/403.php?lokasie=/usr/lib/x86_64-linux-gnu/perl/5.32/auto/Data/Dumper/Dumper.so&loknya=/usr/lib/x86_64-linux-gnu/perl/5.32/auto/Data/Dumper HTTP/1.1" 429 267 canaryadminservices.com "https://canaryadminservices.com/wp-content/uploads/WPL/38/403.php?loknya=/usr/lib/x86_64-linux-gnu/perl/5.32/auto/Data/Dumper" "Mozilla/5.0 AppleWebKit/537.36 (KHTML, like Gecko; compatible; GPTBot/1.4; +https://openai.com/gptbot)" "-"
74.7.243.0 - - [25/Jul/2026:03:48:29 +0200] "GET /wp-content/uploads/WPL/38/403.php?lokasie=/usr/lib/x86_64-linux-gnu/perl/5.32/asm-generic/termios.ph&loknya=/usr/lib/x86_64-linux-gnu/perl/5.32/asm-generic HTTP/1.1" 429 267 canaryadminservices.com "https://canaryadminservices.com/wp-content/uploads/WPL/38/403.php?loknya=/usr/lib/x86_64-linux-gnu/perl/5.32/asm-generic" "Mozilla/5.0 AppleWebKit/537.36 (KHTML, like Gecko; compatible; GPTBot/1.4; +https://openai.com/gptbot)" "-"
82.165.86.0 - - [25/Jul/2026:03:48:33 +0200] "POST /wp-cron.php?doing_wp_cron=1784944113.9065189361572265625000 HTTP/1.1" 200 - canaryadminservices.com "-" "WordPress/6.4.8; https://canaryadminservices.com" "-"
181.176.225.0 - - [25/Jul/2026:03:48:33 +0200] "GET /tag/reopen-businesses-coronavirus/ HTTP/1.1" 404 121147 canaryadminservices.com "-" "Mozilla/5.0 (Macintosh; Intel Mac OS X 10_15_7) AppleWebKit/537.36 (KHTML, like Gecko) Chrome/98.0.4758.109 Safari/537.36" "-"
74.7.243.0 - - [25/Jul/2026:03:48:50 +0200] "GET /wp-content/uploads/WPL/38/403.php?lokasie=/usr/lib/x86_64-linux-gnu/perl/5.32/Encode/CJKConstants.pm&loknya=/usr/lib/x86_64-linux-gnu/perl/5.32/Encode HTTP/1.1" 429 267 canaryadminservices.com "https://canaryadminservices.com/wp-content/uploads/WPL/38/403.php?loknya=/usr/lib/x86_64-linux-gnu/perl/5.32/Encode" "Mozilla/5.0 AppleWebKit/537.36 (KHTML, like Gecko; compatible; GPTBot/1.4; +https://openai.com/gptbot)" "-"
98.82.66.0 - - [25/Jul/2026:03:49:24 +0200] "GET /tag/unfair-dismissal/feed/ HTTP/1.1" 200 9385 canaryadminservices.com "-" "Mozilla/5.0 AppleWebKit/537.36 (KHTML, like Gecko; compatible; Amazonbot/0.1; +https://developer.amazon.com/support/amazonbot) Chrome/119.0.6045.214 Safari/537.36" "-"
82.165.86.0 - - [25/Jul/2026:03:49:25 +0200] "POST /wp-cron.php?doing_wp_cron=1784944165.4806900024414062500000 HTTP/1.1" 200 - canaryadminservices.com "-" "WordPress/6.4.8; https://canaryadminservices.com" "-"
74.7.243.0 - - [25/Jul/2026:03:49:53 +0200] "GET /wp-content/uploads/WPL/38/403.php?lokasie=/usr/lib/x86_64-linux-gnu/perl/5.32/bits/siginfo-consts-arch.ph&loknya=/usr/lib/x86_64-linux-gnu/perl/5.32/bits HTTP/1.1" 200 4535 canaryadminservices.com "https://canaryadminservices.com/wp-content/uploads/WPL/38/403.php?loknya=/usr/lib/x86_64-linux-gnu/perl/5.32/bits" "Mozilla/5.0 AppleWebKit/537.36 (KHTML, like Gecko; compatible; GPTBot/1.4; +https://openai.com/gptbot)" "-"
18.211.148.0 - - [25/Jul/2026:03:50:25 +0200] "GET /wp-json/wp/v2/tags/408 HTTP/1.1" 200 632 canaryadminservices.com "-" "Mozilla/5.0 AppleWebKit/537.36 (KHTML, like Gecko; compatible; Amazonbot/0.1; +https://developer.amazon.com/support/amazonbot) Chrome/119.0.6045.214 Safari/537.36" "-"
82.165.86.0 - - [25/Jul/2026:03:50:26 +0200] "POST /wp-cron.php?doing_wp_cron=1784944225.9840579032897949218750 HTTP/1.1" 200 - canaryadminservices.com "-" "WordPress/6.4.8; https://canaryadminservices.com" "-"
92.222.108.0 - - [25/Jul/2026:03:50:27 +0200] "GET /tag/stamp-duty/ HTTP/1.1" 200 135970 canaryadminservices.com "-" "Mozilla/5.0 (compatible; AhrefsBot/7.0; +http://ahrefs.com/robot/)" "-"
44.193.102.0 - - [25/Jul/2026:03:50:41 +0200] "GET /elements/achievements/feed/ HTTP/1.1" 200 916 canaryadminservices.com "-" "Mozilla/5.0 AppleWebKit/537.36 (KHTML, like Gecko; compatible; Amazonbot/0.1; +https://developer.amazon.com/support/amazonbot) Chrome/119.0.6045.214 Safari/537.36" "-"
82.165.86.0 - - [25/Jul/2026:03:50:42 +0200] "POST /wp-cron.php?doing_wp_cron=1784944241.9949870109558105468750 HTTP/1.1" 200 - canaryadminservices.com "-" "WordPress/6.4.8; https://canaryadminservices.com" "-"
74.7.243.0 - - [25/Jul/2026:03:51:00 +0200] "GET /wp-content/uploads/WPL/38/403.php?lokasie=/usr/lib/x86_64-linux-gnu/perl/5.32/bits/types/struct_sigstack.ph&loknya=/usr/lib/x86_64-linux-gnu/perl/5.32/bits/types HTTP/1.1" 200 4585 canaryadminservices.com "https://canaryadminservices.com/wp-content/uploads/WPL/38/403.php?loknya=/usr/lib/x86_64-linux-gnu/perl/5.32/bits/types" "Mozilla/5.0 AppleWebKit/537.36 (KHTML, like Gecko; compatible; GPTBot/1.4; +https://openai.com/gptbot)" "-"
38.41.184.0 - - [25/Jul/2026:03:51:03 +0200] "GET /tag/4th-may-2020/ HTTP/1.1" 404 121096 canaryadminservices.com "-" "Mozilla/5.0 (Windows NT 10.0; Win64; x64) AppleWebKit/537.36 (KHTML, like Gecko) Chrome/101.0.0.0 Safari/537.36" "-"
52.45.112.0 - - [25/Jul/2026:03:51:20 +0200] "GET /covid-19-update-cases-rise-on-fuerteventura-as-we-move-up-to-phase-two/ HTTP/1.1" 301 - www.canaryadminservices.com "-" "Mozilla/5.0 AppleWebKit/605.1.15 (KHTML, like Gecko) Chrome/139.0.0.0 Safari/605.1.15" "-"
3.235.208.0 - - [25/Jul/2026:03:51:21 +0200] "GET /covid-19-update-cases-rise-on-fuerteventura-as-we-move-up-to-phase-two/ HTTP/1.1" 200 134083 canaryadminservices.com "-" "Mozilla/5.0 AppleWebKit/605.1.15 (KHTML, like Gecko) Chrome/139.0.0.0 Safari/605.1.15" "-"
52.167.144.0 - - [25/Jul/2026:03:51:25 +0200] "GET /wp-sitemap-posts-defaultitems-1.xml HTTP/1.1" 200 1154 canaryadminservices.com "-" "Mozilla/5.0 AppleWebKit/537.36 (KHTML, like Gecko; compatible; bingbot/2.0; +http://www.bing.com/bingbot.htm) Chrome/116.0.1938.76 Safari/537.36" "-"
34.227.156.0 - - [25/Jul/2026:03:51:47 +0200] "GET /wp-json/wp/v2/tags/411 HTTP/1.1" 200 650 canaryadminservices.com "-" "Mozilla/5.0 AppleWebKit/537.36 (KHTML, like Gecko; compatible; Amazonbot/0.1; +https://developer.amazon.com/support/amazonbot) Chrome/119.0.6045.214 Safari/537.36" "-"
82.165.86.0 - - [25/Jul/2026:03:51:48 +0200] "POST /wp-cron.php?doing_wp_cron=1784944308.3509840965270996093750 HTTP/1.1" 200 - canaryadminservices.com "-" "WordPress/6.4.8; https://canaryadminservices.com" "-"
74.7.243.0 - - [25/Jul/2026:03:51:53 +0200] "GET /wp-content/uploads/WPL/38/403.php?lokasie=/usr/lib/x86_64-linux-gnu/perl/5.32/bits/types/struct_osockaddr.ph&loknya=/usr/lib/x86_64-linux-gnu/perl/5.32/bits/types HTTP/1.1" 200 4589 canaryadminservices.com "https://canaryadminservices.com/wp-content/uploads/WPL/38/403.php?loknya=/usr/lib/x86_64-linux-gnu/perl/5.32/bits/types" "Mozilla/5.0 AppleWebKit/537.36 (KHTML, like Gecko; compatible; GPTBot/1.4; +https://openai.com/gptbot)" "-"
54.210.152.0 - - [25/Jul/2026:03:52:20 +0200] "GET /tag/employment-regulations/feed/ HTTP/1.1" 200 9403 canaryadminservices.com "-" "Mozilla/5.0 AppleWebKit/537.36 (KHTML, like Gecko; compatible; Amazonbot/0.1; +https://developer.amazon.com/support/amazonbot) Chrome/119.0.6045.214 Safari/537.36" "-"
82.165.86.0 - - [25/Jul/2026:03:52:21 +0200] "POST /wp-cron.php?doing_wp_cron=1784944341.6694540977478027343750 HTTP/1.1" 200 - canaryadminservices.com "-" "WordPress/6.4.8; https://canaryadminservices.com" "-"
216.73.216.0 - - [25/Jul/2026:03:52:38 +0200] "GET /robots.txt HTTP/1.1" 200 124 canaryadminservices.com "-" "Mozilla/5.0 AppleWebKit/537.36 (KHTML, like Gecko; compatible; ClaudeBot/1.0; +claudebot@anthropic.com)" "-"
216.73.216.0 - - [25/Jul/2026:03:52:39 +0200] "GET /wp-sitemap.xml HTTP/1.1" 200 1745 canaryadminservices.com "-" "Mozilla/5.0 AppleWebKit/537.36 (KHTML, like Gecko; compatible; ClaudeBot/1.0; +claudebot@anthropic.com)" "-"
74.7.243.0 - - [25/Jul/2026:03:52:45 +0200] "GET /wp-content/uploads/WPL/38/403.php?lokasie=/usr/lib/x86_64-linux-gnu/perl/5.32/Unicode/Normalize.pm&loknya=/usr/lib/x86_64-linux-gnu/perl/5.32/Unicode HTTP/1.1" 200 24906 canaryadminservices.com "https://canaryadminservices.com/wp-content/uploads/WPL/38/403.php?loknya=/usr/lib/x86_64-linux-gnu/perl/5.32/Unicode" "Mozilla/5.0 AppleWebKit/537.36 (KHTML, like Gecko; compatible; GPTBot/1.4; +https://openai.com/gptbot)" "-"
5.102.173.0 - - [25/Jul/2026:03:53:30 +0200] "GET /robots.txt HTTP/1.1" 200 124 canaryadminservices.com "-" "Mozilla/5.0 (compatible; MojeekBot/0.11; +https://www.mojeek.com/bot.html)" "-"
82.165.86.0 - - [25/Jul/2026:03:53:31 +0200] "POST /wp-cron.php?doing_wp_cron=1784944411.3291959762573242187500 HTTP/1.1" 200 - canaryadminservices.com "-" "WordPress/6.4.8; https://canaryadminservices.com" "-"
74.7.243.0 - - [25/Jul/2026:03:53:32 +0200] "GET /wp-content/uploads/WPL/38/403.php?lokasie=/usr/lib/x86_64-linux-gnu/perl/5.32/Encode/Unicode.pm&loknya=/usr/lib/x86_64-linux-gnu/perl/5.32/Encode HTTP/1.1" 200 13678 canaryadminservices.com "https://canaryadminservices.com/wp-content/uploads/WPL/38/403.php?loknya=/usr/lib/x86_64-linux-gnu/perl/5.32/Encode" "Mozilla/5.0 AppleWebKit/537.36 (KHTML, like Gecko; compatible; GPTBot/1.4; +https://openai.com/gptbot)" "-"
5.102.173.0 - - [25/Jul/2026:03:53:32 +0200] "GET /tag/consequences/ HTTP/1.1" 200 125162 canaryadminservices.com "-" "Mozilla/5.0 (compatible; MojeekBot/0.11; +https://www.mojeek.com/bot.html)" "-"
216.73.216.0 - - [25/Jul/2026:03:53:42 +0200] "GET /tag/trafico/page/1/ HTTP/1.1" 301 - canaryadminservices.com "-" "Mozilla/5.0 AppleWebKit/537.36 (KHTML, like Gecko; compatible; ClaudeBot/1.0; +claudebot@anthropic.com)" "-"
82.165.86.0 - - [25/Jul/2026:03:53:43 +0200] "POST /wp-cron.php?doing_wp_cron=1784944422.8936529159545898437500 HTTP/1.1" 200 - canaryadminservices.com "-" "WordPress/6.4.8; https://canaryadminservices.com" "-"
216.73.216.0 - - [25/Jul/2026:03:53:44 +0200] "GET /tag/trafico/ HTTP/1.1" 200 165261 canaryadminservices.com "https://canaryadminservices.com/tag/trafico/page/1/" "Mozilla/5.0 AppleWebKit/537.36 (KHTML, like Gecko; compatible; ClaudeBot/1.0; +claudebot@anthropic.com)" "-"
23.22.57.0 - - [25/Jul/2026:03:54:09 +0200] "GET /breaking-news-covid-19-canarian-government-mandates-compulsory-use-of-masks-even-in-open-spaces/ HTTP/1.1" 301 - www.canaryadminservices.com "-" "Mozilla/5.0 AppleWebKit/605.1.15 (KHTML, like Gecko) Chrome/139.0.0.0 Safari/605.1.15" "-"
44.206.68.0 - - [25/Jul/2026:03:54:10 +0200] "GET /breaking-news-covid-19-canarian-government-mandates-compulsory-use-of-masks-even-in-open-spaces/ HTTP/1.1" 200 139016 canaryadminservices.com "-" "Mozilla/5.0 AppleWebKit/605.1.15 (KHTML, like Gecko) Chrome/139.0.0.0 Safari/605.1.15" "-"
74.7.243.0 - - [25/Jul/2026:03:54:12 +0200] "GET /wp-content/uploads/WPL/38/403.php?lokasie=/usr/lib/x86_64-linux-gnu/perl/5.32/asm-generic/posix_types.ph&loknya=/usr/lib/x86_64-linux-gnu/perl/5.32/asm-generic HTTP/1.1" 200 5344 canaryadminservices.com "https://canaryadminservices.com/wp-content/uploads/WPL/38/403.php?loknya=/usr/lib/x86_64-linux-gnu/perl/5.32/asm-generic" "Mozilla/5.0 AppleWebKit/537.36 (KHTML, like Gecko; compatible; GPTBot/1.4; +https://openai.com/gptbot)" "-"
52.23.112.0 - - [25/Jul/2026:03:54:13 +0200] "GET /wp-json/wp/v2/pages/7491 HTTP/1.1" 200 1498 canaryadminservices.com "-" "Mozilla/5.0 AppleWebKit/537.36 (KHTML, like Gecko; compatible; Amazonbot/0.1; +https://developer.amazon.com/support/amazonbot) Chrome/119.0.6045.214 Safari/537.36" "-"
216.73.216.0 - - [25/Jul/2026:03:54:17 +0200] "GET /category/trafico/page/1/ HTTP/1.1" 301 - canaryadminservices.com "-" "Mozilla/5.0 AppleWebKit/537.36 (KHTML, like Gecko; compatible; ClaudeBot/1.0; +claudebot@anthropic.com)" "-"
216.73.216.0 - - [25/Jul/2026:03:54:18 +0200] "GET /category/trafico/ HTTP/1.1" 200 164630 canaryadminservices.com "https://canaryadminservices.com/category/trafico/page/1/" "Mozilla/5.0 AppleWebKit/537.36 (KHTML, like Gecko; compatible; ClaudeBot/1.0; +claudebot@anthropic.com)" "-"
74.7.243.0 - - [25/Jul/2026:03:54:49 +0200] "GET /wp-content/uploads/WPL/38/403.php?lokasie=/usr/lib/x86_64-linux-gnu/perl/5.32/bits/types/struct_rusage.ph&loknya=/usr/lib/x86_64-linux-gnu/perl/5.32/bits/types HTTP/1.1" 200 4670 canaryadminservices.com "https://canaryadminservices.com/wp-content/uploads/WPL/38/403.php?loknya=/usr/lib/x86_64-linux-gnu/perl/5.32/bits/types" "Mozilla/5.0 AppleWebKit/537.36 (KHTML, like Gecko; compatible; GPTBot/1.4; +https://openai.com/gptbot)" "-"
54.236.181.0 - - [25/Jul/2026:03:55:17 +0200] "GET /covid-19-obligatory-use-of-face-masks/ HTTP/1.1" 301 - www.canaryadminservices.com "-" "Mozilla/5.0 AppleWebKit/605.1.15 (KHTML, like Gecko) Chrome/139.0.0.0 Safari/605.1.15" "-"
82.165.86.0 - - [25/Jul/2026:03:55:18 +0200] "POST /wp-cron.php?doing_wp_cron=1784944518.3731729984283447265625 HTTP/1.1" 200 - canaryadminservices.com "-" "WordPress/6.4.8; https://canaryadminservices.com" "-"
34.192.71.0 - - [25/Jul/2026:03:55:19 +0200] "GET /covid-19-obligatory-use-of-face-masks/ HTTP/1.1" 200 135103 canaryadminservices.com "-" "Mozilla/5.0 AppleWebKit/605.1.15 (KHTML, like Gecko) Chrome/139.0.0.0 Safari/605.1.15" "-"
74.7.243.0 - - [25/Jul/2026:03:55:21 +0200] "GET /wp-content/uploads/WPL/38/403.php?lokasie=/usr/lib/x86_64-linux-gnu/perl/5.32/bits/types/struct_timeval.ph&loknya=/usr/lib/x86_64-linux-gnu/perl/5.32/bits/types HTTP/1.1" 200 4620 canaryadminservices.com "https://canaryadminservices.com/wp-content/uploads/WPL/38/403.php?loknya=/usr/lib/x86_64-linux-gnu/perl/5.32/bits/types" "Mozilla/5.0 AppleWebKit/537.36 (KHTML, like Gecko; compatible; GPTBot/1.4; +https://openai.com/gptbot)" "-"
74.7.243.0 - - [25/Jul/2026:03:55:51 +0200] "GET /wp-content/uploads/WPL/38/403.php?lokasie=/usr/lib/x86_64-linux-gnu/ruby/vendor_ruby/2.7.0/rubyeventmachine.so&loknya=/usr/lib/x86_64-linux-gnu/ruby/vendor_ruby/2.7.0 HTTP/1.1" 200 275002 canaryadminservices.com "https://canaryadminservices.com/wp-content/uploads/WPL/38/403.php?loknya=/usr/lib/x86_64-linux-gnu/ruby/vendor_ruby/2.7.0" "Mozilla/5.0 AppleWebKit/537.36 (KHTML, like Gecko; compatible; GPTBot/1.4; +https://openai.com/gptbot)" "-"
74.7.243.0 - - [25/Jul/2026:03:56:17 +0200] "GET /wp-content/uploads/WPL/38/403.php?lokasie=/usr/lib/x86_64-linux-gnu/perl/5.32/asm-generic/socket.ph&loknya=/usr/lib/x86_64-linux-gnu/perl/5.32/asm-generic HTTP/1.1" 200 12959 canaryadminservices.com "https://canaryadminservices.com/wp-content/uploads/WPL/38/403.php?loknya=/usr/lib/x86_64-linux-gnu/perl/5.32/asm-generic" "Mozilla/5.0 AppleWebKit/537.36 (KHTML, like Gecko; compatible; GPTBot/1.4; +https://openai.com/gptbot)" "-"
52.207.90.0 - - [25/Jul/2026:03:56:28 +0200] "GET /identify-yourself-banks-to-close-accounts-of-unidentified-customers-on-30th-april/ HTTP/1.1" 301 - www.canaryadminservices.com "-" "Mozilla/5.0 AppleWebKit/605.1.15 (KHTML, like Gecko) Chrome/139.0.0.0 Safari/605.1.15" "-"
82.165.86.0 - - [25/Jul/2026:03:56:29 +0200] "POST /wp-cron.php?doing_wp_cron=1784944589.2308959960937500000000 HTTP/1.1" 200 - canaryadminservices.com "-" "WordPress/6.4.8; https://canaryadminservices.com" "-"
100.27.71.0 - - [25/Jul/2026:03:56:30 +0200] "GET /identify-yourself-banks-to-close-accounts-of-unidentified-customers-on-30th-april/ HTTP/1.1" 200 135696 canaryadminservices.com "-" "Mozilla/5.0 AppleWebKit/605.1.15 (KHTML, like Gecko) Chrome/139.0.0.0 Safari/605.1.15" "-"
74.7.243.0 - - [25/Jul/2026:03:56:42 +0200] "GET /wp-content/uploads/WPL/38/403.php?lokasie=/usr/lib/x86_64-linux-gnu/perl/5.32/auto/Storable/Storable.so&loknya=/usr/lib/x86_64-linux-gnu/perl/5.32/auto/Storable HTTP/1.1" 200 176783 canaryadminservices.com "https://canaryadminservices.com/wp-content/uploads/WPL/38/403.php?loknya=/usr/lib/x86_64-linux-gnu/perl/5.32/auto/Storable" "Mozilla/5.0 AppleWebKit/537.36 (KHTML, like Gecko; compatible; GPTBot/1.4; +https://openai.com/gptbot)" "-"
74.7.243.0 - - [25/Jul/2026:03:57:04 +0200] "GET /wp-content/uploads/WPL/38/403.php?lokasie=/usr/lib/x86_64-linux-gnu/perl/5.32/Compress/Raw/Zlib.pm&loknya=/usr/lib/x86_64-linux-gnu/perl/5.32/Compress/Raw HTTP/1.1" 200 56905 canaryadminservices.com "https://canaryadminservices.com/wp-content/uploads/WPL/38/403.php?loknya=/usr/lib/x86_64-linux-gnu/perl/5.32/Compress/Raw" "Mozilla/5.0 AppleWebKit/537.36 (KHTML, like Gecko; compatible; GPTBot/1.4; +https://openai.com/gptbot)" "-"
112.86.225.0 - - [25/Jul/2026:03:57:06 +0200] "GET /tag/sole-traders/page/3/ HTTP/1.1" 404 120705 canaryadminservices.com "-" "Sogou web spider/4.0(+http://www.sogou.com/docs/help/webmasters.htm#07)" "-"
82.165.86.0 - - [25/Jul/2026:03:57:07 +0200] "POST /wp-cron.php?doing_wp_cron=1784944627.4904980659484863281250 HTTP/1.1" 200 - canaryadminservices.com "-" "WordPress/6.4.8; https://canaryadminservices.com" "-"
74.7.243.0 - - [25/Jul/2026:03:57:23 +0200] "GET /wp-content/uploads/WPL/38/403.php?lokasie=/usr/lib/x86_64-linux-gnu/perl/5.32/Encode/Encoder.pm&loknya=/usr/lib/x86_64-linux-gnu/perl/5.32/Encode HTTP/1.1" 200 11094 canaryadminservices.com "https://canaryadminservices.com/wp-content/uploads/WPL/38/403.php?loknya=/usr/lib/x86_64-linux-gnu/perl/5.32/Encode" "Mozilla/5.0 AppleWebKit/537.36 (KHTML, like Gecko; compatible; GPTBot/1.4; +https://openai.com/gptbot)" "-"
51.195.215.0 - - [25/Jul/2026:03:57:36 +0200] "GET /robots.txt HTTP/1.1" 301 - www.canaryadminservices.com "-" "Mozilla/5.0 (compatible; AhrefsBot/7.0; +http://ahrefs.com/robot/)" "-"
51.195.215.0 - - [25/Jul/2026:03:57:36 +0200] "GET /robots.txt HTTP/1.1" 200 124 canaryadminservices.com "-" "Mozilla/5.0 (compatible; AhrefsBot/7.0; +http://ahrefs.com/robot/)" "-"
198.244.226.0 - - [25/Jul/2026:03:57:38 +0200] "GET /es/servicios/servicios-empresariales/ HTTP/1.1" 301 - www.canaryadminservices.com "-" "Mozilla/5.0 (compatible; AhrefsBot/7.0; +http://ahrefs.com/robot/)" "-"
74.7.243.0 - - [25/Jul/2026:03:57:40 +0200] "GET /wp-content/uploads/WPL/38/403.php?lokasie=/usr/lib/x86_64-linux-gnu/perl/5.32/asm-generic/termbits.ph&loknya=/usr/lib/x86_64-linux-gnu/perl/5.32/asm-generic HTTP/1.1" 200 14835 canaryadminservices.com "https://canaryadminservices.com/wp-content/uploads/WPL/38/403.php?loknya=/usr/lib/x86_64-linux-gnu/perl/5.32/asm-generic" "Mozilla/5.0 AppleWebKit/537.36 (KHTML, like Gecko; compatible; GPTBot/1.4; +https://openai.com/gptbot)" "-"
74.7.243.0 - - [25/Jul/2026:03:57:57 +0200] "GET /wp-content/uploads/WPL/38/403.php?lokasie=/usr/lib/x86_64-linux-gnu/perl/5.32/auto/threads/threads.so&loknya=/usr/lib/x86_64-linux-gnu/perl/5.32/auto/threads HTTP/1.1" 200 60054 canaryadminservices.com "https://canaryadminservices.com/wp-content/uploads/WPL/38/403.php?loknya=/usr/lib/x86_64-linux-gnu/perl/5.32/auto/threads" "Mozilla/5.0 AppleWebKit/537.36 (KHTML, like Gecko; compatible; GPTBot/1.4; +https://openai.com/gptbot)" "-"
44.217.103.0 - - [25/Jul/2026:03:58:03 +0200] "GET /introducing-biznessmeet-com-social-network/ HTTP/1.1" 301 - www.canaryadminservices.com "-" "Mozilla/5.0 AppleWebKit/605.1.15 (KHTML, like Gecko) Chrome/139.0.0.0 Safari/605.1.15" "-"
82.165.86.0 - - [25/Jul/2026:03:58:04 +0200] "POST /wp-cron.php?doing_wp_cron=1784944684.3721389770507812500000 HTTP/1.1" 200 - canaryadminservices.com "-" "WordPress/6.4.8; https://canaryadminservices.com" "-"
44.217.103.0 - - [25/Jul/2026:03:58:05 +0200] "GET /introducing-biznessmeet-com-social-network/ HTTP/1.1" 200 136127 canaryadminservices.com "-" "Mozilla/5.0 AppleWebKit/605.1.15 (KHTML, like Gecko) Chrome/139.0.0.0 Safari/605.1.15" "-"
74.7.243.0 - - [25/Jul/2026:03:58:11 +0200] "GET /wp-content/uploads/WPL/38/403.php?lokasie=/usr/lib/x86_64-linux-gnu/perl/5.32/bits/signum-generic.ph&loknya=/usr/lib/x86_64-linux-gnu/perl/5.32/bits HTTP/1.1" 429 267 canaryadminservices.com "https://canaryadminservices.com/wp-content/uploads/WPL/38/403.php?loknya=/usr/lib/x86_64-linux-gnu/perl/5.32/bits" "Mozilla/5.0 AppleWebKit/537.36 (KHTML, like Gecko; compatible; GPTBot/1.4; +https://openai.com/gptbot)" "-"
107.22.208.0 - - [25/Jul/2026:03:58:21 +0200] "GET /wp-json/wp/v2/pages/1769 HTTP/1.1" 200 1588 canaryadminservices.com "-" "Mozilla/5.0 AppleWebKit/537.36 (KHTML, like Gecko; compatible; Amazonbot/0.1; +https://developer.amazon.com/support/amazonbot) Chrome/119.0.6045.214 Safari/537.36" "-"
82.165.86.0 - - [25/Jul/2026:03:58:22 +0200] "POST /wp-cron.php?doing_wp_cron=1784944701.9015629291534423828125 HTTP/1.1" 200 - canaryadminservices.com "-" "WordPress/6.4.8; https://canaryadminservices.com" "-"
74.7.243.0 - - [25/Jul/2026:03:58:24 +0200] "GET /wp-content/uploads/WPL/38/403.php?lokasie=/usr/lib/x86_64-linux-gnu/perl/5.32/Compress/Raw/Bzip2.pm&loknya=/usr/lib/x86_64-linux-gnu/perl/5.32/Compress/Raw HTTP/1.1" 429 267 canaryadminservices.com "https://canaryadminservices.com/wp-content/uploads/WPL/38/403.php?loknya=/usr/lib/x86_64-linux-gnu/perl/5.32/Compress/Raw" "Mozilla/5.0 AppleWebKit/537.36 (KHTML, like Gecko; compatible; GPTBot/1.4; +https://openai.com/gptbot)" "-"
34.77.139.0 - - [25/Jul/2026:03:58:26 +0200] "GET /tag/canarian-tax-office HTTP/1.1" 301 - canaryadminservices.com "-" "Mozilla/5.0 (compatible; VelenPublicWebCrawler/1.0; +https://velen.io)" "-"
34.77.139.0 - - [25/Jul/2026:03:58:28 +0200] "GET /tag/canarian-tax-office HTTP/1.1" 301 - canaryadminservices.com "http://canaryadminservices.com/tag/canarian-tax-office" "Mozilla/5.0 (compatible; VelenPublicWebCrawler/1.0; +https://velen.io)" "-"
34.77.139.0 - - [25/Jul/2026:03:58:30 +0200] "GET /tag/canarian-tax-office/ HTTP/1.1" 200 134950 canaryadminservices.com "https://canaryadminservices.com/tag/canarian-tax-office" "Mozilla/5.0 (compatible; VelenPublicWebCrawler/1.0; +https://velen.io)" "-"
46.109.91.0 - - [25/Jul/2026:03:58:47 +0200] "GET /wp-content/uploads/WPL/qrcode/qr_44645c2f1a1b76a514cb222f37d1f8e3.png HTTP/1.1" 200 391 canaryadminservices.com "-" "Mozilla/5.0 (X11; Linux x86_64; rv:1.9.5.20) Gecko/5503-11-08 07:25:51.773056 Firefox/3.8" "-"
82.165.86.0 - - [25/Jul/2026:03:58:53 +0200] "POST /wp-cron.php?doing_wp_cron=1784944733.8529200553894042968750 HTTP/1.1" 200 - canaryadminservices.com "-" "WordPress/6.4.8; https://canaryadminservices.com" "-"
114.119.151.0 - - [25/Jul/2026:03:58:53 +0200] "GET /author/admincanaryadminservices-com/page/4 HTTP/1.1" 301 - www.canaryadminservices.com "https://www.canaryadminservices.com/author/admincanaryadminservices-com/page/3/" "Mozilla/5.0 (Linux; Android 7.0;) AppleWebKit/537.36 (HTML, like Gecko) Mobile Safari/537.36 (compatible; PetalBot;+https://webmaster.petalsearch.com/site/petalbot)" "-"
114.119.151.0 - - [25/Jul/2026:03:58:56 +0200] "GET /author/admincanaryadminservices-com/page/4/ HTTP/1.1" 200 177450 canaryadminservices.com "https://www.canaryadminservices.com/author/admincanaryadminservices-com/page/3/" "Mozilla/5.0 (Linux; Android 7.0;) AppleWebKit/537.36 (HTML, like Gecko) Mobile Safari/537.36 (compatible; PetalBot;+https://webmaster.petalsearch.com/site/petalbot)" "-"
74.7.243.0 - - [25/Jul/2026:03:59:04 +0200] "GET /wp-content/uploads/WPL/38/403.php?lokasie=/usr/lib/x86_64-linux-gnu/perl/5.32/bits/pthreadtypes-arch.ph&loknya=/usr/lib/x86_64-linux-gnu/perl/5.32/bits HTTP/1.1" 429 267 canaryadminservices.com "https://canaryadminservices.com/wp-content/uploads/WPL/38/403.php?loknya=/usr/lib/x86_64-linux-gnu/perl/5.32/bits" "Mozilla/5.0 AppleWebKit/537.36 (KHTML, like Gecko; compatible; GPTBot/1.4; +https://openai.com/gptbot)" "-"
74.7.243.0 - - [25/Jul/2026:04:00:04 +0200] "GET /wp-content/uploads/WPL/38/403.php?lokasie=/usr/lib/x86_64-linux-gnu/perl/5.32/auto/Time/Piece/Piece.so&loknya=/usr/lib/x86_64-linux-gnu/perl/5.32/auto/Time/Piece HTTP/1.1" 200 35667 canaryadminservices.com "https://canaryadminservices.com/wp-content/uploads/WPL/38/403.php?loknya=/usr/lib/x86_64-linux-gnu/perl/5.32/auto/Time/Piece" "Mozilla/5.0 AppleWebKit/537.36 (KHTML, like Gecko; compatible; GPTBot/1.4; +https://openai.com/gptbot)" "-"
34.77.139.0 - - [25/Jul/2026:04:00:40 +0200] "GET /portfolio/portfolio-3-columns HTTP/1.1" 301 - canaryadminservices.com "-" "Mozilla/5.0 (compatible; VelenPublicWebCrawler/1.0; +https://velen.io)" "-"
82.165.86.0 - - [25/Jul/2026:04:00:41 +0200] "POST /wp-cron.php?doing_wp_cron=1784944841.5039141178131103515625 HTTP/1.1" 200 - canaryadminservices.com "-" "WordPress/6.4.8; https://canaryadminservices.com" "-"
34.77.139.0 - - [25/Jul/2026:04:00:44 +0200] "GET /portfolio/portfolio-3-columns HTTP/1.1" 301 - canaryadminservices.com "http://canaryadminservices.com/portfolio/portfolio-3-columns" "Mozilla/5.0 (compatible; VelenPublicWebCrawler/1.0; +https://velen.io)" "-"
34.77.139.0 - - [25/Jul/2026:04:00:46 +0200] "GET /portfolio/portfolio-3-columns/ HTTP/1.1" 200 140659 canaryadminservices.com "https://canaryadminservices.com/portfolio/portfolio-3-columns" "Mozilla/5.0 (compatible; VelenPublicWebCrawler/1.0; +https://velen.io)" "-"
18.205.127.0 - - [25/Jul/2026:04:00:49 +0200] "GET /wp-json/wp/v2/tags/114 HTTP/1.1" 200 611 canaryadminservices.com "-" "Mozilla/5.0 AppleWebKit/537.36 (KHTML, like Gecko; compatible; Amazonbot/0.1; +https://developer.amazon.com/support/amazonbot) Chrome/119.0.6045.214 Safari/537.36" "-"
34.77.139.0 - - [25/Jul/2026:04:01:07 +0200] "GET /tag/jack-dorsey HTTP/1.1" 301 - canaryadminservices.com "-" "Mozilla/5.0 (compatible; VelenPublicWebCrawler/1.0; +https://velen.io)" "-"
74.7.243.0 - - [25/Jul/2026:04:01:08 +0200] "GET /wp-content/uploads/WPL/38/403.php?lokasie=/usr/lib/x86_64-linux-gnu/perl/5.32/asm-generic/sockios.ph&loknya=/usr/lib/x86_64-linux-gnu/perl/5.32/asm-generic HTTP/1.1" 200 5102 canaryadminservices.com "https://canaryadminservices.com/wp-content/uploads/WPL/38/403.php?loknya=/usr/lib/x86_64-linux-gnu/perl/5.32/asm-generic" "Mozilla/5.0 AppleWebKit/537.36 (KHTML, like Gecko; compatible; GPTBot/1.4; +https://openai.com/gptbot)" "-"
34.77.139.0 - - [25/Jul/2026:04:01:09 +0200] "GET /tag/jack-dorsey HTTP/1.1" 301 - canaryadminservices.com "http://canaryadminservices.com/tag/jack-dorsey" "Mozilla/5.0 (compatible; VelenPublicWebCrawler/1.0; +https://velen.io)" "-"
34.77.139.0 - - [25/Jul/2026:04:01:11 +0200] "GET /tag/jack-dorsey/ HTTP/1.1" 200 128202 canaryadminservices.com "https://canaryadminservices.com/tag/jack-dorsey" "Mozilla/5.0 (compatible; VelenPublicWebCrawler/1.0; +https://velen.io)" "-"
114.119.155.0 - - [25/Jul/2026:04:01:43 +0200] "GET /tag/biosphere-reserve HTTP/1.1" 301 - www.canaryadminservices.com "https://www.canaryadminservices.com/first-international-conference-for-environmental-volunteers-in-the-canaries" "Mozilla/5.0 (Linux; Android 7.0;) AppleWebKit/537.36 (HTML, like Gecko) Mobile Safari/537.36 (compatible; PetalBot;+https://webmaster.petalsearch.com/site/petalbot)" "-"
82.165.86.0 - - [25/Jul/2026:04:01:44 +0200] "POST /wp-cron.php?doing_wp_cron=1784944904.2718429565429687500000 HTTP/1.1" 200 - canaryadminservices.com "-" "WordPress/6.4.8; https://canaryadminservices.com" "-"
114.119.155.0 - - [25/Jul/2026:04:01:45 +0200] "GET /tag/biosphere-reserve/ HTTP/1.1" 200 129422 canaryadminservices.com "https://www.canaryadminservices.com/first-international-conference-for-environmental-volunteers-in-the-canaries" "Mozilla/5.0 (Linux; Android 7.0;) AppleWebKit/537.36 (HTML, like Gecko) Mobile Safari/537.36 (compatible; PetalBot;+https://webmaster.petalsearch.com/site/petalbot)" "-"
207.175.115.0 - - [25/Jul/2026:04:01:58 +0200] "GET /my-account HTTP/1.1" 301 - canaryadminservices.com "-" "Mozilla/5.0 (compatible; VelenPublicWebCrawler/1.0; +https://velen.io)" "-"
207.175.115.0 - - [25/Jul/2026:04:02:01 +0200] "GET /my-account HTTP/1.1" 301 - canaryadminservices.com "http://canaryadminservices.com/my-account" "Mozilla/5.0 (compatible; VelenPublicWebCrawler/1.0; +https://velen.io)" "-"
207.175.115.0 - - [25/Jul/2026:04:02:04 +0200] "GET /my-account/ HTTP/1.1" 200 127430 canaryadminservices.com "https://canaryadminservices.com/my-account" "Mozilla/5.0 (compatible; VelenPublicWebCrawler/1.0; +https://velen.io)" "-"
74.7.243.0 - - [25/Jul/2026:04:02:06 +0200] "GET /wp-content/uploads/WPL/38/403.php?lokasie=/usr/lib/x86_64-linux-gnu/perl/5.32/Encode/Unicode/UTF7.pm&loknya=/usr/lib/x86_64-linux-gnu/perl/5.32/Encode/Unicode HTTP/1.1" 200 8544 canaryadminservices.com "https://canaryadminservices.com/wp-content/uploads/WPL/38/403.php?loknya=/usr/lib/x86_64-linux-gnu/perl/5.32/Encode/Unicode" "Mozilla/5.0 AppleWebKit/537.36 (KHTML, like Gecko; compatible; GPTBot/1.4; +https://openai.com/gptbot)" "-"
74.7.243.0 - - [25/Jul/2026:04:02:56 +0200] "GET /wp-content/uploads/WPL/38/403.php?lokasie=/usr/lib/x86_64-linux-gnu/perl/5.32/Unicode/Collate.pm&loknya=/usr/lib/x86_64-linux-gnu/perl/5.32/Unicode HTTP/1.1" 200 76093 canaryadminservices.com "https://canaryadminservices.com/wp-content/uploads/WPL/38/403.php?loknya=/usr/lib/x86_64-linux-gnu/perl/5.32/Unicode" "Mozilla/5.0 AppleWebKit/537.36 (KHTML, like Gecko; compatible; GPTBot/1.4; +https://openai.com/gptbot)" "-"
74.7.243.0 - - [25/Jul/2026:04:03:42 +0200] "GET /wp-content/uploads/WPL/38/403.php?lokasie=/usr/lib/x86_64-linux-gnu/perl/5.32/auto/Encode/Byte/Byte.so&loknya=/usr/lib/x86_64-linux-gnu/perl/5.32/auto/Encode/Byte HTTP/1.1" 200 449772 canaryadminservices.com "https://canaryadminservices.com/wp-content/uploads/WPL/38/403.php?loknya=/usr/lib/x86_64-linux-gnu/perl/5.32/auto/Encode/Byte" "Mozilla/5.0 AppleWebKit/537.36 (KHTML, like Gecko; compatible; GPTBot/1.4; +https://openai.com/gptbot)" "-"
74.7.243.0 - - [25/Jul/2026:04:04:22 +0200] "GET /wp-content/uploads/WPL/38/403.php?lokasie=/usr/lib/x86_64-linux-gnu/perl/5.32/auto/Opcode/Opcode.so&loknya=/usr/lib/x86_64-linux-gnu/perl/5.32/auto/Opcode HTTP/1.1" 200 33914 canaryadminservices.com "https://canaryadminservices.com/wp-content/uploads/WPL/38/403.php?loknya=/usr/lib/x86_64-linux-gnu/perl/5.32/auto/Opcode" "Mozilla/5.0 AppleWebKit/537.36 (KHTML, like Gecko; compatible; GPTBot/1.4; +https://openai.com/gptbot)" "-"
34.140.159.0 - - [25/Jul/2026:04:04:41 +0200] "GET /tag/labour-inspections HTTP/1.1" 301 - canaryadminservices.com "-" "Mozilla/5.0 (compatible; VelenPublicWebCrawler/1.0; +https://velen.io)" "-"
82.165.86.0 - - [25/Jul/2026:04:04:42 +0200] "POST /wp-cron.php?doing_wp_cron=1784945082.3169989585876464843750 HTTP/1.1" 200 - canaryadminservices.com "-" "WordPress/6.4.8; https://canaryadminservices.com" "-"
34.140.159.0 - - [25/Jul/2026:04:04:46 +0200] "GET /tag/labour-inspections HTTP/1.1" 301 - canaryadminservices.com "http://canaryadminservices.com/tag/labour-inspections" "Mozilla/5.0 (compatible; VelenPublicWebCrawler/1.0; +https://velen.io)" "-"
34.140.159.0 - - [25/Jul/2026:04:04:48 +0200] "GET /tag/labour-inspections/ HTTP/1.1" 200 125634 canaryadminservices.com "https://canaryadminservices.com/tag/labour-inspections" "Mozilla/5.0 (compatible; VelenPublicWebCrawler/1.0; +https://velen.io)" "-"
181.121.163.0 - - [25/Jul/2026:04:04:52 +0200] "GET /tag/illegal-covid-measures/ HTTP/1.1" 404 121126 canaryadminservices.com "-" "Mozilla/5.0 (Windows NT 10.0; WOW64) AppleWebKit/537.36 (KHTML, like Gecko) Chrome/89.0.4389.116 Safari/537.36" "-"
45.186.25.0 - - [25/Jul/2026:04:04:52 +0200] "GET /tag/ministro-de-salud/ HTTP/1.1" 404 121111 canaryadminservices.com "-" "Mozilla/5.0 (Macintosh; Intel Mac OS X 10_15_7) AppleWebKit/537.36 (KHTML, like Gecko) Chrome/100.0.4896.147 Safari/537.36" "-"
74.7.243.0 - - [25/Jul/2026:04:05:00 +0200] "GET /wp-content/uploads/WPL/38/403.php?lokasie=/usr/lib/x86_64-linux-gnu/perl/5.32/bits/siginfo-consts.ph&loknya=/usr/lib/x86_64-linux-gnu/perl/5.32/bits HTTP/1.1" 200 9457 canaryadminservices.com "https://canaryadminservices.com/wp-content/uploads/WPL/38/403.php?loknya=/usr/lib/x86_64-linux-gnu/perl/5.32/bits" "Mozilla/5.0 AppleWebKit/537.36 (KHTML, like Gecko; compatible; GPTBot/1.4; +https://openai.com/gptbot)" "-"
121.229.156.0 - - [25/Jul/2026:04:05:28 +0200] "GET /tag/start-up/page/3/ HTTP/1.1" 404 120693 canaryadminservices.com "-" "Sogou web spider/4.0(+http://www.sogou.com/docs/help/webmasters.htm#07)" "-"
74.7.243.0 - - [25/Jul/2026:04:05:33 +0200] "GET /wp-content/uploads/WPL/38/403.php?lokasie=/usr/lib/x86_64-linux-gnu/perl/5.32/auto/Encode/Encode.so&loknya=/usr/lib/x86_64-linux-gnu/perl/5.32/auto/Encode HTTP/1.1" 200 71660 canaryadminservices.com "https://canaryadminservices.com/wp-content/uploads/WPL/38/403.php?loknya=/usr/lib/x86_64-linux-gnu/perl/5.32/auto/Encode" "Mozilla/5.0 AppleWebKit/537.36 (KHTML, like Gecko; compatible; GPTBot/1.4; +https://openai.com/gptbot)" "-"
74.7.243.0 - - [25/Jul/2026:04:06:03 +0200] "GET /wp-content/uploads/WPL/38/403.php?lokasie=/usr/lib/x86_64-linux-gnu/ldscripts/elf_x86_64.xbn&loknya=/usr/lib/x86_64-linux-gnu/ldscripts HTTP/1.1" 200 13627 canaryadminservices.com "https://canaryadminservices.com/wp-content/uploads/WPL/38/403.php?loknya=/usr/lib/x86_64-linux-gnu/ldscripts" "Mozilla/5.0 AppleWebKit/537.36 (KHTML, like Gecko; compatible; GPTBot/1.4; +https://openai.com/gptbot)" "-"
82.165.86.0 - - [25/Jul/2026:04:06:04 +0200] "POST /wp-cron.php?doing_wp_cron=1784945164.8889200687408447265625 HTTP/1.1" 200 - canaryadminservices.com "-" "WordPress/6.4.8; https://canaryadminservices.com" "-"
114.119.151.0 - - [25/Jul/2026:04:06:04 +0200] "GET /blog../page/18 HTTP/1.1" 301 - canaryadminservices.com "https://www.canaryadminservices.com/blog../page/17/" "Mozilla/5.0 (Linux; Android 7.0;) AppleWebKit/537.36 (HTML, like Gecko) Mobile Safari/537.36 (compatible; PetalBot;+https://webmaster.petalsearch.com/site/petalbot)" "-"
114.119.151.0 - - [25/Jul/2026:04:06:07 +0200] "GET /blog../page/18/ HTTP/1.1" 200 157664 canaryadminservices.com "https://www.canaryadminservices.com/blog../page/17/" "Mozilla/5.0 (Linux; Android 7.0;) AppleWebKit/537.36 (HTML, like Gecko) Mobile Safari/537.36 (compatible; PetalBot;+https://webmaster.petalsearch.com/site/petalbot)" "-"
74.7.243.0 - - [25/Jul/2026:04:06:30 +0200] "GET /wp-content/uploads/WPL/38/403.php?lokasie=/usr/lib/x86_64-linux-gnu/engines-1.1/padlock.so&loknya=/usr/lib/x86_64-linux-gnu/engines-1.1 HTTP/1.1" 200 44938 canaryadminservices.com "https://canaryadminservices.com/wp-content/uploads/WPL/38/403.php?loknya=/usr/lib/x86_64-linux-gnu/engines-1.1" "Mozilla/5.0 AppleWebKit/537.36 (KHTML, like Gecko; compatible; GPTBot/1.4; +https://openai.com/gptbot)" "-"
74.7.243.0 - - [25/Jul/2026:04:06:54 +0200] "GET /wp-content/uploads/WPL/38/403.php?lokasie=/usr/lib/x86_64-linux-gnu/glib-2.0/gio-querymodules&loknya=/usr/lib/x86_64-linux-gnu/glib-2.0 HTTP/1.1" 200 20871 canaryadminservices.com "https://canaryadminservices.com/wp-content/uploads/WPL/38/403.php?loknya=/usr/lib/x86_64-linux-gnu/glib-2.0" "Mozilla/5.0 AppleWebKit/537.36 (KHTML, like Gecko; compatible; GPTBot/1.4; +https://openai.com/gptbot)" "-"
74.7.243.0 - - [25/Jul/2026:04:07:16 +0200] "GET /wp-content/uploads/WPL/38/403.php?lokasie=/usr/lib/x86_64-linux-gnu/ldscripts/elf_x86_64.xde&loknya=/usr/lib/x86_64-linux-gnu/ldscripts HTTP/1.1" 200 13987 canaryadminservices.com "https://canaryadminservices.com/wp-content/uploads/WPL/38/403.php?loknya=/usr/lib/x86_64-linux-gnu/ldscripts" "Mozilla/5.0 AppleWebKit/537.36 (KHTML, like Gecko; compatible; GPTBot/1.4; +https://openai.com/gptbot)" "-"
74.7.243.0 - - [25/Jul/2026:04:07:36 +0200] "GET /wp-content/uploads/WPL/38/403.php?lokasie=/usr/lib/x86_64-linux-gnu/libboost_program_options.so.1.74.0&loknya=/usr/lib/x86_64-linux-gnu HTTP/1.1" 200 688183 canaryadminservices.com "https://canaryadminservices.com/wp-content/uploads/WPL/38/403.php?loknya=/usr/lib/x86_64-linux-gnu" "Mozilla/5.0 AppleWebKit/537.36 (KHTML, like Gecko; compatible; GPTBot/1.4; +https://openai.com/gptbot)" "-"
