179.42.75.0 - - [25/Jul/2026:05:55:51 +0200] "GET /wp-content/themes/azoomtheme/images/icons/credit-cards/diners.svg HTTP/1.1" 404 121240 canaryadminservices.com "https://canaryadminservices.com/wp-content/themes/azoomtheme/css/woocommerce.css?ver=6.4.8" "Mozilla/5.0 (X11; Linux x86_64) AppleWebKit/537.36 (KHTML, like Gecko) Chrome/133.0.0.0 Safari/537.36" "-"
179.42.75.0 - - [25/Jul/2026:05:55:53 +0200] "GET /wp-content/themes/azoomtheme/images/icons/credit-cards/maestro.svg HTTP/1.1" 404 121243 canaryadminservices.com "https://canaryadminservices.com/wp-content/themes/azoomtheme/css/woocommerce.css?ver=6.4.8" "Mozilla/5.0 (X11; Linux x86_64) AppleWebKit/537.36 (KHTML, like Gecko) Chrome/133.0.0.0 Safari/537.36" "-"
196.217.129.0 - - [25/Jul/2026:05:55:55 +0200] "GET /wp-content/themes/azoomtheme/images/icons/credit-cards/jcb.svg HTTP/1.1" 404 121231 canaryadminservices.com "https://canaryadminservices.com/wp-content/themes/azoomtheme/css/woocommerce.css?ver=6.4.8" "Mozilla/5.0 (X11; Linux x86_64) AppleWebKit/537.36 (KHTML, like Gecko) Chrome/133.0.0.0 Safari/537.36" "-"
196.217.129.0 - - [25/Jul/2026:05:55:56 +0200] "GET /wp-content/themes/azoomtheme/images/icons/credit-cards/amex.svg HTTP/1.1" 404 121234 canaryadminservices.com "https://canaryadminservices.com/wp-content/themes/azoomtheme/css/woocommerce.css?ver=6.4.8" "Mozilla/5.0 (X11; Linux x86_64) AppleWebKit/537.36 (KHTML, like Gecko) Chrome/133.0.0.0 Safari/537.36" "-"
196.217.129.0 - - [25/Jul/2026:05:55:58 +0200] "GET /wp-content/themes/azoomtheme/images/icons/credit-cards/discover.svg HTTP/1.1" 404 121246 canaryadminservices.com "https://canaryadminservices.com/wp-content/themes/azoomtheme/css/woocommerce.css?ver=6.4.8" "Mozilla/5.0 (X11; Linux x86_64) AppleWebKit/537.36 (KHTML, like Gecko) Chrome/133.0.0.0 Safari/537.36" "-"
196.217.129.0 - - [25/Jul/2026:05:55:59 +0200] "GET /wp-content/plugins/azoom-main/images/prettyPhoto/default/sprite_next.png HTTP/1.1" 200 1358 canaryadminservices.com "https://canaryadminservices.com/wp-content/plugins/azoom-main/css/prettyPhoto.css?ver=6.4.8" "Mozilla/5.0 (X11; Linux x86_64) AppleWebKit/537.36 (KHTML, like Gecko) Chrome/133.0.0.0 Safari/537.36" "-"
196.217.129.0 - - [25/Jul/2026:05:56:00 +0200] "GET /wp-content/plugins/azoom-main/images/prettyPhoto/default/sprite_prev.png HTTP/1.1" 200 1376 canaryadminservices.com "https://canaryadminservices.com/wp-content/plugins/azoom-main/css/prettyPhoto.css?ver=6.4.8" "Mozilla/5.0 (X11; Linux x86_64) AppleWebKit/537.36 (KHTML, like Gecko) Chrome/133.0.0.0 Safari/537.36" "-"
196.217.129.0 - - [25/Jul/2026:05:56:00 +0200] "GET /wp-content/plugins/azoom-main/images/prettyPhoto/default/sprite.png HTTP/1.1" 200 6682 canaryadminservices.com "https://canaryadminservices.com/wp-content/plugins/azoom-main/css/prettyPhoto.css?ver=6.4.8" "Mozilla/5.0 (X11; Linux x86_64) AppleWebKit/537.36 (KHTML, like Gecko) Chrome/133.0.0.0 Safari/537.36" "-"
196.217.129.0 - - [25/Jul/2026:05:56:01 +0200] "GET /wp-content/plugins/azoom-main/images/prettyPhoto/default/default_thumb.png HTTP/1.1" 200 1537 canaryadminservices.com "https://canaryadminservices.com/wp-content/plugins/azoom-main/css/prettyPhoto.css?ver=6.4.8" "Mozilla/5.0 (X11; Linux x86_64) AppleWebKit/537.36 (KHTML, like Gecko) Chrome/133.0.0.0 Safari/537.36" "-"
196.217.129.0 - - [25/Jul/2026:05:56:01 +0200] "GET /wp-content/plugins/azoom-main/images/prettyPhoto/default/loader.gif HTTP/1.1" 200 6331 canaryadminservices.com "https://canaryadminservices.com/wp-content/plugins/azoom-main/css/prettyPhoto.css?ver=6.4.8" "Mozilla/5.0 (X11; Linux x86_64) AppleWebKit/537.36 (KHTML, like Gecko) Chrome/133.0.0.0 Safari/537.36" "-"
196.217.129.0 - - [25/Jul/2026:05:56:02 +0200] "GET /wp-content/plugins/azoom-main/images/prettyPhoto/light_rounded/btnNext.png HTTP/1.1" 200 1411 canaryadminservices.com "https://canaryadminservices.com/wp-content/plugins/azoom-main/css/prettyPhoto.css?ver=6.4.8" "Mozilla/5.0 (X11; Linux x86_64) AppleWebKit/537.36 (KHTML, like Gecko) Chrome/133.0.0.0 Safari/537.36" "-"
196.217.129.0 - - [25/Jul/2026:05:56:02 +0200] "GET /wp-content/plugins/azoom-main/images/prettyPhoto/light_rounded/btnPrevious.png HTTP/1.1" 200 1442 canaryadminservices.com "https://canaryadminservices.com/wp-content/plugins/azoom-main/css/prettyPhoto.css?ver=6.4.8" "Mozilla/5.0 (X11; Linux x86_64) AppleWebKit/537.36 (KHTML, like Gecko) Chrome/133.0.0.0 Safari/537.36" "-"
196.217.129.0 - - [25/Jul/2026:05:56:03 +0200] "GET /wp-content/plugins/azoom-main/images/prettyPhoto/light_rounded/sprite.png HTTP/1.1" 200 4099 canaryadminservices.com "https://canaryadminservices.com/wp-content/plugins/azoom-main/css/prettyPhoto.css?ver=6.4.8" "Mozilla/5.0 (X11; Linux x86_64) AppleWebKit/537.36 (KHTML, like Gecko) Chrome/133.0.0.0 Safari/537.36" "-"
196.217.129.0 - - [25/Jul/2026:05:56:03 +0200] "GET /wp-content/plugins/azoom-main/images/prettyPhoto/dark_rounded/sprite.png HTTP/1.1" 200 4076 canaryadminservices.com "https://canaryadminservices.com/wp-content/plugins/azoom-main/css/prettyPhoto.css?ver=6.4.8" "Mozilla/5.0 (X11; Linux x86_64) AppleWebKit/537.36 (KHTML, like Gecko) Chrome/133.0.0.0 Safari/537.36" "-"
196.217.129.0 - - [25/Jul/2026:05:56:04 +0200] "GET /wp-content/plugins/azoom-main/images/prettyPhoto/dark_rounded/contentPattern.png HTTP/1.1" 200 130 canaryadminservices.com "https://canaryadminservices.com/wp-content/plugins/azoom-main/css/prettyPhoto.css?ver=6.4.8" "Mozilla/5.0 (X11; Linux x86_64) AppleWebKit/537.36 (KHTML, like Gecko) Chrome/133.0.0.0 Safari/537.36" "-"
196.217.129.0 - - [25/Jul/2026:05:56:04 +0200] "GET /wp-content/plugins/azoom-main/images/prettyPhoto/dark_rounded/btnNext.png HTTP/1.1" 200 1411 canaryadminservices.com "https://canaryadminservices.com/wp-content/plugins/azoom-main/css/prettyPhoto.css?ver=6.4.8" "Mozilla/5.0 (X11; Linux x86_64) AppleWebKit/537.36 (KHTML, like Gecko) Chrome/133.0.0.0 Safari/537.36" "-"
196.217.129.0 - - [25/Jul/2026:05:56:05 +0200] "GET /wp-content/plugins/azoom-main/images/prettyPhoto/dark_rounded/btnPrevious.png HTTP/1.1" 200 1442 canaryadminservices.com "https://canaryadminservices.com/wp-content/plugins/azoom-main/css/prettyPhoto.css?ver=6.4.8" "Mozilla/5.0 (X11; Linux x86_64) AppleWebKit/537.36 (KHTML, like Gecko) Chrome/133.0.0.0 Safari/537.36" "-"
196.217.129.0 - - [25/Jul/2026:05:56:05 +0200] "GET /wp-content/plugins/azoom-main/images/prettyPhoto/dark_rounded/loader.gif HTTP/1.1" 200 2545 canaryadminservices.com "https://canaryadminservices.com/wp-content/plugins/azoom-main/css/prettyPhoto.css?ver=6.4.8" "Mozilla/5.0 (X11; Linux x86_64) AppleWebKit/537.36 (KHTML, like Gecko) Chrome/133.0.0.0 Safari/537.36" "-"
196.217.129.0 - - [25/Jul/2026:05:56:06 +0200] "GET /wp-content/plugins/azoom-main/images/prettyPhoto/dark_square/loader.gif HTTP/1.1" 200 2545 canaryadminservices.com "https://canaryadminservices.com/wp-content/plugins/azoom-main/css/prettyPhoto.css?ver=6.4.8" "Mozilla/5.0 (X11; Linux x86_64) AppleWebKit/537.36 (KHTML, like Gecko) Chrome/133.0.0.0 Safari/537.36" "-"
196.217.129.0 - - [25/Jul/2026:05:56:06 +0200] "GET /wp-content/plugins/azoom-main/images/prettyPhoto/dark_square/sprite.png HTTP/1.1" 200 3507 canaryadminservices.com "https://canaryadminservices.com/wp-content/plugins/azoom-main/css/prettyPhoto.css?ver=6.4.8" "Mozilla/5.0 (X11; Linux x86_64) AppleWebKit/537.36 (KHTML, like Gecko) Chrome/133.0.0.0 Safari/537.36" "-"
196.217.129.0 - - [25/Jul/2026:05:56:07 +0200] "GET /wp-content/plugins/azoom-main/images/prettyPhoto/dark_square/btnNext.png HTTP/1.1" 200 1411 canaryadminservices.com "https://canaryadminservices.com/wp-content/plugins/azoom-main/css/prettyPhoto.css?ver=6.4.8" "Mozilla/5.0 (X11; Linux x86_64) AppleWebKit/537.36 (KHTML, like Gecko) Chrome/133.0.0.0 Safari/537.36" "-"
196.217.129.0 - - [25/Jul/2026:05:56:07 +0200] "GET /wp-content/plugins/azoom-main/images/prettyPhoto/dark_square/btnPrevious.png HTTP/1.1" 200 1442 canaryadminservices.com "https://canaryadminservices.com/wp-content/plugins/azoom-main/css/prettyPhoto.css?ver=6.4.8" "Mozilla/5.0 (X11; Linux x86_64) AppleWebKit/537.36 (KHTML, like Gecko) Chrome/133.0.0.0 Safari/537.36" "-"
196.217.129.0 - - [25/Jul/2026:05:56:08 +0200] "GET /wp-content/plugins/azoom-main/images/prettyPhoto/light_square/sprite.png HTTP/1.1" 200 3507 canaryadminservices.com "https://canaryadminservices.com/wp-content/plugins/azoom-main/css/prettyPhoto.css?ver=6.4.8" "Mozilla/5.0 (X11; Linux x86_64) AppleWebKit/537.36 (KHTML, like Gecko) Chrome/133.0.0.0 Safari/537.36" "-"
196.217.129.0 - - [25/Jul/2026:05:56:08 +0200] "GET /wp-content/plugins/azoom-main/images/prettyPhoto/light_square/btnNext.png HTTP/1.1" 200 1411 canaryadminservices.com "https://canaryadminservices.com/wp-content/plugins/azoom-main/css/prettyPhoto.css?ver=6.4.8" "Mozilla/5.0 (X11; Linux x86_64) AppleWebKit/537.36 (KHTML, like Gecko) Chrome/133.0.0.0 Safari/537.36" "-"
196.217.129.0 - - [25/Jul/2026:05:56:09 +0200] "GET /wp-content/plugins/azoom-main/images/prettyPhoto/light_square/btnPrevious.png HTTP/1.1" 200 1442 canaryadminservices.com "https://canaryadminservices.com/wp-content/plugins/azoom-main/css/prettyPhoto.css?ver=6.4.8" "Mozilla/5.0 (X11; Linux x86_64) AppleWebKit/537.36 (KHTML, like Gecko) Chrome/133.0.0.0 Safari/537.36" "-"
196.217.129.0 - - [25/Jul/2026:05:56:09 +0200] "GET /wp-content/plugins/azoom-main/images/prettyPhoto/facebook/sprite.png HTTP/1.1" 200 4227 canaryadminservices.com "https://canaryadminservices.com/wp-content/plugins/azoom-main/css/prettyPhoto.css?ver=6.4.8" "Mozilla/5.0 (X11; Linux x86_64) AppleWebKit/537.36 (KHTML, like Gecko) Chrome/133.0.0.0 Safari/537.36" "-"
196.217.129.0 - - [25/Jul/2026:05:56:10 +0200] "GET /wp-content/plugins/azoom-main/images/prettyPhoto/facebook/contentPatternTop.png HTTP/1.1" 200 142 canaryadminservices.com "https://canaryadminservices.com/wp-content/plugins/azoom-main/css/prettyPhoto.css?ver=6.4.8" "Mozilla/5.0 (X11; Linux x86_64) AppleWebKit/537.36 (KHTML, like Gecko) Chrome/133.0.0.0 Safari/537.36" "-"
196.217.129.0 - - [25/Jul/2026:05:56:10 +0200] "GET /wp-content/plugins/azoom-main/images/prettyPhoto/facebook/contentPatternLeft.png HTTP/1.1" 200 137 canaryadminservices.com "https://canaryadminservices.com/wp-content/plugins/azoom-main/css/prettyPhoto.css?ver=6.4.8" "Mozilla/5.0 (X11; Linux x86_64) AppleWebKit/537.36 (KHTML, like Gecko) Chrome/133.0.0.0 Safari/537.36" "-"
196.217.129.0 - - [25/Jul/2026:05:56:11 +0200] "GET /wp-content/plugins/azoom-main/images/prettyPhoto/facebook/contentPatternRight.png HTTP/1.1" 200 136 canaryadminservices.com "https://canaryadminservices.com/wp-content/plugins/azoom-main/css/prettyPhoto.css?ver=6.4.8" "Mozilla/5.0 (X11; Linux x86_64) AppleWebKit/537.36 (KHTML, like Gecko) Chrome/133.0.0.0 Safari/537.36" "-"
196.217.129.0 - - [25/Jul/2026:05:56:11 +0200] "GET /wp-content/plugins/azoom-main/images/prettyPhoto/facebook/loader.gif HTTP/1.1" 200 2545 canaryadminservices.com "https://canaryadminservices.com/wp-content/plugins/azoom-main/css/prettyPhoto.css?ver=6.4.8" "Mozilla/5.0 (X11; Linux x86_64) AppleWebKit/537.36 (KHTML, like Gecko) Chrome/133.0.0.0 Safari/537.36" "-"
196.217.129.0 - - [25/Jul/2026:05:56:12 +0200] "GET /wp-content/plugins/azoom-main/images/prettyPhoto/facebook/btnNext.png HTTP/1.1" 200 845 canaryadminservices.com "https://canaryadminservices.com/wp-content/plugins/azoom-main/css/prettyPhoto.css?ver=6.4.8" "Mozilla/5.0 (X11; Linux x86_64) AppleWebKit/537.36 (KHTML, like Gecko) Chrome/133.0.0.0 Safari/537.36" "-"
196.217.129.0 - - [25/Jul/2026:05:56:12 +0200] "GET /wp-content/plugins/azoom-main/images/prettyPhoto/facebook/btnPrevious.png HTTP/1.1" 200 828 canaryadminservices.com "https://canaryadminservices.com/wp-content/plugins/azoom-main/css/prettyPhoto.css?ver=6.4.8" "Mozilla/5.0 (X11; Linux x86_64) AppleWebKit/537.36 (KHTML, like Gecko) Chrome/133.0.0.0 Safari/537.36" "-"
196.217.129.0 - - [25/Jul/2026:05:56:13 +0200] "GET /wp-content/plugins/azoom-main/images/prettyPhoto/facebook/contentPatternBottom.png HTTP/1.1" 200 142 canaryadminservices.com "https://canaryadminservices.com/wp-content/plugins/azoom-main/css/prettyPhoto.css?ver=6.4.8" "Mozilla/5.0 (X11; Linux x86_64) AppleWebKit/537.36 (KHTML, like Gecko) Chrome/133.0.0.0 Safari/537.36" "-"
196.217.129.0 - - [25/Jul/2026:05:56:13 +0200] "GET /wp-content/plugins/azoom-main/images/prettyPhoto/facebook/default_thumbnail.gif HTTP/1.1" 200 227 canaryadminservices.com "https://canaryadminservices.com/wp-content/plugins/azoom-main/css/prettyPhoto.css?ver=6.4.8" "Mozilla/5.0 (X11; Linux x86_64) AppleWebKit/537.36 (KHTML, like Gecko) Chrome/133.0.0.0 Safari/537.36" "-"
196.217.129.0 - - [25/Jul/2026:05:56:14 +0200] "GET /wp-content/plugins/azoom-main/images/prettyPhoto/light_rounded/loader.gif HTTP/1.1" 200 2545 canaryadminservices.com "https://canaryadminservices.com/wp-content/plugins/azoom-main/css/prettyPhoto.css?ver=6.4.8" "Mozilla/5.0 (X11; Linux x86_64) AppleWebKit/537.36 (KHTML, like Gecko) Chrome/133.0.0.0 Safari/537.36" "-"
196.217.129.0 - - [25/Jul/2026:05:56:14 +0200] "GET /wp-content/plugins/azoom-main/css/images/icomoon/search.png HTTP/1.1" 404 121222 canaryadminservices.com "https://canaryadminservices.com/wp-content/plugins/azoom-main/css/style.css?ver=6.4.8" "Mozilla/5.0 (X11; Linux x86_64) AppleWebKit/537.36 (KHTML, like Gecko) Chrome/133.0.0.0 Safari/537.36" "-"
196.217.129.0 - - [25/Jul/2026:05:56:16 +0200] "GET /wp-content/plugins/azoom-main/css/images/code_bg.png HTTP/1.1" 404 121201 canaryadminservices.com "https://canaryadminservices.com/wp-content/plugins/azoom-main/css/style.css?ver=6.4.8" "Mozilla/5.0 (X11; Linux x86_64) AppleWebKit/537.36 (KHTML, like Gecko) Chrome/133.0.0.0 Safari/537.36" "-"
196.217.129.0 - - [25/Jul/2026:05:56:17 +0200] "GET /wp-content/plugins/cleantalk-spam-protect/css/images/checking_email.gif HTTP/1.1" 200 469975 canaryadminservices.com "https://canaryadminservices.com/wp-content/plugins/cleantalk-spam-protect/css/cleantalk-public.min.css?ver=6.50.1" "Mozilla/5.0 (X11; Linux x86_64) AppleWebKit/537.36 (KHTML, like Gecko) Chrome/133.0.0.0 Safari/537.36" "-"
196.217.129.0 - - [25/Jul/2026:05:56:18 +0200] "GET /wp-content/plugins/cleantalk-spam-protect/css/images/good_email.svg HTTP/1.1" 200 1391 canaryadminservices.com "https://canaryadminservices.com/wp-content/plugins/cleantalk-spam-protect/css/cleantalk-public.min.css?ver=6.50.1" "Mozilla/5.0 (X11; Linux x86_64) AppleWebKit/537.36 (KHTML, like Gecko) Chrome/133.0.0.0 Safari/537.36" "-"
196.217.129.0 - - [25/Jul/2026:05:56:19 +0200] "GET /wp-content/plugins/cleantalk-spam-protect/css/images/bad_email.svg HTTP/1.1" 200 1378 canaryadminservices.com "https://canaryadminservices.com/wp-content/plugins/cleantalk-spam-protect/css/cleantalk-public.min.css?ver=6.50.1" "Mozilla/5.0 (X11; Linux x86_64) AppleWebKit/537.36 (KHTML, like Gecko) Chrome/133.0.0.0 Safari/537.36" "-"
196.217.129.0 - - [25/Jul/2026:05:56:20 +0200] "GET /wp-content/plugins/estatik/public/img/calendar.svg HTTP/1.1" 200 355 canaryadminservices.com "https://canaryadminservices.com/wp-content/plugins/estatik/public/css/public.min.css?ver=4.1.1" "Mozilla/5.0 (X11; Linux x86_64) AppleWebKit/537.36 (KHTML, like Gecko) Chrome/133.0.0.0 Safari/537.36" "-"
196.217.129.0 - - [25/Jul/2026:05:56:20 +0200] "GET /wp-content/plugins/estatik/includes/classes/framework/assets/images/dropdown-arrow.svg HTTP/1.1" 200 288 canaryadminservices.com "https://canaryadminservices.com/wp-content/plugins/estatik/public/css/public.min.css?ver=4.1.1" "Mozilla/5.0 (X11; Linux x86_64) AppleWebKit/537.36 (KHTML, like Gecko) Chrome/133.0.0.0 Safari/537.36" "-"
196.217.129.0 - - [25/Jul/2026:05:56:21 +0200] "GET /wp-content/plugins/estatik/common/fonts/es-icon.eot?b552b83873fa097244417927875a1adb= HTTP/1.1" 200 30930 canaryadminservices.com "https://canaryadminservices.com/wp-content/plugins/estatik/public/css/public.min.css?ver=4.1.1" "Mozilla/5.0 (X11; Linux x86_64) AppleWebKit/537.36 (KHTML, like Gecko) Chrome/133.0.0.0 Safari/537.36" "-"
196.217.129.0 - - [25/Jul/2026:05:56:21 +0200] "GET /wp-content/plugins/estatik/common/fonts/es-icon.woff?b552b83873fa097244417927875a1adb= HTTP/1.1" 200 18580 canaryadminservices.com "https://canaryadminservices.com/wp-content/plugins/estatik/public/css/public.min.css?ver=4.1.1" "Mozilla/5.0 (X11; Linux x86_64) AppleWebKit/537.36 (KHTML, like Gecko) Chrome/133.0.0.0 Safari/537.36" "-"
196.217.129.0 - - [25/Jul/2026:05:56:22 +0200] "GET /wp-content/plugins/estatik/common/fonts/es-icon.ttf?b552b83873fa097244417927875a1adb= HTTP/1.1" 200 30764 canaryadminservices.com "https://canaryadminservices.com/wp-content/plugins/estatik/public/css/public.min.css?ver=4.1.1" "Mozilla/5.0 (X11; Linux x86_64) AppleWebKit/537.36 (KHTML, like Gecko) Chrome/133.0.0.0 Safari/537.36" "-"
196.217.129.0 - - [25/Jul/2026:05:56:22 +0200] "GET /wp-content/themes/azoomtheme/style.css HTTP/1.1" 200 170436 canaryadminservices.com "https://canaryadminservices.com/wp-content/themes/azoomtheme-child/style.css?ver=6.4.8" "Mozilla/5.0 (X11; Linux x86_64) AppleWebKit/537.36 (KHTML, like Gecko) Chrome/133.0.0.0 Safari/537.36" "-"
196.217.129.0 - - [25/Jul/2026:05:56:23 +0200] "GET /wp-content/themes/azoomtheme/images/icomoon/search.png HTTP/1.1" 404 121207 canaryadminservices.com "https://canaryadminservices.com/wp-content/themes/azoomtheme/style.css" "Mozilla/5.0 (X11; Linux x86_64) AppleWebKit/537.36 (KHTML, like Gecko) Chrome/133.0.0.0 Safari/537.36" "-"
196.217.129.0 - - [25/Jul/2026:05:56:25 +0200] "GET /wp-content/themes/azoomtheme/images/code_bg.png HTTP/1.1" 200 949 canaryadminservices.com "https://canaryadminservices.com/wp-content/themes/azoomtheme/style.css" "Mozilla/5.0 (X11; Linux x86_64) AppleWebKit/537.36 (KHTML, like Gecko) Chrome/133.0.0.0 Safari/537.36" "-"
62.238.40.0 - - [25/Jul/2026:05:56:37 +0200] "GET /the-canarian-government-clamp-down-on-holiday-rentals/2x HTTP/1.1" 404 121213 canaryadminservices.com "-" "Mozilla/5.0 (X11; Ubuntu; Linux x86_64; rv:72.0) Gecko/20100101 Firefox/72.0" "-"
74.7.243.0 - - [25/Jul/2026:05:56:44 +0200] "GET /wp-content/uploads/WPL/38/403.php?lokasie=/usr/lib/php8.2/test/Mail_Mime/tests/test_Bug_13032.phpt&loknya=/usr/lib/php8.2/test/Mail_Mime/tests HTTP/1.1" 200 4958 canaryadminservices.com "https://canaryadminservices.com/wp-content/uploads/WPL/38/403.php?loknya=/usr/lib/php8.2/test/Mail_Mime/tests" "Mozilla/5.0 AppleWebKit/537.36 (KHTML, like Gecko; compatible; GPTBot/1.4; +https://openai.com/gptbot)" "-"
82.165.86.0 - - [25/Jul/2026:05:57:09 +0200] "POST /wp-cron.php?doing_wp_cron=1784951829.8964090347290039062500 HTTP/1.1" 200 - canaryadminservices.com "-" "WordPress/6.4.8; https://canaryadminservices.com" "-"
34.77.139.0 - - [25/Jul/2026:05:57:09 +0200] "GET /tag/accounts-tribunal HTTP/1.1" 301 - canaryadminservices.com "-" "Mozilla/5.0 (compatible; VelenPublicWebCrawler/1.0; +https://velen.io)" "-"
34.77.139.0 - - [25/Jul/2026:05:57:12 +0200] "GET /tag/accounts-tribunal HTTP/1.1" 301 - canaryadminservices.com "http://canaryadminservices.com/tag/accounts-tribunal" "Mozilla/5.0 (compatible; VelenPublicWebCrawler/1.0; +https://velen.io)" "-"
34.77.139.0 - - [25/Jul/2026:05:57:14 +0200] "GET /tag/accounts-tribunal/ HTTP/1.1" 200 128888 canaryadminservices.com "https://canaryadminservices.com/tag/accounts-tribunal" "Mozilla/5.0 (compatible; VelenPublicWebCrawler/1.0; +https://velen.io)" "-"
3.224.215.0 - - [25/Jul/2026:05:57:28 +0200] "GET /2013/page/4/ HTTP/1.1" 200 125545 canaryadminservices.com "-" "Mozilla/5.0 AppleWebKit/537.36 (KHTML, like Gecko; compatible; Amazonbot/0.1; +https://developer.amazon.com/support/amazonbot) Chrome/119.0.6045.214 Safari/537.36" "-"
74.7.243.0 - - [25/Jul/2026:05:57:48 +0200] "GET /wp-content/uploads/WPL/38/403.php?lokasie=/usr/lib/php8.2/test/Mail_Mime/tests/test_Bug_13444.phpt&loknya=/usr/lib/php8.2/test/Mail_Mime/tests HTTP/1.1" 200 5062 canaryadminservices.com "https://canaryadminservices.com/wp-content/uploads/WPL/38/403.php?loknya=/usr/lib/php8.2/test/Mail_Mime/tests" "Mozilla/5.0 AppleWebKit/537.36 (KHTML, like Gecko; compatible; GPTBot/1.4; +https://openai.com/gptbot)" "-"
13.223.12.0 - - [25/Jul/2026:05:58:35 +0200] "GET /checkout/ HTTP/1.1" 301 - www.canaryadminservices.com "-" "Mozilla/5.0 AppleWebKit/605.1.15 (KHTML, like Gecko) Chrome/139.0.0.0 Safari/605.1.15" "-"
82.165.86.0 - - [25/Jul/2026:05:58:36 +0200] "POST /wp-cron.php?doing_wp_cron=1784951916.7303719520568847656250 HTTP/1.1" 200 - canaryadminservices.com "-" "WordPress/6.4.8; https://canaryadminservices.com" "-"
13.223.12.0 - - [25/Jul/2026:05:58:38 +0200] "GET /checkout/ HTTP/1.1" 302 - canaryadminservices.com "-" "Mozilla/5.0 AppleWebKit/605.1.15 (KHTML, like Gecko) Chrome/139.0.0.0 Safari/605.1.15" "-"
13.223.12.0 - - [25/Jul/2026:05:58:39 +0200] "GET /cart/ HTTP/1.1" 200 185279 canaryadminservices.com "-" "Mozilla/5.0 AppleWebKit/605.1.15 (KHTML, like Gecko) Chrome/139.0.0.0 Safari/605.1.15" "-"
74.7.243.0 - - [25/Jul/2026:05:58:44 +0200] "GET /wp-content/uploads/WPL/38/403.php?lokasie=/usr/lib/php8.2/test/Mail_Mime/tests/test_linebreak_dot.phpt&loknya=/usr/lib/php8.2/test/Mail_Mime/tests HTTP/1.1" 200 6103 canaryadminservices.com "https://canaryadminservices.com/wp-content/uploads/WPL/38/403.php?loknya=/usr/lib/php8.2/test/Mail_Mime/tests" "Mozilla/5.0 AppleWebKit/537.36 (KHTML, like Gecko; compatible; GPTBot/1.4; +https://openai.com/gptbot)" "-"
74.7.243.0 - - [25/Jul/2026:05:59:34 +0200] "GET /wp-content/uploads/WPL/38/403.php?lokasie=/usr/lib/php8.2/test/Mail_Mime/tests/test_linebreak_larger_76.phpt&loknya=/usr/lib/php8.2/test/Mail_Mime/tests HTTP/1.1" 200 6718 canaryadminservices.com "https://canaryadminservices.com/wp-content/uploads/WPL/38/403.php?loknya=/usr/lib/php8.2/test/Mail_Mime/tests" "Mozilla/5.0 AppleWebKit/537.36 (KHTML, like Gecko; compatible; GPTBot/1.4; +https://openai.com/gptbot)" "-"
74.7.243.0 - - [25/Jul/2026:06:00:21 +0200] "GET /wp-content/uploads/WPL/38/403.php?lokasie=/usr/lib/php8.2/test/Mail_Mime/tests/test_Bug_GH26.phpt&loknya=/usr/lib/php8.2/test/Mail_Mime/tests HTTP/1.1" 200 5210 canaryadminservices.com "https://canaryadminservices.com/wp-content/uploads/WPL/38/403.php?loknya=/usr/lib/php8.2/test/Mail_Mime/tests" "Mozilla/5.0 AppleWebKit/537.36 (KHTML, like Gecko; compatible; GPTBot/1.4; +https://openai.com/gptbot)" "-"
74.7.243.0 - - [25/Jul/2026:06:01:01 +0200] "GET /wp-content/uploads/WPL/38/403.php?lokasie=/usr/lib/php8.2/test/Mail_Mime/tests/class-filename.phpt&loknya=/usr/lib/php8.2/test/Mail_Mime/tests HTTP/1.1" 200 4564 canaryadminservices.com "https://canaryadminservices.com/wp-content/uploads/WPL/38/403.php?loknya=/usr/lib/php8.2/test/Mail_Mime/tests" "Mozilla/5.0 AppleWebKit/537.36 (KHTML, like Gecko; compatible; GPTBot/1.4; +https://openai.com/gptbot)" "-"
121.229.156.0 - - [25/Jul/2026:06:01:29 +0200] "GET /tag/office-clutter/page/30/ HTTP/1.1" 404 120714 canaryadminservices.com "-" "Sogou web spider/4.0(+http://www.sogou.com/docs/help/webmasters.htm#07)" "-"
121.229.156.0 - - [25/Jul/2026:06:01:32 +0200] "GET /tag/office-clutter/page/30/ HTTP/1.1" 404 120714 canaryadminservices.com "-" "Sogou web spider/4.0(+http://www.sogou.com/docs/help/webmasters.htm#07)" "-"
74.7.243.0 - - [25/Jul/2026:06:01:40 +0200] "GET /wp-content/uploads/WPL/38/403.php?lokasie=/usr/lib/php8.2/test/Mail_Mime/tests/qp_encoding_test.phpt&loknya=/usr/lib/php8.2/test/Mail_Mime/tests HTTP/1.1" 200 8024 canaryadminservices.com "https://canaryadminservices.com/wp-content/uploads/WPL/38/403.php?loknya=/usr/lib/php8.2/test/Mail_Mime/tests" "Mozilla/5.0 AppleWebKit/537.36 (KHTML, like Gecko; compatible; GPTBot/1.4; +https://openai.com/gptbot)" "-"
74.7.243.0 - - [25/Jul/2026:06:02:13 +0200] "GET /wp-content/uploads/WPL/38/403.php?lokasie=/usr/lib/php8.2/test/Mail_Mime/tests/encoding_case.phpt&loknya=/usr/lib/php8.2/test/Mail_Mime/tests HTTP/1.1" 200 4539 canaryadminservices.com "https://canaryadminservices.com/wp-content/uploads/WPL/38/403.php?loknya=/usr/lib/php8.2/test/Mail_Mime/tests" "Mozilla/5.0 AppleWebKit/537.36 (KHTML, like Gecko; compatible; GPTBot/1.4; +https://openai.com/gptbot)" "-"
82.165.86.0 - - [25/Jul/2026:06:02:30 +0200] "POST /wp-cron.php?doing_wp_cron=1784952150.8358380794525146484375 HTTP/1.1" 200 - canaryadminservices.com "-" "WordPress/6.4.8; https://canaryadminservices.com" "-"
37.111.214.0 - - [25/Jul/2026:06:02:30 +0200] "GET /tag/cotizacion-seguridad-social/ HTTP/1.1" 404 121141 canaryadminservices.com "-" "Mozilla/5.0 (Macintosh; Intel Mac OS X 10_13_6) AppleWebKit/537.36 (KHTML, like Gecko) Chrome/106.0.0.0 Safari/537.36" "-"
74.7.243.0 - - [25/Jul/2026:06:02:42 +0200] "GET /wp-content/uploads/WPL/38/403.php?lokasie=/usr/lib/php8.2/test/Mail_Mime/tests/headers_with_mbstring.phpt&loknya=/usr/lib/php8.2/test/Mail_Mime/tests HTTP/1.1" 200 14804 canaryadminservices.com "https://canaryadminservices.com/wp-content/uploads/WPL/38/403.php?loknya=/usr/lib/php8.2/test/Mail_Mime/tests" "Mozilla/5.0 AppleWebKit/537.36 (KHTML, like Gecko; compatible; GPTBot/1.4; +https://openai.com/gptbot)" "-"
74.7.243.0 - - [25/Jul/2026:06:03:10 +0200] "GET /wp-content/uploads/WPL/38/403.php?lokasie=/usr/lib/php8.2/test/Mail_Mime/tests/headers_without_mbstring.phpt&loknya=/usr/lib/php8.2/test/Mail_Mime/tests HTTP/1.1" 200 14437 canaryadminservices.com "https://canaryadminservices.com/wp-content/uploads/WPL/38/403.php?loknya=/usr/lib/php8.2/test/Mail_Mime/tests" "Mozilla/5.0 AppleWebKit/537.36 (KHTML, like Gecko; compatible; GPTBot/1.4; +https://openai.com/gptbot)" "-"
69.171.230.0 - - [25/Jul/2026:06:03:16 +0200] "GET /robots.txt HTTP/1.1" 200 124 canaryadminservices.com "-" "facebookexternalhit/1.1 (+http://www.facebook.com/externalhit_uatext.php)" "-"
82.165.86.0 - - [25/Jul/2026:06:03:17 +0200] "POST /wp-cron.php?doing_wp_cron=1784952197.6797940731048583984375 HTTP/1.1" 200 - canaryadminservices.com "-" "WordPress/6.4.8; https://canaryadminservices.com" "-"
74.7.243.0 - - [25/Jul/2026:06:03:33 +0200] "GET /wp-content/uploads/WPL/38/403.php?lokasie=/usr/lib/php8.2/test/Mail_Mime/tests/sleep_wakeup_EOL-bug3488-part2.phpt&loknya=/usr/lib/php8.2/test/Mail_Mime/tests HTTP/1.1" 200 5004 canaryadminservices.com "https://canaryadminservices.com/wp-content/uploads/WPL/38/403.php?loknya=/usr/lib/php8.2/test/Mail_Mime/tests" "Mozilla/5.0 AppleWebKit/537.36 (KHTML, like Gecko; compatible; GPTBot/1.4; +https://openai.com/gptbot)" "-"
74.7.243.0 - - [25/Jul/2026:06:03:55 +0200] "GET /wp-content/uploads/WPL/38/403.php?lokasie=/usr/lib/php8.2/test/Mail_Mime/tests/sleep_wakeup_EOL-bug3488-part1.phpt&loknya=/usr/lib/php8.2/test/Mail_Mime/tests HTTP/1.1" 200 4980 canaryadminservices.com "https://canaryadminservices.com/wp-content/uploads/WPL/38/403.php?loknya=/usr/lib/php8.2/test/Mail_Mime/tests" "Mozilla/5.0 AppleWebKit/537.36 (KHTML, like Gecko; compatible; GPTBot/1.4; +https://openai.com/gptbot)" "-"
216.73.216.0 - - [25/Jul/2026:06:04:02 +0200] "GET /robots.txt HTTP/1.1" 200 124 canaryadminservices.com "-" "Mozilla/5.0 AppleWebKit/537.36 (KHTML, like Gecko; compatible; ClaudeBot/1.0; +claudebot@anthropic.com)" "-"
82.165.86.0 - - [25/Jul/2026:06:04:03 +0200] "POST /wp-cron.php?doing_wp_cron=1784952243.5590200424194335937500 HTTP/1.1" 200 - canaryadminservices.com "-" "WordPress/6.4.8; https://canaryadminservices.com" "-"
216.73.216.0 - - [25/Jul/2026:06:04:04 +0200] "GET /wp-sitemap.xml HTTP/1.1" 200 1745 canaryadminservices.com "-" "Mozilla/5.0 AppleWebKit/537.36 (KHTML, like Gecko; compatible; ClaudeBot/1.0; +claudebot@anthropic.com)" "-"
74.7.243.0 - - [25/Jul/2026:06:04:15 +0200] "GET /wp-content/uploads/WPL/38/403.php?lokasie=/usr/lib/php8.2/test/Mail_Mime/tests/test_Bug_14529.phpt&loknya=/usr/lib/php8.2/test/Mail_Mime/tests HTTP/1.1" 200 4903 canaryadminservices.com "https://canaryadminservices.com/wp-content/uploads/WPL/38/403.php?loknya=/usr/lib/php8.2/test/Mail_Mime/tests" "Mozilla/5.0 AppleWebKit/537.36 (KHTML, like Gecko; compatible; GPTBot/1.4; +https://openai.com/gptbot)" "-"
57.141.0.0 - - [25/Jul/2026:06:04:19 +0200] "GET /tag/nrua/ HTTP/1.1" 200 127483 canaryadminservices.com "-" "Mozilla/5.0 (Macintosh; Intel Mac OS X 10_15_7) AppleWebKit/537.36 (KHTML, like Gecko) Chrome/145.0.0.0 Safari/537.36 (compatible; meta-externalagent/1.1 (+https://developers.facebook.com/docs/sharing/webmasters/crawler))" "-"
74.7.243.0 - - [25/Jul/2026:06:04:33 +0200] "GET /wp-content/uploads/WPL/38/403.php?lokasie=/usr/lib/php8.2/test/Mail_Mime/tests/test_Bug_19497.phpt&loknya=/usr/lib/php8.2/test/Mail_Mime/tests HTTP/1.1" 200 4989 canaryadminservices.com "https://canaryadminservices.com/wp-content/uploads/WPL/38/403.php?loknya=/usr/lib/php8.2/test/Mail_Mime/tests" "Mozilla/5.0 AppleWebKit/537.36 (KHTML, like Gecko; compatible; GPTBot/1.4; +https://openai.com/gptbot)" "-"
74.7.243.0 - - [25/Jul/2026:06:04:47 +0200] "GET /wp-content/uploads/WPL/38/403.php?lokasie=/usr/lib/php8.2/test/Mail_Mime/tests/test_Bug_14779.phpt&loknya=/usr/lib/php8.2/test/Mail_Mime/tests HTTP/1.1" 200 4841 canaryadminservices.com "https://canaryadminservices.com/wp-content/uploads/WPL/38/403.php?loknya=/usr/lib/php8.2/test/Mail_Mime/tests" "Mozilla/5.0 AppleWebKit/537.36 (KHTML, like Gecko; compatible; GPTBot/1.4; +https://openai.com/gptbot)" "-"
74.7.243.0 - - [25/Jul/2026:06:05:01 +0200] "GET /wp-content/uploads/WPL/38/403.php?lokasie=/usr/lib/php8.2/test/Mail_Mime/tests/test_Bug_17175.phpt&loknya=/usr/lib/php8.2/test/Mail_Mime/tests HTTP/1.1" 200 5133 canaryadminservices.com "https://canaryadminservices.com/wp-content/uploads/WPL/38/403.php?loknya=/usr/lib/php8.2/test/Mail_Mime/tests" "Mozilla/5.0 AppleWebKit/537.36 (KHTML, like Gecko; compatible; GPTBot/1.4; +https://openai.com/gptbot)" "-"
74.7.243.0 - - [25/Jul/2026:06:05:14 +0200] "GET /wp-content/uploads/WPL/38/403.php?lokasie=/usr/lib/php8.2/test/Mail_Mime/tests/test_Bug_17025.phpt&loknya=/usr/lib/php8.2/test/Mail_Mime/tests HTTP/1.1" 200 4721 canaryadminservices.com "https://canaryadminservices.com/wp-content/uploads/WPL/38/403.php?loknya=/usr/lib/php8.2/test/Mail_Mime/tests" "Mozilla/5.0 AppleWebKit/537.36 (KHTML, like Gecko; compatible; GPTBot/1.4; +https://openai.com/gptbot)" "-"
74.7.243.0 - - [25/Jul/2026:06:05:25 +0200] "GET /wp-content/uploads/WPL/38/403.php?lokasie=/usr/lib/php8.2/test/Mail_Mime/tests/test_Bug_12165.phpt&loknya=/usr/lib/php8.2/test/Mail_Mime/tests HTTP/1.1" 200 4670 canaryadminservices.com "https://canaryadminservices.com/wp-content/uploads/WPL/38/403.php?loknya=/usr/lib/php8.2/test/Mail_Mime/tests" "Mozilla/5.0 AppleWebKit/537.36 (KHTML, like Gecko; compatible; GPTBot/1.4; +https://openai.com/gptbot)" "-"
74.7.243.0 - - [25/Jul/2026:06:05:35 +0200] "GET /wp-content/uploads/WPL/38/403.php?lokasie=/usr/lib/php8.2/test/Mail_Mime/tests/content_transfer_encoding.phpt&loknya=/usr/lib/php8.2/test/Mail_Mime/tests HTTP/1.1" 200 5418 canaryadminservices.com "https://canaryadminservices.com/wp-content/uploads/WPL/38/403.php?loknya=/usr/lib/php8.2/test/Mail_Mime/tests" "Mozilla/5.0 AppleWebKit/537.36 (KHTML, like Gecko; compatible; GPTBot/1.4; +https://openai.com/gptbot)" "-"
74.7.243.0 - - [25/Jul/2026:06:05:45 +0200] "GET /wp-content/uploads/WPL/38/403.php?lokasie=/usr/lib/php8.2/test/Mail_Mime/tests/test_Bug_10596_1.phpt&loknya=/usr/lib/php8.2/test/Mail_Mime/tests HTTP/1.1" 429 267 canaryadminservices.com "https://canaryadminservices.com/wp-content/uploads/WPL/38/403.php?loknya=/usr/lib/php8.2/test/Mail_Mime/tests" "Mozilla/5.0 AppleWebKit/537.36 (KHTML, like Gecko; compatible; GPTBot/1.4; +https://openai.com/gptbot)" "-"
74.7.243.0 - - [25/Jul/2026:06:05:54 +0200] "GET /wp-content/uploads/WPL/38/403.php?lokasie=/usr/lib/php8.2/test/Mail_Mime/tests/test_Bug_13962.phpt&loknya=/usr/lib/php8.2/test/Mail_Mime/tests HTTP/1.1" 429 267 canaryadminservices.com "https://canaryadminservices.com/wp-content/uploads/WPL/38/403.php?loknya=/usr/lib/php8.2/test/Mail_Mime/tests" "Mozilla/5.0 AppleWebKit/537.36 (KHTML, like Gecko; compatible; GPTBot/1.4; +https://openai.com/gptbot)" "-"
74.7.243.0 - - [25/Jul/2026:06:06:19 +0200] "GET /wp-content/uploads/WPL/38/403.php?lokasie=/usr/lib/php8.2/test/Mail_Mime/tests/test_Bug_9722_1.phpt&loknya=/usr/lib/php8.2/test/Mail_Mime/tests HTTP/1.1" 429 267 canaryadminservices.com "https://canaryadminservices.com/wp-content/uploads/WPL/38/403.php?loknya=/usr/lib/php8.2/test/Mail_Mime/tests" "Mozilla/5.0 AppleWebKit/537.36 (KHTML, like Gecko; compatible; GPTBot/1.4; +https://openai.com/gptbot)" "-"
46.233.13.0 - - [25/Jul/2026:06:06:49 +0200] "GET /tag/spanish-health-minister/ HTTP/1.1" 404 121129 canaryadminservices.com "-" "Mozilla/5.0 (Macintosh; Intel Mac OS X 10_13_6) AppleWebKit/537.36 (KHTML, like Gecko) Chrome/84.0.4147.125 Safari/537.36" "-"
82.165.86.0 - - [25/Jul/2026:06:06:50 +0200] "POST /wp-cron.php?doing_wp_cron=1784952410.6961660385131835937500 HTTP/1.1" 200 - canaryadminservices.com "-" "WordPress/6.4.8; https://canaryadminservices.com" "-"
74.7.243.0 - - [25/Jul/2026:06:07:24 +0200] "GET /wp-content/uploads/WPL/38/403.php?lokasie=/usr/lib/php8.2/test/Mail_Mime/tests/test_Bug_7561_1.phpt&loknya=/usr/lib/php8.2/test/Mail_Mime/tests HTTP/1.1" 200 4992 canaryadminservices.com "https://canaryadminservices.com/wp-content/uploads/WPL/38/403.php?loknya=/usr/lib/php8.2/test/Mail_Mime/tests" "Mozilla/5.0 AppleWebKit/537.36 (KHTML, like Gecko; compatible; GPTBot/1.4; +https://openai.com/gptbot)" "-"
223.185.131.0 - - [25/Jul/2026:06:07:55 +0200] "GET /comments/feed/ HTTP/1.1" 200 1614 canaryadminservices.com "-" "Mozilla/5.0 (Macintosh; Intel Mac OS X 10_15_7) AppleWebKit/537.36 (KHTML, like Gecko) Chrome/133.0.0.0 Safari/537.36" "-"
82.165.86.0 - - [25/Jul/2026:06:07:56 +0200] "POST /wp-cron.php?doing_wp_cron=1784952476.0757219791412353515625 HTTP/1.1" 200 - canaryadminservices.com "-" "WordPress/6.4.8; https://canaryadminservices.com" "-"
74.7.243.0 - - [25/Jul/2026:06:08:30 +0200] "GET /wp-content/uploads/WPL/38/403.php?lokasie=/usr/lib/php8.2/test/Mail_Mime/tests/test_Bug_16539.phpt&loknya=/usr/lib/php8.2/test/Mail_Mime/tests HTTP/1.1" 200 11838 canaryadminservices.com "https://canaryadminservices.com/wp-content/uploads/WPL/38/403.php?loknya=/usr/lib/php8.2/test/Mail_Mime/tests" "Mozilla/5.0 AppleWebKit/537.36 (KHTML, like Gecko; compatible; GPTBot/1.4; +https://openai.com/gptbot)" "-"
54.162.229.0 - - [25/Jul/2026:06:08:33 +0200] "GET /what-tax-system-should-i-choose-for-my-business/ HTTP/1.1" 301 - www.canaryadminservices.com "-" "Mozilla/5.0 AppleWebKit/605.1.15 (KHTML, like Gecko) Chrome/139.0.0.0 Safari/605.1.15" "-"
82.165.86.0 - - [25/Jul/2026:06:08:34 +0200] "POST /wp-cron.php?doing_wp_cron=1784952514.1640419960021972656250 HTTP/1.1" 200 - canaryadminservices.com "-" "WordPress/6.4.8; https://canaryadminservices.com" "-"
3.228.110.0 - - [25/Jul/2026:06:08:35 +0200] "GET /what-tax-system-should-i-choose-for-my-business/ HTTP/1.1" 200 136718 canaryadminservices.com "-" "Mozilla/5.0 AppleWebKit/605.1.15 (KHTML, like Gecko) Chrome/139.0.0.0 Safari/605.1.15" "-"
43.173.178.0 - - [25/Jul/2026:06:08:38 +0200] "GET /energy-performance-certificates-revisited/ HTTP/1.1" 403 8148 canaryadminservices.com "-" "Mozilla/5.0 (Windows NT 10.0; Win64; x64) AppleWebKit/537.36 (KHTML, like Gecko) Chrome/116.0.0.0 Safari/537.36" "-"
43.173.180.0 - - [25/Jul/2026:06:08:40 +0200] "POST /wp-json/cleantalk-antispam/v1/alt_sessions HTTP/1.1" 200 16 canaryadminservices.com "https://canaryadminservices.com/energy-performance-certificates-revisited/" "Mozilla/5.0 (Windows NT 10.0; Win64; x64) AppleWebKit/537.36 (KHTML, like Gecko) Chrome/116.0.0.0 Safari/537.36" "-"
82.165.86.0 - - [25/Jul/2026:06:08:41 +0200] "POST /wp-cron.php?doing_wp_cron=1784952521.3658449649810791015625 HTTP/1.1" 200 - canaryadminservices.com "-" "WordPress/6.4.8; https://canaryadminservices.com" "-"
43.173.181.0 - - [25/Jul/2026:06:08:43 +0200] "GET /energy-performance-certificates-revisited/ HTTP/1.1" 403 8148 canaryadminservices.com "https://canaryadminservices.com/energy-performance-certificates-revisited/" "Mozilla/5.0 (Windows NT 10.0; Win64; x64) AppleWebKit/537.36 (KHTML, like Gecko) Chrome/116.0.0.0 Safari/537.36" "-"
85.114.197.0 - - [25/Jul/2026:06:08:45 +0200] "GET /tag/cash-payment-limitations/ HTTP/1.1" 404 121132 canaryadminservices.com "-" "Mozilla/5.0 (Macintosh; Intel Mac OS X 10_13_6) AppleWebKit/537.36 (KHTML, like Gecko) Chrome/91.0.4472.114 Safari/537.36" "-"
43.173.177.0 - - [25/Jul/2026:06:08:45 +0200] "POST /wp-json/cleantalk-antispam/v1/alt_sessions HTTP/1.1" 200 16 canaryadminservices.com "https://canaryadminservices.com/energy-performance-certificates-revisited/" "Mozilla/5.0 (Windows NT 10.0; Win64; x64) AppleWebKit/537.36 (KHTML, like Gecko) Chrome/116.0.0.0 Safari/537.36" "-"
43.173.173.0 - - [25/Jul/2026:06:08:47 +0200] "GET /energy-performance-certificates-revisited/ HTTP/1.1" 403 8148 canaryadminservices.com "-" "Mozilla/5.0 (Windows NT 10.0; Win64; x64) AppleWebKit/537.36 (KHTML, like Gecko) Chrome/108.0.0.0 Safari/537.36" "-"
177.212.180.0 - - [25/Jul/2026:06:08:54 +0200] "GET /energy-performance-certificates-revisited/ HTTP/1.1" 200 138349 canaryadminservices.com "-" "Mozilla/5.0 (Windows NT 10.0; Win64; x64) AppleWebKit/537.36 (KHTML, like Gecko) Chrome/108.0.0.0 Safari/537.36" "-"
43.173.132.0 - - [25/Jul/2026:06:09:12 +0200] "GET /robots.txt HTTP/1.1" 301 - www.canaryadminservices.com "-" "Mozilla/5.0 (Macintosh; Intel Mac OS X 10_15_7) AppleWebKit/537.36 (KHTML, like Gecko) Chrome/129.0.0.0 Safari/537.36" "-"
43.173.187.0 - - [25/Jul/2026:06:09:14 +0200] "GET /robots.txt HTTP/1.1" 200 124 canaryadminservices.com "-" "Mozilla/5.0 (Windows NT 10.0; Win64; x64) AppleWebKit/537.36 (KHTML, like Gecko) Chrome/131.0.0.0 Safari/537.36" "-"
74.7.243.0 - - [25/Jul/2026:06:09:25 +0200] "GET /wp-content/uploads/WPL/38/403.php?lokasie=/usr/lib/php8.2/test/Mail_Mime/tests/test_Bug_10816_1.phpt&loknya=/usr/lib/php8.2/test/Mail_Mime/tests HTTP/1.1" 200 4992 canaryadminservices.com "https://canaryadminservices.com/wp-content/uploads/WPL/38/403.php?loknya=/usr/lib/php8.2/test/Mail_Mime/tests" "Mozilla/5.0 AppleWebKit/537.36 (KHTML, like Gecko; compatible; GPTBot/1.4; +https://openai.com/gptbot)" "-"
40.77.178.0 - - [25/Jul/2026:06:09:26 +0200] "POST /?wc-ajax=get_refreshed_fragments HTTP/1.1" 200 613 canaryadminservices.com "https://canaryadminservices.com/2022" "Mozilla/5.0 AppleWebKit/537.36 (KHTML, like Gecko; compatible; bingbot/2.0; +http://www.bing.com/bingbot.htm) Chrome/136.0.0.0 Safari/537.36" "-"
43.173.181.0 - - [25/Jul/2026:06:09:40 +0200] "GET /?p=6013 HTTP/1.1" 403 8117 canaryadminservices.com "-" "Mozilla/5.0 (Windows NT 10.0; Win64; x64) AppleWebKit/537.36 (KHTML, like Gecko) Chrome/124.0.0.0 Safari/537.36" "-"
43.173.175.0 - - [25/Jul/2026:06:09:40 +0200] "GET /product/online-consults/ HTTP/1.1" 403 8134 www.canaryadminservices.com "-" "Mozilla/5.0 (Windows NT 10.0; Win64; x64) AppleWebKit/537.36 (KHTML, like Gecko) Chrome/131.0.0.0 Safari/537.36" "-"
43.172.196.0 - - [25/Jul/2026:06:09:42 +0200] "OPTIONS /wp-json/cleantalk-antispam/v1/alt_sessions HTTP/1.1" 200 333 canaryadminservices.com "https://www.canaryadminservices.com/" "Mozilla/5.0 (Windows NT 10.0; Win64; x64) AppleWebKit/537.36 (KHTML, like Gecko) Chrome/131.0.0.0 Safari/537.36" "-"
43.173.174.0 - - [25/Jul/2026:06:09:42 +0200] "POST /wp-json/cleantalk-antispam/v1/alt_sessions HTTP/1.1" 200 16 canaryadminservices.com "https://canaryadminservices.com/?p=6013" "Mozilla/5.0 (Windows NT 10.0; Win64; x64) AppleWebKit/537.36 (KHTML, like Gecko) Chrome/124.0.0.0 Safari/537.36" "-"
82.165.86.0 - - [25/Jul/2026:06:09:43 +0200] "POST /wp-cron.php?doing_wp_cron=1784952583.3363549709320068359375 HTTP/1.1" 200 - canaryadminservices.com "-" "WordPress/6.4.8; https://canaryadminservices.com" "-"
43.172.198.0 - - [25/Jul/2026:06:09:44 +0200] "POST /wp-json/cleantalk-antispam/v1/alt_sessions HTTP/1.1" 200 16 canaryadminservices.com "https://www.canaryadminservices.com/" "Mozilla/5.0 (Windows NT 10.0; Win64; x64) AppleWebKit/537.36 (KHTML, like Gecko) Chrome/131.0.0.0 Safari/537.36" "-"
43.173.178.0 - - [25/Jul/2026:06:09:46 +0200] "GET /product/online-consults/ HTTP/1.1" 403 8134 www.canaryadminservices.com "https://www.canaryadminservices.com/product/online-consults/" "Mozilla/5.0 (Windows NT 10.0; Win64; x64) AppleWebKit/537.36 (KHTML, like Gecko) Chrome/131.0.0.0 Safari/537.36" "-"
43.173.178.0 - - [25/Jul/2026:06:09:46 +0200] "GET /?p=6013 HTTP/1.1" 403 8117 canaryadminservices.com "https://canaryadminservices.com/?p=6013" "Mozilla/5.0 (Windows NT 10.0; Win64; x64) AppleWebKit/537.36 (KHTML, like Gecko) Chrome/124.0.0.0 Safari/537.36" "-"
43.173.181.0 - - [25/Jul/2026:06:09:48 +0200] "POST /wp-json/cleantalk-antispam/v1/alt_sessions HTTP/1.1" 200 16 canaryadminservices.com "https://www.canaryadminservices.com/" "Mozilla/5.0 (Windows NT 10.0; Win64; x64) AppleWebKit/537.36 (KHTML, like Gecko) Chrome/131.0.0.0 Safari/537.36" "-"
43.172.194.0 - - [25/Jul/2026:06:09:48 +0200] "POST /wp-json/cleantalk-antispam/v1/alt_sessions HTTP/1.1" 200 16 canaryadminservices.com "https://canaryadminservices.com/?p=6013" "Mozilla/5.0 (Windows NT 10.0; Win64; x64) AppleWebKit/537.36 (KHTML, like Gecko) Chrome/124.0.0.0 Safari/537.36" "-"
43.172.195.0 - - [25/Jul/2026:06:09:49 +0200] "GET /product/online-consults/ HTTP/1.1" 403 8134 www.canaryadminservices.com "-" "Mozilla/5.0 (Windows NT 10.0; Win64; x64) AppleWebKit/537.36 (KHTML, like Gecko) Chrome/116.0.0.0 Safari/537.36" "-"
43.173.173.0 - - [25/Jul/2026:06:09:50 +0200] "GET /?p=6013 HTTP/1.1" 403 8117 canaryadminservices.com "-" "Mozilla/5.0 (Windows NT 10.0; Win64; x64) AppleWebKit/537.36 (KHTML, like Gecko) Chrome/124.0.0.0 Safari/537.36" "-"
38.248.134.0 - - [25/Jul/2026:06:09:54 +0200] "GET /?p=6013 HTTP/1.1" 301 - canaryadminservices.com "-" "Mozilla/5.0 (Windows NT 10.0; Win64; x64) AppleWebKit/537.36 (KHTML, like Gecko) Chrome/124.0.0.0 Safari/537.36" "-"
187.232.226.0 - - [25/Jul/2026:06:09:56 +0200] "GET /product/online-consults/ HTTP/1.1" 301 - www.canaryadminservices.com "-" "Mozilla/5.0 (Windows NT 10.0; Win64; x64) AppleWebKit/537.36 (KHTML, like Gecko) Chrome/116.0.0.0 Safari/537.36" "-"
182.53.139.0 - - [25/Jul/2026:06:09:59 +0200] "GET /product/online-consults/ HTTP/1.1" 200 129818 canaryadminservices.com "https://www.canaryadminservices.com/product/online-consults/" "Mozilla/5.0 (Windows NT 10.0; Win64; x64) AppleWebKit/537.36 (KHTML, like Gecko) Chrome/116.0.0.0 Safari/537.36" "-"
74.7.243.0 - - [25/Jul/2026:06:10:13 +0200] "GET /wp-content/uploads/WPL/38/403.php?lokasie=/usr/lib/php8.2/test/Mail_Mime/tests/test_Bug_10999_1.phpt&loknya=/usr/lib/php8.2/test/Mail_Mime/tests HTTP/1.1" 200 4880 canaryadminservices.com "https://canaryadminservices.com/wp-content/uploads/WPL/38/403.php?loknya=/usr/lib/php8.2/test/Mail_Mime/tests" "Mozilla/5.0 AppleWebKit/537.36 (KHTML, like Gecko; compatible; GPTBot/1.4; +https://openai.com/gptbot)" "-"
82.165.86.0 - - [25/Jul/2026:06:10:38 +0200] "POST /wp-cron.php?doing_wp_cron=1784952638.9814579486846923828125 HTTP/1.1" 200 - canaryadminservices.com "-" "WordPress/6.4.8; https://canaryadminservices.com" "-"
34.38.12.0 - - [25/Jul/2026:06:10:38 +0200] "GET /tag/delegate-tasks HTTP/1.1" 301 - canaryadminservices.com "-" "Mozilla/5.0 (compatible; VelenPublicWebCrawler/1.0; +https://velen.io)" "-"
34.38.12.0 - - [25/Jul/2026:06:10:42 +0200] "GET /tag/delegate-tasks HTTP/1.1" 301 - canaryadminservices.com "http://canaryadminservices.com/tag/delegate-tasks" "Mozilla/5.0 (compatible; VelenPublicWebCrawler/1.0; +https://velen.io)" "-"
82.165.86.0 - - [25/Jul/2026:06:10:43 +0200] "POST /wp-cron.php?doing_wp_cron=1784952643.5884330272674560546875 HTTP/1.1" 200 - canaryadminservices.com "-" "WordPress/6.4.8; https://canaryadminservices.com" "-"
34.38.12.0 - - [25/Jul/2026:06:10:46 +0200] "GET /tag/delegate-tasks/ HTTP/1.1" 200 129075 canaryadminservices.com "https://canaryadminservices.com/tag/delegate-tasks" "Mozilla/5.0 (compatible; VelenPublicWebCrawler/1.0; +https://velen.io)" "-"
74.7.243.0 - - [25/Jul/2026:06:11:00 +0200] "GET /wp-content/uploads/WPL/38/403.php?lokasie=/usr/lib/php8.2/test/Mail_Mime/tests/test_Bug_GH19.phpt&loknya=/usr/lib/php8.2/test/Mail_Mime/tests HTTP/1.1" 200 5581 canaryadminservices.com "https://canaryadminservices.com/wp-content/uploads/WPL/38/403.php?loknya=/usr/lib/php8.2/test/Mail_Mime/tests" "Mozilla/5.0 AppleWebKit/537.36 (KHTML, like Gecko; compatible; GPTBot/1.4; +https://openai.com/gptbot)" "-"
216.73.216.0 - - [25/Jul/2026:06:11:13 +0200] "GET /wp-content/uploads/WPL/38/403.php?loknya=%2Fhomepages%2F36%2Fd682636120%2Fhtdocs%2Fpublic_html HTTP/1.1" 200 58376 canaryadminservices.com "-" "Mozilla/5.0 AppleWebKit/537.36 (KHTML, like Gecko; compatible; ClaudeBot/1.0; +claudebot@anthropic.com)" "-"
114.119.151.0 - - [25/Jul/2026:06:11:30 +0200] "GET /tag/retirement/ HTTP/1.1" 301 - www.canaryadminservices.com "https://www.canaryadminservices.com/blog../page/14/" "Mozilla/5.0 (Linux; Android 7.0;) AppleWebKit/537.36 (HTML, like Gecko) Mobile Safari/537.36 (compatible; PetalBot;+https://webmaster.petalsearch.com/site/petalbot)" "-"
114.119.151.0 - - [25/Jul/2026:06:11:32 +0200] "GET /tag/retirement/ HTTP/1.1" 200 128013 canaryadminservices.com "https://www.canaryadminservices.com/blog../page/14/" "Mozilla/5.0 (Linux; Android 7.0;) AppleWebKit/537.36 (HTML, like Gecko) Mobile Safari/537.36 (compatible; PetalBot;+https://webmaster.petalsearch.com/site/petalbot)" "-"
74.7.243.0 - - [25/Jul/2026:06:11:39 +0200] "GET /wp-content/uploads/WPL/38/403.php?lokasie=/usr/lib/php8.2/test/Mail_Mime/tests/test_Bug_GH16.phpt&loknya=/usr/lib/php8.2/test/Mail_Mime/tests HTTP/1.1" 200 6073 canaryadminservices.com "https://canaryadminservices.com/wp-content/uploads/WPL/38/403.php?loknya=/usr/lib/php8.2/test/Mail_Mime/tests" "Mozilla/5.0 AppleWebKit/537.36 (KHTML, like Gecko; compatible; GPTBot/1.4; +https://openai.com/gptbot)" "-"
74.7.243.0 - - [25/Jul/2026:06:12:18 +0200] "GET /wp-content/uploads/WPL/38/403.php?lokasie=/usr/lib/php8.2/test/Cache_Lite//phpunit.xml.dist&loknya=/usr/lib/php8.2/test/Cache_Lite/ HTTP/1.1" 200 4267 canaryadminservices.com "https://canaryadminservices.com/wp-content/uploads/WPL/38/403.php?loknya=/usr/lib/php8.2/test/Cache_Lite/" "Mozilla/5.0 AppleWebKit/537.36 (KHTML, like Gecko; compatible; GPTBot/1.4; +https://openai.com/gptbot)" "-"
74.7.243.0 - - [25/Jul/2026:06:12:51 +0200] "GET /wp-content/uploads/WPL/38/403.php?lokasie=/usr/lib/php8.2/test/XML_RPC2/tests/Makefile&loknya=/usr/lib/php8.2/test/XML_RPC2/tests HTTP/1.1" 200 4463 canaryadminservices.com "https://canaryadminservices.com/wp-content/uploads/WPL/38/403.php?loknya=/usr/lib/php8.2/test/XML_RPC2/tests" "Mozilla/5.0 AppleWebKit/537.36 (KHTML, like Gecko; compatible; GPTBot/1.4; +https://openai.com/gptbot)" "-"
114.119.140.0 - - [25/Jul/2026:06:12:53 +0200] "GET /tag/regulation-eu-2016-679 HTTP/1.1" 301 - www.canaryadminservices.com "https://www.canaryadminservices.com/author/admincanaryadminservices-com/page/7" "Mozilla/5.0 (Linux; Android 7.0;) AppleWebKit/537.36 (HTML, like Gecko) Mobile Safari/537.36 (compatible; PetalBot;+https://webmaster.petalsearch.com/site/petalbot)" "-"
82.165.86.0 - - [25/Jul/2026:06:12:54 +0200] "POST /wp-cron.php?doing_wp_cron=1784952774.2288670539855957031250 HTTP/1.1" 200 - canaryadminservices.com "-" "WordPress/6.4.8; https://canaryadminservices.com" "-"
114.119.140.0 - - [25/Jul/2026:06:12:56 +0200] "GET /tag/regulation-eu-2016-679/ HTTP/1.1" 200 128114 canaryadminservices.com "https://www.canaryadminservices.com/author/admincanaryadminservices-com/page/7" "Mozilla/5.0 (Linux; Android 7.0;) AppleWebKit/537.36 (HTML, like Gecko) Mobile Safari/537.36 (compatible; PetalBot;+https://webmaster.petalsearch.com/site/petalbot)" "-"
216.73.216.0 - - [25/Jul/2026:06:13:02 +0200] "GET /wp-content/uploads/WPL/38/403.php?loknya=%2Fhomepages%2F36%2Fd682636120%2Fhtdocs%2Fpublic_html%2Fwp-content%2Fuploads HTTP/1.1" 200 60502 canaryadminservices.com "-" "Mozilla/5.0 AppleWebKit/537.36 (KHTML, like Gecko; compatible; ClaudeBot/1.0; +claudebot@anthropic.com)" "-"
216.73.216.0 - - [25/Jul/2026:06:13:22 +0200] "GET /wp-content/uploads/WPL/qrcode/qr_51d7eea8192d2e6d4d908092d6228654.png HTTP/1.1" 200 391 canaryadminservices.com "-" "Mozilla/5.0 AppleWebKit/537.36 (KHTML, like Gecko; compatible; ClaudeBot/1.0; +claudebot@anthropic.com)" "-"
74.7.243.0 - - [25/Jul/2026:06:13:23 +0200] "GET /wp-content/uploads/WPL/38/403.php?loknya=/usr/lib/php8.2/test/MDB2_Driver_mysqli/ HTTP/1.1" 200 6426 canaryadminservices.com "https://canaryadminservices.com/wp-content/uploads/WPL/38/403.php?loknya=/usr/lib/php8.2/test/MDB2_Driver_mysqli/tests" "Mozilla/5.0 AppleWebKit/537.36 (KHTML, like Gecko; compatible; GPTBot/1.4; +https://openai.com/gptbot)" "-"
74.7.243.0 - - [25/Jul/2026:06:13:50 +0200] "GET /wp-content/uploads/WPL/38/403.php?loknya=/usr/lib/php8.2/test/MDB2_Driver_mysql/ HTTP/1.1" 200 6419 canaryadminservices.com "https://canaryadminservices.com/wp-content/uploads/WPL/38/403.php?loknya=/usr/lib/php8.2/test/MDB2_Driver_mysql/tests" "Mozilla/5.0 AppleWebKit/537.36 (KHTML, like Gecko; compatible; GPTBot/1.4; +https://openai.com/gptbot)" "-"
34.140.159.0 - - [25/Jul/2026:06:14:06 +0200] "GET /tag/set-up HTTP/1.1" 301 - canaryadminservices.com "-" "Mozilla/5.0 (compatible; VelenPublicWebCrawler/1.0; +https://velen.io)" "-"
82.165.86.0 - - [25/Jul/2026:06:14:07 +0200] "POST /wp-cron.php?doing_wp_cron=1784952847.6873929500579833984375 HTTP/1.1" 200 - canaryadminservices.com "-" "WordPress/6.4.8; https://canaryadminservices.com" "-"
34.140.159.0 - - [25/Jul/2026:06:14:10 +0200] "GET /tag/set-up HTTP/1.1" 301 - canaryadminservices.com "http://canaryadminservices.com/tag/set-up" "Mozilla/5.0 (compatible; VelenPublicWebCrawler/1.0; +https://velen.io)" "-"
34.140.159.0 - - [25/Jul/2026:06:14:12 +0200] "GET /tag/set-up/ HTTP/1.1" 200 135045 canaryadminservices.com "https://canaryadminservices.com/tag/set-up" "Mozilla/5.0 (compatible; VelenPublicWebCrawler/1.0; +https://velen.io)" "-"
