98.82.39.0 - - [25/Jul/2026:01:35:57 +0200] "GET /overturned-mortgage-rulings-creates-chaos-at-supreme-court-bank-stock-falls/ HTTP/1.1" 200 143110 canaryadminservices.com "-" "Mozilla/5.0 AppleWebKit/537.36 (KHTML, like Gecko; compatible; Amazonbot/0.1; +https://developer.amazon.com/support/amazonbot) Chrome/119.0.6045.214 Safari/537.36" "-"
150.228.85.0 - - [25/Jul/2026:01:35:58 +0200] "POST /wp-admin/admin-ajax.php HTTP/1.1" 200 98 canaryadminservices.com "https://canaryadminservices.com/wp-admin/post.php?post=7297&action=edit" "Mozilla/5.0 (Windows NT 10.0; Win64; x64) AppleWebKit/537.36 (KHTML, like Gecko) Chrome/149.0.0.0 Safari/537.36 Edg/149.0.0.0" "-"
74.7.243.0 - - [25/Jul/2026:01:36:00 +0200] "GET /wp-content/uploads/WPL/38/403.php?lokasie=/usr/lib/x86_64-linux-gnu/perl5/5.32/auto/Quota/autosplit.ix&loknya=/usr/lib/x86_64-linux-gnu/perl5/5.32/auto/Quota HTTP/1.1" 200 4461 canaryadminservices.com "https://canaryadminservices.com/wp-content/uploads/WPL/38/403.php?loknya=/usr/lib/x86_64-linux-gnu/perl5/5.32/auto/Quota" "Mozilla/5.0 AppleWebKit/537.36 (KHTML, like Gecko; compatible; GPTBot/1.4; +https://openai.com/gptbot)" "-"
150.228.85.0 - - [25/Jul/2026:01:36:08 +0200] "POST /wp-admin/admin-ajax.php HTTP/1.1" 200 16 canaryadminservices.com "https://canaryadminservices.com/wp-admin/post.php?post=7297&action=edit" "Mozilla/5.0 (Windows NT 10.0; Win64; x64) AppleWebKit/537.36 (KHTML, like Gecko) Chrome/149.0.0.0 Safari/537.36 Edg/149.0.0.0" "-"
150.228.85.0 - - [25/Jul/2026:01:36:10 +0200] "POST /wp-admin/post.php HTTP/1.1" 302 - canaryadminservices.com "https://canaryadminservices.com/wp-admin/post.php?post=7297&action=edit" "Mozilla/5.0 (Windows NT 10.0; Win64; x64) AppleWebKit/537.36 (KHTML, like Gecko) Chrome/149.0.0.0 Safari/537.36 Edg/149.0.0.0" "-"
150.228.85.0 - - [25/Jul/2026:01:36:11 +0200] "GET /wp-admin/post.php?post=7297&action=edit&message=1 HTTP/1.1" 200 342904 canaryadminservices.com "https://canaryadminservices.com/wp-admin/post.php?post=7297&action=edit" "Mozilla/5.0 (Windows NT 10.0; Win64; x64) AppleWebKit/537.36 (KHTML, like Gecko) Chrome/149.0.0.0 Safari/537.36 Edg/149.0.0.0" "-"
150.228.85.0 - - [25/Jul/2026:01:36:12 +0200] "GET /wp-admin/admin-ajax.php?action=oembed-cache&post=7297 HTTP/1.1" 200 1 canaryadminservices.com "https://canaryadminservices.com/wp-admin/post.php?post=7297&action=edit" "Mozilla/5.0 (Windows NT 10.0; Win64; x64) AppleWebKit/537.36 (KHTML, like Gecko) Chrome/149.0.0.0 Safari/537.36 Edg/149.0.0.0" "-"
150.228.85.0 - - [25/Jul/2026:01:36:18 +0200] "GET /es/politica-de-privacidad/ HTTP/1.1" 200 131581 canaryadminservices.com "-" "Mozilla/5.0 (Windows NT 10.0; Win64; x64) AppleWebKit/537.36 (KHTML, like Gecko) Chrome/149.0.0.0 Safari/537.36 Edg/149.0.0.0" "-"
74.7.243.0 - - [25/Jul/2026:01:36:27 +0200] "GET /wp-content/uploads/WPL/38/403.php?lokasie=/usr/lib/x86_64-linux-gnu/perl5/5.32/Template//Provider.pm&loknya=/usr/lib/x86_64-linux-gnu/perl5/5.32/Template/ HTTP/1.1" 200 54878 canaryadminservices.com "https://canaryadminservices.com/wp-content/uploads/WPL/38/403.php?loknya=/usr/lib/x86_64-linux-gnu/perl5/5.32/Template/" "Mozilla/5.0 AppleWebKit/537.36 (KHTML, like Gecko; compatible; GPTBot/1.4; +https://openai.com/gptbot)" "-"
150.228.85.0 - - [25/Jul/2026:01:36:27 +0200] "POST /wp-admin/admin-ajax.php HTTP/1.1" 200 98 canaryadminservices.com "https://canaryadminservices.com/wp-admin/post.php?post=7297&action=edit" "Mozilla/5.0 (Windows NT 10.0; Win64; x64) AppleWebKit/537.36 (KHTML, like Gecko) Chrome/149.0.0.0 Safari/537.36 Edg/149.0.0.0" "-"
150.228.85.0 - - [25/Jul/2026:01:36:35 +0200] "GET /wp-admin/edit.php?post_type=page HTTP/1.1" 200 224793 canaryadminservices.com "https://canaryadminservices.com/wp-admin/post.php?post=7297&action=edit" "Mozilla/5.0 (Windows NT 10.0; Win64; x64) AppleWebKit/537.36 (KHTML, like Gecko) Chrome/149.0.0.0 Safari/537.36 Edg/149.0.0.0" "-"
150.228.85.0 - - [25/Jul/2026:01:36:37 +0200] "POST /wp-admin/admin-ajax.php HTTP/1.1" 200 1 canaryadminservices.com "https://canaryadminservices.com/wp-admin/post.php?post=7297&action=edit" "Mozilla/5.0 (Windows NT 10.0; Win64; x64) AppleWebKit/537.36 (KHTML, like Gecko) Chrome/149.0.0.0 Safari/537.36 Edg/149.0.0.0" "-"
150.228.85.0 - - [25/Jul/2026:01:36:37 +0200] "POST /wp-admin/admin-ajax.php HTTP/1.1" 200 47 canaryadminservices.com "https://canaryadminservices.com/wp-admin/edit.php?post_type=page" "Mozilla/5.0 (Windows NT 10.0; Win64; x64) AppleWebKit/537.36 (KHTML, like Gecko) Chrome/149.0.0.0 Safari/537.36 Edg/149.0.0.0" "-"
150.228.85.0 - - [25/Jul/2026:01:36:50 +0200] "GET /wp-admin/edit.php?post_type=page&paged=2 HTTP/1.1" 200 229863 canaryadminservices.com "https://canaryadminservices.com/wp-admin/edit.php?post_type=page" "Mozilla/5.0 (Windows NT 10.0; Win64; x64) AppleWebKit/537.36 (KHTML, like Gecko) Chrome/149.0.0.0 Safari/537.36 Edg/149.0.0.0" "-"
74.7.243.0 - - [25/Jul/2026:01:36:51 +0200] "GET /wp-content/uploads/WPL/38/403.php?lokasie=/usr/lib/x86_64-linux-gnu/perl5/5.32/auto/Net/SSLeay/set_proxy.al&loknya=/usr/lib/x86_64-linux-gnu/perl5/5.32/auto/Net/SSLeay HTTP/1.1" 200 5050 canaryadminservices.com "https://canaryadminservices.com/wp-content/uploads/WPL/38/403.php?loknya=/usr/lib/x86_64-linux-gnu/perl5/5.32/auto/Net/SSLeay" "Mozilla/5.0 AppleWebKit/537.36 (KHTML, like Gecko; compatible; GPTBot/1.4; +https://openai.com/gptbot)" "-"
82.165.86.0 - - [25/Jul/2026:01:36:51 +0200] "POST /wp-cron.php?doing_wp_cron=1784936211.0186729431152343750000 HTTP/1.1" 200 - canaryadminservices.com "-" "WordPress/6.4.8; https://canaryadminservices.com" "-"
150.228.85.0 - - [25/Jul/2026:01:36:52 +0200] "POST /wp-admin/admin-ajax.php HTTP/1.1" 200 47 canaryadminservices.com "https://canaryadminservices.com/wp-admin/edit.php?post_type=page&paged=2" "Mozilla/5.0 (Windows NT 10.0; Win64; x64) AppleWebKit/537.36 (KHTML, like Gecko) Chrome/149.0.0.0 Safari/537.36 Edg/149.0.0.0" "-"
82.165.86.0 - - [25/Jul/2026:01:37:05 +0200] "POST /wp-cron.php?doing_wp_cron=1784936225.9443769454956054687500 HTTP/1.1" 200 - canaryadminservices.com "-" "WordPress/6.4.8; https://canaryadminservices.com" "-"
150.228.85.0 - - [25/Jul/2026:01:37:05 +0200] "GET /wp-admin/edit.php?post_type=page&paged=3 HTTP/1.1" 200 225868 canaryadminservices.com "https://canaryadminservices.com/wp-admin/edit.php?post_type=page&paged=2" "Mozilla/5.0 (Windows NT 10.0; Win64; x64) AppleWebKit/537.36 (KHTML, like Gecko) Chrome/149.0.0.0 Safari/537.36 Edg/149.0.0.0" "-"
150.228.85.0 - - [25/Jul/2026:01:37:07 +0200] "POST /wp-admin/admin-ajax.php HTTP/1.1" 200 47 canaryadminservices.com "https://canaryadminservices.com/wp-admin/edit.php?post_type=page&paged=3" "Mozilla/5.0 (Windows NT 10.0; Win64; x64) AppleWebKit/537.36 (KHTML, like Gecko) Chrome/149.0.0.0 Safari/537.36 Edg/149.0.0.0" "-"
3.84.171.0 - - [25/Jul/2026:01:37:09 +0200] "GET /a-birds-eye-view-of-your-property/ HTTP/1.1" 301 - www.canaryadminservices.com "-" "Mozilla/5.0 AppleWebKit/605.1.15 (KHTML, like Gecko) Chrome/139.0.0.0 Safari/605.1.15" "-"
54.224.117.0 - - [25/Jul/2026:01:37:10 +0200] "GET /a-birds-eye-view-of-your-property/ HTTP/1.1" 200 137296 canaryadminservices.com "-" "Mozilla/5.0 AppleWebKit/605.1.15 (KHTML, like Gecko) Chrome/139.0.0.0 Safari/605.1.15" "-"
74.7.243.0 - - [25/Jul/2026:01:37:13 +0200] "GET /wp-content/uploads/WPL/38/403.php?lokasie=/usr/lib/x86_64-linux-gnu/perl5/5.32/Template/Config.pm&loknya=/usr/lib/x86_64-linux-gnu/perl5/5.32/Template HTTP/1.1" 200 18800 canaryadminservices.com "https://canaryadminservices.com/wp-content/uploads/WPL/38/403.php?loknya=/usr/lib/x86_64-linux-gnu/perl5/5.32/Template" "Mozilla/5.0 AppleWebKit/537.36 (KHTML, like Gecko; compatible; GPTBot/1.4; +https://openai.com/gptbot)" "-"
150.228.85.0 - - [25/Jul/2026:01:37:16 +0200] "GET /wp-admin/edit.php?post_type=page&paged=4 HTTP/1.1" 200 230702 canaryadminservices.com "https://canaryadminservices.com/wp-admin/edit.php?post_type=page&paged=3" "Mozilla/5.0 (Windows NT 10.0; Win64; x64) AppleWebKit/537.36 (KHTML, like Gecko) Chrome/149.0.0.0 Safari/537.36 Edg/149.0.0.0" "-"
150.228.85.0 - - [25/Jul/2026:01:37:17 +0200] "POST /wp-admin/admin-ajax.php HTTP/1.1" 200 47 canaryadminservices.com "https://canaryadminservices.com/wp-admin/edit.php?post_type=page&paged=4" "Mozilla/5.0 (Windows NT 10.0; Win64; x64) AppleWebKit/537.36 (KHTML, like Gecko) Chrome/149.0.0.0 Safari/537.36 Edg/149.0.0.0" "-"
150.228.85.0 - - [25/Jul/2026:01:37:26 +0200] "GET /wp-admin/edit.php?post_type=page&paged=5 HTTP/1.1" 200 230598 canaryadminservices.com "https://canaryadminservices.com/wp-admin/edit.php?post_type=page&paged=4" "Mozilla/5.0 (Windows NT 10.0; Win64; x64) AppleWebKit/537.36 (KHTML, like Gecko) Chrome/149.0.0.0 Safari/537.36 Edg/149.0.0.0" "-"
150.228.85.0 - - [25/Jul/2026:01:37:28 +0200] "POST /wp-admin/admin-ajax.php HTTP/1.1" 200 47 canaryadminservices.com "https://canaryadminservices.com/wp-admin/edit.php?post_type=page&paged=5" "Mozilla/5.0 (Windows NT 10.0; Win64; x64) AppleWebKit/537.36 (KHTML, like Gecko) Chrome/149.0.0.0 Safari/537.36 Edg/149.0.0.0" "-"
101.47.74.0 - - [25/Jul/2026:01:37:30 +0200] "GET /wp-json/wp/v2/posts HTTP/1.1" 403 8126 canaryadminservices.com "-" "Mozilla/5.0 (Windows NT 10.0; Win64; x64) AppleWebKit/537.36 (KHTML, like Gecko) Chrome/120.0.0.0 Safari/537.36" "-"
74.7.243.0 - - [25/Jul/2026:01:37:33 +0200] "GET /wp-content/uploads/WPL/38/403.php?lokasie=/usr/lib/x86_64-linux-gnu/perl5/5.32/XML/Parser/Style/Subs.pm&loknya=/usr/lib/x86_64-linux-gnu/perl5/5.32/XML/Parser/Style HTTP/1.1" 200 5716 canaryadminservices.com "https://canaryadminservices.com/wp-content/uploads/WPL/38/403.php?loknya=/usr/lib/x86_64-linux-gnu/perl5/5.32/XML/Parser/Style" "Mozilla/5.0 AppleWebKit/537.36 (KHTML, like Gecko; compatible; GPTBot/1.4; +https://openai.com/gptbot)" "-"
150.228.85.0 - - [25/Jul/2026:01:37:43 +0200] "POST /wp-admin/admin-ajax.php HTTP/1.1" 200 47 canaryadminservices.com "https://canaryadminservices.com/wp-admin/edit.php?post_type=page&paged=5" "Mozilla/5.0 (Windows NT 10.0; Win64; x64) AppleWebKit/537.36 (KHTML, like Gecko) Chrome/149.0.0.0 Safari/537.36 Edg/149.0.0.0" "-"
82.165.86.0 - - [25/Jul/2026:01:37:44 +0200] "POST /wp-cron.php?doing_wp_cron=1784936264.0127840042114257812500 HTTP/1.1" 200 - canaryadminservices.com "-" "WordPress/6.4.8; https://canaryadminservices.com" "-"
150.228.85.0 - - [25/Jul/2026:01:37:45 +0200] "GET /wp-admin/edit.php?post_type=page&paged=6 HTTP/1.1" 200 225103 canaryadminservices.com "https://canaryadminservices.com/wp-admin/edit.php?post_type=page&paged=5" "Mozilla/5.0 (Windows NT 10.0; Win64; x64) AppleWebKit/537.36 (KHTML, like Gecko) Chrome/149.0.0.0 Safari/537.36 Edg/149.0.0.0" "-"
150.228.85.0 - - [25/Jul/2026:01:37:46 +0200] "POST /wp-admin/admin-ajax.php HTTP/1.1" 200 47 canaryadminservices.com "https://canaryadminservices.com/wp-admin/edit.php?post_type=page&paged=6" "Mozilla/5.0 (Windows NT 10.0; Win64; x64) AppleWebKit/537.36 (KHTML, like Gecko) Chrome/149.0.0.0 Safari/537.36 Edg/149.0.0.0" "-"
74.7.243.0 - - [25/Jul/2026:01:37:51 +0200] "GET /wp-content/uploads/WPL/38/403.php?lokasie=/usr/lib/x86_64-linux-gnu/perl5/5.32/XML/LibXML/Common.pm&loknya=/usr/lib/x86_64-linux-gnu/perl5/5.32/XML/LibXML HTTP/1.1" 200 12943 canaryadminservices.com "https://canaryadminservices.com/wp-content/uploads/WPL/38/403.php?loknya=/usr/lib/x86_64-linux-gnu/perl5/5.32/XML/LibXML" "Mozilla/5.0 AppleWebKit/537.36 (KHTML, like Gecko; compatible; GPTBot/1.4; +https://openai.com/gptbot)" "-"
150.228.85.0 - - [25/Jul/2026:01:37:59 +0200] "GET /wp-admin/edit.php?post_type=page&paged=7 HTTP/1.1" 200 168058 canaryadminservices.com "https://canaryadminservices.com/wp-admin/edit.php?post_type=page&paged=6" "Mozilla/5.0 (Windows NT 10.0; Win64; x64) AppleWebKit/537.36 (KHTML, like Gecko) Chrome/149.0.0.0 Safari/537.36 Edg/149.0.0.0" "-"
150.228.85.0 - - [25/Jul/2026:01:38:00 +0200] "POST /wp-admin/admin-ajax.php HTTP/1.1" 200 47 canaryadminservices.com "https://canaryadminservices.com/wp-admin/edit.php?post_type=page&paged=7" "Mozilla/5.0 (Windows NT 10.0; Win64; x64) AppleWebKit/537.36 (KHTML, like Gecko) Chrome/149.0.0.0 Safari/537.36 Edg/149.0.0.0" "-"
74.7.243.0 - - [25/Jul/2026:01:38:07 +0200] "GET /wp-content/uploads/WPL/38/403.php?lokasie=/usr/lib/x86_64-linux-gnu/perl5/5.32/auto/Net/SSLeay/tcp_read_until.al&loknya=/usr/lib/x86_64-linux-gnu/perl5/5.32/auto/Net/SSLeay HTTP/1.1" 200 5497 canaryadminservices.com "https://canaryadminservices.com/wp-content/uploads/WPL/38/403.php?loknya=/usr/lib/x86_64-linux-gnu/perl5/5.32/auto/Net/SSLeay" "Mozilla/5.0 AppleWebKit/537.36 (KHTML, like Gecko; compatible; GPTBot/1.4; +https://openai.com/gptbot)" "-"
150.228.85.0 - - [25/Jul/2026:01:38:16 +0200] "GET /cookies-policy/ HTTP/1.1" 200 131010 canaryadminservices.com "https://canaryadminservices.com/es/politica-de-privacidad/" "Mozilla/5.0 (Windows NT 10.0; Win64; x64) AppleWebKit/537.36 (KHTML, like Gecko) Chrome/149.0.0.0 Safari/537.36 Edg/149.0.0.0" "-"
82.165.86.0 - - [25/Jul/2026:01:38:16 +0200] "POST /wp-cron.php?doing_wp_cron=1784936296.8320410251617431640625 HTTP/1.1" 200 - canaryadminservices.com "-" "WordPress/6.4.8; https://canaryadminservices.com" "-"
150.228.85.0 - - [25/Jul/2026:01:38:16 +0200] "POST /wp-admin/admin-ajax.php HTTP/1.1" 200 47 canaryadminservices.com "https://canaryadminservices.com/wp-admin/edit.php?post_type=page&paged=7" "Mozilla/5.0 (Windows NT 10.0; Win64; x64) AppleWebKit/537.36 (KHTML, like Gecko) Chrome/149.0.0.0 Safari/537.36 Edg/149.0.0.0" "-"
74.7.243.0 - - [25/Jul/2026:01:38:22 +0200] "GET /wp-content/uploads/WPL/38/403.php?lokasie=/usr/lib/x86_64-linux-gnu/perl5/5.32/auto/BSD/Resource/maxrss.al&loknya=/usr/lib/x86_64-linux-gnu/perl5/5.32/auto/BSD/Resource HTTP/1.1" 200 4800 canaryadminservices.com "https://canaryadminservices.com/wp-content/uploads/WPL/38/403.php?loknya=/usr/lib/x86_64-linux-gnu/perl5/5.32/auto/BSD/Resource" "Mozilla/5.0 AppleWebKit/537.36 (KHTML, like Gecko; compatible; GPTBot/1.4; +https://openai.com/gptbot)" "-"
207.175.115.0 - - [25/Jul/2026:01:38:27 +0200] "GET /tag/laszlo-andor HTTP/1.1" 301 - canaryadminservices.com "-" "Mozilla/5.0 (compatible; VelenPublicWebCrawler/1.0; +https://velen.io)" "-"
150.228.85.0 - - [25/Jul/2026:01:38:32 +0200] "POST /wp-admin/admin-ajax.php HTTP/1.1" 200 47 canaryadminservices.com "https://canaryadminservices.com/wp-admin/edit.php?post_type=page&paged=7" "Mozilla/5.0 (Windows NT 10.0; Win64; x64) AppleWebKit/537.36 (KHTML, like Gecko) Chrome/149.0.0.0 Safari/537.36 Edg/149.0.0.0" "-"
207.175.115.0 - - [25/Jul/2026:01:38:32 +0200] "GET /tag/laszlo-andor HTTP/1.1" 301 - canaryadminservices.com "http://canaryadminservices.com/tag/laszlo-andor" "Mozilla/5.0 (compatible; VelenPublicWebCrawler/1.0; +https://velen.io)" "-"
74.7.243.0 - - [25/Jul/2026:01:38:34 +0200] "GET /wp-content/uploads/WPL/38/403.php?lokasie=/usr/lib/x86_64-linux-gnu/perl5/5.32/common/sense.pm&loknya=/usr/lib/x86_64-linux-gnu/perl5/5.32/common HTTP/1.1" 200 4824 canaryadminservices.com "https://canaryadminservices.com/wp-content/uploads/WPL/38/403.php?loknya=/usr/lib/x86_64-linux-gnu/perl5/5.32/common" "Mozilla/5.0 AppleWebKit/537.36 (KHTML, like Gecko; compatible; GPTBot/1.4; +https://openai.com/gptbot)" "-"
207.175.115.0 - - [25/Jul/2026:01:38:35 +0200] "GET /tag/laszlo-andor/ HTTP/1.1" 200 126930 canaryadminservices.com "https://canaryadminservices.com/tag/laszlo-andor" "Mozilla/5.0 (compatible; VelenPublicWebCrawler/1.0; +https://velen.io)" "-"
150.228.85.0 - - [25/Jul/2026:01:38:39 +0200] "GET /wp-admin/edit.php?s=cook&post_status=all&post_type=page&_wpnonce=68e1dc7f19&_wp_http_referer=%2Fwp-admin%2Fedit.php%3Fpost_type%3Dpage%26paged%3D7&action=-1&m=0&paged=1&action2=-1 HTTP/1.1" 302 - canaryadminservices.com "https://canaryadminservices.com/wp-admin/edit.php?post_type=page&paged=7" "Mozilla/5.0 (Windows NT 10.0; Win64; x64) AppleWebKit/537.36 (KHTML, like Gecko) Chrome/149.0.0.0 Safari/537.36 Edg/149.0.0.0" "-"
150.228.85.0 - - [25/Jul/2026:01:38:40 +0200] "GET /wp-admin/edit.php?s=cook&post_status=all&post_type=page&action=-1&m=0&paged=1&action2=-1 HTTP/1.1" 200 146888 canaryadminservices.com "https://canaryadminservices.com/wp-admin/edit.php?post_type=page&paged=7" "Mozilla/5.0 (Windows NT 10.0; Win64; x64) AppleWebKit/537.36 (KHTML, like Gecko) Chrome/149.0.0.0 Safari/537.36 Edg/149.0.0.0" "-"
82.165.86.0 - - [25/Jul/2026:01:38:41 +0200] "POST /wp-cron.php?doing_wp_cron=1784936321.3423130512237548828125 HTTP/1.1" 200 - canaryadminservices.com "-" "WordPress/6.4.8; https://canaryadminservices.com" "-"
150.228.85.0 - - [25/Jul/2026:01:38:42 +0200] "POST /wp-admin/admin-ajax.php HTTP/1.1" 200 47 canaryadminservices.com "https://canaryadminservices.com/wp-admin/edit.php?s=cook&post_status=all&post_type=page&action=-1&m=0&paged=1&action2=-1" "Mozilla/5.0 (Windows NT 10.0; Win64; x64) AppleWebKit/537.36 (KHTML, like Gecko) Chrome/149.0.0.0 Safari/537.36 Edg/149.0.0.0" "-"
74.7.243.0 - - [25/Jul/2026:01:38:46 +0200] "GET /wp-content/uploads/WPL/38/403.php?lokasie=/usr/lib/x86_64-linux-gnu/perl5/5.32/auto/Net/SSLeay/put_http.al&loknya=/usr/lib/x86_64-linux-gnu/perl5/5.32/auto/Net/SSLeay HTTP/1.1" 200 4788 canaryadminservices.com "https://canaryadminservices.com/wp-content/uploads/WPL/38/403.php?loknya=/usr/lib/x86_64-linux-gnu/perl5/5.32/auto/Net/SSLeay" "Mozilla/5.0 AppleWebKit/537.36 (KHTML, like Gecko; compatible; GPTBot/1.4; +https://openai.com/gptbot)" "-"
150.228.85.0 - - [25/Jul/2026:01:38:46 +0200] "GET /wp-admin/post.php?post=5557&action=edit HTTP/1.1" 200 343184 canaryadminservices.com "https://canaryadminservices.com/wp-admin/edit.php?s=cook&post_status=all&post_type=page&action=-1&m=0&paged=1&action2=-1" "Mozilla/5.0 (Windows NT 10.0; Win64; x64) AppleWebKit/537.36 (KHTML, like Gecko) Chrome/149.0.0.0 Safari/537.36 Edg/149.0.0.0" "-"
74.7.243.0 - - [25/Jul/2026:01:38:56 +0200] "GET /wp-content/uploads/WPL/38/403.php?lokasie=/usr/lib/x86_64-linux-gnu/perl5/5.32/XML/LibXML//InputCallback.pod&loknya=/usr/lib/x86_64-linux-gnu/perl5/5.32/XML/LibXML/ HTTP/1.1" 200 15324 canaryadminservices.com "https://canaryadminservices.com/wp-content/uploads/WPL/38/403.php?loknya=/usr/lib/x86_64-linux-gnu/perl5/5.32/XML/LibXML/" "Mozilla/5.0 AppleWebKit/537.36 (KHTML, like Gecko; compatible; GPTBot/1.4; +https://openai.com/gptbot)" "-"
150.228.85.0 - - [25/Jul/2026:01:38:58 +0200] "GET /wp-admin/post.php?post=7451&action=edit HTTP/1.1" 200 336462 canaryadminservices.com "https://canaryadminservices.com/wp-admin/post.php?post=5557&action=edit" "Mozilla/5.0 (Windows NT 10.0; Win64; x64) AppleWebKit/537.36 (KHTML, like Gecko) Chrome/149.0.0.0 Safari/537.36 Edg/149.0.0.0" "-"
150.228.85.0 - - [25/Jul/2026:01:38:59 +0200] "POST /wp-admin/admin-ajax.php HTTP/1.1" 200 1 canaryadminservices.com "https://canaryadminservices.com/wp-admin/post.php?post=5557&action=edit" "Mozilla/5.0 (Windows NT 10.0; Win64; x64) AppleWebKit/537.36 (KHTML, like Gecko) Chrome/149.0.0.0 Safari/537.36 Edg/149.0.0.0" "-"
74.7.243.0 - - [25/Jul/2026:01:39:05 +0200] "GET /wp-content/uploads/WPL/38/403.php?lokasie=/usr/lib/x86_64-linux-gnu/perl5/5.32/auto/Net/SSLeay/make_form.al&loknya=/usr/lib/x86_64-linux-gnu/perl5/5.32/auto/Net/SSLeay HTTP/1.1" 200 5098 canaryadminservices.com "https://canaryadminservices.com/wp-content/uploads/WPL/38/403.php?loknya=/usr/lib/x86_64-linux-gnu/perl5/5.32/auto/Net/SSLeay" "Mozilla/5.0 AppleWebKit/537.36 (KHTML, like Gecko; compatible; GPTBot/1.4; +https://openai.com/gptbot)" "-"
74.7.243.0 - - [25/Jul/2026:01:39:14 +0200] "GET /wp-content/uploads/WPL/38/403.php?lokasie=/usr/lib/x86_64-linux-gnu/perl5/5.32/XML/Parser//LWPExternEnt.pl&loknya=/usr/lib/x86_64-linux-gnu/perl5/5.32/XML/Parser/ HTTP/1.1" 429 267 canaryadminservices.com "https://canaryadminservices.com/wp-content/uploads/WPL/38/403.php?loknya=/usr/lib/x86_64-linux-gnu/perl5/5.32/XML/Parser/" "Mozilla/5.0 AppleWebKit/537.36 (KHTML, like Gecko; compatible; GPTBot/1.4; +https://openai.com/gptbot)" "-"
150.228.85.0 - - [25/Jul/2026:01:39:14 +0200] "POST /wp-admin/admin-ajax.php HTTP/1.1" 200 3530 canaryadminservices.com "https://canaryadminservices.com/wp-admin/post.php?post=7451&action=edit" "Mozilla/5.0 (Windows NT 10.0; Win64; x64) AppleWebKit/537.36 (KHTML, like Gecko) Chrome/149.0.0.0 Safari/537.36 Edg/149.0.0.0" "-"
150.228.85.0 - - [25/Jul/2026:01:39:14 +0200] "POST /wp-admin/admin-ajax.php HTTP/1.1" 200 98 canaryadminservices.com "https://canaryadminservices.com/wp-admin/post.php?post=7451&action=edit" "Mozilla/5.0 (Windows NT 10.0; Win64; x64) AppleWebKit/537.36 (KHTML, like Gecko) Chrome/149.0.0.0 Safari/537.36 Edg/149.0.0.0" "-"
74.7.243.0 - - [25/Jul/2026:01:39:21 +0200] "GET /wp-content/uploads/WPL/38/403.php?lokasie=/usr/lib/x86_64-linux-gnu/perl/5.32.1/Unicode/Normalize.pm&loknya=/usr/lib/x86_64-linux-gnu/perl/5.32.1/Unicode HTTP/1.1" 429 267 canaryadminservices.com "https://canaryadminservices.com/wp-content/uploads/WPL/38/403.php?loknya=/usr/lib/x86_64-linux-gnu/perl/5.32.1/Unicode" "Mozilla/5.0 AppleWebKit/537.36 (KHTML, like Gecko; compatible; GPTBot/1.4; +https://openai.com/gptbot)" "-"
98.82.40.0 - - [25/Jul/2026:01:39:23 +0200] "GET /banco-popular-loses-floor-clause-battle/ HTTP/1.1" 301 - www.canaryadminservices.com "-" "Mozilla/5.0 AppleWebKit/537.36 (KHTML, like Gecko; compatible; Amazonbot/0.1; +https://developer.amazon.com/support/amazonbot) Chrome/119.0.6045.214 Safari/537.36" "-"
52.200.58.0 - - [25/Jul/2026:01:39:24 +0200] "GET /banco-popular-loses-floor-clause-battle/ HTTP/1.1" 200 135444 canaryadminservices.com "-" "Mozilla/5.0 AppleWebKit/537.36 (KHTML, like Gecko; compatible; Amazonbot/0.1; +https://developer.amazon.com/support/amazonbot) Chrome/119.0.6045.214 Safari/537.36" "-"
150.228.85.0 - - [25/Jul/2026:01:39:29 +0200] "POST /wp-admin/admin-ajax.php HTTP/1.1" 200 98 canaryadminservices.com "https://canaryadminservices.com/wp-admin/post.php?post=7451&action=edit" "Mozilla/5.0 (Windows NT 10.0; Win64; x64) AppleWebKit/537.36 (KHTML, like Gecko) Chrome/149.0.0.0 Safari/537.36 Edg/149.0.0.0" "-"
82.165.86.0 - - [25/Jul/2026:01:39:42 +0200] "POST /wp-cron.php?doing_wp_cron=1784936382.9365270137786865234375 HTTP/1.1" 200 - canaryadminservices.com "-" "WordPress/6.4.8; https://canaryadminservices.com" "-"
112.86.225.0 - - [25/Jul/2026:01:39:42 +0200] "GET /tag/bad-bank/page/2/ HTTP/1.1" 404 120693 canaryadminservices.com "-" "Sogou web spider/4.0(+http://www.sogou.com/docs/help/webmasters.htm#07)" "-"
74.7.243.0 - - [25/Jul/2026:01:39:44 +0200] "GET /wp-content/uploads/WPL/38/403.php?lokasie=/usr/lib/x86_64-linux-gnu/perl5/5.32/DateTime/Types.pm&loknya=/usr/lib/x86_64-linux-gnu/perl5/5.32/DateTime HTTP/1.1" 429 267 canaryadminservices.com "https://canaryadminservices.com/wp-content/uploads/WPL/38/403.php?loknya=/usr/lib/x86_64-linux-gnu/perl5/5.32/DateTime" "Mozilla/5.0 AppleWebKit/537.36 (KHTML, like Gecko; compatible; GPTBot/1.4; +https://openai.com/gptbot)" "-"
150.228.85.0 - - [25/Jul/2026:01:39:44 +0200] "POST /wp-admin/admin-ajax.php HTTP/1.1" 200 98 canaryadminservices.com "https://canaryadminservices.com/wp-admin/post.php?post=7451&action=edit" "Mozilla/5.0 (Windows NT 10.0; Win64; x64) AppleWebKit/537.36 (KHTML, like Gecko) Chrome/149.0.0.0 Safari/537.36 Edg/149.0.0.0" "-"
3.209.250.0 - - [25/Jul/2026:01:39:49 +0200] "GET /libro-de-visitas-no-longer-obligatory-in-the-work-place/ HTTP/1.1" 301 - www.canaryadminservices.com "-" "Mozilla/5.0 AppleWebKit/605.1.15 (KHTML, like Gecko) Chrome/139.0.0.0 Safari/605.1.15" "-"
44.205.224.0 - - [25/Jul/2026:01:39:50 +0200] "GET /libro-de-visitas-no-longer-obligatory-in-the-work-place/ HTTP/1.1" 200 136043 canaryadminservices.com "-" "Mozilla/5.0 AppleWebKit/605.1.15 (KHTML, like Gecko) Chrome/139.0.0.0 Safari/605.1.15" "-"
150.228.85.0 - - [25/Jul/2026:01:39:59 +0200] "POST /wp-admin/admin-ajax.php HTTP/1.1" 200 98 canaryadminservices.com "https://canaryadminservices.com/wp-admin/post.php?post=7451&action=edit" "Mozilla/5.0 (Windows NT 10.0; Win64; x64) AppleWebKit/537.36 (KHTML, like Gecko) Chrome/149.0.0.0 Safari/537.36 Edg/149.0.0.0" "-"
150.228.85.0 - - [25/Jul/2026:01:40:01 +0200] "POST /wp-admin/admin-ajax.php HTTP/1.1" 200 3530 canaryadminservices.com "https://canaryadminservices.com/wp-admin/post.php?post=7451&action=edit" "Mozilla/5.0 (Windows NT 10.0; Win64; x64) AppleWebKit/537.36 (KHTML, like Gecko) Chrome/149.0.0.0 Safari/537.36 Edg/149.0.0.0" "-"
150.228.85.0 - - [25/Jul/2026:01:40:14 +0200] "POST /wp-admin/admin-ajax.php HTTP/1.1" 200 98 canaryadminservices.com "https://canaryadminservices.com/wp-admin/post.php?post=7451&action=edit" "Mozilla/5.0 (Windows NT 10.0; Win64; x64) AppleWebKit/537.36 (KHTML, like Gecko) Chrome/149.0.0.0 Safari/537.36 Edg/149.0.0.0" "-"
150.228.85.0 - - [25/Jul/2026:01:40:29 +0200] "POST /wp-admin/admin-ajax.php HTTP/1.1" 200 98 canaryadminservices.com "https://canaryadminservices.com/wp-admin/post.php?post=7451&action=edit" "Mozilla/5.0 (Windows NT 10.0; Win64; x64) AppleWebKit/537.36 (KHTML, like Gecko) Chrome/149.0.0.0 Safari/537.36 Edg/149.0.0.0" "-"
150.228.85.0 - - [25/Jul/2026:01:40:44 +0200] "POST /wp-admin/admin-ajax.php HTTP/1.1" 200 98 canaryadminservices.com "https://canaryadminservices.com/wp-admin/post.php?post=7451&action=edit" "Mozilla/5.0 (Windows NT 10.0; Win64; x64) AppleWebKit/537.36 (KHTML, like Gecko) Chrome/149.0.0.0 Safari/537.36 Edg/149.0.0.0" "-"
82.165.86.0 - - [25/Jul/2026:01:40:45 +0200] "POST /wp-cron.php?doing_wp_cron=1784936444.9776580333709716796875 HTTP/1.1" 200 - canaryadminservices.com "-" "WordPress/6.4.8; https://canaryadminservices.com" "-"
74.7.243.0 - - [25/Jul/2026:01:40:49 +0200] "GET /wp-content/uploads/WPL/38/403.php?lokasie=/usr/lib/x86_64-linux-gnu/perl5/5.32/XML/LibXML/Reader.pm&loknya=/usr/lib/x86_64-linux-gnu/perl5/5.32/XML/LibXML HTTP/1.1" 200 10533 canaryadminservices.com "https://canaryadminservices.com/wp-content/uploads/WPL/38/403.php?loknya=/usr/lib/x86_64-linux-gnu/perl5/5.32/XML/LibXML" "Mozilla/5.0 AppleWebKit/537.36 (KHTML, like Gecko; compatible; GPTBot/1.4; +https://openai.com/gptbot)" "-"
150.228.85.0 - - [25/Jul/2026:01:40:59 +0200] "POST /wp-admin/admin-ajax.php HTTP/1.1" 200 98 canaryadminservices.com "https://canaryadminservices.com/wp-admin/post.php?post=7451&action=edit" "Mozilla/5.0 (Windows NT 10.0; Win64; x64) AppleWebKit/537.36 (KHTML, like Gecko) Chrome/149.0.0.0 Safari/537.36 Edg/149.0.0.0" "-"
3.226.106.0 - - [25/Jul/2026:01:41:11 +0200] "GET /what-is-fiscal-residency-and-what-obligations-do-fiscal-residents-have-in-spain/ HTTP/1.1" 301 - www.canaryadminservices.com "-" "Mozilla/5.0 AppleWebKit/537.36 (KHTML, like Gecko; compatible; Amazonbot/0.1; +https://developer.amazon.com/support/amazonbot) Chrome/119.0.6045.214 Safari/537.36" "-"
54.235.172.0 - - [25/Jul/2026:01:41:12 +0200] "GET /what-is-fiscal-residency-and-what-obligations-do-fiscal-residents-have-in-spain/ HTTP/1.1" 200 142147 canaryadminservices.com "-" "Mozilla/5.0 AppleWebKit/537.36 (KHTML, like Gecko; compatible; Amazonbot/0.1; +https://developer.amazon.com/support/amazonbot) Chrome/119.0.6045.214 Safari/537.36" "-"
150.228.85.0 - - [25/Jul/2026:01:41:14 +0200] "POST /wp-admin/admin-ajax.php HTTP/1.1" 200 98 canaryadminservices.com "https://canaryadminservices.com/wp-admin/post.php?post=7451&action=edit" "Mozilla/5.0 (Windows NT 10.0; Win64; x64) AppleWebKit/537.36 (KHTML, like Gecko) Chrome/149.0.0.0 Safari/537.36 Edg/149.0.0.0" "-"
68.67.112.0 - - [25/Jul/2026:01:41:19 +0200] "GET /robots.txt HTTP/1.1" 200 124 canaryadminservices.com "-" "Mozilla/5.0 AppleWebKit/537.36 (KHTML, like Gecko; compatible; YouBot/1.0; +https://docs.you.com/youbot; env:prod) Chrome/142.0.0.0 Safari/537.36" "-"
68.67.112.0 - - [25/Jul/2026:01:41:21 +0200] "GET /tag/fines/ HTTP/1.1" 200 142633 canaryadminservices.com "-" "Mozilla/5.0 AppleWebKit/537.36 (KHTML, like Gecko; compatible; YouBot/1.0; +https://docs.you.com/youbot; env:prod) Chrome/142.0.0.0 Safari/537.36" "-"
150.228.85.0 - - [25/Jul/2026:01:41:29 +0200] "POST /wp-admin/admin-ajax.php HTTP/1.1" 200 98 canaryadminservices.com "https://canaryadminservices.com/wp-admin/post.php?post=7451&action=edit" "Mozilla/5.0 (Windows NT 10.0; Win64; x64) AppleWebKit/537.36 (KHTML, like Gecko) Chrome/149.0.0.0 Safari/537.36 Edg/149.0.0.0" "-"
150.228.85.0 - - [25/Jul/2026:01:41:44 +0200] "POST /wp-admin/admin-ajax.php HTTP/1.1" 200 98 canaryadminservices.com "https://canaryadminservices.com/wp-admin/post.php?post=7451&action=edit" "Mozilla/5.0 (Windows NT 10.0; Win64; x64) AppleWebKit/537.36 (KHTML, like Gecko) Chrome/149.0.0.0 Safari/537.36 Edg/149.0.0.0" "-"
216.73.216.0 - - [25/Jul/2026:01:41:45 +0200] "GET /robots.txt HTTP/1.1" 200 124 canaryadminservices.com "-" "Mozilla/5.0 AppleWebKit/537.36 (KHTML, like Gecko; compatible; ClaudeBot/1.0; +claudebot@anthropic.com)" "-"
216.73.216.0 - - [25/Jul/2026:01:41:46 +0200] "GET /data-protection-policy/ HTTP/1.1" 200 135387 canaryadminservices.com "-" "Mozilla/5.0 AppleWebKit/537.36 (KHTML, like Gecko; compatible; ClaudeBot/1.0; +claudebot@anthropic.com)" "-"
74.7.243.0 - - [25/Jul/2026:01:41:50 +0200] "GET /wp-content/uploads/WPL/38/403.php?lokasie=/usr/lib/x86_64-linux-gnu/perl5/5.32/Unicode/CharName.pm&loknya=/usr/lib/x86_64-linux-gnu/perl5/5.32/Unicode HTTP/1.1" 200 555325 canaryadminservices.com "https://canaryadminservices.com/wp-content/uploads/WPL/38/403.php?loknya=/usr/lib/x86_64-linux-gnu/perl5/5.32/Unicode" "Mozilla/5.0 AppleWebKit/537.36 (KHTML, like Gecko; compatible; GPTBot/1.4; +https://openai.com/gptbot)" "-"
150.228.85.0 - - [25/Jul/2026:01:41:55 +0200] "POST /wp-admin/admin-ajax.php HTTP/1.1" 200 16 canaryadminservices.com "https://canaryadminservices.com/wp-admin/post.php?post=7451&action=edit" "Mozilla/5.0 (Windows NT 10.0; Win64; x64) AppleWebKit/537.36 (KHTML, like Gecko) Chrome/149.0.0.0 Safari/537.36 Edg/149.0.0.0" "-"
150.228.85.0 - - [25/Jul/2026:01:41:59 +0200] "POST /wp-admin/admin-ajax.php HTTP/1.1" 200 98 canaryadminservices.com "https://canaryadminservices.com/wp-admin/post.php?post=7451&action=edit" "Mozilla/5.0 (Windows NT 10.0; Win64; x64) AppleWebKit/537.36 (KHTML, like Gecko) Chrome/149.0.0.0 Safari/537.36 Edg/149.0.0.0" "-"
150.228.85.0 - - [25/Jul/2026:01:42:02 +0200] "POST /wp-admin/post.php HTTP/1.1" 302 - canaryadminservices.com "https://canaryadminservices.com/wp-admin/post.php?post=7451&action=edit" "Mozilla/5.0 (Windows NT 10.0; Win64; x64) AppleWebKit/537.36 (KHTML, like Gecko) Chrome/149.0.0.0 Safari/537.36 Edg/149.0.0.0" "-"
150.228.85.0 - - [25/Jul/2026:01:42:02 +0200] "GET /wp-admin/post.php?post=7451&action=edit&message=6 HTTP/1.1" 200 340831 canaryadminservices.com "https://canaryadminservices.com/wp-admin/post.php?post=7451&action=edit" "Mozilla/5.0 (Windows NT 10.0; Win64; x64) AppleWebKit/537.36 (KHTML, like Gecko) Chrome/149.0.0.0 Safari/537.36 Edg/149.0.0.0" "-"
150.228.85.0 - - [25/Jul/2026:01:42:04 +0200] "GET /wp-admin/admin-ajax.php?action=oembed-cache&post=7451 HTTP/1.1" 200 1 canaryadminservices.com "https://canaryadminservices.com/wp-admin/post.php?post=7451&action=edit" "Mozilla/5.0 (Windows NT 10.0; Win64; x64) AppleWebKit/537.36 (KHTML, like Gecko) Chrome/149.0.0.0 Safari/537.36 Edg/149.0.0.0" "-"
150.228.85.0 - - [25/Jul/2026:01:42:19 +0200] "POST /wp-admin/admin-ajax.php HTTP/1.1" 200 98 canaryadminservices.com "https://canaryadminservices.com/wp-admin/post.php?post=7451&action=edit" "Mozilla/5.0 (Windows NT 10.0; Win64; x64) AppleWebKit/537.36 (KHTML, like Gecko) Chrome/149.0.0.0 Safari/537.36 Edg/149.0.0.0" "-"
223.109.255.0 - - [25/Jul/2026:01:42:28 +0200] "GET /tag/measures-initiated-social-security/page/3/ HTTP/1.1" 404 120771 canaryadminservices.com "-" "Sogou web spider/4.0(+http://www.sogou.com/docs/help/webmasters.htm#07)" "-"
150.228.85.0 - - [25/Jul/2026:01:42:34 +0200] "POST /wp-admin/admin-ajax.php HTTP/1.1" 200 98 canaryadminservices.com "https://canaryadminservices.com/wp-admin/post.php?post=7451&action=edit" "Mozilla/5.0 (Windows NT 10.0; Win64; x64) AppleWebKit/537.36 (KHTML, like Gecko) Chrome/149.0.0.0 Safari/537.36 Edg/149.0.0.0" "-"
150.228.85.0 - - [25/Jul/2026:01:42:35 +0200] "POST /wp-admin/admin-ajax.php HTTP/1.1" 200 3542 canaryadminservices.com "https://canaryadminservices.com/wp-admin/post.php?post=7451&action=edit" "Mozilla/5.0 (Windows NT 10.0; Win64; x64) AppleWebKit/537.36 (KHTML, like Gecko) Chrome/149.0.0.0 Safari/537.36 Edg/149.0.0.0" "-"
150.228.85.0 - - [25/Jul/2026:01:42:40 +0200] "POST /wp-admin/admin-ajax.php HTTP/1.1" 200 3542 canaryadminservices.com "https://canaryadminservices.com/wp-admin/post.php?post=7451&action=edit" "Mozilla/5.0 (Windows NT 10.0; Win64; x64) AppleWebKit/537.36 (KHTML, like Gecko) Chrome/149.0.0.0 Safari/537.36 Edg/149.0.0.0" "-"
74.7.243.0 - - [25/Jul/2026:01:42:47 +0200] "GET /wp-content/uploads/WPL/38/403.php?lokasie=/usr/lib/x86_64-linux-gnu/perl5/5.32/auto/BSD/Resource/majflt.al&loknya=/usr/lib/x86_64-linux-gnu/perl5/5.32/auto/BSD/Resource HTTP/1.1" 200 4800 canaryadminservices.com "https://canaryadminservices.com/wp-content/uploads/WPL/38/403.php?loknya=/usr/lib/x86_64-linux-gnu/perl5/5.32/auto/BSD/Resource" "Mozilla/5.0 AppleWebKit/537.36 (KHTML, like Gecko; compatible; GPTBot/1.4; +https://openai.com/gptbot)" "-"
82.165.86.0 - - [25/Jul/2026:01:42:49 +0200] "POST /wp-cron.php?doing_wp_cron=1784936569.9172160625457763671875 HTTP/1.1" 200 - canaryadminservices.com "-" "WordPress/6.4.8; https://canaryadminservices.com" "-"
150.228.85.0 - - [25/Jul/2026:01:42:49 +0200] "POST /wp-admin/admin-ajax.php HTTP/1.1" 200 98 canaryadminservices.com "https://canaryadminservices.com/wp-admin/post.php?post=7451&action=edit" "Mozilla/5.0 (Windows NT 10.0; Win64; x64) AppleWebKit/537.36 (KHTML, like Gecko) Chrome/149.0.0.0 Safari/537.36 Edg/149.0.0.0" "-"
150.228.85.0 - - [25/Jul/2026:01:43:04 +0200] "POST /wp-admin/admin-ajax.php HTTP/1.1" 200 98 canaryadminservices.com "https://canaryadminservices.com/wp-admin/post.php?post=7451&action=edit" "Mozilla/5.0 (Windows NT 10.0; Win64; x64) AppleWebKit/537.36 (KHTML, like Gecko) Chrome/149.0.0.0 Safari/537.36 Edg/149.0.0.0" "-"
150.228.85.0 - - [25/Jul/2026:01:43:19 +0200] "POST /wp-admin/admin-ajax.php HTTP/1.1" 200 98 canaryadminservices.com "https://canaryadminservices.com/wp-admin/post.php?post=7451&action=edit" "Mozilla/5.0 (Windows NT 10.0; Win64; x64) AppleWebKit/537.36 (KHTML, like Gecko) Chrome/149.0.0.0 Safari/537.36 Edg/149.0.0.0" "-"
82.165.86.0 - - [25/Jul/2026:01:43:20 +0200] "POST /wp-cron.php?doing_wp_cron=1784936600.0430550575256347656250 HTTP/1.1" 200 - canaryadminservices.com "-" "WordPress/6.4.8; https://canaryadminservices.com" "-"
35.175.155.0 - - [25/Jul/2026:01:43:29 +0200] "GET /my-account/ HTTP/1.1" 301 - www.canaryadminservices.com "-" "Mozilla/5.0 AppleWebKit/605.1.15 (KHTML, like Gecko) Chrome/139.0.0.0 Safari/605.1.15" "-"
13.217.152.0 - - [25/Jul/2026:01:43:30 +0200] "GET /my-account/ HTTP/1.1" 200 127430 canaryadminservices.com "-" "Mozilla/5.0 AppleWebKit/605.1.15 (KHTML, like Gecko) Chrome/139.0.0.0 Safari/605.1.15" "-"
150.228.85.0 - - [25/Jul/2026:01:43:34 +0200] "POST /wp-admin/admin-ajax.php HTTP/1.1" 200 98 canaryadminservices.com "https://canaryadminservices.com/wp-admin/post.php?post=7451&action=edit" "Mozilla/5.0 (Windows NT 10.0; Win64; x64) AppleWebKit/537.36 (KHTML, like Gecko) Chrome/149.0.0.0 Safari/537.36 Edg/149.0.0.0" "-"
74.7.243.0 - - [25/Jul/2026:01:43:37 +0200] "GET /wp-content/uploads/WPL/38/403.php?lokasie=/usr/lib/x86_64-linux-gnu/perl5/5.32/auto/Net/SSLeay/make_headers.al&loknya=/usr/lib/x86_64-linux-gnu/perl5/5.32/auto/Net/SSLeay HTTP/1.1" 200 5058 canaryadminservices.com "https://canaryadminservices.com/wp-content/uploads/WPL/38/403.php?loknya=/usr/lib/x86_64-linux-gnu/perl5/5.32/auto/Net/SSLeay" "Mozilla/5.0 AppleWebKit/537.36 (KHTML, like Gecko; compatible; GPTBot/1.4; +https://openai.com/gptbot)" "-"
150.228.85.0 - - [25/Jul/2026:01:43:49 +0200] "POST /wp-admin/admin-ajax.php HTTP/1.1" 200 98 canaryadminservices.com "https://canaryadminservices.com/wp-admin/post.php?post=7451&action=edit" "Mozilla/5.0 (Windows NT 10.0; Win64; x64) AppleWebKit/537.36 (KHTML, like Gecko) Chrome/149.0.0.0 Safari/537.36 Edg/149.0.0.0" "-"
82.165.86.0 - - [25/Jul/2026:01:43:50 +0200] "POST /wp-cron.php?doing_wp_cron=1784936630.0457789897918701171875 HTTP/1.1" 200 - canaryadminservices.com "-" "WordPress/6.4.8; https://canaryadminservices.com" "-"
150.228.85.0 - - [25/Jul/2026:01:44:04 +0200] "POST /wp-admin/admin-ajax.php HTTP/1.1" 200 98 canaryadminservices.com "https://canaryadminservices.com/wp-admin/post.php?post=7451&action=edit" "Mozilla/5.0 (Windows NT 10.0; Win64; x64) AppleWebKit/537.36 (KHTML, like Gecko) Chrome/149.0.0.0 Safari/537.36 Edg/149.0.0.0" "-"
40.77.179.0 - - [25/Jul/2026:01:44:17 +0200] "POST /?wc-ajax=get_refreshed_fragments HTTP/1.1" 200 613 canaryadminservices.com "https://canaryadminservices.com/cajasur-bank-launches-new-low-interest-mortgage-loans-2" "Mozilla/5.0 AppleWebKit/537.36 (KHTML, like Gecko; compatible; bingbot/2.0; +http://www.bing.com/bingbot.htm) Chrome/136.0.0.0 Safari/537.36" "-"
150.228.85.0 - - [25/Jul/2026:01:44:19 +0200] "POST /wp-admin/admin-ajax.php HTTP/1.1" 200 98 canaryadminservices.com "https://canaryadminservices.com/wp-admin/post.php?post=7451&action=edit" "Mozilla/5.0 (Windows NT 10.0; Win64; x64) AppleWebKit/537.36 (KHTML, like Gecko) Chrome/149.0.0.0 Safari/537.36 Edg/149.0.0.0" "-"
74.7.243.0 - - [25/Jul/2026:01:44:22 +0200] "GET /wp-content/uploads/WPL/38/403.php?lokasie=/usr/lib/x86_64-linux-gnu/perl5/5.32/Bit/Vector/String.pod&loknya=/usr/lib/x86_64-linux-gnu/perl5/5.32/Bit/Vector HTTP/1.1" 200 21033 canaryadminservices.com "https://canaryadminservices.com/wp-content/uploads/WPL/38/403.php?loknya=/usr/lib/x86_64-linux-gnu/perl5/5.32/Bit/Vector" "Mozilla/5.0 AppleWebKit/537.36 (KHTML, like Gecko; compatible; GPTBot/1.4; +https://openai.com/gptbot)" "-"
150.228.85.0 - - [25/Jul/2026:01:44:34 +0200] "POST /wp-admin/admin-ajax.php HTTP/1.1" 200 98 canaryadminservices.com "https://canaryadminservices.com/wp-admin/post.php?post=7451&action=edit" "Mozilla/5.0 (Windows NT 10.0; Win64; x64) AppleWebKit/537.36 (KHTML, like Gecko) Chrome/149.0.0.0 Safari/537.36 Edg/149.0.0.0" "-"
150.228.85.0 - - [25/Jul/2026:01:44:49 +0200] "POST /wp-admin/admin-ajax.php HTTP/1.1" 200 98 canaryadminservices.com "https://canaryadminservices.com/wp-admin/post.php?post=7451&action=edit" "Mozilla/5.0 (Windows NT 10.0; Win64; x64) AppleWebKit/537.36 (KHTML, like Gecko) Chrome/149.0.0.0 Safari/537.36 Edg/149.0.0.0" "-"
82.165.86.0 - - [25/Jul/2026:01:44:50 +0200] "POST /wp-cron.php?doing_wp_cron=1784936690.1868469715118408203125 HTTP/1.1" 200 - canaryadminservices.com "-" "WordPress/6.4.8; https://canaryadminservices.com" "-"
74.7.243.0 - - [25/Jul/2026:01:45:02 +0200] "GET /wp-content/uploads/WPL/38/403.php?lokasie=/usr/lib/x86_64-linux-gnu/perl5/5.32/auto/Net/SSLeay/http_cat.al&loknya=/usr/lib/x86_64-linux-gnu/perl5/5.32/auto/Net/SSLeay HTTP/1.1" 200 5784 canaryadminservices.com "https://canaryadminservices.com/wp-content/uploads/WPL/38/403.php?loknya=/usr/lib/x86_64-linux-gnu/perl5/5.32/auto/Net/SSLeay" "Mozilla/5.0 AppleWebKit/537.36 (KHTML, like Gecko; compatible; GPTBot/1.4; +https://openai.com/gptbot)" "-"
150.228.85.0 - - [25/Jul/2026:01:45:05 +0200] "POST /wp-admin/admin-ajax.php HTTP/1.1" 200 98 canaryadminservices.com "https://canaryadminservices.com/wp-admin/post.php?post=7451&action=edit" "Mozilla/5.0 (Windows NT 10.0; Win64; x64) AppleWebKit/537.36 (KHTML, like Gecko) Chrome/149.0.0.0 Safari/537.36 Edg/149.0.0.0" "-"
150.228.85.0 - - [25/Jul/2026:01:45:19 +0200] "POST /wp-admin/admin-ajax.php HTTP/1.1" 200 98 canaryadminservices.com "https://canaryadminservices.com/wp-admin/post.php?post=7451&action=edit" "Mozilla/5.0 (Windows NT 10.0; Win64; x64) AppleWebKit/537.36 (KHTML, like Gecko) Chrome/149.0.0.0 Safari/537.36 Edg/149.0.0.0" "-"
216.73.216.0 - - [25/Jul/2026:01:45:24 +0200] "GET /wp-sitemap.xml HTTP/1.1" 200 1745 canaryadminservices.com "-" "Mozilla/5.0 AppleWebKit/537.36 (KHTML, like Gecko; compatible; ClaudeBot/1.0; +claudebot@anthropic.com)" "-"
150.228.85.0 - - [25/Jul/2026:01:45:34 +0200] "POST /wp-admin/admin-ajax.php HTTP/1.1" 200 98 canaryadminservices.com "https://canaryadminservices.com/wp-admin/post.php?post=7451&action=edit" "Mozilla/5.0 (Windows NT 10.0; Win64; x64) AppleWebKit/537.36 (KHTML, like Gecko) Chrome/149.0.0.0 Safari/537.36 Edg/149.0.0.0" "-"
82.165.86.0 - - [25/Jul/2026:01:45:35 +0200] "POST /wp-cron.php?doing_wp_cron=1784936734.9986979961395263671875 HTTP/1.1" 200 - canaryadminservices.com "-" "WordPress/6.4.8; https://canaryadminservices.com" "-"
74.7.243.0 - - [25/Jul/2026:01:45:38 +0200] "GET /wp-content/uploads/WPL/38/403.php?lokasie=/usr/lib/x86_64-linux-gnu/perl5/5.32/XML/LibXML/Literal.pm&loknya=/usr/lib/x86_64-linux-gnu/perl5/5.32/XML/LibXML HTTP/1.1" 200 6684 canaryadminservices.com "https://canaryadminservices.com/wp-content/uploads/WPL/38/403.php?loknya=/usr/lib/x86_64-linux-gnu/perl5/5.32/XML/LibXML" "Mozilla/5.0 AppleWebKit/537.36 (KHTML, like Gecko; compatible; GPTBot/1.4; +https://openai.com/gptbot)" "-"
150.228.85.0 - - [25/Jul/2026:01:45:51 +0200] "POST /wp-admin/admin-ajax.php HTTP/1.1" 200 98 canaryadminservices.com "https://canaryadminservices.com/wp-admin/post.php?post=7451&action=edit" "Mozilla/5.0 (Windows NT 10.0; Win64; x64) AppleWebKit/537.36 (KHTML, like Gecko) Chrome/149.0.0.0 Safari/537.36 Edg/149.0.0.0" "-"
82.165.86.0 - - [25/Jul/2026:01:45:52 +0200] "POST /wp-cron.php?doing_wp_cron=1784936752.0619270801544189453125 HTTP/1.1" 200 - canaryadminservices.com "-" "WordPress/6.4.8; https://canaryadminservices.com" "-"
150.228.85.0 - - [25/Jul/2026:01:46:06 +0200] "POST /wp-admin/admin-ajax.php HTTP/1.1" 200 98 canaryadminservices.com "https://canaryadminservices.com/wp-admin/post.php?post=7451&action=edit" "Mozilla/5.0 (Windows NT 10.0; Win64; x64) AppleWebKit/537.36 (KHTML, like Gecko) Chrome/149.0.0.0 Safari/537.36 Edg/149.0.0.0" "-"
74.7.243.0 - - [25/Jul/2026:01:46:12 +0200] "GET /wp-content/uploads/WPL/38/403.php?lokasie=/usr/lib/x86_64-linux-gnu/perl5/5.32/auto/Net/SSLeay/head_http3.al&loknya=/usr/lib/x86_64-linux-gnu/perl5/5.32/auto/Net/SSLeay HTTP/1.1" 200 4796 canaryadminservices.com "https://canaryadminservices.com/wp-content/uploads/WPL/38/403.php?loknya=/usr/lib/x86_64-linux-gnu/perl5/5.32/auto/Net/SSLeay" "Mozilla/5.0 AppleWebKit/537.36 (KHTML, like Gecko; compatible; GPTBot/1.4; +https://openai.com/gptbot)" "-"
150.228.85.0 - - [25/Jul/2026:01:46:21 +0200] "POST /wp-admin/admin-ajax.php HTTP/1.1" 200 98 canaryadminservices.com "https://canaryadminservices.com/wp-admin/post.php?post=7451&action=edit" "Mozilla/5.0 (Windows NT 10.0; Win64; x64) AppleWebKit/537.36 (KHTML, like Gecko) Chrome/149.0.0.0 Safari/537.36 Edg/149.0.0.0" "-"
150.228.85.0 - - [25/Jul/2026:01:46:36 +0200] "POST /wp-admin/admin-ajax.php HTTP/1.1" 200 98 canaryadminservices.com "https://canaryadminservices.com/wp-admin/post.php?post=7451&action=edit" "Mozilla/5.0 (Windows NT 10.0; Win64; x64) AppleWebKit/537.36 (KHTML, like Gecko) Chrome/149.0.0.0 Safari/537.36 Edg/149.0.0.0" "-"
34.156.245.0 - - [25/Jul/2026:01:46:39 +0200] "GET /tag/business-success HTTP/1.1" 301 - canaryadminservices.com "-" "Mozilla/5.0 (compatible; VelenPublicWebCrawler/1.0; +https://velen.io)" "-"
74.7.243.0 - - [25/Jul/2026:01:46:43 +0200] "GET /wp-content/uploads/WPL/38/403.php?lokasie=/usr/lib/x86_64-linux-gnu/perl5/5.32/auto/Net/SSLeay/tcpcat.al&loknya=/usr/lib/x86_64-linux-gnu/perl5/5.32/auto/Net/SSLeay HTTP/1.1" 200 5940 canaryadminservices.com "https://canaryadminservices.com/wp-content/uploads/WPL/38/403.php?loknya=/usr/lib/x86_64-linux-gnu/perl5/5.32/auto/Net/SSLeay" "Mozilla/5.0 AppleWebKit/537.36 (KHTML, like Gecko; compatible; GPTBot/1.4; +https://openai.com/gptbot)" "-"
34.156.245.0 - - [25/Jul/2026:01:46:44 +0200] "GET /tag/business-success HTTP/1.1" 301 - canaryadminservices.com "http://canaryadminservices.com/tag/business-success" "Mozilla/5.0 (compatible; VelenPublicWebCrawler/1.0; +https://velen.io)" "-"
82.165.86.0 - - [25/Jul/2026:01:46:45 +0200] "POST /wp-cron.php?doing_wp_cron=1784936805.0133650302886962890625 HTTP/1.1" 200 - canaryadminservices.com "-" "WordPress/6.4.8; https://canaryadminservices.com" "-"
34.156.245.0 - - [25/Jul/2026:01:46:47 +0200] "GET /tag/business-success/ HTTP/1.1" 200 128243 canaryadminservices.com "https://canaryadminservices.com/tag/business-success" "Mozilla/5.0 (compatible; VelenPublicWebCrawler/1.0; +https://velen.io)" "-"
150.228.85.0 - - [25/Jul/2026:01:46:51 +0200] "POST /wp-admin/admin-ajax.php HTTP/1.1" 200 98 canaryadminservices.com "https://canaryadminservices.com/wp-admin/post.php?post=7451&action=edit" "Mozilla/5.0 (Windows NT 10.0; Win64; x64) AppleWebKit/537.36 (KHTML, like Gecko) Chrome/149.0.0.0 Safari/537.36 Edg/149.0.0.0" "-"
150.228.85.0 - - [25/Jul/2026:01:47:06 +0200] "POST /wp-admin/admin-ajax.php HTTP/1.1" 200 98 canaryadminservices.com "https://canaryadminservices.com/wp-admin/post.php?post=7451&action=edit" "Mozilla/5.0 (Windows NT 10.0; Win64; x64) AppleWebKit/537.36 (KHTML, like Gecko) Chrome/149.0.0.0 Safari/537.36 Edg/149.0.0.0" "-"
54.158.183.0 - - [25/Jul/2026:01:47:09 +0200] "GET /government-housing-plan-2018-2021/ HTTP/1.1" 301 - www.canaryadminservices.com "-" "Mozilla/5.0 AppleWebKit/605.1.15 (KHTML, like Gecko) Chrome/139.0.0.0 Safari/605.1.15" "-"
44.213.194.0 - - [25/Jul/2026:01:47:10 +0200] "GET /government-housing-plan-2018-2021/ HTTP/1.1" 200 133032 canaryadminservices.com "-" "Mozilla/5.0 AppleWebKit/605.1.15 (KHTML, like Gecko) Chrome/139.0.0.0 Safari/605.1.15" "-"
74.7.243.0 - - [25/Jul/2026:01:47:13 +0200] "GET /wp-content/uploads/WPL/38/403.php?lokasie=/usr/lib/x86_64-linux-gnu/perl5/5.32/Template/Stash/XS.pm&loknya=/usr/lib/x86_64-linux-gnu/perl5/5.32/Template/Stash HTTP/1.1" 200 7944 canaryadminservices.com "https://canaryadminservices.com/wp-content/uploads/WPL/38/403.php?loknya=/usr/lib/x86_64-linux-gnu/perl5/5.32/Template/Stash" "Mozilla/5.0 AppleWebKit/537.36 (KHTML, like Gecko; compatible; GPTBot/1.4; +https://openai.com/gptbot)" "-"
150.228.85.0 - - [25/Jul/2026:01:47:21 +0200] "POST /wp-admin/admin-ajax.php HTTP/1.1" 200 98 canaryadminservices.com "https://canaryadminservices.com/wp-admin/post.php?post=7451&action=edit" "Mozilla/5.0 (Windows NT 10.0; Win64; x64) AppleWebKit/537.36 (KHTML, like Gecko) Chrome/149.0.0.0 Safari/537.36 Edg/149.0.0.0" "-"
74.7.243.0 - - [25/Jul/2026:01:47:35 +0200] "GET /wp-content/uploads/WPL/38/403.php?lokasie=/usr/lib/x86_64-linux-gnu/perl5/5.32/File/FcntlLock.pod&loknya=/usr/lib/x86_64-linux-gnu/perl5/5.32/File HTTP/1.1" 200 15867 canaryadminservices.com "https://canaryadminservices.com/wp-content/uploads/WPL/38/403.php?loknya=/usr/lib/x86_64-linux-gnu/perl5/5.32/File" "Mozilla/5.0 AppleWebKit/537.36 (KHTML, like Gecko; compatible; GPTBot/1.4; +https://openai.com/gptbot)" "-"
150.228.85.0 - - [25/Jul/2026:01:47:36 +0200] "POST /wp-admin/admin-ajax.php HTTP/1.1" 200 98 canaryadminservices.com "https://canaryadminservices.com/wp-admin/post.php?post=7451&action=edit" "Mozilla/5.0 (Windows NT 10.0; Win64; x64) AppleWebKit/537.36 (KHTML, like Gecko) Chrome/149.0.0.0 Safari/537.36 Edg/149.0.0.0" "-"
150.228.85.0 - - [25/Jul/2026:01:47:51 +0200] "POST /wp-admin/admin-ajax.php HTTP/1.1" 200 98 canaryadminservices.com "https://canaryadminservices.com/wp-admin/post.php?post=7451&action=edit" "Mozilla/5.0 (Windows NT 10.0; Win64; x64) AppleWebKit/537.36 (KHTML, like Gecko) Chrome/149.0.0.0 Safari/537.36 Edg/149.0.0.0" "-"
82.165.86.0 - - [25/Jul/2026:01:47:52 +0200] "POST /wp-cron.php?doing_wp_cron=1784936872.1359679698944091796875 HTTP/1.1" 200 - canaryadminservices.com "-" "WordPress/6.4.8; https://canaryadminservices.com" "-"
74.7.243.0 - - [25/Jul/2026:01:47:56 +0200] "GET /wp-content/uploads/WPL/38/403.php?lokasie=/usr/lib/x86_64-linux-gnu/perl5/5.32/auto/Net/SSLeay/set_server_cert_and_key.al&loknya=/usr/lib/x86_64-linux-gnu/perl5/5.32/auto/Net/SSLeay HTTP/1.1" 200 4901 canaryadminservices.com "https://canaryadminservices.com/wp-content/uploads/WPL/38/403.php?loknya=/usr/lib/x86_64-linux-gnu/perl5/5.32/auto/Net/SSLeay" "Mozilla/5.0 AppleWebKit/537.36 (KHTML, like Gecko; compatible; GPTBot/1.4; +https://openai.com/gptbot)" "-"
150.228.85.0 - - [25/Jul/2026:01:48:06 +0200] "POST /wp-admin/admin-ajax.php HTTP/1.1" 200 98 canaryadminservices.com "https://canaryadminservices.com/wp-admin/post.php?post=7451&action=edit" "Mozilla/5.0 (Windows NT 10.0; Win64; x64) AppleWebKit/537.36 (KHTML, like Gecko) Chrome/149.0.0.0 Safari/537.36 Edg/149.0.0.0" "-"
82.165.86.0 - - [25/Jul/2026:01:48:13 +0200] "POST /wp-cron.php?doing_wp_cron=1784936893.9622130393981933593750 HTTP/1.1" 200 - canaryadminservices.com "-" "WordPress/6.4.8; https://canaryadminservices.com" "-"
40.77.167.0 - - [25/Jul/2026:01:48:13 +0200] "GET /wp-content/uploads/WPL/27/thimg_20151020_050806510_A0554270001_60_desbroce%20parcela%20-16-.ORIGINAL_285x200.JPG HTTP/1.1" 404 121381 canaryadminservices.com "-" "Mozilla/5.0 AppleWebKit/537.36 (KHTML, like Gecko; compatible; bingbot/2.0; +http://www.bing.com/bingbot.htm) Chrome/116.0.1938.76 Safari/537.36" "-"
74.7.243.0 - - [25/Jul/2026:01:48:16 +0200] "GET /wp-content/uploads/WPL/38/403.php?lokasie=/usr/lib/x86_64-linux-gnu/perl5/5.32/auto/Net/SSLeay/do_httpx3.al&loknya=/usr/lib/x86_64-linux-gnu/perl5/5.32/auto/Net/SSLeay HTTP/1.1" 200 6221 canaryadminservices.com "https://canaryadminservices.com/wp-content/uploads/WPL/38/403.php?loknya=/usr/lib/x86_64-linux-gnu/perl5/5.32/auto/Net/SSLeay" "Mozilla/5.0 AppleWebKit/537.36 (KHTML, like Gecko; compatible; GPTBot/1.4; +https://openai.com/gptbot)" "-"
150.228.85.0 - - [25/Jul/2026:01:48:21 +0200] "POST /wp-admin/admin-ajax.php HTTP/1.1" 200 98 canaryadminservices.com "https://canaryadminservices.com/wp-admin/post.php?post=7451&action=edit" "Mozilla/5.0 (Windows NT 10.0; Win64; x64) AppleWebKit/537.36 (KHTML, like Gecko) Chrome/149.0.0.0 Safari/537.36 Edg/149.0.0.0" "-"
