74.7.243.0 - - [25/Jul/2026:01:48:33 +0200] "GET /wp-content/uploads/WPL/38/403.php?lokasie=/usr/lib/x86_64-linux-gnu/perl5/5.32/Template//Exception.pm&loknya=/usr/lib/x86_64-linux-gnu/perl5/5.32/Template/ HTTP/1.1" 200 11126 canaryadminservices.com "https://canaryadminservices.com/wp-content/uploads/WPL/38/403.php?loknya=/usr/lib/x86_64-linux-gnu/perl5/5.32/Template/" "Mozilla/5.0 AppleWebKit/537.36 (KHTML, like Gecko; compatible; GPTBot/1.4; +https://openai.com/gptbot)" "-"
150.228.85.0 - - [25/Jul/2026:01:48:36 +0200] "POST /wp-admin/admin-ajax.php HTTP/1.1" 200 98 canaryadminservices.com "https://canaryadminservices.com/wp-admin/post.php?post=7451&action=edit" "Mozilla/5.0 (Windows NT 10.0; Win64; x64) AppleWebKit/537.36 (KHTML, like Gecko) Chrome/149.0.0.0 Safari/537.36 Edg/149.0.0.0" "-"
54.37.118.0 - - [25/Jul/2026:01:48:37 +0200] "GET /wp-sitemap.xml HTTP/1.1" 200 1745 canaryadminservices.com "-" "Mozilla/5.0 (compatible; AhrefsBot/7.0; +http://ahrefs.com/robot/)" "-"
5.39.1.0 - - [25/Jul/2026:01:48:39 +0200] "GET /es/wp-sitemap-posts-post-1.xml HTTP/1.1" 200 1217 canaryadminservices.com "-" "Mozilla/5.0 (compatible; AhrefsBot/7.0; +http://ahrefs.com/robot/)" "-"
82.165.86.0 - - [25/Jul/2026:01:48:41 +0200] "POST /wp-cron.php?doing_wp_cron=1784936921.7537689208984375000000 HTTP/1.1" 200 - canaryadminservices.com "-" "WordPress/6.4.8; https://canaryadminservices.com" "-"
94.23.188.0 - - [25/Jul/2026:01:48:41 +0200] "GET /wp-sitemap-posts-post-1.xml HTTP/1.1" 200 19345 canaryadminservices.com "-" "Mozilla/5.0 (compatible; AhrefsBot/7.0; +http://ahrefs.com/robot/)" "-"
176.31.139.0 - - [25/Jul/2026:01:48:43 +0200] "GET /es/wp-sitemap-posts-page-1.xml HTTP/1.1" 200 1210 canaryadminservices.com "-" "Mozilla/5.0 (compatible; AhrefsBot/7.0; +http://ahrefs.com/robot/)" "-"
92.222.104.0 - - [25/Jul/2026:01:48:48 +0200] "GET /wp-sitemap-posts-page-1.xml HTTP/1.1" 200 9390 canaryadminservices.com "-" "Mozilla/5.0 (compatible; AhrefsBot/7.0; +http://ahrefs.com/robot/)" "-"
74.7.243.0 - - [25/Jul/2026:01:48:49 +0200] "GET /wp-content/uploads/WPL/38/403.php?lokasie=/usr/lib/x86_64-linux-gnu/perl5/5.32/auto/BSD/Resource/oublock.al&loknya=/usr/lib/x86_64-linux-gnu/perl5/5.32/auto/BSD/Resource HTTP/1.1" 200 4803 canaryadminservices.com "https://canaryadminservices.com/wp-content/uploads/WPL/38/403.php?loknya=/usr/lib/x86_64-linux-gnu/perl5/5.32/auto/BSD/Resource" "Mozilla/5.0 AppleWebKit/537.36 (KHTML, like Gecko; compatible; GPTBot/1.4; +https://openai.com/gptbot)" "-"
217.66.243.0 - - [25/Jul/2026:01:48:49 +0200] "GET /tag/lose-sleep/page/30/ HTTP/1.1" 404 121114 canaryadminservices.com "-" "Mozilla/5.0 (Windows NT 10.0; Win64; x64) AppleWebKit/537.36 (KHTML, like Gecko) Chrome/98.0.4758.87 Safari/537.36" "-"
92.222.108.0 - - [25/Jul/2026:01:48:50 +0200] "GET /wp-sitemap-posts-product-1.xml HTTP/1.1" 200 769 canaryadminservices.com "-" "Mozilla/5.0 (compatible; AhrefsBot/7.0; +http://ahrefs.com/robot/)" "-"
150.228.85.0 - - [25/Jul/2026:01:48:51 +0200] "POST /wp-admin/admin-ajax.php HTTP/1.1" 200 98 canaryadminservices.com "https://canaryadminservices.com/wp-admin/post.php?post=7451&action=edit" "Mozilla/5.0 (Windows NT 10.0; Win64; x64) AppleWebKit/537.36 (KHTML, like Gecko) Chrome/149.0.0.0 Safari/537.36 Edg/149.0.0.0" "-"
5.39.1.0 - - [25/Jul/2026:01:48:52 +0200] "GET /wp-sitemap-posts-defaultitems-1.xml HTTP/1.1" 200 1154 canaryadminservices.com "-" "Mozilla/5.0 (compatible; AhrefsBot/7.0; +http://ahrefs.com/robot/)" "-"
5.39.1.0 - - [25/Jul/2026:01:48:55 +0200] "GET /es/wp-sitemap-taxonomies-category-1.xml HTTP/1.1" 200 517 canaryadminservices.com "-" "Mozilla/5.0 (compatible; AhrefsBot/7.0; +http://ahrefs.com/robot/)" "-"
5.39.1.0 - - [25/Jul/2026:01:48:57 +0200] "GET /wp-sitemap-taxonomies-category-1.xml HTTP/1.1" 200 1496 canaryadminservices.com "-" "Mozilla/5.0 (compatible; AhrefsBot/7.0; +http://ahrefs.com/robot/)" "-"
51.75.236.0 - - [25/Jul/2026:01:48:59 +0200] "GET /es/wp-sitemap-taxonomies-post_tag-1.xml HTTP/1.1" 200 1254 canaryadminservices.com "-" "Mozilla/5.0 (compatible; AhrefsBot/7.0; +http://ahrefs.com/robot/)" "-"
51.75.236.0 - - [25/Jul/2026:01:49:01 +0200] "GET /wp-sitemap-taxonomies-post_tag-1.xml HTTP/1.1" 200 67314 canaryadminservices.com "-" "Mozilla/5.0 (compatible; AhrefsBot/7.0; +http://ahrefs.com/robot/)" "-"
74.7.243.0 - - [25/Jul/2026:01:49:04 +0200] "GET /wp-content/uploads/WPL/38/403.php?lokasie=/usr/lib/x86_64-linux-gnu/perl/5.32.1/bits/types/struct_osockaddr.ph&loknya=/usr/lib/x86_64-linux-gnu/perl/5.32.1/bits/types HTTP/1.1" 200 4599 canaryadminservices.com "https://canaryadminservices.com/wp-content/uploads/WPL/38/403.php?loknya=/usr/lib/x86_64-linux-gnu/perl/5.32.1/bits/types" "Mozilla/5.0 AppleWebKit/537.36 (KHTML, like Gecko; compatible; GPTBot/1.4; +https://openai.com/gptbot)" "-"
51.68.247.0 - - [25/Jul/2026:01:49:04 +0200] "GET /wp-sitemap-taxonomies-post_format-1.xml HTTP/1.1" 200 264 canaryadminservices.com "-" "Mozilla/5.0 (compatible; AhrefsBot/7.0; +http://ahrefs.com/robot/)" "-"
51.68.247.0 - - [25/Jul/2026:01:49:05 +0200] "GET /wp-sitemap-taxonomies-product_cat-1.xml HTTP/1.1" 200 358 canaryadminservices.com "-" "Mozilla/5.0 (compatible; AhrefsBot/7.0; +http://ahrefs.com/robot/)" "-"
150.228.85.0 - - [25/Jul/2026:01:49:06 +0200] "POST /wp-admin/admin-ajax.php HTTP/1.1" 200 98 canaryadminservices.com "https://canaryadminservices.com/wp-admin/post.php?post=7451&action=edit" "Mozilla/5.0 (Windows NT 10.0; Win64; x64) AppleWebKit/537.36 (KHTML, like Gecko) Chrome/149.0.0.0 Safari/537.36 Edg/149.0.0.0" "-"
176.31.139.0 - - [25/Jul/2026:01:49:08 +0200] "GET /wp-sitemap-taxonomies-product_tag-1.xml HTTP/1.1" 200 3539 canaryadminservices.com "-" "Mozilla/5.0 (compatible; AhrefsBot/7.0; +http://ahrefs.com/robot/)" "-"
92.222.104.0 - - [25/Jul/2026:01:49:10 +0200] "GET /wp-sitemap-taxonomies-defaultitem_cat-1.xml HTTP/1.1" 200 527 canaryadminservices.com "-" "Mozilla/5.0 (compatible; AhrefsBot/7.0; +http://ahrefs.com/robot/)" "-"
51.75.236.0 - - [25/Jul/2026:01:49:12 +0200] "GET /es/wp-sitemap-users-1.xml HTTP/1.1" 200 292 canaryadminservices.com "-" "Mozilla/5.0 (compatible; AhrefsBot/7.0; +http://ahrefs.com/robot/)" "-"
74.7.243.0 - - [25/Jul/2026:01:49:17 +0200] "GET /wp-content/uploads/WPL/38/403.php?lokasie=/usr/lib/x86_64-linux-gnu/perl5/5.32/auto/Net/SSLeay/want_nothing.al&loknya=/usr/lib/x86_64-linux-gnu/perl5/5.32/auto/Net/SSLeay HTTP/1.1" 200 4830 canaryadminservices.com "https://canaryadminservices.com/wp-content/uploads/WPL/38/403.php?loknya=/usr/lib/x86_64-linux-gnu/perl5/5.32/auto/Net/SSLeay" "Mozilla/5.0 AppleWebKit/537.36 (KHTML, like Gecko; compatible; GPTBot/1.4; +https://openai.com/gptbot)" "-"
150.228.85.0 - - [25/Jul/2026:01:49:21 +0200] "POST /wp-admin/admin-ajax.php HTTP/1.1" 200 98 canaryadminservices.com "https://canaryadminservices.com/wp-admin/post.php?post=7451&action=edit" "Mozilla/5.0 (Windows NT 10.0; Win64; x64) AppleWebKit/537.36 (KHTML, like Gecko) Chrome/149.0.0.0 Safari/537.36 Edg/149.0.0.0" "-"
223.109.252.0 - - [25/Jul/2026:01:49:26 +0200] "GET /tag/12th-may-2019/page/30/ HTTP/1.1" 404 120711 canaryadminservices.com "-" "Sogou web spider/4.0(+http://www.sogou.com/docs/help/webmasters.htm#07)" "-"
74.7.243.0 - - [25/Jul/2026:01:49:29 +0200] "GET /wp-content/uploads/WPL/38/403.php?lokasie=/usr/lib/x86_64-linux-gnu/perl5/5.32/Template//Manual.pod&loknya=/usr/lib/x86_64-linux-gnu/perl5/5.32/Template/ HTTP/1.1" 429 267 canaryadminservices.com "https://canaryadminservices.com/wp-content/uploads/WPL/38/403.php?loknya=/usr/lib/x86_64-linux-gnu/perl5/5.32/Template/" "Mozilla/5.0 AppleWebKit/537.36 (KHTML, like Gecko; compatible; GPTBot/1.4; +https://openai.com/gptbot)" "-"
44.208.189.0 - - [25/Jul/2026:01:49:30 +0200] "GET /covid-19-extended-deadline-for-first-quarter-2020-taxes/ HTTP/1.1" 301 - www.canaryadminservices.com "-" "Mozilla/5.0 AppleWebKit/605.1.15 (KHTML, like Gecko) Chrome/139.0.0.0 Safari/605.1.15" "-"
34.235.204.0 - - [25/Jul/2026:01:49:32 +0200] "GET /covid-19-extended-deadline-for-first-quarter-2020-taxes/ HTTP/1.1" 200 136675 canaryadminservices.com "-" "Mozilla/5.0 AppleWebKit/605.1.15 (KHTML, like Gecko) Chrome/139.0.0.0 Safari/605.1.15" "-"
150.228.85.0 - - [25/Jul/2026:01:49:36 +0200] "POST /wp-admin/admin-ajax.php HTTP/1.1" 200 98 canaryadminservices.com "https://canaryadminservices.com/wp-admin/post.php?post=7451&action=edit" "Mozilla/5.0 (Windows NT 10.0; Win64; x64) AppleWebKit/537.36 (KHTML, like Gecko) Chrome/149.0.0.0 Safari/537.36 Edg/149.0.0.0" "-"
74.7.243.0 - - [25/Jul/2026:01:49:39 +0200] "GET /wp-content/uploads/WPL/38/403.php?lokasie=/usr/lib/x86_64-linux-gnu/perl5/5.32/auto/Crypt/SSLeay/SSLeay.so&loknya=/usr/lib/x86_64-linux-gnu/perl5/5.32/auto/Crypt/SSLeay HTTP/1.1" 429 267 canaryadminservices.com "https://canaryadminservices.com/wp-content/uploads/WPL/38/403.php?loknya=/usr/lib/x86_64-linux-gnu/perl5/5.32/auto/Crypt/SSLeay" "Mozilla/5.0 AppleWebKit/537.36 (KHTML, like Gecko; compatible; GPTBot/1.4; +https://openai.com/gptbot)" "-"
37.59.204.0 - - [25/Jul/2026:01:49:44 +0200] "GET /wp-sitemap-users-1.xml HTTP/1.1" 200 289 canaryadminservices.com "-" "Mozilla/5.0 (compatible; AhrefsBot/7.0; +http://ahrefs.com/robot/)" "-"
82.165.86.0 - - [25/Jul/2026:01:49:45 +0200] "POST /wp-cron.php?doing_wp_cron=1784936985.0485239028930664062500 HTTP/1.1" 200 - canaryadminservices.com "-" "WordPress/6.4.8; https://canaryadminservices.com" "-"
150.228.85.0 - - [25/Jul/2026:01:49:51 +0200] "POST /wp-admin/admin-ajax.php HTTP/1.1" 200 98 canaryadminservices.com "https://canaryadminservices.com/wp-admin/post.php?post=7451&action=edit" "Mozilla/5.0 (Windows NT 10.0; Win64; x64) AppleWebKit/537.36 (KHTML, like Gecko) Chrome/149.0.0.0 Safari/537.36 Edg/149.0.0.0" "-"
150.228.85.0 - - [25/Jul/2026:01:50:06 +0200] "POST /wp-admin/admin-ajax.php HTTP/1.1" 200 98 canaryadminservices.com "https://canaryadminservices.com/wp-admin/post.php?post=7451&action=edit" "Mozilla/5.0 (Windows NT 10.0; Win64; x64) AppleWebKit/537.36 (KHTML, like Gecko) Chrome/149.0.0.0 Safari/537.36 Edg/149.0.0.0" "-"
74.7.243.0 - - [25/Jul/2026:01:50:11 +0200] "GET /wp-content/uploads/WPL/38/403.php?lokasie=/usr/lib/x86_64-linux-gnu/perl5/5.32/Template//Context.pm&loknya=/usr/lib/x86_64-linux-gnu/perl5/5.32/Template/ HTTP/1.1" 429 267 canaryadminservices.com "https://canaryadminservices.com/wp-content/uploads/WPL/38/403.php?loknya=/usr/lib/x86_64-linux-gnu/perl5/5.32/Template/" "Mozilla/5.0 AppleWebKit/537.36 (KHTML, like Gecko; compatible; GPTBot/1.4; +https://openai.com/gptbot)" "-"
150.228.85.0 - - [25/Jul/2026:01:50:21 +0200] "POST /wp-admin/admin-ajax.php HTTP/1.1" 200 98 canaryadminservices.com "https://canaryadminservices.com/wp-admin/post.php?post=7451&action=edit" "Mozilla/5.0 (Windows NT 10.0; Win64; x64) AppleWebKit/537.36 (KHTML, like Gecko) Chrome/149.0.0.0 Safari/537.36 Edg/149.0.0.0" "-"
150.228.85.0 - - [25/Jul/2026:01:50:36 +0200] "POST /wp-admin/admin-ajax.php HTTP/1.1" 200 98 canaryadminservices.com "https://canaryadminservices.com/wp-admin/post.php?post=7451&action=edit" "Mozilla/5.0 (Windows NT 10.0; Win64; x64) AppleWebKit/537.36 (KHTML, like Gecko) Chrome/149.0.0.0 Safari/537.36 Edg/149.0.0.0" "-"
82.165.86.0 - - [25/Jul/2026:01:50:37 +0200] "POST /wp-cron.php?doing_wp_cron=1784937037.3398330211639404296875 HTTP/1.1" 200 - canaryadminservices.com "-" "WordPress/6.4.8; https://canaryadminservices.com" "-"
150.228.85.0 - - [25/Jul/2026:01:50:39 +0200] "POST /wp-admin/admin-ajax.php HTTP/1.1" 200 16 canaryadminservices.com "https://canaryadminservices.com/wp-admin/post.php?post=7451&action=edit" "Mozilla/5.0 (Windows NT 10.0; Win64; x64) AppleWebKit/537.36 (KHTML, like Gecko) Chrome/149.0.0.0 Safari/537.36 Edg/149.0.0.0" "-"
150.228.85.0 - - [25/Jul/2026:01:50:41 +0200] "POST /wp-admin/post.php HTTP/1.1" 302 - canaryadminservices.com "https://canaryadminservices.com/wp-admin/post.php?post=7451&action=edit" "Mozilla/5.0 (Windows NT 10.0; Win64; x64) AppleWebKit/537.36 (KHTML, like Gecko) Chrome/149.0.0.0 Safari/537.36 Edg/149.0.0.0" "-"
82.165.86.0 - - [25/Jul/2026:01:50:42 +0200] "POST /wp-cron.php?doing_wp_cron=1784937042.1267769336700439453125 HTTP/1.1" 200 - canaryadminservices.com "-" "WordPress/6.4.8; https://canaryadminservices.com" "-"
150.228.85.0 - - [25/Jul/2026:01:50:43 +0200] "GET /wp-admin/post.php?post=7451&action=edit&message=1 HTTP/1.1" 200 347719 canaryadminservices.com "https://canaryadminservices.com/wp-admin/post.php?post=7451&action=edit" "Mozilla/5.0 (Windows NT 10.0; Win64; x64) AppleWebKit/537.36 (KHTML, like Gecko) Chrome/149.0.0.0 Safari/537.36 Edg/149.0.0.0" "-"
150.228.85.0 - - [25/Jul/2026:01:50:44 +0200] "GET /wp-admin/admin-ajax.php?action=oembed-cache&post=7451 HTTP/1.1" 200 1 canaryadminservices.com "https://canaryadminservices.com/wp-admin/post.php?post=7451&action=edit" "Mozilla/5.0 (Windows NT 10.0; Win64; x64) AppleWebKit/537.36 (KHTML, like Gecko) Chrome/149.0.0.0 Safari/537.36 Edg/149.0.0.0" "-"
150.228.85.0 - - [25/Jul/2026:01:50:54 +0200] "GET /cookies-policy/ HTTP/1.1" 200 131202 canaryadminservices.com "https://canaryadminservices.com/es/politica-de-privacidad/" "Mozilla/5.0 (Windows NT 10.0; Win64; x64) AppleWebKit/537.36 (KHTML, like Gecko) Chrome/149.0.0.0 Safari/537.36 Edg/149.0.0.0" "-"
150.228.85.0 - - [25/Jul/2026:01:51:00 +0200] "POST /wp-admin/admin-ajax.php HTTP/1.1" 200 98 canaryadminservices.com "https://canaryadminservices.com/wp-admin/post.php?post=7451&action=edit" "Mozilla/5.0 (Windows NT 10.0; Win64; x64) AppleWebKit/537.36 (KHTML, like Gecko) Chrome/149.0.0.0 Safari/537.36 Edg/149.0.0.0" "-"
150.228.85.0 - - [25/Jul/2026:01:51:10 +0200] "POST /wp-admin/admin-ajax.php HTTP/1.1" 200 3547 canaryadminservices.com "https://canaryadminservices.com/wp-admin/post.php?post=7451&action=edit" "Mozilla/5.0 (Windows NT 10.0; Win64; x64) AppleWebKit/537.36 (KHTML, like Gecko) Chrome/149.0.0.0 Safari/537.36 Edg/149.0.0.0" "-"
74.7.243.0 - - [25/Jul/2026:01:51:12 +0200] "GET /wp-content/uploads/WPL/38/403.php?lokasie=/usr/lib/x86_64-linux-gnu/perl5/5.32/Params/ValidatePP.pm&loknya=/usr/lib/x86_64-linux-gnu/perl5/5.32/Params HTTP/1.1" 200 4478 canaryadminservices.com "https://canaryadminservices.com/wp-content/uploads/WPL/38/403.php?loknya=/usr/lib/x86_64-linux-gnu/perl5/5.32/Params" "Mozilla/5.0 AppleWebKit/537.36 (KHTML, like Gecko; compatible; GPTBot/1.4; +https://openai.com/gptbot)" "-"
150.228.85.0 - - [25/Jul/2026:01:51:15 +0200] "POST /wp-admin/admin-ajax.php HTTP/1.1" 200 98 canaryadminservices.com "https://canaryadminservices.com/wp-admin/post.php?post=7451&action=edit" "Mozilla/5.0 (Windows NT 10.0; Win64; x64) AppleWebKit/537.36 (KHTML, like Gecko) Chrome/149.0.0.0 Safari/537.36 Edg/149.0.0.0" "-"
150.228.85.0 - - [25/Jul/2026:01:51:30 +0200] "POST /wp-admin/admin-ajax.php HTTP/1.1" 200 98 canaryadminservices.com "https://canaryadminservices.com/wp-admin/post.php?post=7451&action=edit" "Mozilla/5.0 (Windows NT 10.0; Win64; x64) AppleWebKit/537.36 (KHTML, like Gecko) Chrome/149.0.0.0 Safari/537.36 Edg/149.0.0.0" "-"
44.194.134.0 - - [25/Jul/2026:01:51:40 +0200] "GET /coronavirus-update-royal-decree-law-8-2020/ HTTP/1.1" 301 - www.canaryadminservices.com "-" "Mozilla/5.0 AppleWebKit/537.36 (KHTML, like Gecko; compatible; Amazonbot/0.1; +https://developer.amazon.com/support/amazonbot) Chrome/119.0.6045.214 Safari/537.36" "-"
82.165.86.0 - - [25/Jul/2026:01:51:41 +0200] "POST /wp-cron.php?doing_wp_cron=1784937101.1367070674896240234375 HTTP/1.1" 200 - canaryadminservices.com "-" "WordPress/6.4.8; https://canaryadminservices.com" "-"
44.194.134.0 - - [25/Jul/2026:01:51:42 +0200] "GET /coronavirus-update-royal-decree-law-8-2020/ HTTP/1.1" 200 144372 canaryadminservices.com "-" "Mozilla/5.0 AppleWebKit/537.36 (KHTML, like Gecko; compatible; Amazonbot/0.1; +https://developer.amazon.com/support/amazonbot) Chrome/119.0.6045.214 Safari/537.36" "-"
150.228.85.0 - - [25/Jul/2026:01:51:45 +0200] "POST /wp-admin/admin-ajax.php HTTP/1.1" 200 98 canaryadminservices.com "https://canaryadminservices.com/wp-admin/post.php?post=7451&action=edit" "Mozilla/5.0 (Windows NT 10.0; Win64; x64) AppleWebKit/537.36 (KHTML, like Gecko) Chrome/149.0.0.0 Safari/537.36 Edg/149.0.0.0" "-"
145.239.10.0 - - [25/Jul/2026:01:51:58 +0200] "GET /ty.php HTTP/1.1" 301 - canaryadminservices.com "http://canaryadminservices.com/ty.php" "Mozilla/5.0 (iPhone; CPU iPhone OS 17_5_1 like Mac OS X) AppleWebKit/605.1.15 (KHTML, like Gecko) Version/17.5 Mobile/15E148 Safari/604.1" "-"
145.239.10.0 - - [25/Jul/2026:01:51:59 +0200] "GET /ty.php HTTP/1.1" 404 121063 canaryadminservices.com "https://canaryadminservices.com/ty.php" "Mozilla/5.0 (iPhone; CPU iPhone OS 17_5_1 like Mac OS X) AppleWebKit/605.1.15 (KHTML, like Gecko) Version/17.5 Mobile/15E148 Safari/604.1" "-"
150.228.85.0 - - [25/Jul/2026:01:52:00 +0200] "POST /wp-admin/admin-ajax.php HTTP/1.1" 200 98 canaryadminservices.com "https://canaryadminservices.com/wp-admin/post.php?post=7451&action=edit" "Mozilla/5.0 (Windows NT 10.0; Win64; x64) AppleWebKit/537.36 (KHTML, like Gecko) Chrome/149.0.0.0 Safari/537.36 Edg/149.0.0.0" "-"
82.165.86.0 - - [25/Jul/2026:01:52:15 +0200] "POST /wp-cron.php?doing_wp_cron=1784937135.7797410488128662109375 HTTP/1.1" 200 - canaryadminservices.com "-" "WordPress/6.4.8; https://canaryadminservices.com" "-"
150.228.85.0 - - [25/Jul/2026:01:52:15 +0200] "POST /wp-admin/admin-ajax.php HTTP/1.1" 200 98 canaryadminservices.com "https://canaryadminservices.com/wp-admin/post.php?post=7451&action=edit" "Mozilla/5.0 (Windows NT 10.0; Win64; x64) AppleWebKit/537.36 (KHTML, like Gecko) Chrome/149.0.0.0 Safari/537.36 Edg/149.0.0.0" "-"
74.7.243.0 - - [25/Jul/2026:01:52:16 +0200] "GET /wp-content/uploads/WPL/38/403.php?lokasie=/usr/lib/x86_64-linux-gnu/perl5/5.32/Font/FreeType/Glyph.pm&loknya=/usr/lib/x86_64-linux-gnu/perl5/5.32/Font/FreeType HTTP/1.1" 200 18855 canaryadminservices.com "https://canaryadminservices.com/wp-content/uploads/WPL/38/403.php?loknya=/usr/lib/x86_64-linux-gnu/perl5/5.32/Font/FreeType" "Mozilla/5.0 AppleWebKit/537.36 (KHTML, like Gecko; compatible; GPTBot/1.4; +https://openai.com/gptbot)" "-"
54.159.18.0 - - [25/Jul/2026:01:52:19 +0200] "GET /covid-19-new-order-lets-children-exercise-outside-for-an-hour/ HTTP/1.1" 301 - www.canaryadminservices.com "-" "Mozilla/5.0 AppleWebKit/537.36 (KHTML, like Gecko; compatible; Amazonbot/0.1; +https://developer.amazon.com/support/amazonbot) Chrome/119.0.6045.214 Safari/537.36" "-"
52.0.105.0 - - [25/Jul/2026:01:52:20 +0200] "GET /covid-19-new-order-lets-children-exercise-outside-for-an-hour/ HTTP/1.1" 200 136821 canaryadminservices.com "-" "Mozilla/5.0 AppleWebKit/537.36 (KHTML, like Gecko; compatible; Amazonbot/0.1; +https://developer.amazon.com/support/amazonbot) Chrome/119.0.6045.214 Safari/537.36" "-"
150.228.85.0 - - [25/Jul/2026:01:52:29 +0200] "POST /wp-admin/admin-ajax.php HTTP/1.1" 200 69524 canaryadminservices.com "https://canaryadminservices.com/wp-admin/post.php?post=7451&action=edit" "Mozilla/5.0 (Windows NT 10.0; Win64; x64) AppleWebKit/537.36 (KHTML, like Gecko) Chrome/149.0.0.0 Safari/537.36 Edg/149.0.0.0" "-"
150.228.85.0 - - [25/Jul/2026:01:52:30 +0200] "POST /wp-admin/admin-ajax.php HTTP/1.1" 200 98 canaryadminservices.com "https://canaryadminservices.com/wp-admin/post.php?post=7451&action=edit" "Mozilla/5.0 (Windows NT 10.0; Win64; x64) AppleWebKit/537.36 (KHTML, like Gecko) Chrome/149.0.0.0 Safari/537.36 Edg/149.0.0.0" "-"
3.230.69.0 - - [25/Jul/2026:01:52:34 +0200] "GET /covid-19-latest-news-on-the-canary-islands/embed/ HTTP/1.1" 200 21078 canaryadminservices.com "-" "Mozilla/5.0 AppleWebKit/537.36 (KHTML, like Gecko; compatible; Amazonbot/0.1; +https://developer.amazon.com/support/amazonbot) Chrome/119.0.6045.214 Safari/537.36" "-"
82.165.86.0 - - [25/Jul/2026:01:52:45 +0200] "POST /wp-cron.php?doing_wp_cron=1784937165.8616530895233154296875 HTTP/1.1" 200 - canaryadminservices.com "-" "WordPress/6.4.8; https://canaryadminservices.com" "-"
150.228.85.0 - - [25/Jul/2026:01:52:45 +0200] "POST /wp-admin/admin-ajax.php HTTP/1.1" 200 98 canaryadminservices.com "https://canaryadminservices.com/wp-admin/post.php?post=7451&action=edit" "Mozilla/5.0 (Windows NT 10.0; Win64; x64) AppleWebKit/537.36 (KHTML, like Gecko) Chrome/149.0.0.0 Safari/537.36 Edg/149.0.0.0" "-"
150.228.85.0 - - [25/Jul/2026:01:53:00 +0200] "POST /wp-admin/admin-ajax.php HTTP/1.1" 200 98 canaryadminservices.com "https://canaryadminservices.com/wp-admin/post.php?post=7451&action=edit" "Mozilla/5.0 (Windows NT 10.0; Win64; x64) AppleWebKit/537.36 (KHTML, like Gecko) Chrome/149.0.0.0 Safari/537.36 Edg/149.0.0.0" "-"
74.7.243.0 - - [25/Jul/2026:01:53:11 +0200] "GET /wp-content/uploads/WPL/38/403.php?lokasie=/usr/lib/x86_64-linux-gnu/perl5/5.32/File/FcntlLock/XS.pm&loknya=/usr/lib/x86_64-linux-gnu/perl5/5.32/File/FcntlLock HTTP/1.1" 200 4885 canaryadminservices.com "https://canaryadminservices.com/wp-content/uploads/WPL/38/403.php?loknya=/usr/lib/x86_64-linux-gnu/perl5/5.32/File/FcntlLock" "Mozilla/5.0 AppleWebKit/537.36 (KHTML, like Gecko; compatible; GPTBot/1.4; +https://openai.com/gptbot)" "-"
82.165.86.0 - - [25/Jul/2026:01:53:15 +0200] "POST /wp-cron.php?doing_wp_cron=1784937195.7356801033020019531250 HTTP/1.1" 200 - canaryadminservices.com "-" "WordPress/6.4.8; https://canaryadminservices.com" "-"
150.228.85.0 - - [25/Jul/2026:01:53:15 +0200] "POST /wp-admin/admin-ajax.php HTTP/1.1" 200 98 canaryadminservices.com "https://canaryadminservices.com/wp-admin/post.php?post=7451&action=edit" "Mozilla/5.0 (Windows NT 10.0; Win64; x64) AppleWebKit/537.36 (KHTML, like Gecko) Chrome/149.0.0.0 Safari/537.36 Edg/149.0.0.0" "-"
150.228.85.0 - - [25/Jul/2026:01:53:27 +0200] "POST /wp-admin/admin-ajax.php HTTP/1.1" 200 16 canaryadminservices.com "https://canaryadminservices.com/wp-admin/post.php?post=7451&action=edit" "Mozilla/5.0 (Windows NT 10.0; Win64; x64) AppleWebKit/537.36 (KHTML, like Gecko) Chrome/149.0.0.0 Safari/537.36 Edg/149.0.0.0" "-"
150.228.85.0 - - [25/Jul/2026:01:53:29 +0200] "POST /wp-admin/post.php HTTP/1.1" 302 - canaryadminservices.com "https://canaryadminservices.com/wp-admin/post.php?post=7451&action=edit" "Mozilla/5.0 (Windows NT 10.0; Win64; x64) AppleWebKit/537.36 (KHTML, like Gecko) Chrome/149.0.0.0 Safari/537.36 Edg/149.0.0.0" "-"
150.228.85.0 - - [25/Jul/2026:01:53:30 +0200] "POST /wp-admin/admin-ajax.php HTTP/1.1" 200 98 canaryadminservices.com "https://canaryadminservices.com/wp-admin/post.php?post=7451&action=edit" "Mozilla/5.0 (Windows NT 10.0; Win64; x64) AppleWebKit/537.36 (KHTML, like Gecko) Chrome/149.0.0.0 Safari/537.36 Edg/149.0.0.0" "-"
150.228.85.0 - - [25/Jul/2026:01:53:30 +0200] "GET /wp-admin/post.php?post=7451&action=edit&message=1 HTTP/1.1" 200 348437 canaryadminservices.com "https://canaryadminservices.com/wp-admin/post.php?post=7451&action=edit" "Mozilla/5.0 (Windows NT 10.0; Win64; x64) AppleWebKit/537.36 (KHTML, like Gecko) Chrome/149.0.0.0 Safari/537.36 Edg/149.0.0.0" "-"
150.228.85.0 - - [25/Jul/2026:01:53:31 +0200] "GET /wp-admin/admin-ajax.php?action=oembed-cache&post=7451 HTTP/1.1" 200 1 canaryadminservices.com "https://canaryadminservices.com/wp-admin/post.php?post=7451&action=edit" "Mozilla/5.0 (Windows NT 10.0; Win64; x64) AppleWebKit/537.36 (KHTML, like Gecko) Chrome/149.0.0.0 Safari/537.36 Edg/149.0.0.0" "-"
43.132.141.0 - - [25/Jul/2026:01:53:33 +0200] "GET /wp-content/uploads/2019/02/V.V.-1-1140x400.jpg HTTP/1.1" 200 154960 canaryadminservices.com "-" "Mozilla/5.0 (Windows NT 10.0; Win64; x64) AppleWebKit/537.36" "-"
150.228.85.0 - - [25/Jul/2026:01:53:41 +0200] "POST /wp-admin/admin-ajax.php HTTP/1.1" 200 3533 canaryadminservices.com "https://canaryadminservices.com/wp-admin/post.php?post=7451&action=edit" "Mozilla/5.0 (Windows NT 10.0; Win64; x64) AppleWebKit/537.36 (KHTML, like Gecko) Chrome/149.0.0.0 Safari/537.36 Edg/149.0.0.0" "-"
82.165.86.0 - - [25/Jul/2026:01:53:42 +0200] "POST /wp-cron.php?doing_wp_cron=1784937222.1915979385375976562500 HTTP/1.1" 200 - canaryadminservices.com "-" "WordPress/6.4.8; https://canaryadminservices.com" "-"
150.228.85.0 - - [25/Jul/2026:01:53:46 +0200] "POST /wp-admin/admin-ajax.php HTTP/1.1" 200 98 canaryadminservices.com "https://canaryadminservices.com/wp-admin/post.php?post=7451&action=edit" "Mozilla/5.0 (Windows NT 10.0; Win64; x64) AppleWebKit/537.36 (KHTML, like Gecko) Chrome/149.0.0.0 Safari/537.36 Edg/149.0.0.0" "-"
74.7.243.0 - - [25/Jul/2026:01:54:01 +0200] "GET /wp-content/uploads/WPL/38/403.php?lokasie=/usr/lib/x86_64-linux-gnu/perl5/5.32/XML/LibXML/Namespace.pod&loknya=/usr/lib/x86_64-linux-gnu/perl5/5.32/XML/LibXML HTTP/1.1" 200 7968 canaryadminservices.com "https://canaryadminservices.com/wp-content/uploads/WPL/38/403.php?loknya=/usr/lib/x86_64-linux-gnu/perl5/5.32/XML/LibXML" "Mozilla/5.0 AppleWebKit/537.36 (KHTML, like Gecko; compatible; GPTBot/1.4; +https://openai.com/gptbot)" "-"
150.228.85.0 - - [25/Jul/2026:01:54:02 +0200] "POST /wp-admin/admin-ajax.php HTTP/1.1" 200 98 canaryadminservices.com "https://canaryadminservices.com/wp-admin/post.php?post=7451&action=edit" "Mozilla/5.0 (Windows NT 10.0; Win64; x64) AppleWebKit/537.36 (KHTML, like Gecko) Chrome/149.0.0.0 Safari/537.36 Edg/149.0.0.0" "-"
150.228.85.0 - - [25/Jul/2026:01:54:17 +0200] "POST /wp-admin/admin-ajax.php HTTP/1.1" 200 98 canaryadminservices.com "https://canaryadminservices.com/wp-admin/post.php?post=7451&action=edit" "Mozilla/5.0 (Windows NT 10.0; Win64; x64) AppleWebKit/537.36 (KHTML, like Gecko) Chrome/149.0.0.0 Safari/537.36 Edg/149.0.0.0" "-"
150.228.85.0 - - [25/Jul/2026:01:54:24 +0200] "POST /wp-admin/admin-ajax.php HTTP/1.1" 200 69524 canaryadminservices.com "https://canaryadminservices.com/wp-admin/post.php?post=7451&action=edit" "Mozilla/5.0 (Windows NT 10.0; Win64; x64) AppleWebKit/537.36 (KHTML, like Gecko) Chrome/149.0.0.0 Safari/537.36 Edg/149.0.0.0" "-"
150.228.85.0 - - [25/Jul/2026:01:54:32 +0200] "POST /wp-admin/admin-ajax.php HTTP/1.1" 200 98 canaryadminservices.com "https://canaryadminservices.com/wp-admin/post.php?post=7451&action=edit" "Mozilla/5.0 (Windows NT 10.0; Win64; x64) AppleWebKit/537.36 (KHTML, like Gecko) Chrome/149.0.0.0 Safari/537.36 Edg/149.0.0.0" "-"
74.7.243.0 - - [25/Jul/2026:01:54:45 +0200] "GET /wp-content/uploads/WPL/38/403.php?lokasie=/usr/lib/x86_64-linux-gnu/perl5/5.32/Params/Validate.pm&loknya=/usr/lib/x86_64-linux-gnu/perl5/5.32/Params HTTP/1.1" 200 32856 canaryadminservices.com "https://canaryadminservices.com/wp-content/uploads/WPL/38/403.php?loknya=/usr/lib/x86_64-linux-gnu/perl5/5.32/Params" "Mozilla/5.0 AppleWebKit/537.36 (KHTML, like Gecko; compatible; GPTBot/1.4; +https://openai.com/gptbot)" "-"
82.165.86.0 - - [25/Jul/2026:01:54:47 +0200] "POST /wp-cron.php?doing_wp_cron=1784937287.7208609580993652343750 HTTP/1.1" 200 - canaryadminservices.com "-" "WordPress/6.4.8; https://canaryadminservices.com" "-"
150.228.85.0 - - [25/Jul/2026:01:54:47 +0200] "POST /wp-admin/admin-ajax.php HTTP/1.1" 200 98 canaryadminservices.com "https://canaryadminservices.com/wp-admin/post.php?post=7451&action=edit" "Mozilla/5.0 (Windows NT 10.0; Win64; x64) AppleWebKit/537.36 (KHTML, like Gecko) Chrome/149.0.0.0 Safari/537.36 Edg/149.0.0.0" "-"
150.228.85.0 - - [25/Jul/2026:01:54:54 +0200] "POST /wp-admin/admin-ajax.php HTTP/1.1" 200 16 canaryadminservices.com "https://canaryadminservices.com/wp-admin/post.php?post=7451&action=edit" "Mozilla/5.0 (Windows NT 10.0; Win64; x64) AppleWebKit/537.36 (KHTML, like Gecko) Chrome/149.0.0.0 Safari/537.36 Edg/149.0.0.0" "-"
150.228.85.0 - - [25/Jul/2026:01:54:57 +0200] "POST /wp-admin/post.php HTTP/1.1" 302 - canaryadminservices.com "https://canaryadminservices.com/wp-admin/post.php?post=7451&action=edit" "Mozilla/5.0 (Windows NT 10.0; Win64; x64) AppleWebKit/537.36 (KHTML, like Gecko) Chrome/149.0.0.0 Safari/537.36 Edg/149.0.0.0" "-"
150.228.85.0 - - [25/Jul/2026:01:54:58 +0200] "GET /wp-admin/post.php?post=7451&action=edit&message=1 HTTP/1.1" 200 348417 canaryadminservices.com "https://canaryadminservices.com/wp-admin/post.php?post=7451&action=edit" "Mozilla/5.0 (Windows NT 10.0; Win64; x64) AppleWebKit/537.36 (KHTML, like Gecko) Chrome/149.0.0.0 Safari/537.36 Edg/149.0.0.0" "-"
150.228.85.0 - - [25/Jul/2026:01:54:59 +0200] "GET /wp-admin/admin-ajax.php?action=oembed-cache&post=7451 HTTP/1.1" 200 1 canaryadminservices.com "https://canaryadminservices.com/wp-admin/post.php?post=7451&action=edit" "Mozilla/5.0 (Windows NT 10.0; Win64; x64) AppleWebKit/537.36 (KHTML, like Gecko) Chrome/149.0.0.0 Safari/537.36 Edg/149.0.0.0" "-"
150.228.85.0 - - [25/Jul/2026:01:55:14 +0200] "POST /wp-admin/admin-ajax.php HTTP/1.1" 200 98 canaryadminservices.com "https://canaryadminservices.com/wp-admin/post.php?post=7451&action=edit" "Mozilla/5.0 (Windows NT 10.0; Win64; x64) AppleWebKit/537.36 (KHTML, like Gecko) Chrome/149.0.0.0 Safari/537.36 Edg/149.0.0.0" "-"
116.179.32.0 - - [25/Jul/2026:01:55:20 +0200] "GET /default-item/easy-use/ HTTP/1.1" 429 267 canaryadminservices.com "-" "Mozilla/5.0 (compatible; Baiduspider/2.0; +http://www.baidu.com/search/spider.html)" "-"
119.249.100.0 - - [25/Jul/2026:01:55:21 +0200] "GET /default-item/easy-use/ HTTP/1.1" 200 133114 canaryadminservices.com "-" "Mozilla/5.0 (Windows NT 10.0; WOW64) AppleWebKit/537.36 (KHTML, like Gecko) Chrome/48.0.2564.116 Safari/537.36" "-"
150.228.85.0 - - [25/Jul/2026:01:55:21 +0200] "POST /wp-admin/admin-ajax.php HTTP/1.1" 200 16 canaryadminservices.com "https://canaryadminservices.com/wp-admin/post.php?post=7451&action=edit" "Mozilla/5.0 (Windows NT 10.0; Win64; x64) AppleWebKit/537.36 (KHTML, like Gecko) Chrome/149.0.0.0 Safari/537.36 Edg/149.0.0.0" "-"
150.228.85.0 - - [25/Jul/2026:01:55:24 +0200] "POST /wp-admin/post.php HTTP/1.1" 302 - canaryadminservices.com "https://canaryadminservices.com/wp-admin/post.php?post=7451&action=edit" "Mozilla/5.0 (Windows NT 10.0; Win64; x64) AppleWebKit/537.36 (KHTML, like Gecko) Chrome/149.0.0.0 Safari/537.36 Edg/149.0.0.0" "-"
116.179.33.0 - - [25/Jul/2026:01:55:25 +0200] "GET /wp-content/plugins/azoom-main/js/idangerous.swiper-2.7.js?ver=2.7.0 HTTP/1.1" 200 46369 canaryadminservices.com "https://canaryadminservices.com/default-item/easy-use/" "Mozilla/5.0 (Windows NT 10.0; Win64; x64) AppleWebKit/537.36 (KHTML, like Gecko) Chrome/99.0.4844.51 Safari/537.36" "-"
116.179.33.0 - - [25/Jul/2026:01:55:25 +0200] "GET /canaryadminservices/wp-content/themes/azoomtheme/images/demo/demo-image-default.jpg HTTP/1.1" 301 - www.canaryadminservices.com "https://canaryadminservices.com/" "Mozilla/5.0 (Windows NT 10.0; Win64; x64) AppleWebKit/537.36 (KHTML, like Gecko) Chrome/99.0.4844.51 Safari/537.36" "-"
150.228.85.0 - - [25/Jul/2026:01:55:25 +0200] "GET /wp-admin/post.php?post=7451&action=edit&message=1 HTTP/1.1" 200 341175 canaryadminservices.com "https://canaryadminservices.com/wp-admin/post.php?post=7451&action=edit" "Mozilla/5.0 (Windows NT 10.0; Win64; x64) AppleWebKit/537.36 (KHTML, like Gecko) Chrome/149.0.0.0 Safari/537.36 Edg/149.0.0.0" "-"
116.179.33.0 - - [25/Jul/2026:01:55:26 +0200] "GET /wp-content/plugins/real-estate-listing-realtyna-wpl/assets/js/js_inline.html HTTP/1.1" 200 10970 canaryadminservices.com "https://canaryadminservices.com/default-item/easy-use/" "Mozilla/5.0 (Windows NT 10.0; Win64; x64) AppleWebKit/537.36 (KHTML, like Gecko) Chrome/99.0.4844.51 Safari/537.36" "-"
150.228.85.0 - - [25/Jul/2026:01:55:26 +0200] "GET /wp-admin/admin-ajax.php?action=oembed-cache&post=7451 HTTP/1.1" 200 1 canaryadminservices.com "https://canaryadminservices.com/wp-admin/post.php?post=7451&action=edit" "Mozilla/5.0 (Windows NT 10.0; Win64; x64) AppleWebKit/537.36 (KHTML, like Gecko) Chrome/149.0.0.0 Safari/537.36 Edg/149.0.0.0" "-"
116.179.33.0 - - [25/Jul/2026:01:55:26 +0200] "POST /?wc-ajax=get_refreshed_fragments HTTP/1.1" 200 613 canaryadminservices.com "https://canaryadminservices.com/default-item/easy-use/" "Mozilla/5.0 (Windows NT 10.0; Win64; x64) AppleWebKit/537.36 (KHTML, like Gecko) Chrome/99.0.4844.51 Safari/537.36" "-"
74.7.243.0 - - [25/Jul/2026:01:55:28 +0200] "GET /wp-content/uploads/WPL/38/403.php?lokasie=/usr/lib/x86_64-linux-gnu/perl5/5.32/auto/Net/SSLeay/head_https3.al&loknya=/usr/lib/x86_64-linux-gnu/perl5/5.32/auto/Net/SSLeay HTTP/1.1" 200 4800 canaryadminservices.com "https://canaryadminservices.com/wp-content/uploads/WPL/38/403.php?loknya=/usr/lib/x86_64-linux-gnu/perl5/5.32/auto/Net/SSLeay" "Mozilla/5.0 AppleWebKit/537.36 (KHTML, like Gecko; compatible; GPTBot/1.4; +https://openai.com/gptbot)" "-"
150.228.85.0 - - [25/Jul/2026:01:55:41 +0200] "POST /wp-admin/admin-ajax.php HTTP/1.1" 200 98 canaryadminservices.com "https://canaryadminservices.com/wp-admin/post.php?post=7451&action=edit" "Mozilla/5.0 (Windows NT 10.0; Win64; x64) AppleWebKit/537.36 (KHTML, like Gecko) Chrome/149.0.0.0 Safari/537.36 Edg/149.0.0.0" "-"
82.165.86.0 - - [25/Jul/2026:01:55:42 +0200] "POST /wp-cron.php?doing_wp_cron=1784937342.2906160354614257812500 HTTP/1.1" 200 - canaryadminservices.com "-" "WordPress/6.4.8; https://canaryadminservices.com" "-"
150.228.85.0 - - [25/Jul/2026:01:55:56 +0200] "POST /wp-admin/admin-ajax.php HTTP/1.1" 200 98 canaryadminservices.com "https://canaryadminservices.com/wp-admin/post.php?post=7451&action=edit" "Mozilla/5.0 (Windows NT 10.0; Win64; x64) AppleWebKit/537.36 (KHTML, like Gecko) Chrome/149.0.0.0 Safari/537.36 Edg/149.0.0.0" "-"
74.7.243.0 - - [25/Jul/2026:01:56:05 +0200] "GET /wp-content/uploads/WPL/38/403.php?lokasie=/usr/lib/x86_64-linux-gnu/perl5/5.32/auto/Clone/autosplit.ix&loknya=/usr/lib/x86_64-linux-gnu/perl5/5.32/auto/Clone HTTP/1.1" 200 4461 canaryadminservices.com "https://canaryadminservices.com/wp-content/uploads/WPL/38/403.php?loknya=/usr/lib/x86_64-linux-gnu/perl5/5.32/auto/Clone" "Mozilla/5.0 AppleWebKit/537.36 (KHTML, like Gecko; compatible; GPTBot/1.4; +https://openai.com/gptbot)" "-"
207.175.115.0 - - [25/Jul/2026:01:56:05 +0200] "GET /tag/holiday-lets HTTP/1.1" 301 - canaryadminservices.com "-" "Mozilla/5.0 (compatible; VelenPublicWebCrawler/1.0; +https://velen.io)" "-"
207.175.115.0 - - [25/Jul/2026:01:56:08 +0200] "GET /tag/holiday-lets HTTP/1.1" 301 - canaryadminservices.com "http://canaryadminservices.com/tag/holiday-lets" "Mozilla/5.0 (compatible; VelenPublicWebCrawler/1.0; +https://velen.io)" "-"
207.175.115.0 - - [25/Jul/2026:01:56:11 +0200] "GET /tag/holiday-lets/ HTTP/1.1" 200 127314 canaryadminservices.com "https://canaryadminservices.com/tag/holiday-lets" "Mozilla/5.0 (compatible; VelenPublicWebCrawler/1.0; +https://velen.io)" "-"
150.228.85.0 - - [25/Jul/2026:01:56:11 +0200] "POST /wp-admin/admin-ajax.php HTTP/1.1" 200 98 canaryadminservices.com "https://canaryadminservices.com/wp-admin/post.php?post=7451&action=edit" "Mozilla/5.0 (Windows NT 10.0; Win64; x64) AppleWebKit/537.36 (KHTML, like Gecko) Chrome/149.0.0.0 Safari/537.36 Edg/149.0.0.0" "-"
150.228.85.0 - - [25/Jul/2026:01:56:27 +0200] "POST /wp-admin/admin-ajax.php HTTP/1.1" 200 98 canaryadminservices.com "https://canaryadminservices.com/wp-admin/post.php?post=7451&action=edit" "Mozilla/5.0 (Windows NT 10.0; Win64; x64) AppleWebKit/537.36 (KHTML, like Gecko) Chrome/149.0.0.0 Safari/537.36 Edg/149.0.0.0" "-"
74.7.243.0 - - [25/Jul/2026:01:56:37 +0200] "GET /wp-content/uploads/WPL/38/403.php?lokasie=/usr/lib/x86_64-linux-gnu/perl5/5.32/XML/LibXML//XPathExpression.pod&loknya=/usr/lib/x86_64-linux-gnu/perl5/5.32/XML/LibXML/ HTTP/1.1" 200 6225 canaryadminservices.com "https://canaryadminservices.com/wp-content/uploads/WPL/38/403.php?loknya=/usr/lib/x86_64-linux-gnu/perl5/5.32/XML/LibXML/" "Mozilla/5.0 AppleWebKit/537.36 (KHTML, like Gecko; compatible; GPTBot/1.4; +https://openai.com/gptbot)" "-"
150.228.85.0 - - [25/Jul/2026:01:56:41 +0200] "POST /wp-admin/admin-ajax.php HTTP/1.1" 200 98 canaryadminservices.com "https://canaryadminservices.com/wp-admin/post.php?post=7451&action=edit" "Mozilla/5.0 (Windows NT 10.0; Win64; x64) AppleWebKit/537.36 (KHTML, like Gecko) Chrome/149.0.0.0 Safari/537.36 Edg/149.0.0.0" "-"
82.165.86.0 - - [25/Jul/2026:01:56:42 +0200] "POST /wp-cron.php?doing_wp_cron=1784937402.3272190093994140625000 HTTP/1.1" 200 - canaryadminservices.com "-" "WordPress/6.4.8; https://canaryadminservices.com" "-"
150.228.85.0 - - [25/Jul/2026:01:56:56 +0200] "POST /wp-admin/admin-ajax.php HTTP/1.1" 200 98 canaryadminservices.com "https://canaryadminservices.com/wp-admin/post.php?post=7451&action=edit" "Mozilla/5.0 (Windows NT 10.0; Win64; x64) AppleWebKit/537.36 (KHTML, like Gecko) Chrome/149.0.0.0 Safari/537.36 Edg/149.0.0.0" "-"
74.7.243.0 - - [25/Jul/2026:01:57:08 +0200] "GET /wp-content/uploads/WPL/38/403.php?lokasie=/usr/lib/x86_64-linux-gnu/perl5/5.32/Params/Classify.pm&loknya=/usr/lib/x86_64-linux-gnu/perl5/5.32/Params HTTP/1.1" 200 21563 canaryadminservices.com "https://canaryadminservices.com/wp-content/uploads/WPL/38/403.php?loknya=/usr/lib/x86_64-linux-gnu/perl5/5.32/Params" "Mozilla/5.0 AppleWebKit/537.36 (KHTML, like Gecko; compatible; GPTBot/1.4; +https://openai.com/gptbot)" "-"
150.228.85.0 - - [25/Jul/2026:01:57:11 +0200] "POST /wp-admin/admin-ajax.php HTTP/1.1" 200 98 canaryadminservices.com "https://canaryadminservices.com/wp-admin/post.php?post=7451&action=edit" "Mozilla/5.0 (Windows NT 10.0; Win64; x64) AppleWebKit/537.36 (KHTML, like Gecko) Chrome/149.0.0.0 Safari/537.36 Edg/149.0.0.0" "-"
150.228.85.0 - - [25/Jul/2026:01:57:15 +0200] "GET /wp-admin/nav-menus.php HTTP/1.1" 200 947643 canaryadminservices.com "https://canaryadminservices.com/wp-admin/post.php?post=7451&action=edit" "Mozilla/5.0 (Windows NT 10.0; Win64; x64) AppleWebKit/537.36 (KHTML, like Gecko) Chrome/149.0.0.0 Safari/537.36 Edg/149.0.0.0" "-"
150.228.85.0 - - [25/Jul/2026:01:57:16 +0200] "GET /wp-content/themes/azoomtheme/rock-widgets/mega-menu/css/admin.css?ver=6.4.8 HTTP/1.1" 200 12106 canaryadminservices.com "https://canaryadminservices.com/wp-admin/nav-menus.php" "Mozilla/5.0 (Windows NT 10.0; Win64; x64) AppleWebKit/537.36 (KHTML, like Gecko) Chrome/149.0.0.0 Safari/537.36 Edg/149.0.0.0" "-"
150.228.85.0 - - [25/Jul/2026:01:57:16 +0200] "GET /wp-includes/js/jquery/ui/droppable.min.js?ver=1.13.2 HTTP/1.1" 200 6647 canaryadminservices.com "https://canaryadminservices.com/wp-admin/nav-menus.php" "Mozilla/5.0 (Windows NT 10.0; Win64; x64) AppleWebKit/537.36 (KHTML, like Gecko) Chrome/149.0.0.0 Safari/537.36 Edg/149.0.0.0" "-"
150.228.85.0 - - [25/Jul/2026:01:57:16 +0200] "GET /wp-admin/js/nav-menu.min.js?ver=6.4.8 HTTP/1.1" 200 26034 canaryadminservices.com "https://canaryadminservices.com/wp-admin/nav-menus.php" "Mozilla/5.0 (Windows NT 10.0; Win64; x64) AppleWebKit/537.36 (KHTML, like Gecko) Chrome/149.0.0.0 Safari/537.36 Edg/149.0.0.0" "-"
150.228.85.0 - - [25/Jul/2026:01:57:16 +0200] "GET /wp-content/plugins/polylang/js/build/nav-menu.min.js?ver=3.6.6 HTTP/1.1" 200 1556 canaryadminservices.com "https://canaryadminservices.com/wp-admin/nav-menus.php" "Mozilla/5.0 (Windows NT 10.0; Win64; x64) AppleWebKit/537.36 (KHTML, like Gecko) Chrome/149.0.0.0 Safari/537.36 Edg/149.0.0.0" "-"
150.228.85.0 - - [25/Jul/2026:01:57:16 +0200] "GET /wp-content/themes/azoomtheme/rock-widgets/mega-menu/js/bootstrap.js?ver=6.4.8 HTTP/1.1" 200 6687 canaryadminservices.com "https://canaryadminservices.com/wp-admin/nav-menus.php" "Mozilla/5.0 (Windows NT 10.0; Win64; x64) AppleWebKit/537.36 (KHTML, like Gecko) Chrome/149.0.0.0 Safari/537.36 Edg/149.0.0.0" "-"
150.228.85.0 - - [25/Jul/2026:01:57:16 +0200] "GET /wp-content/themes/azoomtheme/rock-widgets/mega-menu/js/rockthemes_mm_admin.js?ver=6.4.8 HTTP/1.1" 200 19026 canaryadminservices.com "https://canaryadminservices.com/wp-admin/nav-menus.php" "Mozilla/5.0 (Windows NT 10.0; Win64; x64) AppleWebKit/537.36 (KHTML, like Gecko) Chrome/149.0.0.0 Safari/537.36 Edg/149.0.0.0" "-"
150.228.85.0 - - [25/Jul/2026:01:57:16 +0200] "GET /wp-admin/load-styles.php?c=1&dir=ltr&load%5Bchunk_0%5D=dashicons,admin-bar,common,forms,admin-menu,dashboard,list-tables,edit,revisions,media,themes,about,nav-menus,wp-pointer,widgets&load%5Bchunk_1%5D=,site-icon,l10n,buttons,wp-auth-check,wp-jquery-ui-dialog,media-views&ver=6.4.8 HTTP/1.1" 200 441735 canaryadminservices.com "https://canaryadminservices.com/wp-admin/nav-menus.php" "Mozilla/5.0 (Windows NT 10.0; Win64; x64) AppleWebKit/537.36 (KHTML, like Gecko) Chrome/149.0.0.0 Safari/537.36 Edg/149.0.0.0" "-"
150.228.85.0 - - [25/Jul/2026:01:57:16 +0200] "GET /wp-admin/js/accordion.min.js?ver=6.4.8 HTTP/1.1" 200 849 canaryadminservices.com "https://canaryadminservices.com/wp-admin/nav-menus.php" "Mozilla/5.0 (Windows NT 10.0; Win64; x64) AppleWebKit/537.36 (KHTML, like Gecko) Chrome/149.0.0.0 Safari/537.36 Edg/149.0.0.0" "-"
150.228.85.0 - - [25/Jul/2026:01:57:16 +0200] "POST /wp-admin/admin-ajax.php HTTP/1.1" 200 1 canaryadminservices.com "https://canaryadminservices.com/wp-admin/post.php?post=7451&action=edit" "Mozilla/5.0 (Windows NT 10.0; Win64; x64) AppleWebKit/537.36 (KHTML, like Gecko) Chrome/149.0.0.0 Safari/537.36 Edg/149.0.0.0" "-"
150.228.85.0 - - [25/Jul/2026:01:57:16 +0200] "POST /wp-admin/admin-ajax.php HTTP/1.1" 200 1062 canaryadminservices.com "https://canaryadminservices.com/wp-admin/nav-menus.php" "Mozilla/5.0 (Windows NT 10.0; Win64; x64) AppleWebKit/537.36 (KHTML, like Gecko) Chrome/149.0.0.0 Safari/537.36 Edg/149.0.0.0" "-"
74.7.243.0 - - [25/Jul/2026:01:57:35 +0200] "GET /wp-content/uploads/WPL/38/403.php?lokasie=/usr/lib/x86_64-linux-gnu/perl5/5.32/auto/Net/SSLeay/debug_read.al&loknya=/usr/lib/x86_64-linux-gnu/perl5/5.32/auto/Net/SSLeay HTTP/1.1" 200 5247 canaryadminservices.com "https://canaryadminservices.com/wp-content/uploads/WPL/38/403.php?loknya=/usr/lib/x86_64-linux-gnu/perl5/5.32/auto/Net/SSLeay" "Mozilla/5.0 AppleWebKit/537.36 (KHTML, like Gecko; compatible; GPTBot/1.4; +https://openai.com/gptbot)" "-"
74.7.243.0 - - [25/Jul/2026:01:57:58 +0200] "GET /wp-content/uploads/WPL/38/403.php?lokasie=/usr/lib/x86_64-linux-gnu/perl5/5.32/auto/BSD/Resource/_find_prio.al&loknya=/usr/lib/x86_64-linux-gnu/perl5/5.32/auto/BSD/Resource HTTP/1.1" 200 5078 canaryadminservices.com "https://canaryadminservices.com/wp-content/uploads/WPL/38/403.php?loknya=/usr/lib/x86_64-linux-gnu/perl5/5.32/auto/BSD/Resource" "Mozilla/5.0 AppleWebKit/537.36 (KHTML, like Gecko; compatible; GPTBot/1.4; +https://openai.com/gptbot)" "-"
150.228.85.0 - - [25/Jul/2026:01:58:16 +0200] "POST /wp-admin/admin-ajax.php HTTP/1.1" 200 47 canaryadminservices.com "https://canaryadminservices.com/wp-admin/nav-menus.php" "Mozilla/5.0 (Windows NT 10.0; Win64; x64) AppleWebKit/537.36 (KHTML, like Gecko) Chrome/149.0.0.0 Safari/537.36 Edg/149.0.0.0" "-"
82.165.86.0 - - [25/Jul/2026:01:58:17 +0200] "POST /wp-cron.php?doing_wp_cron=1784937497.4934790134429931640625 HTTP/1.1" 200 - canaryadminservices.com "-" "WordPress/6.4.8; https://canaryadminservices.com" "-"
74.7.243.0 - - [25/Jul/2026:01:58:19 +0200] "GET /wp-content/uploads/WPL/38/403.php?lokasie=/usr/lib/x86_64-linux-gnu/perl5/5.32/auto/BSD/Resource/nvcsw.al&loknya=/usr/lib/x86_64-linux-gnu/perl5/5.32/auto/BSD/Resource HTTP/1.1" 200 4797 canaryadminservices.com "https://canaryadminservices.com/wp-content/uploads/WPL/38/403.php?loknya=/usr/lib/x86_64-linux-gnu/perl5/5.32/auto/BSD/Resource" "Mozilla/5.0 AppleWebKit/537.36 (KHTML, like Gecko; compatible; GPTBot/1.4; +https://openai.com/gptbot)" "-"
150.228.85.0 - - [25/Jul/2026:01:58:34 +0200] "GET /wp-admin/themes.php HTTP/1.1" 200 116635 canaryadminservices.com "https://canaryadminservices.com/wp-admin/nav-menus.php" "Mozilla/5.0 (Windows NT 10.0; Win64; x64) AppleWebKit/537.36 (KHTML, like Gecko) Chrome/149.0.0.0 Safari/537.36 Edg/149.0.0.0" "-"
150.228.85.0 - - [25/Jul/2026:01:58:35 +0200] "GET /wp-content/themes/azoomtheme-child/screenshot.png?ver=1.0 HTTP/1.1" 200 174970 canaryadminservices.com "https://canaryadminservices.com/wp-admin/themes.php" "Mozilla/5.0 (Windows NT 10.0; Win64; x64) AppleWebKit/537.36 (KHTML, like Gecko) Chrome/149.0.0.0 Safari/537.36 Edg/149.0.0.0" "-"
150.228.85.0 - - [25/Jul/2026:01:58:35 +0200] "GET /wp-includes/js/customize-base.min.js?ver=6.4.8 HTTP/1.1" 200 7852 canaryadminservices.com "https://canaryadminservices.com/wp-admin/themes.php" "Mozilla/5.0 (Windows NT 10.0; Win64; x64) AppleWebKit/537.36 (KHTML, like Gecko) Chrome/149.0.0.0 Safari/537.36 Edg/149.0.0.0" "-"
150.228.85.0 - - [25/Jul/2026:01:58:35 +0200] "GET /wp-admin/js/theme.min.js?ver=6.4.8 HTTP/1.1" 200 27055 canaryadminservices.com "https://canaryadminservices.com/wp-admin/themes.php" "Mozilla/5.0 (Windows NT 10.0; Win64; x64) AppleWebKit/537.36 (KHTML, like Gecko) Chrome/149.0.0.0 Safari/537.36 Edg/149.0.0.0" "-"
150.228.85.0 - - [25/Jul/2026:01:58:35 +0200] "GET /wp-admin/js/updates.min.js?ver=6.4.8 HTTP/1.1" 200 41620 canaryadminservices.com "https://canaryadminservices.com/wp-admin/themes.php" "Mozilla/5.0 (Windows NT 10.0; Win64; x64) AppleWebKit/537.36 (KHTML, like Gecko) Chrome/149.0.0.0 Safari/537.36 Edg/149.0.0.0" "-"
150.228.85.0 - - [25/Jul/2026:01:58:35 +0200] "GET /wp-content/themes/azoomtheme/screenshot.png?ver=3.8 HTTP/1.1" 200 174970 canaryadminservices.com "https://canaryadminservices.com/wp-admin/themes.php" "Mozilla/5.0 (Windows NT 10.0; Win64; x64) AppleWebKit/537.36 (KHTML, like Gecko) Chrome/149.0.0.0 Safari/537.36 Edg/149.0.0.0" "-"
74.7.243.0 - - [25/Jul/2026:01:58:40 +0200] "GET /wp-content/uploads/WPL/38/403.php?lokasie=/usr/lib/x86_64-linux-gnu/perl5/5.32/auto/BSD/Resource/minflt.al&loknya=/usr/lib/x86_64-linux-gnu/perl5/5.32/auto/BSD/Resource HTTP/1.1" 200 4800 canaryadminservices.com "https://canaryadminservices.com/wp-content/uploads/WPL/38/403.php?loknya=/usr/lib/x86_64-linux-gnu/perl5/5.32/auto/BSD/Resource" "Mozilla/5.0 AppleWebKit/537.36 (KHTML, like Gecko; compatible; GPTBot/1.4; +https://openai.com/gptbot)" "-"
74.7.243.0 - - [25/Jul/2026:01:58:58 +0200] "GET /wp-content/uploads/WPL/38/403.php?lokasie=/usr/lib/x86_64-linux-gnu/perl5/5.32/XML/LibXML/Common.pod&loknya=/usr/lib/x86_64-linux-gnu/perl5/5.32/XML/LibXML HTTP/1.1" 200 8249 canaryadminservices.com "https://canaryadminservices.com/wp-content/uploads/WPL/38/403.php?loknya=/usr/lib/x86_64-linux-gnu/perl5/5.32/XML/LibXML" "Mozilla/5.0 AppleWebKit/537.36 (KHTML, like Gecko; compatible; GPTBot/1.4; +https://openai.com/gptbot)" "-"
150.228.85.0 - - [25/Jul/2026:01:59:08 +0200] "GET /wp-admin/themes.php?page=rock_options HTTP/1.1" 200 522092 canaryadminservices.com "https://canaryadminservices.com/wp-admin/themes.php" "Mozilla/5.0 (Windows NT 10.0; Win64; x64) AppleWebKit/537.36 (KHTML, like Gecko) Chrome/149.0.0.0 Safari/537.36 Edg/149.0.0.0" "-"
82.165.86.0 - - [25/Jul/2026:01:59:09 +0200] "POST /wp-cron.php?doing_wp_cron=1784937549.3064229488372802734375 HTTP/1.1" 200 - canaryadminservices.com "-" "WordPress/6.4.8; https://canaryadminservices.com" "-"
150.228.85.0 - - [25/Jul/2026:01:59:10 +0200] "GET /canaryadminservices/wp-content/themes/azoomtheme/images/demo/demo-image-default.jpg HTTP/1.1" 301 - www.canaryadminservices.com "https://canaryadminservices.com/" "Mozilla/5.0 (Windows NT 10.0; Win64; x64) AppleWebKit/537.36 (KHTML, like Gecko) Chrome/149.0.0.0 Safari/537.36 Edg/149.0.0.0" "-"
150.228.85.0 - - [25/Jul/2026:01:59:11 +0200] "GET /canaryadminservices/wp-content/themes/azoomtheme/images/demo/demo-image-default.jpg HTTP/1.1" 404 123870 canaryadminservices.com "https://canaryadminservices.com/" "Mozilla/5.0 (Windows NT 10.0; Win64; x64) AppleWebKit/537.36 (KHTML, like Gecko) Chrome/149.0.0.0 Safari/537.36 Edg/149.0.0.0" "-"
74.7.243.0 - - [25/Jul/2026:01:59:13 +0200] "GET /wp-content/uploads/WPL/38/403.php?lokasie=/usr/lib/x86_64-linux-gnu/perl5/5.32/auto/Net/SSLeay/get_http3.al&loknya=/usr/lib/x86_64-linux-gnu/perl5/5.32/auto/Net/SSLeay HTTP/1.1" 200 4792 canaryadminservices.com "https://canaryadminservices.com/wp-content/uploads/WPL/38/403.php?loknya=/usr/lib/x86_64-linux-gnu/perl5/5.32/auto/Net/SSLeay" "Mozilla/5.0 AppleWebKit/537.36 (KHTML, like Gecko; compatible; GPTBot/1.4; +https://openai.com/gptbot)" "-"
74.7.243.0 - - [25/Jul/2026:01:59:27 +0200] "GET /wp-content/uploads/WPL/38/403.php?lokasie=/usr/lib/x86_64-linux-gnu/perl5/5.32/auto/Net/SSLeay/do_httpx2.al&loknya=/usr/lib/x86_64-linux-gnu/perl5/5.32/auto/Net/SSLeay HTTP/1.1" 200 5033 canaryadminservices.com "https://canaryadminservices.com/wp-content/uploads/WPL/38/403.php?loknya=/usr/lib/x86_64-linux-gnu/perl5/5.32/auto/Net/SSLeay" "Mozilla/5.0 AppleWebKit/537.36 (KHTML, like Gecko; compatible; GPTBot/1.4; +https://openai.com/gptbot)" "-"
74.7.243.0 - - [25/Jul/2026:01:59:40 +0200] "GET /wp-content/uploads/WPL/38/403.php?lokasie=/usr/lib/x86_64-linux-gnu/perl5/5.32/auto/BSD/Resource/hard.al&loknya=/usr/lib/x86_64-linux-gnu/perl5/5.32/auto/BSD/Resource HTTP/1.1" 200 4789 canaryadminservices.com "https://canaryadminservices.com/wp-content/uploads/WPL/38/403.php?loknya=/usr/lib/x86_64-linux-gnu/perl5/5.32/auto/BSD/Resource" "Mozilla/5.0 AppleWebKit/537.36 (KHTML, like Gecko; compatible; GPTBot/1.4; +https://openai.com/gptbot)" "-"
74.7.243.0 - - [25/Jul/2026:01:59:51 +0200] "GET /wp-content/uploads/WPL/38/403.php?lokasie=/usr/lib/x86_64-linux-gnu/perl5/5.32/XML/LibXML/Document.pod&loknya=/usr/lib/x86_64-linux-gnu/perl5/5.32/XML/LibXML HTTP/1.1" 200 28513 canaryadminservices.com "https://canaryadminservices.com/wp-content/uploads/WPL/38/403.php?loknya=/usr/lib/x86_64-linux-gnu/perl5/5.32/XML/LibXML" "Mozilla/5.0 AppleWebKit/537.36 (KHTML, like Gecko; compatible; GPTBot/1.4; +https://openai.com/gptbot)" "-"
150.228.85.0 - - [25/Jul/2026:01:59:57 +0200] "GET /es/politica-de-cookies/ HTTP/1.1" 200 134061 canaryadminservices.com "https://canaryadminservices.com/cookies-policy/" "Mozilla/5.0 (Windows NT 10.0; Win64; x64) AppleWebKit/537.36 (KHTML, like Gecko) Chrome/149.0.0.0 Safari/537.36 Edg/149.0.0.0" "-"
82.165.86.0 - - [25/Jul/2026:01:59:58 +0200] "POST /wp-cron.php?doing_wp_cron=1784937598.2307651042938232421875 HTTP/1.1" 200 - canaryadminservices.com "-" "WordPress/6.4.8; https://canaryadminservices.com" "-"
