128.2.204.0 - - [25/Jul/2026:07:01:09 +0200] "GET /robots.txt HTTP/1.1" 301 - www.canaryadminservices.com "-" "ClueWeb-Crawler/1.0 (+https://boston.lti.cs.cmu.edu/CMU-ClueWeb-Crawler/; mailto:cmu-clueweb-crawler@andrew.cmu.edu)" "-"
128.2.204.0 - - [25/Jul/2026:07:01:10 +0200] "GET /robots.txt HTTP/1.1" 200 124 canaryadminservices.com "-" "ClueWeb-Crawler/1.0 (+https://boston.lti.cs.cmu.edu/CMU-ClueWeb-Crawler/; mailto:cmu-clueweb-crawler@andrew.cmu.edu)" "-"
128.2.204.0 - - [25/Jul/2026:07:01:15 +0200] "GET /covid-19-the-omicron-wave-forces-new-regulations-and-restrictions/ HTTP/1.1" 301 - www.canaryadminservices.com "-" "ClueWeb-Crawler/1.0 (+https://boston.lti.cs.cmu.edu/CMU-ClueWeb-Crawler/; mailto:cmu-clueweb-crawler@andrew.cmu.edu)" "-"
128.2.204.0 - - [25/Jul/2026:07:01:18 +0200] "GET /covid-19-the-omicron-wave-forces-new-regulations-and-restrictions/ HTTP/1.1" 200 137879 canaryadminservices.com "-" "ClueWeb-Crawler/1.0 (+https://boston.lti.cs.cmu.edu/CMU-ClueWeb-Crawler/; mailto:cmu-clueweb-crawler@andrew.cmu.edu)" "-"
74.7.243.0 - - [25/Jul/2026:07:01:23 +0200] "GET /wp-content/uploads/WPL/38/403.php?loknya=/usr/lib/php8.2/test/_URL2/tests HTTP/1.1" 200 5377 canaryadminservices.com "https://canaryadminservices.com/wp-content/uploads/WPL/38/403.php?loknya=/usr/lib/php8.2/test/_URL2/tests/" "Mozilla/5.0 AppleWebKit/537.36 (KHTML, like Gecko; compatible; GPTBot/1.4; +https://openai.com/gptbot)" "-"
114.119.150.0 - - [25/Jul/2026:07:01:32 +0200] "GET /author/admincanaryadminservices-com/page/34 HTTP/1.1" 301 - canaryadminservices.com "https://www.canaryadminservices.com/author/admincanaryadminservices-com/page/32" "Mozilla/5.0 (Linux; Android 7.0;) AppleWebKit/537.36 (HTML, like Gecko) Mobile Safari/537.36 (compatible; PetalBot;+https://webmaster.petalsearch.com/site/petalbot)" "-"
114.119.150.0 - - [25/Jul/2026:07:01:34 +0200] "GET /author/admincanaryadminservices-com/page/34/ HTTP/1.1" 200 161356 canaryadminservices.com "https://www.canaryadminservices.com/author/admincanaryadminservices-com/page/32" "Mozilla/5.0 (Linux; Android 7.0;) AppleWebKit/537.36 (HTML, like Gecko) Mobile Safari/537.36 (compatible; PetalBot;+https://webmaster.petalsearch.com/site/petalbot)" "-"
74.7.243.0 - - [25/Jul/2026:07:01:53 +0200] "GET /wp-content/uploads/WPL/38/403.php?lokasie=/usr/lib/php8.2/PEAR/Installer/Role/Test.xml&loknya=/usr/lib/php8.2/PEAR/Installer/Role HTTP/1.1" 200 4790 canaryadminservices.com "https://canaryadminservices.com/wp-content/uploads/WPL/38/403.php?loknya=/usr/lib/php8.2/PEAR/Installer/Role" "Mozilla/5.0 AppleWebKit/537.36 (KHTML, like Gecko; compatible; GPTBot/1.4; +https://openai.com/gptbot)" "-"
5.102.173.0 - - [25/Jul/2026:07:02:00 +0200] "GET /robots.txt HTTP/1.1" 200 124 canaryadminservices.com "-" "Mozilla/5.0 (compatible; MojeekBot/0.11; +https://www.mojeek.com/bot.html)" "-"
82.165.86.0 - - [25/Jul/2026:07:02:01 +0200] "POST /wp-cron.php?doing_wp_cron=1784955721.0396070480346679687500 HTTP/1.1" 200 - canaryadminservices.com "-" "WordPress/6.4.8; https://canaryadminservices.com" "-"
5.102.173.0 - - [25/Jul/2026:07:02:01 +0200] "GET /tag/boundaries/ HTTP/1.1" 200 126875 canaryadminservices.com "-" "Mozilla/5.0 (compatible; MojeekBot/0.11; +https://www.mojeek.com/bot.html)" "-"
74.7.243.0 - - [25/Jul/2026:07:02:21 +0200] "GET /wp-content/uploads/WPL/38/403.php?lokasie=/usr/lib/php8.2/PEAR/Installer/Role/Www.xml&loknya=/usr/lib/php8.2/PEAR/Installer/Role HTTP/1.1" 200 4813 canaryadminservices.com "https://canaryadminservices.com/wp-content/uploads/WPL/38/403.php?loknya=/usr/lib/php8.2/PEAR/Installer/Role" "Mozilla/5.0 AppleWebKit/537.36 (KHTML, like Gecko; compatible; GPTBot/1.4; +https://openai.com/gptbot)" "-"
74.7.243.0 - - [25/Jul/2026:07:02:45 +0200] "GET /wp-content/uploads/WPL/38/403.php?lokasie=/usr/lib/php8.2/PEAR/Installer/Role/Data.xml&loknya=/usr/lib/php8.2/PEAR/Installer/Role HTTP/1.1" 200 4790 canaryadminservices.com "https://canaryadminservices.com/wp-content/uploads/WPL/38/403.php?loknya=/usr/lib/php8.2/PEAR/Installer/Role" "Mozilla/5.0 AppleWebKit/537.36 (KHTML, like Gecko; compatible; GPTBot/1.4; +https://openai.com/gptbot)" "-"
114.119.158.0 - - [25/Jul/2026:07:02:56 +0200] "GET /author/admincanaryadminservices-com/page/1/ HTTP/1.1" 301 - canaryadminservices.com "https://canaryadminservices.com/author/admincanaryadminservices-com/page/36/" "Mozilla/5.0 (Linux; Android 7.0;) AppleWebKit/537.36 (HTML, like Gecko) Mobile Safari/537.36 (compatible; PetalBot;+https://webmaster.petalsearch.com/site/petalbot)" "-"
82.165.86.0 - - [25/Jul/2026:07:02:57 +0200] "POST /wp-cron.php?doing_wp_cron=1784955777.1713020801544189453125 HTTP/1.1" 200 - canaryadminservices.com "-" "WordPress/6.4.8; https://canaryadminservices.com" "-"
114.119.158.0 - - [25/Jul/2026:07:02:58 +0200] "GET /author/admincanaryadminservices-com/ HTTP/1.1" 200 172055 canaryadminservices.com "https://canaryadminservices.com/author/admincanaryadminservices-com/page/36/" "Mozilla/5.0 (Linux; Android 7.0;) AppleWebKit/537.36 (HTML, like Gecko) Mobile Safari/537.36 (compatible; PetalBot;+https://webmaster.petalsearch.com/site/petalbot)" "-"
74.7.243.0 - - [25/Jul/2026:07:03:07 +0200] "GET /wp-content/uploads/WPL/38/403.php?loknya=/usr/lib/php8.2/PEAR/Task HTTP/1.1" 200 16319 canaryadminservices.com "https://canaryadminservices.com/wp-content/uploads/WPL/38/403.php?loknya=/usr/lib/php8.2/PEAR/" "Mozilla/5.0 AppleWebKit/537.36 (KHTML, like Gecko; compatible; GPTBot/1.4; +https://openai.com/gptbot)" "-"
92.222.108.0 - - [25/Jul/2026:07:03:18 +0200] "GET /tag/catastro/ HTTP/1.1" 200 134414 canaryadminservices.com "-" "Mozilla/5.0 (compatible; AhrefsBot/7.0; +http://ahrefs.com/robot/)" "-"
82.165.86.0 - - [25/Jul/2026:07:03:19 +0200] "POST /wp-cron.php?doing_wp_cron=1784955799.0312969684600830078125 HTTP/1.1" 200 - canaryadminservices.com "-" "WordPress/6.4.8; https://canaryadminservices.com" "-"
74.7.243.0 - - [25/Jul/2026:07:03:28 +0200] "GET /wp-content/uploads/WPL/38/403.php?lokasie=/usr/lib/php8.2/PEAR/Installer/Role/Doc.xml&loknya=/usr/lib/php8.2/PEAR/Installer/Role HTTP/1.1" 200 4788 canaryadminservices.com "https://canaryadminservices.com/wp-content/uploads/WPL/38/403.php?loknya=/usr/lib/php8.2/PEAR/Installer/Role" "Mozilla/5.0 AppleWebKit/537.36 (KHTML, like Gecko; compatible; GPTBot/1.4; +https://openai.com/gptbot)" "-"
74.7.243.0 - - [25/Jul/2026:07:03:46 +0200] "GET /wp-content/uploads/WPL/38/403.php?lokasie=/usr/lib/php8.2/PEAR/Installer/Role/Php.xml&loknya=/usr/lib/php8.2/PEAR/Installer/Role HTTP/1.1" 200 4828 canaryadminservices.com "https://canaryadminservices.com/wp-content/uploads/WPL/38/403.php?loknya=/usr/lib/php8.2/PEAR/Installer/Role" "Mozilla/5.0 AppleWebKit/537.36 (KHTML, like Gecko; compatible; GPTBot/1.4; +https://openai.com/gptbot)" "-"
184.154.36.0 - - [25/Jul/2026:07:03:56 +0200] "GET / HTTP/1.1" 403 8109 www.canaryadminservices.com "http://www.google.com/url?url=www.canaryadminservices.com&yahoo.com" "Mozilla/5.0 (compatible; MSIE 9.0; Windows NT 6.1; WOW64; Trident/6.0)" "-"
184.154.36.0 - - [25/Jul/2026:07:03:58 +0200] "GET /th1s_1s_a_4o4.html HTTP/1.1" 403 8127 www.canaryadminservices.com "http://www.google.com/url?url=www.canaryadminservices.com&yahoo.com" "Mozilla/5.0 (compatible; MSIE 9.0; Windows NT 6.1; WOW64; Trident/6.0)" "-"
184.154.36.0 - - [25/Jul/2026:07:04:00 +0200] "GET /wp-content/plugins/cleantalk-spam-protect/js/apbct-public-bundle.min.js?6.50.1 HTTP/1.1" 200 78252 canaryadminservices.com "http://www.google.com/url?url=www.canaryadminservices.com&yahoo.com" "Mozilla/5.0 (compatible; MSIE 9.0; Windows NT 6.1; WOW64; Trident/6.0)" "-"
74.7.243.0 - - [25/Jul/2026:07:04:02 +0200] "GET /wp-content/uploads/WPL/38/403.php?lokasie=/usr/lib/php8.2/PEAR/Installer/Role/Src.xml&loknya=/usr/lib/php8.2/PEAR/Installer/Role HTTP/1.1" 200 4641 canaryadminservices.com "https://canaryadminservices.com/wp-content/uploads/WPL/38/403.php?loknya=/usr/lib/php8.2/PEAR/Installer/Role" "Mozilla/5.0 AppleWebKit/537.36 (KHTML, like Gecko; compatible; GPTBot/1.4; +https://openai.com/gptbot)" "-"
184.154.36.0 - - [25/Jul/2026:07:04:07 +0200] "GET /wp-content/plugins/cleantalk-spam-protect/js/$1 HTTP/1.1" 403 8157 www.canaryadminservices.com "http://www.google.com/url?url=www.canaryadminservices.com&yahoo.com" "Mozilla/5.0 (compatible; MSIE 9.0; Windows NT 6.1; WOW64; Trident/6.0)" "-"
184.154.36.0 - - [25/Jul/2026:07:04:09 +0200] "GET /wp-content/plugins/estatik/common/magnific-popup/jquery.magnific-popup.min.js?ver=4.1.1 HTTP/1.1" 200 20217 canaryadminservices.com "http://www.google.com/url?url=www.canaryadminservices.com&yahoo.com" "Mozilla/5.0 (compatible; MSIE 9.0; Windows NT 6.1; WOW64; Trident/6.0)" "-"
184.154.36.0 - - [25/Jul/2026:07:04:09 +0200] "GET /wp-content/plugins/cleantalk-spam-protect/js/apbct-public-bundle.min.js?6.50.1 HTTP/1.1" 200 78252 canaryadminservices.com "http://www.google.com/url?url=www.canaryadminservices.com&yahoo.com" "Mozilla/5.0 (compatible; MSIE 9.0; Windows NT 6.1; WOW64; Trident/6.0)" "-"
184.154.36.0 - - [25/Jul/2026:07:04:10 +0200] "GET /wp-content/plugins/cleantalk-spam-protect/js/$1 HTTP/1.1" 403 8156 www.canaryadminservices.com "http://www.google.com/url?url=www.canaryadminservices.com&yahoo.com" "Mozilla/5.0 (compatible; MSIE 9.0; Windows NT 6.1; WOW64; Trident/6.0)" "-"
184.154.36.0 - - [25/Jul/2026:07:04:11 +0200] "GET /th1s_1s_a_4o4.html HTTP/1.1" 403 8128 www.canaryadminservices.com "http://www.google.com/url?url=www.canaryadminservices.com&yahoo.com" "Mozilla/5.0 (compatible; MSIE 9.0; Windows NT 6.1; WOW64; Trident/6.0)" "-"
184.154.36.0 - - [25/Jul/2026:07:04:13 +0200] "GET / HTTP/1.1" 403 8109 www.canaryadminservices.com "-" "SiteLockSpider [en] (WinNT; I ;Nav)" "-"
184.154.36.0 - - [25/Jul/2026:07:04:15 +0200] "GET / HTTP/1.1" 403 8110 canaryadminservices.com "http://www.google.com/url?url=www.canaryadminservices.com&yahoo.com" "Mozilla/5.0 (compatible; MSIE 9.0; Windows NT 6.1; WOW64; Trident/6.0)" "-"
184.154.36.0 - - [25/Jul/2026:07:04:16 +0200] "GET /th1s_1s_a_4o4.html HTTP/1.1" 403 8128 canaryadminservices.com "-" "SiteLockSpider [en] (WinNT; I ;Nav)" "-"
74.7.243.0 - - [25/Jul/2026:07:04:17 +0200] "GET /wp-content/uploads/WPL/38/403.php?loknya=/usr/lib/php8.2/test/Net_SMTP HTTP/1.1" 200 6351 canaryadminservices.com "https://canaryadminservices.com/wp-content/uploads/WPL/38/403.php?loknya=/usr/lib/php8.2/test/" "Mozilla/5.0 AppleWebKit/537.36 (KHTML, like Gecko; compatible; GPTBot/1.4; +https://openai.com/gptbot)" "-"
184.154.36.0 - - [25/Jul/2026:07:04:18 +0200] "GET / HTTP/1.1" 403 8110 canaryadminservices.com "-" "SiteLockSpider [en] (WinNT; I ;Nav)" "-"
184.154.36.0 - - [25/Jul/2026:07:04:19 +0200] "GET / HTTP/1.1" 403 8110 canaryadminservices.com "http://www.google.com/url?url=www.canaryadminservices.com&yahoo.com" "Mozilla/5.0 (compatible; MSIE 9.0; Windows NT 6.1; WOW64; Trident/6.0)" "-"
114.119.140.0 - - [25/Jul/2026:07:04:20 +0200] "GET /are-you-at-risk-the-spanish-data-protection-agency-issues-alert/ HTTP/1.1" 200 139691 canaryadminservices.com "https://canaryadminservices.com/blog/page/11" "Mozilla/5.0 (Linux; Android 7.0;) AppleWebKit/537.36 (HTML, like Gecko) Mobile Safari/537.36 (compatible; PetalBot;+https://webmaster.petalsearch.com/site/petalbot)" "-"
82.165.86.0 - - [25/Jul/2026:07:04:21 +0200] "POST /wp-cron.php?doing_wp_cron=1784955861.1834070682525634765625 HTTP/1.1" 200 - canaryadminservices.com "-" "WordPress/6.4.8; https://canaryadminservices.com" "-"
74.7.243.0 - - [25/Jul/2026:07:04:31 +0200] "GET /wp-content/uploads/WPL/38/403.php?lokasie=/usr/lib/php8.2/PEAR/Installer/Role/Ext.xml&loknya=/usr/lib/php8.2/PEAR/Installer/Role HTTP/1.1" 200 4685 canaryadminservices.com "https://canaryadminservices.com/wp-content/uploads/WPL/38/403.php?loknya=/usr/lib/php8.2/PEAR/Installer/Role" "Mozilla/5.0 AppleWebKit/537.36 (KHTML, like Gecko; compatible; GPTBot/1.4; +https://openai.com/gptbot)" "-"
14.190.254.0 - - [25/Jul/2026:07:04:33 +0200] "GET /tag/upta/ HTTP/1.1" 404 121072 canaryadminservices.com "-" "Mozilla/5.0 (Macintosh; Intel Mac OS X 10_11_3) AppleWebKit/537.36 (KHTML, like Gecko) Chrome/68.0.3409.1 Safari/537.36" "-"
74.7.243.0 - - [25/Jul/2026:07:04:42 +0200] "GET /wp-content/uploads/WPL/38/403.php?lokasie=/usr/lib/php8.2/PEAR/Installer/Role/Cfg.xml&loknya=/usr/lib/php8.2/PEAR/Installer/Role HTTP/1.1" 200 4814 canaryadminservices.com "https://canaryadminservices.com/wp-content/uploads/WPL/38/403.php?loknya=/usr/lib/php8.2/PEAR/Installer/Role" "Mozilla/5.0 AppleWebKit/537.36 (KHTML, like Gecko; compatible; GPTBot/1.4; +https://openai.com/gptbot)" "-"
74.7.243.0 - - [25/Jul/2026:07:04:52 +0200] "GET /wp-content/uploads/WPL/38/403.php?lokasie=/usr/lib/php8.2/PEAR/Installer/Role/Man.xml&loknya=/usr/lib/php8.2/PEAR/Installer/Role HTTP/1.1" 200 4814 canaryadminservices.com "https://canaryadminservices.com/wp-content/uploads/WPL/38/403.php?loknya=/usr/lib/php8.2/PEAR/Installer/Role" "Mozilla/5.0 AppleWebKit/537.36 (KHTML, like Gecko; compatible; GPTBot/1.4; +https://openai.com/gptbot)" "-"
112.86.225.0 - - [25/Jul/2026:07:05:00 +0200] "GET /tag/market-research/page/30/ HTTP/1.1" 404 120717 canaryadminservices.com "-" "Sogou web spider/4.0(+http://www.sogou.com/docs/help/webmasters.htm#07)" "-"
82.165.86.0 - - [25/Jul/2026:07:05:01 +0200] "POST /wp-cron.php?doing_wp_cron=1784955901.5158090591430664062500 HTTP/1.1" 200 - canaryadminservices.com "-" "WordPress/6.4.8; https://canaryadminservices.com" "-"
74.7.243.0 - - [25/Jul/2026:07:05:02 +0200] "GET /wp-content/uploads/WPL/38/403.php?loknya=/usr/lib/php8.2/test/XML_RPC2/tests/XML_RPC2 HTTP/1.1" 200 8905 canaryadminservices.com "https://canaryadminservices.com/wp-content/uploads/WPL/38/403.php?loknya=/usr/lib/php8.2/test/XML_RPC2/tests" "Mozilla/5.0 AppleWebKit/537.36 (KHTML, like Gecko; compatible; GPTBot/1.4; +https://openai.com/gptbot)" "-"
74.7.243.0 - - [25/Jul/2026:07:05:11 +0200] "GET /wp-content/uploads/WPL/38/403.php?lokasie=/usr/lib/php8.2/PEAR/Command/Remote.xml&loknya=/usr/lib/php8.2/PEAR/Command HTTP/1.1" 200 8339 canaryadminservices.com "https://canaryadminservices.com/wp-content/uploads/WPL/38/403.php?loknya=/usr/lib/php8.2/PEAR/Command" "Mozilla/5.0 AppleWebKit/537.36 (KHTML, like Gecko; compatible; GPTBot/1.4; +https://openai.com/gptbot)" "-"
74.7.243.0 - - [25/Jul/2026:07:05:19 +0200] "GET /wp-content/uploads/WPL/38/403.php?lokasie=/usr/lib/php8.2/PEAR/Command/Channels.xml&loknya=/usr/lib/php8.2/PEAR/Command HTTP/1.1" 429 267 canaryadminservices.com "https://canaryadminservices.com/wp-content/uploads/WPL/38/403.php?loknya=/usr/lib/php8.2/PEAR/Command" "Mozilla/5.0 AppleWebKit/537.36 (KHTML, like Gecko; compatible; GPTBot/1.4; +https://openai.com/gptbot)" "-"
74.7.243.0 - - [25/Jul/2026:07:05:26 +0200] "GET /wp-content/uploads/WPL/38/403.php?loknya=/usr/lib/php8.2/PEAR/Task/Unixeol HTTP/1.1" 429 267 canaryadminservices.com "https://canaryadminservices.com/wp-content/uploads/WPL/38/403.php?loknya=/usr/lib/php8.2/PEAR/Task" "Mozilla/5.0 AppleWebKit/537.36 (KHTML, like Gecko; compatible; GPTBot/1.4; +https://openai.com/gptbot)" "-"
114.119.151.0 - - [25/Jul/2026:07:05:43 +0200] "GET /2021/11 HTTP/1.1" 301 - canaryadminservices.com "https://canaryadminservices.com/author/admincanaryadminservices-com/page/1" "Mozilla/5.0 (Linux; Android 7.0;) AppleWebKit/537.36 (HTML, like Gecko) Mobile Safari/537.36 (compatible; PetalBot;+https://webmaster.petalsearch.com/site/petalbot)" "-"
82.165.86.0 - - [25/Jul/2026:07:05:44 +0200] "POST /wp-cron.php?doing_wp_cron=1784955944.4798569679260253906250 HTTP/1.1" 200 - canaryadminservices.com "-" "WordPress/6.4.8; https://canaryadminservices.com" "-"
114.119.151.0 - - [25/Jul/2026:07:05:45 +0200] "GET /2021/11/ HTTP/1.1" 200 127054 canaryadminservices.com "https://canaryadminservices.com/author/admincanaryadminservices-com/page/1" "Mozilla/5.0 (Linux; Android 7.0;) AppleWebKit/537.36 (HTML, like Gecko) Mobile Safari/537.36 (compatible; PetalBot;+https://webmaster.petalsearch.com/site/petalbot)" "-"
74.7.243.0 - - [25/Jul/2026:07:05:47 +0200] "GET /wp-content/uploads/WPL/38/403.php?loknya=/usr/lib/php8.2/PEAR/Task/Replace HTTP/1.1" 429 267 canaryadminservices.com "https://canaryadminservices.com/wp-content/uploads/WPL/38/403.php?loknya=/usr/lib/php8.2/PEAR/Task" "Mozilla/5.0 AppleWebKit/537.36 (KHTML, like Gecko; compatible; GPTBot/1.4; +https://openai.com/gptbot)" "-"
57.141.0.0 - - [25/Jul/2026:07:06:06 +0200] "GET /wp-sitemap-posts-post-1.xml HTTP/1.1" 200 19345 canaryadminservices.com "-" "Mozilla/5.0 (Macintosh; Intel Mac OS X 10_15_7) AppleWebKit/537.36 (KHTML, like Gecko) Chrome/145.0.0.0 Safari/537.36 (compatible; meta-externalagent/1.1 (+https://developers.facebook.com/docs/sharing/webmasters/crawler))" "-"
74.7.243.0 - - [25/Jul/2026:07:06:47 +0200] "GET /wp-content/uploads/WPL/38/403.php?loknya=/usr/lib/php8.2/PEAR/Task/Windowseol HTTP/1.1" 200 6731 canaryadminservices.com "https://canaryadminservices.com/wp-content/uploads/WPL/38/403.php?loknya=/usr/lib/php8.2/PEAR/Task" "Mozilla/5.0 AppleWebKit/537.36 (KHTML, like Gecko; compatible; GPTBot/1.4; +https://openai.com/gptbot)" "-"
114.119.158.0 - - [25/Jul/2026:07:07:06 +0200] "GET /2018/08 HTTP/1.1" 301 - canaryadminservices.com "https://www.canaryadminservices.com/2018/08" "Mozilla/5.0 (Linux; Android 7.0;) AppleWebKit/537.36 (HTML, like Gecko) Mobile Safari/537.36 (compatible; PetalBot;+https://webmaster.petalsearch.com/site/petalbot)" "-"
82.165.86.0 - - [25/Jul/2026:07:07:07 +0200] "POST /wp-cron.php?doing_wp_cron=1784956027.3540470600128173828125 HTTP/1.1" 200 - canaryadminservices.com "-" "WordPress/6.4.8; https://canaryadminservices.com" "-"
114.119.158.0 - - [25/Jul/2026:07:07:08 +0200] "GET /2018/08/ HTTP/1.1" 200 127039 canaryadminservices.com "https://www.canaryadminservices.com/2018/08" "Mozilla/5.0 (Linux; Android 7.0;) AppleWebKit/537.36 (HTML, like Gecko) Mobile Safari/537.36 (compatible; PetalBot;+https://webmaster.petalsearch.com/site/petalbot)" "-"
34.156.245.0 - - [25/Jul/2026:07:07:38 +0200] "GET /tag/pitfalls HTTP/1.1" 301 - canaryadminservices.com "-" "Mozilla/5.0 (compatible; VelenPublicWebCrawler/1.0; +https://velen.io)" "-"
34.156.245.0 - - [25/Jul/2026:07:07:42 +0200] "GET /tag/pitfalls HTTP/1.1" 301 - canaryadminservices.com "http://canaryadminservices.com/tag/pitfalls" "Mozilla/5.0 (compatible; VelenPublicWebCrawler/1.0; +https://velen.io)" "-"
82.165.86.0 - - [25/Jul/2026:07:07:43 +0200] "POST /wp-cron.php?doing_wp_cron=1784956063.4363670349121093750000 HTTP/1.1" 200 - canaryadminservices.com "-" "WordPress/6.4.8; https://canaryadminservices.com" "-"
34.156.245.0 - - [25/Jul/2026:07:07:45 +0200] "GET /tag/pitfalls/ HTTP/1.1" 200 128624 canaryadminservices.com "https://canaryadminservices.com/tag/pitfalls" "Mozilla/5.0 (compatible; VelenPublicWebCrawler/1.0; +https://velen.io)" "-"
74.7.243.0 - - [25/Jul/2026:07:07:48 +0200] "GET /wp-content/uploads/WPL/38/403.php?loknya=/usr/lib/php8.2/PEAR/Task/Postinstallscript HTTP/1.1" 200 6788 canaryadminservices.com "https://canaryadminservices.com/wp-content/uploads/WPL/38/403.php?loknya=/usr/lib/php8.2/PEAR/Task" "Mozilla/5.0 AppleWebKit/537.36 (KHTML, like Gecko; compatible; GPTBot/1.4; +https://openai.com/gptbot)" "-"
74.7.243.0 - - [25/Jul/2026:07:08:45 +0200] "GET /wp-content/uploads/WPL/38/403.php?loknya=/usr/lib/php8.2/test/Net_SMTP/tests HTTP/1.1" 200 10915 canaryadminservices.com "https://canaryadminservices.com/wp-content/uploads/WPL/38/403.php?loknya=/usr/lib/php8.2/test/Net_SMTP" "Mozilla/5.0 AppleWebKit/537.36 (KHTML, like Gecko; compatible; GPTBot/1.4; +https://openai.com/gptbot)" "-"
52.167.144.0 - - [25/Jul/2026:07:09:23 +0200] "GET /wp-sitemap-taxonomies-category-1.xml HTTP/1.1" 200 1496 canaryadminservices.com "-" "Mozilla/5.0 AppleWebKit/537.36 (KHTML, like Gecko; compatible; bingbot/2.0; +http://www.bing.com/bingbot.htm) Chrome/116.0.1938.76 Safari/537.36" "-"
82.165.86.0 - - [25/Jul/2026:07:09:24 +0200] "POST /wp-cron.php?doing_wp_cron=1784956164.4330770969390869140625 HTTP/1.1" 200 - canaryadminservices.com "-" "WordPress/6.4.8; https://canaryadminservices.com" "-"
74.7.243.0 - - [25/Jul/2026:07:09:34 +0200] "GET /wp-content/uploads/WPL/38/403.php?lokasie=/usr/lib/php8.2/PEAR/Command/Pickle.xml&loknya=/usr/lib/php8.2/PEAR/Command HTTP/1.1" 200 5527 canaryadminservices.com "https://canaryadminservices.com/wp-content/uploads/WPL/38/403.php?loknya=/usr/lib/php8.2/PEAR/Command" "Mozilla/5.0 AppleWebKit/537.36 (KHTML, like Gecko; compatible; GPTBot/1.4; +https://openai.com/gptbot)" "-"
74.7.243.0 - - [25/Jul/2026:07:10:22 +0200] "GET /wp-content/uploads/WPL/38/403.php?lokasie=/usr/lib/php8.2/PEAR/Command/Install.xml&loknya=/usr/lib/php8.2/PEAR/Command HTTP/1.1" 200 15118 canaryadminservices.com "https://canaryadminservices.com/wp-content/uploads/WPL/38/403.php?loknya=/usr/lib/php8.2/PEAR/Command" "Mozilla/5.0 AppleWebKit/537.36 (KHTML, like Gecko; compatible; GPTBot/1.4; +https://openai.com/gptbot)" "-"
74.7.243.0 - - [25/Jul/2026:07:11:02 +0200] "GET /wp-content/uploads/WPL/38/403.php?lokasie=/usr/lib/php8.2/PEAR/Command/Config.xml&loknya=/usr/lib/php8.2/PEAR/Command HTTP/1.1" 200 8224 canaryadminservices.com "https://canaryadminservices.com/wp-content/uploads/WPL/38/403.php?loknya=/usr/lib/php8.2/PEAR/Command" "Mozilla/5.0 AppleWebKit/537.36 (KHTML, like Gecko; compatible; GPTBot/1.4; +https://openai.com/gptbot)" "-"
74.7.243.0 - - [25/Jul/2026:07:11:39 +0200] "GET /wp-content/uploads/WPL/38/403.php?loknya=/usr/lib/php8.2/test/XML_RPC2/tests/XML_RPC2/xmlrpcextBackend HTTP/1.1" 200 10320 canaryadminservices.com "https://canaryadminservices.com/wp-content/uploads/WPL/38/403.php?loknya=/usr/lib/php8.2/test/XML_RPC2/tests/XML_RPC2" "Mozilla/5.0 AppleWebKit/537.36 (KHTML, like Gecko; compatible; GPTBot/1.4; +https://openai.com/gptbot)" "-"
74.7.243.0 - - [25/Jul/2026:07:12:14 +0200] "GET /wp-content/uploads/WPL/38/403.php?loknya=/usr/lib/php8.2/test/XML_RPC2/tests/XML_RPC2/regressions HTTP/1.1" 200 9982 canaryadminservices.com "https://canaryadminservices.com/wp-content/uploads/WPL/38/403.php?loknya=/usr/lib/php8.2/test/XML_RPC2/tests/XML_RPC2" "Mozilla/5.0 AppleWebKit/537.36 (KHTML, like Gecko; compatible; GPTBot/1.4; +https://openai.com/gptbot)" "-"
195.234.109.0 - - [25/Jul/2026:07:12:19 +0200] "GET /wp-content/uploads/2019/05/paternidad.png HTTP/1.1" 200 102553 www.canaryadminservices.com "-" "Photon/1.0" "-"
119.94.130.0 - - [25/Jul/2026:07:12:19 +0200] "GET /feed/ HTTP/1.1" 200 68530 canaryadminservices.com "-" "Mozilla/5.0 (Macintosh; Intel Mac OS X 10.15; rv:135.0) Gecko/20100101 Firefox/135.0" "-"
82.165.86.0 - - [25/Jul/2026:07:12:20 +0200] "POST /wp-cron.php?doing_wp_cron=1784956340.3188979625701904296875 HTTP/1.1" 200 - canaryadminservices.com "-" "WordPress/6.4.8; https://canaryadminservices.com" "-"
74.7.243.0 - - [25/Jul/2026:07:12:44 +0200] "GET /wp-content/uploads/WPL/38/403.php?loknya=/usr/lib/php8.2/test/XML_RPC2/tests/XML_RPC2/phpBackend HTTP/1.1" 200 13698 canaryadminservices.com "https://canaryadminservices.com/wp-content/uploads/WPL/38/403.php?loknya=/usr/lib/php8.2/test/XML_RPC2/tests/XML_RPC2" "Mozilla/5.0 AppleWebKit/537.36 (KHTML, like Gecko; compatible; GPTBot/1.4; +https://openai.com/gptbot)" "-"
74.7.243.0 - - [25/Jul/2026:07:13:11 +0200] "GET /wp-content/uploads/WPL/38/403.php?loknya=/usr/lib/php8.2/test/tests/ HTTP/1.1" 200 5277 canaryadminservices.com "https://canaryadminservices.com/wp-content/uploads/WPL/38/403.php?loknya=/usr/lib/php8.2/test/XML_RPC2/tests/XML_RPC2" "Mozilla/5.0 AppleWebKit/537.36 (KHTML, like Gecko; compatible; GPTBot/1.4; +https://openai.com/gptbot)" "-"
74.7.243.0 - - [25/Jul/2026:07:13:36 +0200] "GET /wp-content/uploads/WPL/38/403.php?lokasie=/usr/lib/php8.2/PEAR/Command/Package.xml&loknya=/usr/lib/php8.2/PEAR/Command HTTP/1.1" 200 13231 canaryadminservices.com "https://canaryadminservices.com/wp-content/uploads/WPL/38/403.php?loknya=/usr/lib/php8.2/PEAR/Command" "Mozilla/5.0 AppleWebKit/537.36 (KHTML, like Gecko; compatible; GPTBot/1.4; +https://openai.com/gptbot)" "-"
192.104.34.0 - - [25/Jul/2026:07:13:41 +0200] "GET / HTTP/1.1" 200 152671 canaryadminservices.com "-" "Mozilla/5.0 (Windows NT 10.0; Win64; x64) AppleWebKit/537.36 (KHTML, like Gecko) Chrome/134.0.0.0 Safari/537.36" "-"
82.165.86.0 - - [25/Jul/2026:07:13:42 +0200] "POST /wp-cron.php?doing_wp_cron=1784956422.0258491039276123046875 HTTP/1.1" 200 - canaryadminservices.com "-" "WordPress/6.4.8; https://canaryadminservices.com" "-"
192.104.34.0 - - [25/Jul/2026:07:13:43 +0200] "GET /about/ HTTP/1.1" 200 136874 canaryadminservices.com "-" "Mozilla/5.0 (Windows NT 10.0; Win64; x64) AppleWebKit/537.36 (KHTML, like Gecko) Chrome/134.0.0.0 Safari/537.36" "-"
192.104.34.0 - - [25/Jul/2026:07:13:44 +0200] "GET /blog/ HTTP/1.1" 200 168943 canaryadminservices.com "-" "Mozilla/5.0 (Windows NT 10.0; Win64; x64) AppleWebKit/537.36 (KHTML, like Gecko) Chrome/134.0.0.0 Safari/537.36" "-"
192.104.34.0 - - [25/Jul/2026:07:13:46 +0200] "GET /cart/ HTTP/1.1" 200 185279 canaryadminservices.com "-" "Mozilla/5.0 (Windows NT 10.0; Win64; x64) AppleWebKit/537.36 (KHTML, like Gecko) Chrome/134.0.0.0 Safari/537.36" "-"
192.104.34.0 - - [25/Jul/2026:07:13:47 +0200] "GET /checkout/ HTTP/1.1" 302 - canaryadminservices.com "-" "Mozilla/5.0 (Windows NT 10.0; Win64; x64) AppleWebKit/537.36 (KHTML, like Gecko) Chrome/134.0.0.0 Safari/537.36" "-"
192.104.34.0 - - [25/Jul/2026:07:13:48 +0200] "GET /comments/feed/ HTTP/1.1" 200 1614 canaryadminservices.com "-" "Mozilla/5.0 (Windows NT 10.0; Win64; x64) AppleWebKit/537.36 (KHTML, like Gecko) Chrome/134.0.0.0 Safari/537.36" "-"
192.104.34.0 - - [25/Jul/2026:07:13:50 +0200] "GET /contact/ HTTP/1.1" 200 168688 canaryadminservices.com "-" "Mozilla/5.0 (Windows NT 10.0; Win64; x64) AppleWebKit/537.36 (KHTML, like Gecko) Chrome/134.0.0.0 Safari/537.36" "-"
192.104.34.0 - - [25/Jul/2026:07:13:51 +0200] "GET /cookies-policy/ HTTP/1.1" 200 128430 canaryadminservices.com "-" "Mozilla/5.0 (Windows NT 10.0; Win64; x64) AppleWebKit/537.36 (KHTML, like Gecko) Chrome/134.0.0.0 Safari/537.36" "-"
192.104.34.0 - - [25/Jul/2026:07:13:53 +0200] "GET /covid-19-new-regulations-and-fuerteventura-moves-up-to-phase-3/ HTTP/1.1" 200 143047 canaryadminservices.com "-" "Mozilla/5.0 (Windows NT 10.0; Win64; x64) AppleWebKit/537.36 (KHTML, like Gecko) Chrome/134.0.0.0 Safari/537.36" "-"
192.104.34.0 - - [25/Jul/2026:07:13:54 +0200] "GET /covid-19-the-canarian-government-imposes-covid-certificates-to-enter-establishments-for-phases-3-and-4/ HTTP/1.1" 200 136588 canaryadminservices.com "-" "Mozilla/5.0 (Windows NT 10.0; Win64; x64) AppleWebKit/537.36 (KHTML, like Gecko) Chrome/134.0.0.0 Safari/537.36" "-"
192.104.34.0 - - [25/Jul/2026:07:13:55 +0200] "GET /covid-19-the-omicron-wave-forces-new-regulations-and-restrictions/ HTTP/1.1" 200 137879 canaryadminservices.com "-" "Mozilla/5.0 (Windows NT 10.0; Win64; x64) AppleWebKit/537.36 (KHTML, like Gecko) Chrome/134.0.0.0 Safari/537.36" "-"
192.104.34.0 - - [25/Jul/2026:07:13:57 +0200] "GET /covid19-lower-restrictions-on-the-canary-islands/ HTTP/1.1" 200 134393 canaryadminservices.com "-" "Mozilla/5.0 (Windows NT 10.0; Win64; x64) AppleWebKit/537.36 (KHTML, like Gecko) Chrome/134.0.0.0 Safari/537.36" "-"
74.7.243.0 - - [25/Jul/2026:07:13:58 +0200] "GET /wp-content/uploads/WPL/38/403.php?loknya=/usr/lib/php8.2/PEAR/Task/ HTTP/1.1" 200 16349 canaryadminservices.com "https://canaryadminservices.com/wp-content/uploads/WPL/38/403.php?loknya=/usr/lib/php8.2/PEAR/Task/Windowseol" "Mozilla/5.0 AppleWebKit/537.36 (KHTML, like Gecko; compatible; GPTBot/1.4; +https://openai.com/gptbot)" "-"
192.104.34.0 - - [25/Jul/2026:07:13:58 +0200] "GET /data-protection-policy/ HTTP/1.1" 200 135387 canaryadminservices.com "-" "Mozilla/5.0 (Windows NT 10.0; Win64; x64) AppleWebKit/537.36 (KHTML, like Gecko) Chrome/134.0.0.0 Safari/537.36" "-"
192.104.34.0 - - [25/Jul/2026:07:14:00 +0200] "GET /disclaimer/ HTTP/1.1" 200 128788 canaryadminservices.com "-" "Mozilla/5.0 (Windows NT 10.0; Win64; x64) AppleWebKit/537.36 (KHTML, like Gecko) Chrome/134.0.0.0 Safari/537.36" "-"
192.104.34.0 - - [25/Jul/2026:07:14:01 +0200] "GET /es/inicio-2/ HTTP/1.1" 200 152844 canaryadminservices.com "-" "Mozilla/5.0 (Windows NT 10.0; Win64; x64) AppleWebKit/537.36 (KHTML, like Gecko) Chrome/134.0.0.0 Safari/537.36" "-"
192.104.34.0 - - [25/Jul/2026:07:14:03 +0200] "GET /feed/ HTTP/1.1" 200 68530 canaryadminservices.com "-" "Mozilla/5.0 (Windows NT 10.0; Win64; x64) AppleWebKit/537.36 (KHTML, like Gecko) Chrome/134.0.0.0 Safari/537.36" "-"
192.104.34.0 - - [25/Jul/2026:07:14:04 +0200] "GET /rates/ HTTP/1.1" 200 132549 canaryadminservices.com "-" "Mozilla/5.0 (Windows NT 10.0; Win64; x64) AppleWebKit/537.36 (KHTML, like Gecko) Chrome/134.0.0.0 Safari/537.36" "-"
192.104.34.0 - - [25/Jul/2026:07:14:05 +0200] "GET /services/ HTTP/1.1" 200 133173 canaryadminservices.com "-" "Mozilla/5.0 (Windows NT 10.0; Win64; x64) AppleWebKit/537.36 (KHTML, like Gecko) Chrome/134.0.0.0 Safari/537.36" "-"
192.104.34.0 - - [25/Jul/2026:07:14:07 +0200] "GET /services/business-services/ HTTP/1.1" 200 134952 canaryadminservices.com "-" "Mozilla/5.0 (Windows NT 10.0; Win64; x64) AppleWebKit/537.36 (KHTML, like Gecko) Chrome/134.0.0.0 Safari/537.36" "-"
192.104.34.0 - - [25/Jul/2026:07:14:08 +0200] "GET /services/consults/ HTTP/1.1" 200 127541 canaryadminservices.com "-" "Mozilla/5.0 (Windows NT 10.0; Win64; x64) AppleWebKit/537.36 (KHTML, like Gecko) Chrome/134.0.0.0 Safari/537.36" "-"
192.104.34.0 - - [25/Jul/2026:07:14:09 +0200] "GET /services/general-paperwork/ HTTP/1.1" 200 134305 canaryadminservices.com "-" "Mozilla/5.0 (Windows NT 10.0; Win64; x64) AppleWebKit/537.36 (KHTML, like Gecko) Chrome/134.0.0.0 Safari/537.36" "-"
103.113.192.0 - - [25/Jul/2026:07:14:15 +0200] "GET /tag/new-normal/ HTTP/1.1" 404 121090 canaryadminservices.com "-" "Mozilla/5.0 (Macintosh; Intel Mac OS X 10_13_6) AppleWebKit/537.36 (KHTML, like Gecko) Chrome/80.0.3987.132 Safari/537.36" "-"
74.7.243.0 - - [25/Jul/2026:07:14:19 +0200] "GET /wp-content/uploads/WPL/38/403.php?lokasie=/usr/lib/php8.2/PEAR/Command/Mirror.xml&loknya=/usr/lib/php8.2/PEAR/Command HTTP/1.1" 200 4933 canaryadminservices.com "https://canaryadminservices.com/wp-content/uploads/WPL/38/403.php?loknya=/usr/lib/php8.2/PEAR/Command" "Mozilla/5.0 AppleWebKit/537.36 (KHTML, like Gecko; compatible; GPTBot/1.4; +https://openai.com/gptbot)" "-"
34.140.159.0 - - [25/Jul/2026:07:14:31 +0200] "GET /pages/left-menu HTTP/1.1" 301 - canaryadminservices.com "-" "Mozilla/5.0 (compatible; VelenPublicWebCrawler/1.0; +https://velen.io)" "-"
34.140.159.0 - - [25/Jul/2026:07:14:35 +0200] "GET /pages/left-menu HTTP/1.1" 301 - canaryadminservices.com "http://canaryadminservices.com/pages/left-menu" "Mozilla/5.0 (compatible; VelenPublicWebCrawler/1.0; +https://velen.io)" "-"
74.7.243.0 - - [25/Jul/2026:07:14:36 +0200] "GET /wp-content/uploads/WPL/38/403.php?lokasie=/usr/lib/php8.2/test/Net_SMTP/tests/quotedata.phpt&loknya=/usr/lib/php8.2/test/Net_SMTP/tests HTTP/1.1" 200 7156 canaryadminservices.com "https://canaryadminservices.com/wp-content/uploads/WPL/38/403.php?loknya=/usr/lib/php8.2/test/Net_SMTP/tests" "Mozilla/5.0 AppleWebKit/537.36 (KHTML, like Gecko; compatible; GPTBot/1.4; +https://openai.com/gptbot)" "-"
34.140.159.0 - - [25/Jul/2026:07:14:38 +0200] "GET /pages/left-menu/ HTTP/1.1" 200 123987 canaryadminservices.com "https://canaryadminservices.com/pages/left-menu" "Mozilla/5.0 (compatible; VelenPublicWebCrawler/1.0; +https://velen.io)" "-"
74.7.243.0 - - [25/Jul/2026:07:14:52 +0200] "GET /wp-content/uploads/WPL/38/403.php?lokasie=/usr/lib/php8.2/test/Net_SMTP/tests/auth.phpt&loknya=/usr/lib/php8.2/test/Net_SMTP/tests HTTP/1.1" 200 4917 canaryadminservices.com "https://canaryadminservices.com/wp-content/uploads/WPL/38/403.php?loknya=/usr/lib/php8.2/test/Net_SMTP/tests" "Mozilla/5.0 AppleWebKit/537.36 (KHTML, like Gecko; compatible; GPTBot/1.4; +https://openai.com/gptbot)" "-"
74.7.243.0 - - [25/Jul/2026:07:15:07 +0200] "GET /wp-content/uploads/WPL/38/403.php?lokasie=/usr/lib/php8.2/test/Net_SMTP/tests/basic.phpt&loknya=/usr/lib/php8.2/test/Net_SMTP/tests HTTP/1.1" 200 5423 canaryadminservices.com "https://canaryadminservices.com/wp-content/uploads/WPL/38/403.php?loknya=/usr/lib/php8.2/test/Net_SMTP/tests" "Mozilla/5.0 AppleWebKit/537.36 (KHTML, like Gecko; compatible; GPTBot/1.4; +https://openai.com/gptbot)" "-"
74.7.243.0 - - [25/Jul/2026:07:15:21 +0200] "GET /wp-content/uploads/WPL/38/403.php?loknya=/usr/lib/php8.2/test/Net_SMTP/ HTTP/1.1" 200 6355 canaryadminservices.com "https://canaryadminservices.com/wp-content/uploads/WPL/38/403.php?loknya=/usr/lib/php8.2/test/Net_SMTP/tests" "Mozilla/5.0 AppleWebKit/537.36 (KHTML, like Gecko; compatible; GPTBot/1.4; +https://openai.com/gptbot)" "-"
74.7.243.0 - - [25/Jul/2026:07:15:32 +0200] "GET /wp-content/uploads/WPL/38/403.php?lokasie=/usr/lib/php8.2/test/Net_SMTP/tests/config.php.dist&loknya=/usr/lib/php8.2/test/Net_SMTP/tests HTTP/1.1" 200 4928 canaryadminservices.com "https://canaryadminservices.com/wp-content/uploads/WPL/38/403.php?loknya=/usr/lib/php8.2/test/Net_SMTP/tests" "Mozilla/5.0 AppleWebKit/537.36 (KHTML, like Gecko; compatible; GPTBot/1.4; +https://openai.com/gptbot)" "-"
74.7.243.0 - - [25/Jul/2026:07:15:43 +0200] "GET /wp-content/uploads/WPL/38/403.php?lokasie=/usr/lib/php8.2/test/XML_RPC2/tests/XML_RPC2/regressions/11314.phpt&loknya=/usr/lib/php8.2/test/XML_RPC2/tests/XML_RPC2/regressions HTTP/1.1" 200 9643 canaryadminservices.com "https://canaryadminservices.com/wp-content/uploads/WPL/38/403.php?loknya=/usr/lib/php8.2/test/XML_RPC2/tests/XML_RPC2/regressions" "Mozilla/5.0 AppleWebKit/537.36 (KHTML, like Gecko; compatible; GPTBot/1.4; +https://openai.com/gptbot)" "-"
74.7.243.0 - - [25/Jul/2026:07:15:53 +0200] "GET /wp-content/uploads/WPL/38/403.php?loknya=/usr/lib/php8.2/test/XML_RPC2/tests/XML_RPC2/phpBackend/client HTTP/1.1" 200 23141 canaryadminservices.com "https://canaryadminservices.com/wp-content/uploads/WPL/38/403.php?loknya=/usr/lib/php8.2/test/XML_RPC2/tests/XML_RPC2/phpBackend" "Mozilla/5.0 AppleWebKit/537.36 (KHTML, like Gecko; compatible; GPTBot/1.4; +https://openai.com/gptbot)" "-"
74.7.243.0 - - [25/Jul/2026:07:16:01 +0200] "GET /wp-content/uploads/WPL/38/403.php?loknya=/usr/lib/php8.2/test/tests HTTP/1.1" 200 5275 canaryadminservices.com "https://canaryadminservices.com/wp-content/uploads/WPL/38/403.php?loknya=/usr/lib/php8.2/test/tests/" "Mozilla/5.0 AppleWebKit/537.36 (KHTML, like Gecko; compatible; GPTBot/1.4; +https://openai.com/gptbot)" "-"
116.179.32.0 - - [25/Jul/2026:07:16:06 +0200] "GET /wp-login.php?redirect_to=https%3A%2F%2Fcanaryadminservices.com%2Fplanning-is-key-part-five-choosing-a-company-name%2F HTTP/1.1" 429 267 www.canaryadminservices.com "-" "Mozilla/5.0 (compatible; Baiduspider/2.0; +http://www.baidu.com/search/spider.html)" "-"
119.249.100.0 - - [25/Jul/2026:07:16:07 +0200] "GET /wp-login.php?redirect_to=https%3A%2F%2Fcanaryadminservices.com%2Fplanning-is-key-part-five-choosing-a-company-name%2F HTTP/1.1" 200 13662 www.canaryadminservices.com "-" "Mozilla/5.0 (Windows NT 10.0; WOW64) AppleWebKit/537.36 (KHTML, like Gecko) Chrome/48.0.2564.116 Safari/537.36" "-"
82.165.86.0 - - [25/Jul/2026:07:16:08 +0200] "POST /wp-cron.php?doing_wp_cron=1784956568.1389811038970947265625 HTTP/1.1" 200 - canaryadminservices.com "-" "WordPress/6.4.8; https://canaryadminservices.com" "-"
74.7.243.0 - - [25/Jul/2026:07:16:09 +0200] "GET /wp-content/uploads/WPL/38/403.php?loknya=/usr/lib/php8.2/test/XML_RPC2/tests/XML_RPC2/phpBackend/server HTTP/1.1" 429 267 canaryadminservices.com "https://canaryadminservices.com/wp-content/uploads/WPL/38/403.php?loknya=/usr/lib/php8.2/test/XML_RPC2/tests/XML_RPC2/phpBackend" "Mozilla/5.0 AppleWebKit/537.36 (KHTML, like Gecko; compatible; GPTBot/1.4; +https://openai.com/gptbot)" "-"
116.179.33.0 - - [25/Jul/2026:07:16:12 +0200] "GET /wp-includes/js/dist/vendor/regenerator-runtime.min.js?ver=0.14.0 HTTP/1.1" 200 6625 canaryadminservices.com "https://www.canaryadminservices.com/" "Mozilla/5.0 (Windows NT 10.0; Win64; x64) AppleWebKit/537.36 (KHTML, like Gecko) Chrome/99.0.4844.51 Safari/537.36" "-"
116.179.33.0 - - [25/Jul/2026:07:16:13 +0200] "OPTIONS /wp-json/cleantalk-antispam/v1/apbct_get_pixel_url HTTP/1.1" 200 221 canaryadminservices.com "https://www.canaryadminservices.com/" "Mozilla/5.0 (Windows NT 10.0; Win64; x64) AppleWebKit/537.36 (KHTML, like Gecko) Chrome/99.0.4844.51 Safari/537.36" "-"
116.179.33.0 - - [25/Jul/2026:07:16:15 +0200] "POST /wp-json/cleantalk-antispam/v1/apbct_get_pixel_url HTTP/1.1" 200 83 canaryadminservices.com "https://www.canaryadminservices.com/" "Mozilla/5.0 (Windows NT 10.0; Win64; x64) AppleWebKit/537.36 (KHTML, like Gecko) Chrome/99.0.4844.51 Safari/537.36" "-"
74.7.243.0 - - [25/Jul/2026:07:16:16 +0200] "GET /wp-content/uploads/WPL/38/403.php?loknya=/usr/lib/php8.2/PEAR/Task/Unixeol HTTP/1.1" 429 267 canaryadminservices.com "https://canaryadminservices.com/wp-content/uploads/WPL/38/403.php?loknya=/usr/lib/php8.2/PEAR/Task/" "Mozilla/5.0 AppleWebKit/537.36 (KHTML, like Gecko; compatible; GPTBot/1.4; +https://openai.com/gptbot)" "-"
74.7.243.0 - - [25/Jul/2026:07:16:37 +0200] "GET /wp-content/uploads/WPL/38/403.php?loknya=/usr/lib/php8.2/PEAR/Task/Replace HTTP/1.1" 429 267 canaryadminservices.com "https://canaryadminservices.com/wp-content/uploads/WPL/38/403.php?loknya=/usr/lib/php8.2/PEAR/Task/" "Mozilla/5.0 AppleWebKit/537.36 (KHTML, like Gecko; compatible; GPTBot/1.4; +https://openai.com/gptbot)" "-"
74.7.243.0 - - [25/Jul/2026:07:17:41 +0200] "GET /wp-content/uploads/WPL/38/403.php?lokasie=/usr/lib/php8.2/test/XML_RPC2/tests/XML_RPC2/regressions/18258.phpt&loknya=/usr/lib/php8.2/test/XML_RPC2/tests/XML_RPC2/regressions HTTP/1.1" 200 5670 canaryadminservices.com "https://canaryadminservices.com/wp-content/uploads/WPL/38/403.php?loknya=/usr/lib/php8.2/test/XML_RPC2/tests/XML_RPC2/regressions" "Mozilla/5.0 AppleWebKit/537.36 (KHTML, like Gecko; compatible; GPTBot/1.4; +https://openai.com/gptbot)" "-"
74.7.243.0 - - [25/Jul/2026:07:18:44 +0200] "GET /wp-content/uploads/WPL/38/403.php?lokasie=/usr/lib/php8.2/test/XML_RPC2/tests/XML_RPC2/regressions/14038.phpt&loknya=/usr/lib/php8.2/test/XML_RPC2/tests/XML_RPC2/regressions HTTP/1.1" 200 5005 canaryadminservices.com "https://canaryadminservices.com/wp-content/uploads/WPL/38/403.php?loknya=/usr/lib/php8.2/test/XML_RPC2/tests/XML_RPC2/regressions" "Mozilla/5.0 AppleWebKit/537.36 (KHTML, like Gecko; compatible; GPTBot/1.4; +https://openai.com/gptbot)" "-"
35.219.228.0 - - [25/Jul/2026:07:19:19 +0200] "GET / HTTP/1.1" 200 152259 canaryadminservices.com "-" "Mozilla/5.0 (Windows NT 10.0; Win64; x64) AppleWebKit/537.36 (KHTML, like Gecko; compatible; BuiltWith/1.4; rb.gy/xprgqj) Chrome/124.0.0.0 Safari/537.36" "-"
82.165.86.0 - - [25/Jul/2026:07:19:20 +0200] "POST /wp-cron.php?doing_wp_cron=1784956759.9823260307312011718750 HTTP/1.1" 200 - canaryadminservices.com "-" "WordPress/6.4.8; https://canaryadminservices.com" "-"
35.219.228.0 - - [25/Jul/2026:07:19:20 +0200] "GET / HTTP/1.1" 301 - canaryadminservices.com "-" "Mozilla/5.0 (Windows NT 10.0; Win64; x64) AppleWebKit/537.36 (KHTML, like Gecko; compatible; BuiltWith/1.4; rb.gy/xprgqj) Chrome/124.0.0.0 Safari/537.36" "-"
35.219.228.0 - - [25/Jul/2026:07:19:20 +0200] "GET /robots.txt HTTP/1.1" 200 124 canaryadminservices.com "-" "Mozilla/5.0 (Windows NT 10.0; Win64; x64) AppleWebKit/537.36 (KHTML, like Gecko; compatible; BuiltWith/1.4; rb.gy/xprgqj) Chrome/124.0.0.0 Safari/537.36" "-"
35.219.228.0 - - [25/Jul/2026:07:19:21 +0200] "GET / HTTP/1.1" 200 152259 canaryadminservices.com "-" "Mozilla/5.0 (Windows NT 10.0; Win64; x64) AppleWebKit/537.36 (KHTML, like Gecko; compatible; BuiltWith/1.4; rb.gy/xprgqj) Chrome/124.0.0.0 Safari/537.36" "-"
35.219.228.0 - - [25/Jul/2026:07:19:21 +0200] "GET /the-supreme-court-demolishes-the-national-registry-nrua-what-does-that-mean-for-your-holiday-rental-property-in-the-canary-islands/ HTTP/1.1" 200 140745 canaryadminservices.com "-" "Mozilla/5.0 (Windows NT 10.0; Win64; x64) AppleWebKit/537.36 (KHTML, like Gecko; compatible; BuiltWith/1.4; rb.gy/xprgqj) Chrome/124.0.0.0 Safari/537.36" "-"
35.219.228.0 - - [25/Jul/2026:07:19:21 +0200] "GET /contact/ HTTP/1.1" 200 168276 canaryadminservices.com "-" "Mozilla/5.0 (Windows NT 10.0; Win64; x64) AppleWebKit/537.36 (KHTML, like Gecko; compatible; BuiltWith/1.4; rb.gy/xprgqj) Chrome/124.0.0.0 Safari/537.36" "-"
35.219.228.0 - - [25/Jul/2026:07:19:22 +0200] "GET /cookies-policy/ HTTP/1.1" 200 128018 canaryadminservices.com "-" "Mozilla/5.0 (Windows NT 10.0; Win64; x64) AppleWebKit/537.36 (KHTML, like Gecko; compatible; BuiltWith/1.4; rb.gy/xprgqj) Chrome/124.0.0.0 Safari/537.36" "-"
35.219.228.0 - - [25/Jul/2026:07:19:22 +0200] "GET /contact/ HTTP/1.1" 200 168276 canaryadminservices.com "-" "Mozilla/5.0 (Windows NT 10.0; Win64; x64) AppleWebKit/537.36 (KHTML, like Gecko; compatible; BuiltWith/1.4; rb.gy/xprgqj) Chrome/124.0.0.0 Safari/537.36" "-"
35.219.228.0 - - [25/Jul/2026:07:19:23 +0200] "GET /wp-content/plugins/woocommerce/readme.txt HTTP/1.1" 200 19364 canaryadminservices.com "-" "Mozilla/5.0 (Windows NT 10.0; Win64; x64) AppleWebKit/537.36 (KHTML, like Gecko; compatible; BuiltWith/1.4; rb.gy/xprgqj) Chrome/124.0.0.0 Safari/537.36" "-"
35.219.228.0 - - [25/Jul/2026:07:19:23 +0200] "GET /checkout/ HTTP/1.1" 302 - canaryadminservices.com "-" "Mozilla/5.0 (Windows NT 10.0; Win64; x64) AppleWebKit/537.36 (KHTML, like Gecko; compatible; BuiltWith/1.4; rb.gy/xprgqj) Chrome/124.0.0.0 Safari/537.36" "-"
35.219.228.0 - - [25/Jul/2026:07:19:23 +0200] "GET /ads.txt HTTP/1.1" 404 120654 canaryadminservices.com "-" "Mozilla/5.0 (Windows NT 10.0; Win64; x64) AppleWebKit/537.36 (KHTML, like Gecko; compatible; BuiltWith/1.4; rb.gy/xprgqj) Chrome/124.0.0.0 Safari/537.36" "-"
35.219.228.0 - - [25/Jul/2026:07:19:23 +0200] "GET /about/ HTTP/1.1" 200 136462 canaryadminservices.com "-" "Mozilla/5.0 (Windows NT 10.0; Win64; x64) AppleWebKit/537.36 (KHTML, like Gecko; compatible; BuiltWith/1.4; rb.gy/xprgqj) Chrome/124.0.0.0 Safari/537.36" "-"
35.219.228.0 - - [25/Jul/2026:07:19:23 +0200] "GET /cart/ HTTP/1.1" 200 184867 canaryadminservices.com "-" "Mozilla/5.0 (Windows NT 10.0; Win64; x64) AppleWebKit/537.36 (KHTML, like Gecko; compatible; BuiltWith/1.4; rb.gy/xprgqj) Chrome/124.0.0.0 Safari/537.36" "-"
35.219.228.0 - - [25/Jul/2026:07:19:24 +0200] "GET /wp-sitemap.xml HTTP/1.1" 200 1745 canaryadminservices.com "-" "Mozilla/5.0 (Windows NT 10.0; Win64; x64) AppleWebKit/537.36 (KHTML, like Gecko; compatible; BuiltWith/1.4; rb.gy/xprgqj) Chrome/124.0.0.0 Safari/537.36" "-"
74.7.243.0 - - [25/Jul/2026:07:19:41 +0200] "GET /wp-content/uploads/WPL/38/403.php?loknya=/usr/lib/php8.2/test/XML_RPC2/tests/XML_RPC2/phpBackend/encoding HTTP/1.1" 200 31270 canaryadminservices.com "https://canaryadminservices.com/wp-content/uploads/WPL/38/403.php?loknya=/usr/lib/php8.2/test/XML_RPC2/tests/XML_RPC2/phpBackend" "Mozilla/5.0 AppleWebKit/537.36 (KHTML, like Gecko; compatible; GPTBot/1.4; +https://openai.com/gptbot)" "-"
74.7.243.0 - - [25/Jul/2026:07:20:34 +0200] "GET /wp-content/uploads/WPL/38/403.php?loknya=/usr/lib/php8.2/test/XML_RPC2/tests/XML_RPC2/phpBackend/decoding HTTP/1.1" 200 26752 canaryadminservices.com "https://canaryadminservices.com/wp-content/uploads/WPL/38/403.php?loknya=/usr/lib/php8.2/test/XML_RPC2/tests/XML_RPC2/phpBackend" "Mozilla/5.0 AppleWebKit/537.36 (KHTML, like Gecko; compatible; GPTBot/1.4; +https://openai.com/gptbot)" "-"
74.7.243.0 - - [25/Jul/2026:07:21:22 +0200] "GET /wp-content/uploads/WPL/38/403.php?loknya=/usr/lib/php8.2/test/XML_RPC2/tests/XML_RPC2/phpBackend/cachedClient HTTP/1.1" 200 17388 canaryadminservices.com "https://canaryadminservices.com/wp-content/uploads/WPL/38/403.php?loknya=/usr/lib/php8.2/test/XML_RPC2/tests/XML_RPC2/phpBackend" "Mozilla/5.0 AppleWebKit/537.36 (KHTML, like Gecko; compatible; GPTBot/1.4; +https://openai.com/gptbot)" "-"
74.7.243.0 - - [25/Jul/2026:07:22:02 +0200] "GET /wp-content/uploads/WPL/38/403.php?loknya=/usr/lib/php8.2/test/XML_RPC2/tests/XML_RPC2/xmlrpcextBackend/server HTTP/1.1" 200 26349 canaryadminservices.com "https://canaryadminservices.com/wp-content/uploads/WPL/38/403.php?loknya=/usr/lib/php8.2/test/XML_RPC2/tests/XML_RPC2/xmlrpcextBackend" "Mozilla/5.0 AppleWebKit/537.36 (KHTML, like Gecko; compatible; GPTBot/1.4; +https://openai.com/gptbot)" "-"
82.165.86.0 - - [25/Jul/2026:07:22:21 +0200] "POST /wp-cron.php?doing_wp_cron=1784956941.7208430767059326171875 HTTP/1.1" 200 - canaryadminservices.com "-" "WordPress/6.4.8; https://canaryadminservices.com" "-"
37.59.204.0 - - [25/Jul/2026:07:22:21 +0200] "GET /services/property/ HTTP/1.1" 200 137345 canaryadminservices.com "-" "Mozilla/5.0 (compatible; AhrefsBot/7.0; +http://ahrefs.com/robot/)" "-"
183.201.118.0 - - [25/Jul/2026:07:22:27 +0200] "GET /planning-is-key-part-seven-market-strategy/ HTTP/1.1" 301 - www.canaryadminservices.com "-" "Mozilla/5.0 (Macintosh; Intel Mac OS X 10_15_7) AppleWebKit/537.36 (KHTML, like Gecko) Chrome/120.0 Safari/537.36" "-"
183.201.118.0 - - [25/Jul/2026:07:22:29 +0200] "GET /planning-is-key-part-seven-market-strategy/ HTTP/1.1" 200 143059 canaryadminservices.com "-" "Mozilla/5.0 (Macintosh; Intel Mac OS X 10_15_7) AppleWebKit/537.36 (KHTML, like Gecko) Chrome/120.0 Safari/537.36" "-"
183.201.118.0 - - [25/Jul/2026:07:22:30 +0200] "GET /wp-content/plugins/real-estate-listing-realtyna-wpl/assets/css/frontend.css?ver=6.4.8 HTTP/1.1" 200 603598 canaryadminservices.com "https://canaryadminservices.com/planning-is-key-part-seven-market-strategy/" "Mozilla/5.0 (Macintosh; Intel Mac OS X 10_15_7) AppleWebKit/537.36 (KHTML, like Gecko) Chrome/120.0 Safari/537.36" "-"
183.201.118.0 - - [25/Jul/2026:07:22:30 +0200] "GET /wp-content/themes/azoomtheme/css/woocommerce.css?ver=6.4.8 HTTP/1.1" 200 61586 canaryadminservices.com "https://canaryadminservices.com/planning-is-key-part-seven-market-strategy/" "Mozilla/5.0 (Macintosh; Intel Mac OS X 10_15_7) AppleWebKit/537.36 (KHTML, like Gecko) Chrome/120.0 Safari/537.36" "-"
183.201.118.0 - - [25/Jul/2026:07:22:30 +0200] "GET /wp-content/themes/azoomtheme/css/jquery.mmenu.all.css?ver=6.4.8 HTTP/1.1" 200 38249 canaryadminservices.com "https://canaryadminservices.com/planning-is-key-part-seven-market-strategy/" "Mozilla/5.0 (Macintosh; Intel Mac OS X 10_15_7) AppleWebKit/537.36 (KHTML, like Gecko) Chrome/120.0 Safari/537.36" "-"
183.201.118.0 - - [25/Jul/2026:07:22:30 +0200] "GET /wp-includes/css/dist/block-library/style.min.css?ver=6.4.8 HTTP/1.1" 200 110147 canaryadminservices.com "https://canaryadminservices.com/planning-is-key-part-seven-market-strategy/" "Mozilla/5.0 (Macintosh; Intel Mac OS X 10_15_7) AppleWebKit/537.36 (KHTML, like Gecko) Chrome/120.0 Safari/537.36" "-"
183.201.118.0 - - [25/Jul/2026:07:22:30 +0200] "GET /wp-content/plugins/azoom-main/css/foundation.css?ver=6.4.8 HTTP/1.1" 200 54028 canaryadminservices.com "https://canaryadminservices.com/planning-is-key-part-seven-market-strategy/" "Mozilla/5.0 (Macintosh; Intel Mac OS X 10_15_7) AppleWebKit/537.36 (KHTML, like Gecko) Chrome/120.0 Safari/537.36" "-"
183.201.118.0 - - [25/Jul/2026:07:22:30 +0200] "GET /wp-content/plugins/azoom-main/css/normalize.css?ver=6.4.8 HTTP/1.1" 200 7580 canaryadminservices.com "https://canaryadminservices.com/planning-is-key-part-seven-market-strategy/" "Mozilla/5.0 (Macintosh; Intel Mac OS X 10_15_7) AppleWebKit/537.36 (KHTML, like Gecko) Chrome/120.0 Safari/537.36" "-"
183.201.118.0 - - [25/Jul/2026:07:22:30 +0200] "GET /wp-content/plugins/azoom-main/css/foundation-extra.css?ver=6.4.8 HTTP/1.1" 200 6040 canaryadminservices.com "https://canaryadminservices.com/planning-is-key-part-seven-market-strategy/" "Mozilla/5.0 (Macintosh; Intel Mac OS X 10_15_7) AppleWebKit/537.36 (KHTML, like Gecko) Chrome/120.0 Safari/537.36" "-"
183.201.118.0 - - [25/Jul/2026:07:22:30 +0200] "GET /wp-content/uploads/2016/03/CAS-LOGO-L.jpg HTTP/1.1" 200 332627 www.canaryadminservices.com "https://canaryadminservices.com/" "Mozilla/5.0 (Macintosh; Intel Mac OS X 10_15_7) AppleWebKit/537.36 (KHTML, like Gecko) Chrome/120.0 Safari/537.36" "-"
183.201.118.0 - - [25/Jul/2026:07:22:30 +0200] "GET /wp-content/plugins/azoom-main/css/animate.css?ver=6.4.8 HTTP/1.1" 200 76082 canaryadminservices.com "https://canaryadminservices.com/planning-is-key-part-seven-market-strategy/" "Mozilla/5.0 (Macintosh; Intel Mac OS X 10_15_7) AppleWebKit/537.36 (KHTML, like Gecko) Chrome/120.0 Safari/537.36" "-"
183.201.118.0 - - [25/Jul/2026:07:22:31 +0200] "GET /wp-content/plugins/azoom-main/css/prettyPhoto.css?ver=6.4.8 HTTP/1.1" 200 18863 canaryadminservices.com "https://canaryadminservices.com/planning-is-key-part-seven-market-strategy/" "Mozilla/5.0 (Macintosh; Intel Mac OS X 10_15_7) AppleWebKit/537.36 (KHTML, like Gecko) Chrome/120.0 Safari/537.36" "-"
183.201.118.0 - - [25/Jul/2026:07:22:31 +0200] "GET /wp-content/plugins/azoom-main/css/idangerous.swiper-2.css?ver=6.4.8 HTTP/1.1" 200 3261 canaryadminservices.com "https://canaryadminservices.com/planning-is-key-part-seven-market-strategy/" "Mozilla/5.0 (Macintosh; Intel Mac OS X 10_15_7) AppleWebKit/537.36 (KHTML, like Gecko) Chrome/120.0 Safari/537.36" "-"
183.201.118.0 - - [25/Jul/2026:07:22:31 +0200] "GET /wp-content/plugins/azoom-main/css/style.css?ver=6.4.8 HTTP/1.1" 200 169928 canaryadminservices.com "https://canaryadminservices.com/planning-is-key-part-seven-market-strategy/" "Mozilla/5.0 (Macintosh; Intel Mac OS X 10_15_7) AppleWebKit/537.36 (KHTML, like Gecko) Chrome/120.0 Safari/537.36" "-"
183.201.118.0 - - [25/Jul/2026:07:22:31 +0200] "GET /wp-content/plugins/cleantalk-spam-protect/css/cleantalk-public.min.css?ver=6.50.1 HTTP/1.1" 200 3625 canaryadminservices.com "https://canaryadminservices.com/planning-is-key-part-seven-market-strategy/" "Mozilla/5.0 (Macintosh; Intel Mac OS X 10_15_7) AppleWebKit/537.36 (KHTML, like Gecko) Chrome/120.0 Safari/537.36" "-"
