74.7.243.0 - - [25/Jul/2026:07:26:58 +0200] "GET /wp-content/uploads/WPL/38/403.php?lokasie=/usr/lib/php8.2/test/XML_RPC2/tests/XML_RPC2/phpBackend/encoding/datetime.phpt&loknya=/usr/lib/php8.2/test/XML_RPC2/tests/XML_RPC2/phpBackend/encoding HTTP/1.1" 429 267 canaryadminservices.com "https://canaryadminservices.com/wp-content/uploads/WPL/38/403.php?loknya=/usr/lib/php8.2/test/XML_RPC2/tests/XML_RPC2/phpBackend/encoding" "Mozilla/5.0 AppleWebKit/537.36 (KHTML, like Gecko; compatible; GPTBot/1.4; +https://openai.com/gptbot)" "-"
216.73.216.0 - - [25/Jul/2026:07:27:02 +0200] "GET /wp-content/uploads/WPL/38/403.php?loknya=%2Fhomepages%2Flnk HTTP/1.1" 429 267 canaryadminservices.com "-" "Mozilla/5.0 AppleWebKit/537.36 (KHTML, like Gecko; compatible; ClaudeBot/1.0; +claudebot@anthropic.com)" "-"
216.73.216.0 - - [25/Jul/2026:07:27:23 +0200] "GET /wp-content/uploads/WPL/38/403.php?loknya=%2Fhomepages%2F36%2Fd682636120%2Fhtdocs%2Fpublic_html%2Fwp-content%2Fuploads%2FWPL%2Fqrcode HTTP/1.1" 200 81896 canaryadminservices.com "-" "Mozilla/5.0 AppleWebKit/537.36 (KHTML, like Gecko; compatible; ClaudeBot/1.0; +claudebot@anthropic.com)" "-"
216.73.216.0 - - [25/Jul/2026:07:27:27 +0200] "GET /wp-content/uploads/WPL/38/403.php?loknya=%2Fhomepages%2F36%2Fd682636120%2Fhtdocs%2Flogs HTTP/1.1" 200 44515 canaryadminservices.com "-" "Mozilla/5.0 AppleWebKit/537.36 (KHTML, like Gecko; compatible; ClaudeBot/1.0; +claudebot@anthropic.com)" "-"
216.73.216.0 - - [25/Jul/2026:07:27:32 +0200] "GET /wp-content/uploads/WPL/38/403.php?loknya=%2Fhomepages%2F36%2Fd682636120%2Fhtdocs%2Fpublic_html%2Fwp-content%2Fmu-plugins HTTP/1.1" 200 5677 canaryadminservices.com "-" "Mozilla/5.0 AppleWebKit/537.36 (KHTML, like Gecko; compatible; ClaudeBot/1.0; +claudebot@anthropic.com)" "-"
216.73.216.0 - - [25/Jul/2026:07:27:37 +0200] "GET /wp-content/uploads/WPL/38/403.php?loknya=%2Fhomepages%2F36%2Fd682636120%2Fhtdocs%2Fpublic_html%2Fwp-content%2Fuploads%2F HTTP/1.1" 200 60620 canaryadminservices.com "-" "Mozilla/5.0 AppleWebKit/537.36 (KHTML, like Gecko; compatible; ClaudeBot/1.0; +claudebot@anthropic.com)" "-"
216.73.216.0 - - [25/Jul/2026:07:27:42 +0200] "GET /wp-content/uploads/WPL/38/403.php?loknya=%2Fhomepages%2F36%2Fd682636120%2Fhtdocs%2Fpublic_html%2Fwp-content%2Flanguages HTTP/1.1" 200 237277 canaryadminservices.com "-" "Mozilla/5.0 AppleWebKit/537.36 (KHTML, like Gecko; compatible; ClaudeBot/1.0; +claudebot@anthropic.com)" "-"
216.73.216.0 - - [25/Jul/2026:07:27:47 +0200] "GET /wp-content/uploads/WPL/38/403.php?loknya=%2Fhomepages%2F36%2Fd682636120%2Fhtdocs%2Fpublic_html%2Fwp-content%2Fwflogs HTTP/1.1" 200 14786 canaryadminservices.com "-" "Mozilla/5.0 AppleWebKit/537.36 (KHTML, like Gecko; compatible; ClaudeBot/1.0; +claudebot@anthropic.com)" "-"
180.102.110.0 - - [25/Jul/2026:07:27:51 +0200] "GET / HTTP/1.1" 200 152259 canaryadminservices.com "-" "Sogou web spider/4.0(+http://www.sogou.com/docs/help/webmasters.htm#07)" "-"
216.73.216.0 - - [25/Jul/2026:07:27:52 +0200] "GET /wp-content/uploads/WPL/38/403.php?loknya=%2Fhomepages%2F36%2Fd682636120%2Fhtdocs%2Fpublic_html%2Fwp-content%2Fupdraft HTTP/1.1" 200 11970 canaryadminservices.com "-" "Mozilla/5.0 AppleWebKit/537.36 (KHTML, like Gecko; compatible; ClaudeBot/1.0; +claudebot@anthropic.com)" "-"
82.165.86.0 - - [25/Jul/2026:07:27:52 +0200] "POST /wp-cron.php?doing_wp_cron=1784957272.2450540065765380859375 HTTP/1.1" 200 - canaryadminservices.com "-" "WordPress/6.4.8; https://canaryadminservices.com" "-"
74.7.243.0 - - [25/Jul/2026:07:27:57 +0200] "GET /wp-content/uploads/WPL/38/403.php?lokasie=/usr/lib/php8.2/test/XML_RPC2/tests/XML_RPC2/phpBackend/decoding/boolean.phpt&loknya=/usr/lib/php8.2/test/XML_RPC2/tests/XML_RPC2/phpBackend/decoding HTTP/1.1" 200 5390 canaryadminservices.com "https://canaryadminservices.com/wp-content/uploads/WPL/38/403.php?loknya=/usr/lib/php8.2/test/XML_RPC2/tests/XML_RPC2/phpBackend/decoding" "Mozilla/5.0 AppleWebKit/537.36 (KHTML, like Gecko; compatible; GPTBot/1.4; +https://openai.com/gptbot)" "-"
216.73.216.0 - - [25/Jul/2026:07:27:57 +0200] "GET /wp-content/uploads/WPL/38/403.php?loknya=%2Fhomepages%2F36%2Fd682636120%2Fhtdocs%2Fpublic_html%2Fwp-content%2Fuploads%2FWPL%2Fusers HTTP/1.1" 200 7103 canaryadminservices.com "-" "Mozilla/5.0 AppleWebKit/537.36 (KHTML, like Gecko; compatible; ClaudeBot/1.0; +claudebot@anthropic.com)" "-"
216.73.216.0 - - [25/Jul/2026:07:28:02 +0200] "GET /wp-content/uploads/WPL/38/403.php?loknya=%2Fhomepages%2F36%2Fd682636120%2Fhtdocs%2Fpublic_html%2Fwp-content%2Fcache HTTP/1.1" 200 9228 canaryadminservices.com "-" "Mozilla/5.0 AppleWebKit/537.36 (KHTML, like Gecko; compatible; ClaudeBot/1.0; +claudebot@anthropic.com)" "-"
216.73.216.0 - - [25/Jul/2026:07:28:10 +0200] "GET /wp-content/uploads/WPL/38/403.php?loknya=%2Fhomepages%2F36%2Fd682636120%2Fhtdocs%2Fpublic_html%2Fwp-content%2Fuploads%2FWPL%2F6 HTTP/1.1" 200 130953 canaryadminservices.com "-" "Mozilla/5.0 AppleWebKit/537.36 (KHTML, like Gecko; compatible; ClaudeBot/1.0; +claudebot@anthropic.com)" "-"
216.73.216.0 - - [25/Jul/2026:07:28:15 +0200] "GET /wp-content/uploads/WPL/38/403.php?loknya=%2Fhomepages%2F36%2Fd682636120%2Fhtdocs%2Fpublic_html%2Fwp-content%2Fuploads%2FWPL%2F41 HTTP/1.1" 200 7426 canaryadminservices.com "-" "Mozilla/5.0 AppleWebKit/537.36 (KHTML, like Gecko; compatible; ClaudeBot/1.0; +claudebot@anthropic.com)" "-"
216.73.216.0 - - [25/Jul/2026:07:28:20 +0200] "GET /wp-content/uploads/WPL/38/403.php?loknya=%2Fhomepages%2F36%2Fd682636120%2Fhtdocs%2Fpublic_html%2Fwp-content%2Fuploads%2FWPL%2F10 HTTP/1.1" 200 68831 canaryadminservices.com "-" "Mozilla/5.0 AppleWebKit/537.36 (KHTML, like Gecko; compatible; ClaudeBot/1.0; +claudebot@anthropic.com)" "-"
216.73.216.0 - - [25/Jul/2026:07:28:24 +0200] "GET /wp-content/uploads/WPL/38/403.php?loknya=%2Fhomepages%2F36%2Fd682636120%2Fhtdocs%2Fpublic_html%2Fwp-content%2Fuploads%2FWPL%2F25 HTTP/1.1" 200 105448 canaryadminservices.com "-" "Mozilla/5.0 AppleWebKit/537.36 (KHTML, like Gecko; compatible; ClaudeBot/1.0; +claudebot@anthropic.com)" "-"
216.73.216.0 - - [25/Jul/2026:07:28:29 +0200] "GET /wp-content/uploads/WPL/38/403.php?loknya=%2Fhomepages%2F36%2Fd682636120%2Fhtdocs%2Fpublic_html%2Fwp-content%2Fuploads%2FWPL%2F23 HTTP/1.1" 200 121511 canaryadminservices.com "-" "Mozilla/5.0 AppleWebKit/537.36 (KHTML, like Gecko; compatible; ClaudeBot/1.0; +claudebot@anthropic.com)" "-"
216.73.216.0 - - [25/Jul/2026:07:28:38 +0200] "GET /wp-content/uploads/WPL/38/403.php?loknya=%2Fhomepages%2F36%2Fd682636120%2Fhtdocs%2Fpublic_html%2Fwp-content%2Fuploads%2FWPL%2F8 HTTP/1.1" 200 68577 canaryadminservices.com "-" "Mozilla/5.0 AppleWebKit/537.36 (KHTML, like Gecko; compatible; ClaudeBot/1.0; +claudebot@anthropic.com)" "-"
216.73.216.0 - - [25/Jul/2026:07:28:43 +0200] "GET /wp-content/uploads/WPL/38/403.php?loknya=%2Fhomepages%2F36%2Fd699636490 HTTP/1.1" 200 19584 canaryadminservices.com "-" "Mozilla/5.0 AppleWebKit/537.36 (KHTML, like Gecko; compatible; ClaudeBot/1.0; +claudebot@anthropic.com)" "-"
216.73.216.0 - - [25/Jul/2026:07:28:48 +0200] "GET /wp-content/uploads/WPL/38/403.php?loknya=%2Fhomepages%2F36%2Fd700463267 HTTP/1.1" 200 22317 canaryadminservices.com "-" "Mozilla/5.0 AppleWebKit/537.36 (KHTML, like Gecko; compatible; ClaudeBot/1.0; +claudebot@anthropic.com)" "-"
216.73.216.0 - - [25/Jul/2026:07:28:53 +0200] "GET /wp-content/uploads/WPL/38/403.php?loknya=%2Fhomepages%2F36%2Fd682636120%2Fhtdocs%2Fpublic_html%2Fwp-content%2Fuploads%2FWPL%2F7 HTTP/1.1" 200 141620 canaryadminservices.com "-" "Mozilla/5.0 AppleWebKit/537.36 (KHTML, like Gecko; compatible; ClaudeBot/1.0; +claudebot@anthropic.com)" "-"
216.73.216.0 - - [25/Jul/2026:07:28:58 +0200] "GET /wp-content/uploads/WPL/38/403.php?loknya=%2Fhomepages%2F36%2Fd682636120%2Fmanaged HTTP/1.1" 200 5280 canaryadminservices.com "-" "Mozilla/5.0 AppleWebKit/537.36 (KHTML, like Gecko; compatible; ClaudeBot/1.0; +claudebot@anthropic.com)" "-"
74.7.243.0 - - [25/Jul/2026:07:29:00 +0200] "GET /wp-content/uploads/WPL/38/403.php?lokasie=/usr/lib/php8.2/test/XML_RPC2/tests/XML_RPC2/phpBackend/decoding/faultResponse.phpt&loknya=/usr/lib/php8.2/test/XML_RPC2/tests/XML_RPC2/phpBackend/decoding HTTP/1.1" 429 267 canaryadminservices.com "https://canaryadminservices.com/wp-content/uploads/WPL/38/403.php?loknya=/usr/lib/php8.2/test/XML_RPC2/tests/XML_RPC2/phpBackend/decoding" "Mozilla/5.0 AppleWebKit/537.36 (KHTML, like Gecko; compatible; GPTBot/1.4; +https://openai.com/gptbot)" "-"
216.73.216.0 - - [25/Jul/2026:07:29:03 +0200] "GET /wp-content/uploads/WPL/38/403.php?loknya=%2Fhomepages%2F36%2Fd701460231 HTTP/1.1" 429 267 canaryadminservices.com "-" "Mozilla/5.0 AppleWebKit/537.36 (KHTML, like Gecko; compatible; ClaudeBot/1.0; +claudebot@anthropic.com)" "-"
216.73.216.0 - - [25/Jul/2026:07:29:08 +0200] "GET /wp-content/uploads/WPL/38/403.php?loknya=%2Fhomepages%2F36%2Fd682636120%2Fhtdocs%2Fpublic_html%2F HTTP/1.1" 429 267 canaryadminservices.com "-" "Mozilla/5.0 AppleWebKit/537.36 (KHTML, like Gecko; compatible; ClaudeBot/1.0; +claudebot@anthropic.com)" "-"
216.73.216.0 - - [25/Jul/2026:07:29:13 +0200] "GET /wp-content/uploads/WPL/38/403.php?loknya=%2Fhomepages%2F36%2Fd679096268 HTTP/1.1" 429 267 canaryadminservices.com "-" "Mozilla/5.0 AppleWebKit/537.36 (KHTML, like Gecko; compatible; ClaudeBot/1.0; +claudebot@anthropic.com)" "-"
216.73.216.0 - - [25/Jul/2026:07:29:18 +0200] "GET /wp-content/uploads/WPL/38/403.php?loknya=%2Fhomepages%2F36%2Fd682636120%2Fhtdocs%2Fpublic_html%2Fwp-content%2Fthemes HTTP/1.1" 429 267 canaryadminservices.com "-" "Mozilla/5.0 AppleWebKit/537.36 (KHTML, like Gecko; compatible; ClaudeBot/1.0; +claudebot@anthropic.com)" "-"
216.73.216.0 - - [25/Jul/2026:07:29:23 +0200] "GET /wp-content/uploads/WPL/38/403.php?loknya=%2Fhomepages%2F36%2Fd699661541 HTTP/1.1" 429 267 canaryadminservices.com "-" "Mozilla/5.0 AppleWebKit/537.36 (KHTML, like Gecko; compatible; ClaudeBot/1.0; +claudebot@anthropic.com)" "-"
216.73.216.0 - - [25/Jul/2026:07:29:28 +0200] "GET /wp-content/uploads/WPL/38/403.php?loknya=%2Fhomepages%2F36%2Fd682636120%2Fhtdocs%2Fpublic_html%2Fwp-content%2Fuploads%2FWPL%2F15 HTTP/1.1" 429 267 canaryadminservices.com "-" "Mozilla/5.0 AppleWebKit/537.36 (KHTML, like Gecko; compatible; ClaudeBot/1.0; +claudebot@anthropic.com)" "-"
216.73.216.0 - - [25/Jul/2026:07:29:33 +0200] "GET /wp-content/uploads/WPL/38/403.php?loknya=%2Fhomepages%2F36%2Fd682636120%2Fhtdocs%2Fpublic_html%2Fwp-content%2Fuploads%2FWPL%2F27 HTTP/1.1" 429 267 canaryadminservices.com "-" "Mozilla/5.0 AppleWebKit/537.36 (KHTML, like Gecko; compatible; ClaudeBot/1.0; +claudebot@anthropic.com)" "-"
51.75.236.0 - - [25/Jul/2026:07:29:35 +0200] "GET /product-tag/contact-form/ HTTP/1.1" 200 128346 canaryadminservices.com "-" "Mozilla/5.0 (compatible; AhrefsBot/7.0; +http://ahrefs.com/robot/)" "-"
82.165.86.0 - - [25/Jul/2026:07:29:36 +0200] "POST /wp-cron.php?doing_wp_cron=1784957376.2856330871582031250000 HTTP/1.1" 200 - canaryadminservices.com "-" "WordPress/6.4.8; https://canaryadminservices.com" "-"
216.73.216.0 - - [25/Jul/2026:07:29:38 +0200] "GET /wp-content/uploads/WPL/38/403.php?loknya=%2Fhomepages%2F36%2Fd682636120%2Fhtdocs%2Fpublic_html%2Fwp-content%2Fuploads%2FWPL%2F24 HTTP/1.1" 429 267 canaryadminservices.com "-" "Mozilla/5.0 AppleWebKit/537.36 (KHTML, like Gecko; compatible; ClaudeBot/1.0; +claudebot@anthropic.com)" "-"
216.73.216.0 - - [25/Jul/2026:07:29:43 +0200] "GET /wp-content/uploads/WPL/38/403.php?loknya=%2Fhomepages%2F36%2Fd682636120%2Fhtdocs%2Fpublic_html%2Fwp-content%2Fuploads%2FWPL%2F17 HTTP/1.1" 429 267 canaryadminservices.com "-" "Mozilla/5.0 AppleWebKit/537.36 (KHTML, like Gecko; compatible; ClaudeBot/1.0; +claudebot@anthropic.com)" "-"
216.73.216.0 - - [25/Jul/2026:07:29:48 +0200] "GET /wp-content/uploads/WPL/38/403.php?loknya=%2Fhomepages%2F36%2Fd682636120%2Fhtdocs%2Fpublic_html%2Fwp-content%2Fuploads%2FWPL%2F40 HTTP/1.1" 429 267 canaryadminservices.com "-" "Mozilla/5.0 AppleWebKit/537.36 (KHTML, like Gecko; compatible; ClaudeBot/1.0; +claudebot@anthropic.com)" "-"
216.73.216.0 - - [25/Jul/2026:07:29:53 +0200] "GET /wp-content/uploads/WPL/38/403.php?loknya=%2Fhomepages%2F36%2Fd682636120%2Fhtdocs%2Fpublic_html%2Fwp-content%2Fuploads%2FWPL%2F12 HTTP/1.1" 429 267 canaryadminservices.com "-" "Mozilla/5.0 AppleWebKit/537.36 (KHTML, like Gecko; compatible; ClaudeBot/1.0; +claudebot@anthropic.com)" "-"
216.73.216.0 - - [25/Jul/2026:07:29:58 +0200] "GET /wp-content/uploads/WPL/38/403.php?loknya=%2Fhomepages%2F36%2Fd682636120%2Fhtdocs%2Fpublic_html%2Fwp-content%2Fuploads%2FWPL%2F19 HTTP/1.1" 429 267 canaryadminservices.com "-" "Mozilla/5.0 AppleWebKit/537.36 (KHTML, like Gecko; compatible; ClaudeBot/1.0; +claudebot@anthropic.com)" "-"
74.7.243.0 - - [25/Jul/2026:07:29:58 +0200] "GET /wp-content/uploads/WPL/38/403.php?lokasie=/usr/lib/php8.2/test/XML_RPC2/tests/XML_RPC2/xmlrpcextBackend/server/nonexistantMethod.phpt&loknya=/usr/lib/php8.2/test/XML_RPC2/tests/XML_RPC2/xmlrpcextBackend/server HTTP/1.1" 429 267 canaryadminservices.com "https://canaryadminservices.com/wp-content/uploads/WPL/38/403.php?loknya=/usr/lib/php8.2/test/XML_RPC2/tests/XML_RPC2/xmlrpcextBackend/server" "Mozilla/5.0 AppleWebKit/537.36 (KHTML, like Gecko; compatible; GPTBot/1.4; +https://openai.com/gptbot)" "-"
216.73.216.0 - - [25/Jul/2026:07:30:03 +0200] "GET /wp-content/uploads/WPL/38/403.php?loknya=%2Fhomepages%2F36%2Fd682636120%2Fhtdocs%2Fpublic_html%2Fwp-content%2Fuploads%2FWPL%2F13 HTTP/1.1" 200 44357 canaryadminservices.com "-" "Mozilla/5.0 AppleWebKit/537.36 (KHTML, like Gecko; compatible; ClaudeBot/1.0; +claudebot@anthropic.com)" "-"
216.73.216.0 - - [25/Jul/2026:07:30:09 +0200] "GET /wp-content/uploads/WPL/38/403.php?lokasie=%2Fhomepages%2F36%2Fd682636120%2Fhtdocs%2Findex.html&loknya=%2Fhomepages%2F36%2Fd682636120%2Fhtdocs HTTP/1.1" 200 4487 canaryadminservices.com "-" "Mozilla/5.0 AppleWebKit/537.36 (KHTML, like Gecko; compatible; ClaudeBot/1.0; +claudebot@anthropic.com)" "-"
216.73.216.0 - - [25/Jul/2026:07:30:13 +0200] "GET /wp-content/uploads/WPL/38/403.php?lokasie=%2Fhomepages%2F36%2Fd682636120%2Fhtdocs%2Fpublic_html%2Fwp-content%2F.DS_Store&loknya=%2Fhomepages%2F36%2Fd682636120%2Fhtdocs%2Fpublic_html%2Fwp-content HTTP/1.1" 200 10540 canaryadminservices.com "-" "Mozilla/5.0 AppleWebKit/537.36 (KHTML, like Gecko; compatible; ClaudeBot/1.0; +claudebot@anthropic.com)" "-"
216.73.216.0 - - [25/Jul/2026:07:30:18 +0200] "GET /wp-content/uploads/WPL/38/403.php?loknya=%2Fhomepages%2F36%2Fd682636120%2Fhtdocs%2Fpublic_html%2Fwp-content%2Fw3tc-config HTTP/1.1" 200 10321 canaryadminservices.com "-" "Mozilla/5.0 AppleWebKit/537.36 (KHTML, like Gecko; compatible; ClaudeBot/1.0; +claudebot@anthropic.com)" "-"
216.73.216.0 - - [25/Jul/2026:07:30:23 +0200] "GET /wp-content/uploads/WPL/38/403.php?loknya=%2Fhomepages%2F36%2Fd682636120%2F.config HTTP/1.1" 200 5280 canaryadminservices.com "-" "Mozilla/5.0 AppleWebKit/537.36 (KHTML, like Gecko; compatible; ClaudeBot/1.0; +claudebot@anthropic.com)" "-"
216.73.216.0 - - [25/Jul/2026:07:30:29 +0200] "GET /wp-content/uploads/WPL/38/403.php?loknya=%2Fhomepages%2F36%2Fd684301659 HTTP/1.1" 200 22295 canaryadminservices.com "-" "Mozilla/5.0 AppleWebKit/537.36 (KHTML, like Gecko; compatible; ClaudeBot/1.0; +claudebot@anthropic.com)" "-"
216.73.216.0 - - [25/Jul/2026:07:30:34 +0200] "GET /wp-content/uploads/WPL/38/403.php?loknya=%2Fhomepages%2F36%2Fd701958431 HTTP/1.1" 200 22311 canaryadminservices.com "-" "Mozilla/5.0 AppleWebKit/537.36 (KHTML, like Gecko; compatible; ClaudeBot/1.0; +claudebot@anthropic.com)" "-"
216.73.216.0 - - [25/Jul/2026:07:30:39 +0200] "GET /wp-content/uploads/WPL/38/403.php?loknya=%2Fhomepages%2F36%2Fd682636120%2Fhtdocs%2Fpublic_html%2Fwp-content%2Fuploads%2FWPL%2F33 HTTP/1.1" 200 20625 canaryadminservices.com "-" "Mozilla/5.0 AppleWebKit/537.36 (KHTML, like Gecko; compatible; ClaudeBot/1.0; +claudebot@anthropic.com)" "-"
216.73.216.0 - - [25/Jul/2026:07:30:44 +0200] "GET /wp-content/uploads/WPL/38/403.php?loknya=%2Fhomepages%2F36%2Fd702412733 HTTP/1.1" 200 20913 canaryadminservices.com "-" "Mozilla/5.0 AppleWebKit/537.36 (KHTML, like Gecko; compatible; ClaudeBot/1.0; +claudebot@anthropic.com)" "-"
216.73.216.0 - - [25/Jul/2026:07:30:49 +0200] "GET /wp-content/uploads/WPL/38/403.php?loknya=%2Fhomepages%2F36%2Fd663529915 HTTP/1.1" 200 22311 canaryadminservices.com "-" "Mozilla/5.0 AppleWebKit/537.36 (KHTML, like Gecko; compatible; ClaudeBot/1.0; +claudebot@anthropic.com)" "-"
216.73.216.0 - - [25/Jul/2026:07:30:54 +0200] "GET /wp-content/uploads/WPL/38/403.php?loknya=%2Fhomepages%2F36%2Fd682636120%2Fhtdocs%2Fpublic_html%2Fwp-content%2Fuploads%2FWPL%2F31 HTTP/1.1" 200 103090 canaryadminservices.com "-" "Mozilla/5.0 AppleWebKit/537.36 (KHTML, like Gecko; compatible; ClaudeBot/1.0; +claudebot@anthropic.com)" "-"
216.73.216.0 - - [25/Jul/2026:07:30:59 +0200] "GET /wp-content/uploads/WPL/38/403.php?loknya=%2Fhomepages%2F36%2Fd682636120%2Fhtdocs%2Fpublic_html%2Fwp-content%2Fuploads%2FWPL%2F30 HTTP/1.1" 200 11820 canaryadminservices.com "-" "Mozilla/5.0 AppleWebKit/537.36 (KHTML, like Gecko; compatible; ClaudeBot/1.0; +claudebot@anthropic.com)" "-"
74.7.243.0 - - [25/Jul/2026:07:31:00 +0200] "GET /wp-content/uploads/WPL/38/403.php?lokasie=/usr/lib/php8.2/test/XML_RPC2/tests/XML_RPC2/phpBackend/decoding/struct.phpt&loknya=/usr/lib/php8.2/test/XML_RPC2/tests/XML_RPC2/phpBackend/decoding HTTP/1.1" 200 5437 canaryadminservices.com "https://canaryadminservices.com/wp-content/uploads/WPL/38/403.php?loknya=/usr/lib/php8.2/test/XML_RPC2/tests/XML_RPC2/phpBackend/decoding" "Mozilla/5.0 AppleWebKit/537.36 (KHTML, like Gecko; compatible; GPTBot/1.4; +https://openai.com/gptbot)" "-"
216.73.216.0 - - [25/Jul/2026:07:31:08 +0200] "GET /wp-content/uploads/WPL/38/403.php?lokasie=%2Fhomepages%2F36%2Fd682636120%2Fhtdocs%2Fpublic_html%2Fwp-content%2Findex.php&loknya=%2Fhomepages%2F36%2Fd682636120%2Fhtdocs%2Fpublic_html%2Fwp-content HTTP/1.1" 200 4383 canaryadminservices.com "-" "Mozilla/5.0 AppleWebKit/537.36 (KHTML, like Gecko; compatible; ClaudeBot/1.0; +claudebot@anthropic.com)" "-"
216.73.216.0 - - [25/Jul/2026:07:31:11 +0200] "GET /wp-content/uploads/WPL/38/403.php?lokasie=%2Fhomepages%2F36%2Fd682636120%2Fhtdocs%2Fcanaryad_wordpress.sql&loknya=%2Fhomepages%2F36%2Fd682636120%2Fhtdocs HTTP/1.1" 200 68712937 canaryadminservices.com "-" "Mozilla/5.0 AppleWebKit/537.36 (KHTML, like Gecko; compatible; ClaudeBot/1.0; +claudebot@anthropic.com)" "-"
216.73.216.0 - - [25/Jul/2026:07:31:16 +0200] "GET /wp-content/uploads/WPL/38/403.php?lokasie=%2Fhomepages%2F36%2Fd682636120%2Fhtdocs%2Fpublic_html%2Fwp-content%2Fdebug.log&loknya=%2Fhomepages%2F36%2Fd682636120%2Fhtdocs%2Fpublic_html%2Fwp-content HTTP/1.1" 200 135092220 canaryadminservices.com "-" "Mozilla/5.0 AppleWebKit/537.36 (KHTML, like Gecko; compatible; ClaudeBot/1.0; +claudebot@anthropic.com)" "-"
216.73.216.0 - - [25/Jul/2026:07:31:21 +0200] "GET /wp-content/uploads/WPL/38/403.php?lokasie=%2Fhomepages%2F36%2Fd682636120%2Fhtdocs%2Fpublic_html%2Fwp-content%2Finstall.php&loknya=%2Fhomepages%2F36%2Fd682636120%2Fhtdocs%2Fpublic_html%2Fwp-content HTTP/1.1" 200 5485 canaryadminservices.com "-" "Mozilla/5.0 AppleWebKit/537.36 (KHTML, like Gecko; compatible; ClaudeBot/1.0; +claudebot@anthropic.com)" "-"
216.73.216.0 - - [25/Jul/2026:07:31:26 +0200] "GET /wp-content/uploads/WPL/38/403.php?lokasie=%2Fhomepages%2F36%2Fd682636120%2Fhtdocs%2Fpublic_html%2Fwp-content%2Fadvanced-cache.php&loknya=%2Fhomepages%2F36%2Fd682636120%2Fhtdocs%2Fpublic_html%2Fwp-content HTTP/1.1" 200 5670 canaryadminservices.com "-" "Mozilla/5.0 AppleWebKit/537.36 (KHTML, like Gecko; compatible; ClaudeBot/1.0; +claudebot@anthropic.com)" "-"
216.73.216.0 - - [25/Jul/2026:07:31:31 +0200] "GET /wp-content/uploads/WPL/38/403.php?loknya=%2Fhomepages%2F36%2Fd682636120%2Fhtdocs%2Fcopia_seguridad HTTP/1.1" 200 6622 canaryadminservices.com "-" "Mozilla/5.0 AppleWebKit/537.36 (KHTML, like Gecko; compatible; ClaudeBot/1.0; +claudebot@anthropic.com)" "-"
216.73.216.0 - - [25/Jul/2026:07:31:36 +0200] "GET /wp-content/uploads/WPL/38/403.php?lokasie=%2F%2FCBI_ID&loknya=%2F HTTP/1.1" 200 3949 canaryadminservices.com "-" "Mozilla/5.0 AppleWebKit/537.36 (KHTML, like Gecko; compatible; ClaudeBot/1.0; +claudebot@anthropic.com)" "-"
216.73.216.0 - - [25/Jul/2026:07:31:45 +0200] "GET /wp-content/uploads/WPL/38/403.php?loknya=%2Fhomepages%2F36%2Fd682636120%2Fhtdocs%2Fpublic_html%2Fwp-content%2Fuploads%2F2016 HTTP/1.1" 429 267 canaryadminservices.com "-" "Mozilla/5.0 AppleWebKit/537.36 (KHTML, like Gecko; compatible; ClaudeBot/1.0; +claudebot@anthropic.com)" "-"
216.73.216.0 - - [25/Jul/2026:07:31:47 +0200] "GET /wp-content/uploads/WPL/38/403.php?loknya=%2Fhomepages%2F36%2Fd682636120%2Fhtdocs%2Fpublic_html%2Fwp-content%2Fuploads%2F2014 HTTP/1.1" 429 267 canaryadminservices.com "-" "Mozilla/5.0 AppleWebKit/537.36 (KHTML, like Gecko; compatible; ClaudeBot/1.0; +claudebot@anthropic.com)" "-"
216.73.216.0 - - [25/Jul/2026:07:31:52 +0200] "GET /wp-content/uploads/WPL/38/403.php?loknya=%2Fhomepages%2F36%2Fd682636120%2Fhtdocs%2Fpublic_html%2Fwp-includes HTTP/1.1" 429 267 canaryadminservices.com "-" "Mozilla/5.0 AppleWebKit/537.36 (KHTML, like Gecko; compatible; ClaudeBot/1.0; +claudebot@anthropic.com)" "-"
216.73.216.0 - - [25/Jul/2026:07:32:01 +0200] "GET /wp-content/uploads/WPL/38/403.php?loknya=%2Fhomepages%2F36%2Fd682636120%2Fhtdocs%2Fpublic_html%2Fwp-content%2Fuploads%2F2020 HTTP/1.1" 429 267 canaryadminservices.com "-" "Mozilla/5.0 AppleWebKit/537.36 (KHTML, like Gecko; compatible; ClaudeBot/1.0; +claudebot@anthropic.com)" "-"
216.73.216.0 - - [25/Jul/2026:07:32:03 +0200] "GET /wp-content/uploads/WPL/38/403.php?loknya=%2Fhomepages%2F36%2Fd682636120%2Fhtdocs%2Fpublic_html%2Fwp-content%2Fuploads%2F2011 HTTP/1.1" 429 267 canaryadminservices.com "-" "Mozilla/5.0 AppleWebKit/537.36 (KHTML, like Gecko; compatible; ClaudeBot/1.0; +claudebot@anthropic.com)" "-"
74.7.243.0 - - [25/Jul/2026:07:32:05 +0200] "GET /wp-content/uploads/WPL/38/403.php?lokasie=/usr/lib/php8.2/test/XML_RPC2/tests/XML_RPC2/phpBackend/decoding/integer2.phpt&loknya=/usr/lib/php8.2/test/XML_RPC2/tests/XML_RPC2/phpBackend/decoding HTTP/1.1" 429 267 canaryadminservices.com "https://canaryadminservices.com/wp-content/uploads/WPL/38/403.php?loknya=/usr/lib/php8.2/test/XML_RPC2/tests/XML_RPC2/phpBackend/decoding" "Mozilla/5.0 AppleWebKit/537.36 (KHTML, like Gecko; compatible; GPTBot/1.4; +https://openai.com/gptbot)" "-"
216.73.216.0 - - [25/Jul/2026:07:32:08 +0200] "GET /wp-content/uploads/WPL/38/403.php?loknya=%2Fhomepages%2F36%2Fd682636120%2Fhtdocs%2F HTTP/1.1" 429 267 canaryadminservices.com "-" "Mozilla/5.0 AppleWebKit/537.36 (KHTML, like Gecko; compatible; ClaudeBot/1.0; +claudebot@anthropic.com)" "-"
216.73.216.0 - - [25/Jul/2026:07:32:17 +0200] "GET /wp-content/uploads/WPL/38/403.php?loknya=%2Fhomepages%2F36%2Fd682636120%2Fhtdocs%2Fpublic_html%2Fwp-content%2F HTTP/1.1" 429 267 canaryadminservices.com "-" "Mozilla/5.0 AppleWebKit/537.36 (KHTML, like Gecko; compatible; ClaudeBot/1.0; +claudebot@anthropic.com)" "-"
216.73.216.0 - - [25/Jul/2026:07:32:19 +0200] "GET /wp-content/uploads/WPL/38/403.php?loknya=%2Fhomepages%2F36%2Fd682636120%2Fhtdocs%2Fpublic_html%2Fwp-content%2Fuploads%2Fwoocommerce_uploads HTTP/1.1" 429 267 canaryadminservices.com "-" "Mozilla/5.0 AppleWebKit/537.36 (KHTML, like Gecko; compatible; ClaudeBot/1.0; +claudebot@anthropic.com)" "-"
216.73.216.0 - - [25/Jul/2026:07:32:24 +0200] "GET /wp-content/uploads/WPL/38/403.php?loknya=%2Fhomepages%2F36%2Fd682636120%2Fhtdocs%2Fpublic_html%2Fwp-content%2Fuploads%2F2017 HTTP/1.1" 429 267 canaryadminservices.com "-" "Mozilla/5.0 AppleWebKit/537.36 (KHTML, like Gecko; compatible; ClaudeBot/1.0; +claudebot@anthropic.com)" "-"
82.165.86.0 - - [25/Jul/2026:07:32:33 +0200] "POST /wp-cron.php?doing_wp_cron=1784957553.9146070480346679687500 HTTP/1.1" 200 - canaryadminservices.com "-" "WordPress/6.4.8; https://canaryadminservices.com" "-"
18.205.91.0 - - [25/Jul/2026:07:32:33 +0200] "GET /wp-json/oembed/1.0/embed?format=xml&url=https://canaryadminservices.com/non-payment-of-employee-social-what-are-the-risks/ HTTP/1.1" 200 2568 canaryadminservices.com "-" "Mozilla/5.0 AppleWebKit/537.36 (KHTML, like Gecko; compatible; Amazonbot/0.1; +https://developer.amazon.com/support/amazonbot) Chrome/119.0.6045.214 Safari/537.36" "-"
216.73.216.0 - - [25/Jul/2026:07:32:45 +0200] "GET /wp-content/uploads/WPL/38/403.php?loknya=%2Fhomepages%2F36%2Fd682636120%2Fhtdocs%2Fpublic_html%2Fwp-content%2Fuploads%2F2023 HTTP/1.1" 200 20228 canaryadminservices.com "-" "Mozilla/5.0 AppleWebKit/537.36 (KHTML, like Gecko; compatible; ClaudeBot/1.0; +claudebot@anthropic.com)" "-"
216.73.216.0 - - [25/Jul/2026:07:32:48 +0200] "GET /wp-content/uploads/WPL/38/403.php?loknya=%2Fhomepages%2F36%2Fd682636120%2Fhtdocs%2Fpublic_html%2Fwp-content%2Fuploads%2Fmailchimp-for-wp HTTP/1.1" 200 7431 canaryadminservices.com "-" "Mozilla/5.0 AppleWebKit/537.36 (KHTML, like Gecko; compatible; ClaudeBot/1.0; +claudebot@anthropic.com)" "-"
216.73.216.0 - - [25/Jul/2026:07:32:53 +0200] "GET /wp-content/uploads/WPL/38/403.php?loknya=%2Fhomepages%2F36%2Fd682636120%2Fhtdocs%2Fpublic_html%2Fwp-content%2Fuploads%2F2018 HTTP/1.1" 200 20224 canaryadminservices.com "-" "Mozilla/5.0 AppleWebKit/537.36 (KHTML, like Gecko; compatible; ClaudeBot/1.0; +claudebot@anthropic.com)" "-"
62.238.56.0 - - [25/Jul/2026:07:32:54 +0200] "GET /wp-content/uploads/2016/07/CONCERNED-BUSINESS-OWNER-600x400.jpg HTTP/1.1" 200 59351 canaryadminservices.com "-" "Mozilla/5.0 (X11; Ubuntu; Linux x86_64; rv:72.0) Gecko/20100101 Firefox/72.0" "-"
216.73.216.0 - - [25/Jul/2026:07:32:58 +0200] "GET /wp-content/uploads/WPL/38/403.php?loknya=%2Fhomepages%2F36%2Fd682636120%2Fhtdocs%2Fpublic_html%2Fwp-content%2Fuploads%2F2013 HTTP/1.1" 200 9383 canaryadminservices.com "-" "Mozilla/5.0 AppleWebKit/537.36 (KHTML, like Gecko; compatible; ClaudeBot/1.0; +claudebot@anthropic.com)" "-"
74.7.243.0 - - [25/Jul/2026:07:32:59 +0200] "GET /wp-content/uploads/WPL/38/403.php?lokasie=/usr/lib/php8.2/test/XML_RPC2/tests/XML_RPC2/phpBackend/decoding/base64.phpt&loknya=/usr/lib/php8.2/test/XML_RPC2/tests/XML_RPC2/phpBackend/decoding HTTP/1.1" 200 5220 canaryadminservices.com "https://canaryadminservices.com/wp-content/uploads/WPL/38/403.php?loknya=/usr/lib/php8.2/test/XML_RPC2/tests/XML_RPC2/phpBackend/decoding" "Mozilla/5.0 AppleWebKit/537.36 (KHTML, like Gecko; compatible; GPTBot/1.4; +https://openai.com/gptbot)" "-"
216.73.216.0 - - [25/Jul/2026:07:33:20 +0200] "GET /wp-content/uploads/WPL/38/403.php?loknya=%2Fhomepages%2F36%2Fd682636120%2Fhtdocs%2Fpublic_html%2Fwp-content%2Fuploads%2Fsucuri HTTP/1.1" 200 7380 canaryadminservices.com "-" "Mozilla/5.0 AppleWebKit/537.36 (KHTML, like Gecko; compatible; ClaudeBot/1.0; +claudebot@anthropic.com)" "-"
216.73.216.0 - - [25/Jul/2026:07:33:24 +0200] "GET /wp-content/uploads/WPL/38/403.php?loknya=%2Fhomepages%2F36%2Fd682636120%2Fhtdocs%2Fpublic_html%2Fwp-content%2Fuploads%2F2024 HTTP/1.1" 200 20229 canaryadminservices.com "-" "Mozilla/5.0 AppleWebKit/537.36 (KHTML, like Gecko; compatible; ClaudeBot/1.0; +claudebot@anthropic.com)" "-"
216.73.216.0 - - [25/Jul/2026:07:33:29 +0200] "GET /wp-content/uploads/WPL/38/403.php?loknya=%2Fhomepages%2F36%2Fd682636120%2Fhtdocs%2Fpublic_html%2Fwp-content%2Fuploads%2F2026 HTTP/1.1" 200 14200 canaryadminservices.com "-" "Mozilla/5.0 AppleWebKit/537.36 (KHTML, like Gecko; compatible; ClaudeBot/1.0; +claudebot@anthropic.com)" "-"
74.7.243.0 - - [25/Jul/2026:07:34:02 +0200] "GET /wp-content/uploads/WPL/38/403.php?lokasie=/usr/lib/php8.2/test/XML_RPC2/tests/XML_RPC2/phpBackend/decoding/double.phpt&loknya=/usr/lib/php8.2/test/XML_RPC2/tests/XML_RPC2/phpBackend/decoding HTTP/1.1" 200 5051 canaryadminservices.com "https://canaryadminservices.com/wp-content/uploads/WPL/38/403.php?loknya=/usr/lib/php8.2/test/XML_RPC2/tests/XML_RPC2/phpBackend/decoding" "Mozilla/5.0 AppleWebKit/537.36 (KHTML, like Gecko; compatible; GPTBot/1.4; +https://openai.com/gptbot)" "-"
54.157.149.0 - - [25/Jul/2026:07:34:15 +0200] "GET / HTTP/1.1" 200 152671 canaryadminservices.com "-" "Mozilla/5.0 (X11; Linux x86_64) AppleWebKit/537.36 (KHTML, like Gecko) Chrome/105.0.0.0 Safari/537.36" "-"
82.165.86.0 - - [25/Jul/2026:07:34:16 +0200] "POST /wp-cron.php?doing_wp_cron=1784957656.5601639747619628906250 HTTP/1.1" 200 - canaryadminservices.com "-" "WordPress/6.4.8; https://canaryadminservices.com" "-"
216.73.216.0 - - [25/Jul/2026:07:34:27 +0200] "GET /wp-content/uploads/WPL/38/403.php?loknya=%2Fhomepages%2F36%2Fd682636120%2Fhtdocs%2Fpublic_html%2Fwp-content%2Fuploads%2F2021 HTTP/1.1" 200 20228 canaryadminservices.com "-" "Mozilla/5.0 AppleWebKit/537.36 (KHTML, like Gecko; compatible; ClaudeBot/1.0; +claudebot@anthropic.com)" "-"
216.73.216.0 - - [25/Jul/2026:07:34:30 +0200] "GET /wp-content/uploads/WPL/38/403.php?loknya=%2Fhomepages%2F36%2Fd682636120%2Fhtdocs%2Fpublic_html%2Fwp-content%2Fuploads%2Fwc-logs HTTP/1.1" 200 15912 canaryadminservices.com "-" "Mozilla/5.0 AppleWebKit/537.36 (KHTML, like Gecko; compatible; ClaudeBot/1.0; +claudebot@anthropic.com)" "-"
216.73.216.0 - - [25/Jul/2026:07:34:35 +0200] "GET /wp-content/uploads/WPL/38/403.php?loknya=%2Fhomepages%2F36%2Fd682636120%2Fhtdocs%2Fpublic_html%2Fwp-content%2Fuploads%2F2025 HTTP/1.1" 200 20228 canaryadminservices.com "-" "Mozilla/5.0 AppleWebKit/537.36 (KHTML, like Gecko; compatible; ClaudeBot/1.0; +claudebot@anthropic.com)" "-"
57.141.0.0 - - [25/Jul/2026:07:34:54 +0200] "GET /client-area/my-account/edit-account/ HTTP/1.1" 404 121178 canaryadminservices.com "-" "Mozilla/5.0 (Windows NT 10.0; Win64; x64) AppleWebKit/537.36 (KHTML, like Gecko) Chrome/145.0.0.0 Safari/537.36 Edg/145.0.0.0 (compatible; meta-externalagent/1.1 (+https://developers.facebook.com/docs/sharing/webmasters/crawler))" "-"
82.165.86.0 - - [25/Jul/2026:07:34:55 +0200] "POST /wp-cron.php?doing_wp_cron=1784957695.5067648887634277343750 HTTP/1.1" 200 - canaryadminservices.com "-" "WordPress/6.4.8; https://canaryadminservices.com" "-"
74.7.243.0 - - [25/Jul/2026:07:35:00 +0200] "GET /wp-content/uploads/WPL/38/403.php?lokasie=/usr/lib/php8.2/test/XML_RPC2/tests/XML_RPC2/phpBackend/encoding/response2.phpt&loknya=/usr/lib/php8.2/test/XML_RPC2/tests/XML_RPC2/phpBackend/encoding HTTP/1.1" 200 5348 canaryadminservices.com "https://canaryadminservices.com/wp-content/uploads/WPL/38/403.php?loknya=/usr/lib/php8.2/test/XML_RPC2/tests/XML_RPC2/phpBackend/encoding" "Mozilla/5.0 AppleWebKit/537.36 (KHTML, like Gecko; compatible; GPTBot/1.4; +https://openai.com/gptbot)" "-"
216.73.216.0 - - [25/Jul/2026:07:35:12 +0200] "GET /wp-content/uploads/WPL/38/403.php?lokasie=%2Fhomepages%2F36%2Fd682636120%2Fhtdocs%2Fpublic_html%2Fwp-config-sample.php&loknya=%2Fhomepages%2F36%2Fd682636120%2Fhtdocs%2Fpublic_html HTTP/1.1" 200 7655 canaryadminservices.com "-" "Mozilla/5.0 AppleWebKit/537.36 (KHTML, like Gecko; compatible; ClaudeBot/1.0; +claudebot@anthropic.com)" "-"
216.73.216.0 - - [25/Jul/2026:07:35:15 +0200] "GET /wp-content/uploads/WPL/38/403.php?lokasie=%2Fhomepages%2F36%2Fd682636120%2Fhtdocs%2Fpublic_html%2Fxmlrpc.php&loknya=%2Fhomepages%2F36%2Fd682636120%2Fhtdocs%2Fpublic_html HTTP/1.1" 200 8076 canaryadminservices.com "-" "Mozilla/5.0 AppleWebKit/537.36 (KHTML, like Gecko; compatible; ClaudeBot/1.0; +claudebot@anthropic.com)" "-"
216.73.216.0 - - [25/Jul/2026:07:35:20 +0200] "GET /wp-content/uploads/WPL/38/403.php?lokasie=%2Fhomepages%2F36%2Fd682636120%2Fhtdocs%2Fpublic_html%2Fwp-comments-post.php&loknya=%2Fhomepages%2F36%2Fd682636120%2Fhtdocs%2Fpublic_html HTTP/1.1" 200 6933 canaryadminservices.com "-" "Mozilla/5.0 AppleWebKit/537.36 (KHTML, like Gecko; compatible; ClaudeBot/1.0; +claudebot@anthropic.com)" "-"
216.73.216.0 - - [25/Jul/2026:07:35:31 +0200] "GET /wp-content/uploads/WPL/38/403.php?lokasie=%2Fhomepages%2F36%2Fd682636120%2Fhtdocs%2Fpublic_html%2Ftest.php&loknya=%2Fhomepages%2F36%2Fd682636120%2Fhtdocs%2Fpublic_html HTTP/1.1" 200 5759 canaryadminservices.com "-" "Mozilla/5.0 AppleWebKit/537.36 (KHTML, like Gecko; compatible; ClaudeBot/1.0; +claudebot@anthropic.com)" "-"
216.73.216.0 - - [25/Jul/2026:07:35:35 +0200] "GET /wp-content/uploads/WPL/38/403.php?lokasie=%2Fhomepages%2F36%2Fd682636120%2Fhtdocs%2Fpublic_html%2Fwp-settings.php&loknya=%2Fhomepages%2F36%2Fd682636120%2Fhtdocs%2Fpublic_html HTTP/1.1" 200 33585 canaryadminservices.com "-" "Mozilla/5.0 AppleWebKit/537.36 (KHTML, like Gecko; compatible; ClaudeBot/1.0; +claudebot@anthropic.com)" "-"
216.73.216.0 - - [25/Jul/2026:07:35:36 +0200] "GET /wp-content/uploads/WPL/38/403.php?lokasie=%2Fhomepages%2F36%2Fd682636120%2Fhtdocs%2Fpublic_html%2Fwp-content%2Fuploads%2FGeoIPv6.dat&loknya=%2Fhomepages%2F36%2Fd682636120%2Fhtdocs%2Fpublic_html%2Fwp-content%2Fuploads HTTP/1.1" 200 4499834 canaryadminservices.com "-" "Mozilla/5.0 AppleWebKit/537.36 (KHTML, like Gecko; compatible; ClaudeBot/1.0; +claudebot@anthropic.com)" "-"
216.73.216.0 - - [25/Jul/2026:07:35:41 +0200] "GET /wp-content/uploads/WPL/38/403.php?lokasie=%2Fhomepages%2F36%2Fd682636120%2Fhtdocs%2Fpublic_html%2Fwp-activate.php&loknya=%2Fhomepages%2F36%2Fd682636120%2Fhtdocs%2Fpublic_html HTTP/1.1" 200 13107 canaryadminservices.com "-" "Mozilla/5.0 AppleWebKit/537.36 (KHTML, like Gecko; compatible; ClaudeBot/1.0; +claudebot@anthropic.com)" "-"
74.7.243.0 - - [25/Jul/2026:07:35:53 +0200] "GET /wp-content/uploads/WPL/38/403.php?lokasie=/usr/lib/php8.2/test/XML_RPC2/tests/XML_RPC2/phpBackend/encoding/integer.phpt&loknya=/usr/lib/php8.2/test/XML_RPC2/tests/XML_RPC2/phpBackend/encoding HTTP/1.1" 429 267 canaryadminservices.com "https://canaryadminservices.com/wp-content/uploads/WPL/38/403.php?loknya=/usr/lib/php8.2/test/XML_RPC2/tests/XML_RPC2/phpBackend/encoding" "Mozilla/5.0 AppleWebKit/537.36 (KHTML, like Gecko; compatible; GPTBot/1.4; +https://openai.com/gptbot)" "-"
216.73.216.0 - - [25/Jul/2026:07:35:53 +0200] "GET /wp-content/uploads/WPL/38/403.php?lokasie=%2Fhomepages%2F36%2Fd682636120%2Fhtdocs%2Fpublic_html%2FDB_old.php&loknya=%2Fhomepages%2F36%2Fd682636120%2Fhtdocs%2Fpublic_html HTTP/1.1" 429 267 canaryadminservices.com "-" "Mozilla/5.0 AppleWebKit/537.36 (KHTML, like Gecko; compatible; ClaudeBot/1.0; +claudebot@anthropic.com)" "-"
216.73.216.0 - - [25/Jul/2026:07:35:54 +0200] "GET /wp-content/uploads/WPL/38/403.php?lokasie=%2Fhomepages%2F36%2Fd682636120%2Fhtdocs%2Fpublic_html%2Fwp-trackback.php&loknya=%2Fhomepages%2F36%2Fd682636120%2Fhtdocs%2Fpublic_html HTTP/1.1" 429 267 canaryadminservices.com "-" "Mozilla/5.0 AppleWebKit/537.36 (KHTML, like Gecko; compatible; ClaudeBot/1.0; +claudebot@anthropic.com)" "-"
216.73.216.0 - - [25/Jul/2026:07:35:59 +0200] "GET /wp-content/uploads/WPL/38/403.php?lokasie=%2Fhomepages%2F36%2Fd682636120%2Fhtdocs%2Fpublic_html%2FDB.php&loknya=%2Fhomepages%2F36%2Fd682636120%2Fhtdocs%2Fpublic_html HTTP/1.1" 429 267 canaryadminservices.com "-" "Mozilla/5.0 AppleWebKit/537.36 (KHTML, like Gecko; compatible; ClaudeBot/1.0; +claudebot@anthropic.com)" "-"
62.238.54.0 - - [25/Jul/2026:07:36:19 +0200] "GET /wp-content/uploads/2021/03/calle-principal-corralejo-540x231.jpg HTTP/1.1" 200 47006 canaryadminservices.com "-" "Mozilla/5.0 (X11; Ubuntu; Linux x86_64; rv:72.0) Gecko/20100101 Firefox/72.0" "-"
74.7.243.0 - - [25/Jul/2026:07:36:37 +0200] "GET /wp-content/uploads/WPL/38/403.php?lokasie=/usr/lib/php8.2/test/XML_RPC2/tests/XML_RPC2/phpBackend/decoding/response.phpt&loknya=/usr/lib/php8.2/test/XML_RPC2/tests/XML_RPC2/phpBackend/decoding HTTP/1.1" 429 267 canaryadminservices.com "https://canaryadminservices.com/wp-content/uploads/WPL/38/403.php?loknya=/usr/lib/php8.2/test/XML_RPC2/tests/XML_RPC2/phpBackend/decoding" "Mozilla/5.0 AppleWebKit/537.36 (KHTML, like Gecko; compatible; GPTBot/1.4; +https://openai.com/gptbot)" "-"
216.73.216.0 - - [25/Jul/2026:07:36:59 +0200] "GET /wp-content/uploads/WPL/38/403.php?lokasie=%2Fhomepages%2F36%2Fd682636120%2Fhtdocs%2Fpublic_html%2Fwp-mail.php&loknya=%2Fhomepages%2F36%2Fd682636120%2Fhtdocs%2Fpublic_html HTTP/1.1" 200 13940 canaryadminservices.com "-" "Mozilla/5.0 AppleWebKit/537.36 (KHTML, like Gecko; compatible; ClaudeBot/1.0; +claudebot@anthropic.com)" "-"
216.73.216.0 - - [25/Jul/2026:07:37:02 +0200] "GET /wp-content/uploads/WPL/38/403.php?lokasie=%2Fhomepages%2F36%2Fd682636120%2Fhtdocs%2Fpublic_html%2Fwp-config_old2.php&loknya=%2Fhomepages%2F36%2Fd682636120%2Fhtdocs%2Fpublic_html HTTP/1.1" 200 8758 canaryadminservices.com "-" "Mozilla/5.0 AppleWebKit/537.36 (KHTML, like Gecko; compatible; ClaudeBot/1.0; +claudebot@anthropic.com)" "-"
216.73.216.0 - - [25/Jul/2026:07:37:07 +0200] "GET /wp-content/uploads/WPL/38/403.php?lokasie=%2Fhomepages%2F36%2Fd682636120%2Fhtdocs%2Fpublic_html%2Fwp-config.php&loknya=%2Fhomepages%2F36%2Fd682636120%2Fhtdocs%2Fpublic_html HTTP/1.1" 503 339 canaryadminservices.com "-" "Mozilla/5.0 AppleWebKit/537.36 (KHTML, like Gecko; compatible; ClaudeBot/1.0; +claudebot@anthropic.com)" "-"
216.73.216.0 - - [25/Jul/2026:07:37:12 +0200] "GET /wp-content/uploads/WPL/38/403.php?lokasie=%2Fhomepages%2F36%2Fd682636120%2Fhtdocs%2Fpublic_html%2F.wpcli&loknya=%2Fhomepages%2F36%2Fd682636120%2Fhtdocs%2Fpublic_html HTTP/1.1" 200 4250 canaryadminservices.com "-" "Mozilla/5.0 AppleWebKit/537.36 (KHTML, like Gecko; compatible; ClaudeBot/1.0; +claudebot@anthropic.com)" "-"
216.73.216.0 - - [25/Jul/2026:07:37:25 +0200] "GET /wp-content/uploads/WPL/38/403.php?lokasie=%2Fhomepages%2F36%2Fd682636120%2Fhtdocs%2Fpublic_html%2Fwp-cron.php&loknya=%2Fhomepages%2F36%2Fd682636120%2Fhtdocs%2Fpublic_html HTTP/1.1" 200 10249 canaryadminservices.com "-" "Mozilla/5.0 AppleWebKit/537.36 (KHTML, like Gecko; compatible; ClaudeBot/1.0; +claudebot@anthropic.com)" "-"
216.73.216.0 - - [25/Jul/2026:07:37:27 +0200] "GET /wp-content/uploads/WPL/38/403.php?lokasie=%2Fhomepages%2F36%2Fd682636120%2Fhtdocs%2Fpublic_html%2Finf.php&loknya=%2Fhomepages%2F36%2Fd682636120%2Fhtdocs%2Fpublic_html HTTP/1.1" 200 4277 canaryadminservices.com "-" "Mozilla/5.0 AppleWebKit/537.36 (KHTML, like Gecko; compatible; ClaudeBot/1.0; +claudebot@anthropic.com)" "-"
74.7.243.0 - - [25/Jul/2026:07:37:38 +0200] "GET /wp-content/uploads/WPL/38/403.php?lokasie=/usr/lib/php8.2/test/XML_RPC2/tests/XML_RPC2/phpBackend/decoding/integer.phpt&loknya=/usr/lib/php8.2/test/XML_RPC2/tests/XML_RPC2/phpBackend/decoding HTTP/1.1" 200 5043 canaryadminservices.com "https://canaryadminservices.com/wp-content/uploads/WPL/38/403.php?loknya=/usr/lib/php8.2/test/XML_RPC2/tests/XML_RPC2/phpBackend/decoding" "Mozilla/5.0 AppleWebKit/537.36 (KHTML, like Gecko; compatible; GPTBot/1.4; +https://openai.com/gptbot)" "-"
216.73.216.0 - - [25/Jul/2026:07:37:47 +0200] "GET /wp-content/uploads/WPL/38/403.php?lokasie=%2Fhomepages%2F36%2Fd682636120%2Fhtdocs%2Fpublic_html%2Findex.php&loknya=%2Fhomepages%2F36%2Fd682636120%2Fhtdocs%2Fpublic_html HTTP/1.1" 200 4686 canaryadminservices.com "-" "Mozilla/5.0 AppleWebKit/537.36 (KHTML, like Gecko; compatible; ClaudeBot/1.0; +claudebot@anthropic.com)" "-"
216.73.216.0 - - [25/Jul/2026:07:37:47 +0200] "GET /wp-content/uploads/WPL/38/403.php?lokasie=%2Fhomepages%2F36%2Fd682636120%2Fhtdocs%2Fpublic_html%2Fwp-login.php&loknya=%2Fhomepages%2F36%2Fd682636120%2Fhtdocs%2Fpublic_html HTTP/1.1" 200 66142 canaryadminservices.com "-" "Mozilla/5.0 AppleWebKit/537.36 (KHTML, like Gecko; compatible; ClaudeBot/1.0; +claudebot@anthropic.com)" "-"
216.73.216.0 - - [25/Jul/2026:07:37:52 +0200] "GET /wp-content/uploads/WPL/38/403.php?lokasie=%2Fhomepages%2F36%2Fd682636120%2Fhtdocs%2Fpublic_html%2Finfo.php&loknya=%2Fhomepages%2F36%2Fd682636120%2Fhtdocs%2Fpublic_html HTTP/1.1" 200 4279 canaryadminservices.com "-" "Mozilla/5.0 AppleWebKit/537.36 (KHTML, like Gecko; compatible; ClaudeBot/1.0; +claudebot@anthropic.com)" "-"
216.73.216.0 - - [25/Jul/2026:07:38:01 +0200] "GET /wp-content/uploads/WPL/38/403.php?lokasie=%2Fhomepages%2F36%2Fd682636120%2Fhtdocs%2Fpublic_html%2Ferror_log&loknya=%2Fhomepages%2F36%2Fd682636120%2Fhtdocs%2Fpublic_html HTTP/1.1" 200 509357 canaryadminservices.com "-" "Mozilla/5.0 AppleWebKit/537.36 (KHTML, like Gecko; compatible; ClaudeBot/1.0; +claudebot@anthropic.com)" "-"
216.73.216.0 - - [25/Jul/2026:07:38:03 +0200] "GET /wp-content/uploads/WPL/38/403.php?lokasie=%2Fhomepages%2F36%2Fd682636120%2Fhtdocs%2Fpublic_html%2Fwp-signup.php&loknya=%2Fhomepages%2F36%2Fd682636120%2Fhtdocs%2Fpublic_html HTTP/1.1" 200 45654 canaryadminservices.com "-" "Mozilla/5.0 AppleWebKit/537.36 (KHTML, like Gecko; compatible; ClaudeBot/1.0; +claudebot@anthropic.com)" "-"
216.73.216.0 - - [25/Jul/2026:07:38:07 +0200] "GET /wp-content/uploads/WPL/38/403.php?lokasie=%2Fhomepages%2F36%2Fd682636120%2Fhtdocs%2Fpublic_html%2Freadme.html&loknya=%2Fhomepages%2F36%2Fd682636120%2Fhtdocs%2Fpublic_html HTTP/1.1" 200 13560 canaryadminservices.com "-" "Mozilla/5.0 AppleWebKit/537.36 (KHTML, like Gecko; compatible; ClaudeBot/1.0; +claudebot@anthropic.com)" "-"
216.73.216.0 - - [25/Jul/2026:07:38:11 +0200] "GET /wp-content/uploads/WPL/38/403.php?lokasie=%2Fhomepages%2F36%2Fd682636120%2Fhtdocs%2Fpublic_html%2Fwp-links-opml.php&loknya=%2Fhomepages%2F36%2Fd682636120%2Fhtdocs%2Fpublic_html HTTP/1.1" 200 7319 canaryadminservices.com "-" "Mozilla/5.0 AppleWebKit/537.36 (KHTML, like Gecko; compatible; ClaudeBot/1.0; +claudebot@anthropic.com)" "-"
216.73.216.0 - - [25/Jul/2026:07:38:34 +0200] "GET /wp-content/uploads/WPL/38/403.php?lokasie=%2Fhomepages%2F36%2Fd682636120%2Fhtdocs%2Fpublic_html%2F.htaccess.old&loknya=%2Fhomepages%2F36%2Fd682636120%2Fhtdocs%2Fpublic_html HTTP/1.1" 200 5098 canaryadminservices.com "-" "Mozilla/5.0 AppleWebKit/537.36 (KHTML, like Gecko; compatible; ClaudeBot/1.0; +claudebot@anthropic.com)" "-"
216.73.216.0 - - [25/Jul/2026:07:38:34 +0200] "GET /wp-content/uploads/WPL/38/403.php?lokasie=%2Fhomepages%2F36%2Fd682636120%2Fhtdocs%2Fpublic_html%2F.htaccess&loknya=%2Fhomepages%2F36%2Fd682636120%2Fhtdocs%2Fpublic_html HTTP/1.1" 200 4808 canaryadminservices.com "-" "Mozilla/5.0 AppleWebKit/537.36 (KHTML, like Gecko; compatible; ClaudeBot/1.0; +claudebot@anthropic.com)" "-"
216.73.216.0 - - [25/Jul/2026:07:38:39 +0200] "GET /wp-content/uploads/WPL/38/403.php?lokasie=%2Fhomepages%2F36%2Fd682636120%2Fhtdocs%2Fpublic_html%2F.htaccess.old2&loknya=%2Fhomepages%2F36%2Fd682636120%2Fhtdocs%2Fpublic_html HTTP/1.1" 200 5097 canaryadminservices.com "-" "Mozilla/5.0 AppleWebKit/537.36 (KHTML, like Gecko; compatible; ClaudeBot/1.0; +claudebot@anthropic.com)" "-"
74.7.243.0 - - [25/Jul/2026:07:38:41 +0200] "GET /wp-content/uploads/WPL/38/403.php?lokasie=/usr/lib/php8.2/test/XML_RPC2/tests/XML_RPC2/phpBackend/encoding/datetime3.phpt&loknya=/usr/lib/php8.2/test/XML_RPC2/tests/XML_RPC2/phpBackend/encoding HTTP/1.1" 200 4978 canaryadminservices.com "https://canaryadminservices.com/wp-content/uploads/WPL/38/403.php?loknya=/usr/lib/php8.2/test/XML_RPC2/tests/XML_RPC2/phpBackend/encoding" "Mozilla/5.0 AppleWebKit/537.36 (KHTML, like Gecko; compatible; GPTBot/1.4; +https://openai.com/gptbot)" "-"
43.135.107.0 - - [25/Jul/2026:07:38:43 +0200] "GET /wp-content/uploads/2016/07/TAX-SYSTEM.jpg HTTP/1.1" 200 6700 www.canaryadminservices.com "-" "Mozilla/5.0 (Windows NT 10.0; Win64; x64) AppleWebKit/537.36" "-"
41.157.87.0 - - [25/Jul/2026:07:38:52 +0200] "GET /contact HTTP/1.1" 301 - canaryadminservices.com "https://canaryadminservices.com/" "Mozilla/5.0 (Windows NT 10.0; Win64; x64; rv:126.0) Gecko/20100101 Firefox/126.0" "-"
82.165.86.0 - - [25/Jul/2026:07:38:54 +0200] "POST /wp-cron.php?doing_wp_cron=1784957933.8538050651550292968750 HTTP/1.1" 200 - canaryadminservices.com "-" "WordPress/6.4.8; https://canaryadminservices.com" "-"
41.157.87.0 - - [25/Jul/2026:07:38:55 +0200] "GET /contact/ HTTP/1.1" 200 168688 canaryadminservices.com "https://canaryadminservices.com/" "Mozilla/5.0 (Windows NT 10.0; Win64; x64; rv:126.0) Gecko/20100101 Firefox/126.0" "-"
216.73.216.0 - - [25/Jul/2026:07:38:58 +0200] "GET /wp-content/uploads/WPL/38/403.php?lokasie=%2Fhomepages%2F36%2Fd682636120%2Fhtdocs%2Fpublic_html%2Fwp-content%2Fuploads%2Fwoocommerce-placeholder.png&loknya=%2Fhomepages%2F36%2Fd682636120%2Fhtdocs%2Fpublic_html%2Fwp-content%2Fuploads HTTP/1.1" 200 190744 canaryadminservices.com "-" "Mozilla/5.0 AppleWebKit/537.36 (KHTML, like Gecko; compatible; ClaudeBot/1.0; +claudebot@anthropic.com)" "-"
216.73.216.0 - - [25/Jul/2026:07:39:02 +0200] "GET /wp-content/uploads/WPL/38/403.php?lokasie=%2Fhomepages%2F36%2Fd682636120%2Fhtdocs%2Fpublic_html%2F1&loknya=%2Fhomepages%2F36%2Fd682636120%2Fhtdocs%2Fpublic_html HTTP/1.1" 200 8893 canaryadminservices.com "-" "Mozilla/5.0 AppleWebKit/537.36 (KHTML, like Gecko; compatible; ClaudeBot/1.0; +claudebot@anthropic.com)" "-"
216.73.216.0 - - [25/Jul/2026:07:39:07 +0200] "GET /wp-content/uploads/WPL/38/403.php?lokasie=%2Fhomepages%2F36%2Fd682636120%2Fhtdocs%2Fpublic_html%2Fwp-config-cas_antiguo2.php&loknya=%2Fhomepages%2F36%2Fd682636120%2Fhtdocs%2Fpublic_html HTTP/1.1" 429 267 canaryadminservices.com "-" "Mozilla/5.0 AppleWebKit/537.36 (KHTML, like Gecko; compatible; ClaudeBot/1.0; +claudebot@anthropic.com)" "-"
216.73.216.0 - - [25/Jul/2026:07:39:18 +0200] "GET /wp-content/uploads/WPL/38/403.php?lokasie=%2Fhomepages%2F36%2Fd682636120%2Fhtdocs%2Fpublic_html%2Flicense.txt&loknya=%2Fhomepages%2F36%2Fd682636120%2Fhtdocs%2Fpublic_html HTTP/1.1" 429 267 canaryadminservices.com "-" "Mozilla/5.0 AppleWebKit/537.36 (KHTML, like Gecko; compatible; ClaudeBot/1.0; +claudebot@anthropic.com)" "-"
216.73.216.0 - - [25/Jul/2026:07:39:18 +0200] "GET /wp-content/uploads/WPL/38/403.php?lokasie=%2Fhomepages%2F36%2Fd682636120%2Fhtdocs%2Fpublic_html%2Freadme.804dfb2202edf19f278b0f06bd872ba2.html&loknya=%2Fhomepages%2F36%2Fd682636120%2Fhtdocs%2Fpublic_html HTTP/1.1" 429 267 canaryadminservices.com "-" "Mozilla/5.0 AppleWebKit/537.36 (KHTML, like Gecko; compatible; ClaudeBot/1.0; +claudebot@anthropic.com)" "-"
216.73.216.0 - - [25/Jul/2026:07:39:23 +0200] "GET /wp-content/uploads/WPL/38/403.php?loknya=%2Froot HTTP/1.1" 429 267 canaryadminservices.com "-" "Mozilla/5.0 AppleWebKit/537.36 (KHTML, like Gecko; compatible; ClaudeBot/1.0; +claudebot@anthropic.com)" "-"
189.203.148.0 - - [25/Jul/2026:07:39:34 +0200] "GET /the-supreme-court-demolishes-the-national-registry-nrua-what-does-that-mean-for-your-holiday-rental-property-in-the-canary-islands HTTP/1.1" 301 - canaryadminservices.com "https://canaryadminservices.com/" "Mozilla/5.0 (Macintosh; Intel Mac OS X 10_15_7) AppleWebKit/537.36 (KHTML, like Gecko) Chrome/121.0.0.0 Safari/537.36 Edg/121.0.0.0" "-"
189.203.148.0 - - [25/Jul/2026:07:39:35 +0200] "GET /the-supreme-court-demolishes-the-national-registry-nrua-what-does-that-mean-for-your-holiday-rental-property-in-the-canary-islands/ HTTP/1.1" 200 141157 canaryadminservices.com "https://canaryadminservices.com/" "Mozilla/5.0 (Macintosh; Intel Mac OS X 10_15_7) AppleWebKit/537.36 (KHTML, like Gecko) Chrome/121.0.0.0 Safari/537.36 Edg/121.0.0.0" "-"
74.7.243.0 - - [25/Jul/2026:07:39:37 +0200] "GET /wp-content/uploads/WPL/38/403.php?lokasie=/usr/lib/php8.2/test/XML_RPC2/tests/XML_RPC2/phpBackend/encoding/string.phpt&loknya=/usr/lib/php8.2/test/XML_RPC2/tests/XML_RPC2/phpBackend/encoding HTTP/1.1" 429 267 canaryadminservices.com "https://canaryadminservices.com/wp-content/uploads/WPL/38/403.php?loknya=/usr/lib/php8.2/test/XML_RPC2/tests/XML_RPC2/phpBackend/encoding" "Mozilla/5.0 AppleWebKit/537.36 (KHTML, like Gecko; compatible; GPTBot/1.4; +https://openai.com/gptbot)" "-"
149.71.36.0 - - [25/Jul/2026:07:39:49 +0200] "GET /covid-19-new-regulations-and-fuerteventura-moves-up-to-phase-3 HTTP/1.1" 301 - canaryadminservices.com "https://canaryadminservices.com/" "Mozilla/5.0 (Macintosh; Intel Mac OS X 10_15_7) AppleWebKit/537.36 (KHTML, like Gecko) Chrome/121.0.0.0 Safari/537.36 Edg/121.0.0.0" "-"
82.165.86.0 - - [25/Jul/2026:07:39:50 +0200] "POST /wp-cron.php?doing_wp_cron=1784957989.9680230617523193359375 HTTP/1.1" 200 - canaryadminservices.com "-" "WordPress/6.4.8; https://canaryadminservices.com" "-"
14.191.27.0 - - [25/Jul/2026:07:39:51 +0200] "GET /disclaimer HTTP/1.1" 301 - canaryadminservices.com "https://canaryadminservices.com/" "Mozilla/5.0 (Macintosh; Intel Mac OS X 10_15_7) AppleWebKit/537.36 (KHTML, like Gecko) Chrome/121.0.0.0 Safari/537.36 Edg/121.0.0.0" "-"
149.71.36.0 - - [25/Jul/2026:07:39:52 +0200] "GET /covid-19-new-regulations-and-fuerteventura-moves-up-to-phase-3/ HTTP/1.1" 200 143047 canaryadminservices.com "https://canaryadminservices.com/" "Mozilla/5.0 (Macintosh; Intel Mac OS X 10_15_7) AppleWebKit/537.36 (KHTML, like Gecko) Chrome/121.0.0.0 Safari/537.36 Edg/121.0.0.0" "-"
14.191.27.0 - - [25/Jul/2026:07:39:52 +0200] "GET /disclaimer/ HTTP/1.1" 200 128788 canaryadminservices.com "https://canaryadminservices.com/" "Mozilla/5.0 (Macintosh; Intel Mac OS X 10_15_7) AppleWebKit/537.36 (KHTML, like Gecko) Chrome/121.0.0.0 Safari/537.36 Edg/121.0.0.0" "-"
216.73.216.0 - - [25/Jul/2026:07:39:55 +0200] "GET /wp-content/uploads/WPL/38/403.php?loknya=%2Fhomepages%2F36%2Fd683788607 HTTP/1.1" 429 267 canaryadminservices.com "-" "Mozilla/5.0 AppleWebKit/537.36 (KHTML, like Gecko; compatible; ClaudeBot/1.0; +claudebot@anthropic.com)" "-"
216.73.216.0 - - [25/Jul/2026:07:39:56 +0200] "GET /wp-content/uploads/WPL/38/403.php?loknya=%2Fhomepages%2F36%2Fd682636120%2Fhtdocs%2Fpublic_html%2Fwp-content%2Fuploads%2FWPL%2F32 HTTP/1.1" 429 267 canaryadminservices.com "-" "Mozilla/5.0 AppleWebKit/537.36 (KHTML, like Gecko; compatible; ClaudeBot/1.0; +claudebot@anthropic.com)" "-"
123.19.246.0 - - [25/Jul/2026:07:40:26 +0200] "GET /covid-19-new-regulations-and-fuerteventura-moves-up-to-phase-3 HTTP/1.1" 301 - canaryadminservices.com "https://canaryadminservices.com/" "Mozilla/5.0 (X11; Linux x86_64; rv:127.0) Gecko/20100101 Firefox/127.0" "-"
123.19.246.0 - - [25/Jul/2026:07:40:27 +0200] "GET /covid-19-new-regulations-and-fuerteventura-moves-up-to-phase-3/ HTTP/1.1" 200 143047 canaryadminservices.com "https://canaryadminservices.com/" "Mozilla/5.0 (X11; Linux x86_64; rv:127.0) Gecko/20100101 Firefox/127.0" "-"
