74.7.243.0 - - [25/Jul/2026:04:07:54 +0200] "GET /wp-content/uploads/WPL/38/403.php?lokasie=/usr/lib/x86_64-linux-gnu/ldscripts/elf_x86_64.xsc&loknya=/usr/lib/x86_64-linux-gnu/ldscripts HTTP/1.1" 200 12986 canaryadminservices.com "https://canaryadminservices.com/wp-content/uploads/WPL/38/403.php?loknya=/usr/lib/x86_64-linux-gnu/ldscripts" "Mozilla/5.0 AppleWebKit/537.36 (KHTML, like Gecko; compatible; GPTBot/1.4; +https://openai.com/gptbot)" "-"
52.4.229.0 - - [25/Jul/2026:04:08:03 +0200] "GET /2017/ HTTP/1.1" 301 - www.canaryadminservices.com "-" "Mozilla/5.0 AppleWebKit/537.36 (KHTML, like Gecko; compatible; Amazonbot/0.1; +https://developer.amazon.com/support/amazonbot) Chrome/119.0.6045.214 Safari/537.36" "-"
82.165.86.0 - - [25/Jul/2026:04:08:04 +0200] "POST /wp-cron.php?doing_wp_cron=1784945284.5132439136505126953125 HTTP/1.1" 200 - canaryadminservices.com "-" "WordPress/6.4.8; https://canaryadminservices.com" "-"
54.225.199.0 - - [25/Jul/2026:04:08:05 +0200] "GET /elements/video-background/ HTTP/1.1" 200 131928 canaryadminservices.com "-" "Mozilla/5.0 AppleWebKit/537.36 (KHTML, like Gecko; compatible; Amazonbot/0.1; +https://developer.amazon.com/support/amazonbot) Chrome/119.0.6045.214 Safari/537.36" "-"
23.21.119.0 - - [25/Jul/2026:04:08:05 +0200] "GET /2017/ HTTP/1.1" 200 150911 canaryadminservices.com "-" "Mozilla/5.0 AppleWebKit/537.36 (KHTML, like Gecko; compatible; Amazonbot/0.1; +https://developer.amazon.com/support/amazonbot) Chrome/119.0.6045.214 Safari/537.36" "-"
74.7.243.0 - - [25/Jul/2026:04:08:10 +0200] "GET /wp-content/uploads/WPL/38/403.php?lokasie=/usr/lib/x86_64-linux-gnu/ldscripts/elf_x86_64.xwe&loknya=/usr/lib/x86_64-linux-gnu/ldscripts HTTP/1.1" 200 13725 canaryadminservices.com "https://canaryadminservices.com/wp-content/uploads/WPL/38/403.php?loknya=/usr/lib/x86_64-linux-gnu/ldscripts" "Mozilla/5.0 AppleWebKit/537.36 (KHTML, like Gecko; compatible; GPTBot/1.4; +https://openai.com/gptbot)" "-"
34.204.233.0 - - [25/Jul/2026:04:08:23 +0200] "GET /?p=6533 HTTP/1.1" 301 - canaryadminservices.com "-" "Mozilla/5.0 AppleWebKit/605.1.15 (KHTML, like Gecko) Chrome/139.0.0.0 Safari/605.1.15" "-"
74.7.243.0 - - [25/Jul/2026:04:08:24 +0200] "GET /wp-content/uploads/WPL/38/403.php?lokasie=/usr/lib/x86_64-linux-gnu/ldscripts/elf_x86_64.xce&loknya=/usr/lib/x86_64-linux-gnu/ldscripts HTTP/1.1" 200 13767 canaryadminservices.com "https://canaryadminservices.com/wp-content/uploads/WPL/38/403.php?loknya=/usr/lib/x86_64-linux-gnu/ldscripts" "Mozilla/5.0 AppleWebKit/537.36 (KHTML, like Gecko; compatible; GPTBot/1.4; +https://openai.com/gptbot)" "-"
82.165.86.0 - - [25/Jul/2026:04:08:24 +0200] "POST /wp-cron.php?doing_wp_cron=1784945304.5909929275512695312500 HTTP/1.1" 200 - canaryadminservices.com "-" "WordPress/6.4.8; https://canaryadminservices.com" "-"
100.29.125.0 - - [25/Jul/2026:04:08:25 +0200] "GET /client-area/files/my-files/ HTTP/1.1" 200 122277 canaryadminservices.com "-" "Mozilla/5.0 AppleWebKit/605.1.15 (KHTML, like Gecko) Chrome/139.0.0.0 Safari/605.1.15" "-"
74.7.243.0 - - [25/Jul/2026:04:08:37 +0200] "GET /wp-content/uploads/WPL/38/403.php?lokasie=/usr/lib/x86_64-linux-gnu/ldscripts/elf_x86_64.xdc&loknya=/usr/lib/x86_64-linux-gnu/ldscripts HTTP/1.1" 200 13374 canaryadminservices.com "https://canaryadminservices.com/wp-content/uploads/WPL/38/403.php?loknya=/usr/lib/x86_64-linux-gnu/ldscripts" "Mozilla/5.0 AppleWebKit/537.36 (KHTML, like Gecko; compatible; GPTBot/1.4; +https://openai.com/gptbot)" "-"
82.165.86.0 - - [25/Jul/2026:04:08:45 +0200] "POST /wp-cron.php?doing_wp_cron=1784945325.9333069324493408203125 HTTP/1.1" 200 - canaryadminservices.com "-" "WordPress/6.4.8; https://canaryadminservices.com" "-"
200.75.154.0 - - [25/Jul/2026:04:08:45 +0200] "GET / HTTP/1.1" 200 152671 canaryadminservices.com "https://canaryadminservices.com/" "Mozilla/5.0 (Windows NT 10.0; Win64; x64; rv:128.0) Gecko/20100101 Firefox/128.0" "-"
74.7.243.0 - - [25/Jul/2026:04:08:48 +0200] "GET /wp-content/uploads/WPL/38/403.php?lokasie=/usr/lib/x86_64-linux-gnu/ldscripts/elf_x86_64.xdw&loknya=/usr/lib/x86_64-linux-gnu/ldscripts HTTP/1.1" 200 13332 canaryadminservices.com "https://canaryadminservices.com/wp-content/uploads/WPL/38/403.php?loknya=/usr/lib/x86_64-linux-gnu/ldscripts" "Mozilla/5.0 AppleWebKit/537.36 (KHTML, like Gecko; compatible; GPTBot/1.4; +https://openai.com/gptbot)" "-"
14.232.198.0 - - [25/Jul/2026:04:08:52 +0200] "GET / HTTP/1.1" 200 152671 canaryadminservices.com "https://canaryadminservices.com/" "Mozilla/5.0 (Macintosh; Intel Mac OS X 10_15_7) AppleWebKit/605.1.15 (KHTML, like Gecko) Version/17.1 Safari/605.1.15" "-"
74.7.243.0 - - [25/Jul/2026:04:08:59 +0200] "GET /wp-content/uploads/WPL/38/403.php?lokasie=/usr/lib/x86_64-linux-gnu/ldscripts/elf_x86_64.xdce&loknya=/usr/lib/x86_64-linux-gnu/ldscripts HTTP/1.1" 200 13669 canaryadminservices.com "https://canaryadminservices.com/wp-content/uploads/WPL/38/403.php?loknya=/usr/lib/x86_64-linux-gnu/ldscripts" "Mozilla/5.0 AppleWebKit/537.36 (KHTML, like Gecko; compatible; GPTBot/1.4; +https://openai.com/gptbot)" "-"
74.7.243.0 - - [25/Jul/2026:04:09:09 +0200] "GET /wp-content/uploads/WPL/38/403.php?lokasie=/usr/lib/x86_64-linux-gnu/ldscripts/elf_x86_64.xsw&loknya=/usr/lib/x86_64-linux-gnu/ldscripts HTTP/1.1" 200 12944 canaryadminservices.com "https://canaryadminservices.com/wp-content/uploads/WPL/38/403.php?loknya=/usr/lib/x86_64-linux-gnu/ldscripts" "Mozilla/5.0 AppleWebKit/537.36 (KHTML, like Gecko; compatible; GPTBot/1.4; +https://openai.com/gptbot)" "-"
201.130.30.0 - - [25/Jul/2026:04:09:13 +0200] "GET / HTTP/1.1" 200 152671 canaryadminservices.com "https://canaryadminservices.com/" "Mozilla/5.0 (X11; Ubuntu; Linux x86_64) AppleWebKit/537.36 (KHTML, like Gecko) Chrome/124.0.6367.82 Safari/537.36" "-"
123.28.20.0 - - [25/Jul/2026:04:09:16 +0200] "GET /covid-19-new-regulations-and-fuerteventura-moves-up-to-phase-3 HTTP/1.1" 301 - canaryadminservices.com "https://canaryadminservices.com/" "Mozilla/5.0 (Macintosh; Intel Mac OS X 10_15_7) AppleWebKit/605.1.15 (KHTML, like Gecko) Version/17.0 Safari/605.1.15" "-"
74.7.243.0 - - [25/Jul/2026:04:09:17 +0200] "GET /wp-content/uploads/WPL/38/403.php?lokasie=/usr/lib/x86_64-linux-gnu/ldscripts/elf_x86_64.xswe&loknya=/usr/lib/x86_64-linux-gnu/ldscripts HTTP/1.1" 200 13239 canaryadminservices.com "https://canaryadminservices.com/wp-content/uploads/WPL/38/403.php?loknya=/usr/lib/x86_64-linux-gnu/ldscripts" "Mozilla/5.0 AppleWebKit/537.36 (KHTML, like Gecko; compatible; GPTBot/1.4; +https://openai.com/gptbot)" "-"
123.28.20.0 - - [25/Jul/2026:04:09:17 +0200] "GET /covid-19-new-regulations-and-fuerteventura-moves-up-to-phase-3/ HTTP/1.1" 200 143047 canaryadminservices.com "https://canaryadminservices.com/" "Mozilla/5.0 (Macintosh; Intel Mac OS X 10_15_7) AppleWebKit/605.1.15 (KHTML, like Gecko) Version/17.0 Safari/605.1.15" "-"
171.224.120.0 - - [25/Jul/2026:04:09:20 +0200] "GET / HTTP/1.1" 200 152671 canaryadminservices.com "https://canaryadminservices.com/" "Mozilla/5.0 (iPhone; CPU iPhone OS 17_0 like Mac OS X) AppleWebKit/605.1.15 (KHTML, like Gecko) Version/17.0 Mobile/15E148 Safari/604.1" "-"
74.7.243.0 - - [25/Jul/2026:04:09:25 +0200] "GET /wp-content/uploads/WPL/38/403.php?lokasie=/usr/lib/x86_64-linux-gnu/ldscripts/elf_x86_64.xse&loknya=/usr/lib/x86_64-linux-gnu/ldscripts HTTP/1.1" 429 267 canaryadminservices.com "https://canaryadminservices.com/wp-content/uploads/WPL/38/403.php?loknya=/usr/lib/x86_64-linux-gnu/ldscripts" "Mozilla/5.0 AppleWebKit/537.36 (KHTML, like Gecko; compatible; GPTBot/1.4; +https://openai.com/gptbot)" "-"
42.201.192.0 - - [25/Jul/2026:04:09:27 +0200] "GET / HTTP/1.1" 200 152671 canaryadminservices.com "https://canaryadminservices.com/" "Mozilla/5.0 (Windows NT 10.0; Win64; x64; rv:128.0) Gecko/20100101 Firefox/128.0" "-"
74.7.243.0 - - [25/Jul/2026:04:09:32 +0200] "GET /wp-content/uploads/WPL/38/403.php?lokasie=/usr/lib/x86_64-linux-gnu/ldscripts/elf_x86_64.xsce&loknya=/usr/lib/x86_64-linux-gnu/ldscripts HTTP/1.1" 429 267 canaryadminservices.com "https://canaryadminservices.com/wp-content/uploads/WPL/38/403.php?loknya=/usr/lib/x86_64-linux-gnu/ldscripts" "Mozilla/5.0 AppleWebKit/537.36 (KHTML, like Gecko; compatible; GPTBot/1.4; +https://openai.com/gptbot)" "-"
74.7.243.0 - - [25/Jul/2026:04:09:53 +0200] "GET /wp-content/uploads/WPL/38/403.php?lokasie=/usr/lib/x86_64-linux-gnu/ldscripts/elf_x86_64.xdwe&loknya=/usr/lib/x86_64-linux-gnu/ldscripts HTTP/1.1" 429 267 canaryadminservices.com "https://canaryadminservices.com/wp-content/uploads/WPL/38/403.php?loknya=/usr/lib/x86_64-linux-gnu/ldscripts" "Mozilla/5.0 AppleWebKit/537.36 (KHTML, like Gecko; compatible; GPTBot/1.4; +https://openai.com/gptbot)" "-"
37.111.128.0 - - [25/Jul/2026:04:09:54 +0200] "GET /tag/sole-trader-associations/ HTTP/1.1" 404 121132 canaryadminservices.com "-" "Mozilla/5.0 (Macintosh; Intel Mac OS X 10_14_6) AppleWebKit/537.36 (KHTML, like Gecko) Chrome/98.0.4758.109 Safari/537.36" "-"
82.165.86.0 - - [25/Jul/2026:04:09:55 +0200] "POST /wp-cron.php?doing_wp_cron=1784945395.5558540821075439453125 HTTP/1.1" 200 - canaryadminservices.com "-" "WordPress/6.4.8; https://canaryadminservices.com" "-"
160.178.2.0 - - [25/Jul/2026:04:09:59 +0200] "GET / HTTP/1.1" 200 152671 canaryadminservices.com "https://canaryadminservices.com/" "Mozilla/5.0 (Macintosh; Intel Mac OS X 10_15_7) AppleWebKit/537.36 (KHTML, like Gecko) Chrome/120.0.0.0 Safari/537.36 Edg/120.0.0.0" "-"
74.7.243.0 - - [25/Jul/2026:04:10:54 +0200] "GET /wp-content/uploads/WPL/38/403.php?lokasie=/usr/lib/php8.2/Structures/Graph.php&loknya=/usr/lib/php8.2/Structures HTTP/1.1" 200 10467 canaryadminservices.com "https://canaryadminservices.com/wp-content/uploads/WPL/38/403.php?loknya=/usr/lib/php8.2/Structures" "Mozilla/5.0 AppleWebKit/537.36 (KHTML, like Gecko; compatible; GPTBot/1.4; +https://openai.com/gptbot)" "-"
3.222.6.0 - - [25/Jul/2026:04:11:08 +0200] "GET /sign-on-the-dotted-line/ HTTP/1.1" 301 - www.canaryadminservices.com "-" "Mozilla/5.0 AppleWebKit/605.1.15 (KHTML, like Gecko) Chrome/139.0.0.0 Safari/605.1.15" "-"
82.165.86.0 - - [25/Jul/2026:04:11:09 +0200] "POST /wp-cron.php?doing_wp_cron=1784945469.3706729412078857421875 HTTP/1.1" 200 - canaryadminservices.com "-" "WordPress/6.4.8; https://canaryadminservices.com" "-"
18.215.207.0 - - [25/Jul/2026:04:11:10 +0200] "GET /sign-on-the-dotted-line/ HTTP/1.1" 200 136567 canaryadminservices.com "-" "Mozilla/5.0 AppleWebKit/605.1.15 (KHTML, like Gecko) Chrome/139.0.0.0 Safari/605.1.15" "-"
74.7.243.0 - - [25/Jul/2026:04:11:57 +0200] "GET /wp-content/uploads/WPL/38/403.php?lokasie=/usr/lib/x86_64-linux-gnu/perl/5.32/Encode/Symbol.pm&loknya=/usr/lib/x86_64-linux-gnu/perl/5.32/Encode HTTP/1.1" 200 5192 canaryadminservices.com "https://canaryadminservices.com/wp-content/uploads/WPL/38/403.php?loknya=/usr/lib/x86_64-linux-gnu/perl/5.32/Encode" "Mozilla/5.0 AppleWebKit/537.36 (KHTML, like Gecko; compatible; GPTBot/1.4; +https://openai.com/gptbot)" "-"
216.73.216.0 - - [25/Jul/2026:04:12:08 +0200] "GET /?p=7297 HTTP/1.1" 301 - canaryadminservices.com "-" "Mozilla/5.0 AppleWebKit/537.36 (KHTML, like Gecko; compatible; ClaudeBot/1.0; +claudebot@anthropic.com)" "-"
82.165.86.0 - - [25/Jul/2026:04:12:09 +0200] "POST /wp-cron.php?doing_wp_cron=1784945529.7731370925903320312500 HTTP/1.1" 200 - canaryadminservices.com "-" "WordPress/6.4.8; https://canaryadminservices.com" "-"
216.73.216.0 - - [25/Jul/2026:04:12:10 +0200] "GET /es/politica-de-privacidad/ HTTP/1.1" 200 130404 canaryadminservices.com "https://canaryadminservices.com/?p=7297" "Mozilla/5.0 AppleWebKit/537.36 (KHTML, like Gecko; compatible; ClaudeBot/1.0; +claudebot@anthropic.com)" "-"
74.7.243.0 - - [25/Jul/2026:04:12:51 +0200] "GET /wp-content/uploads/WPL/38/403.php?lokasie=/usr/lib/x86_64-linux-gnu/perl/5.32/bits/endianness.ph&loknya=/usr/lib/x86_64-linux-gnu/perl/5.32/bits HTTP/1.1" 200 4748 canaryadminservices.com "https://canaryadminservices.com/wp-content/uploads/WPL/38/403.php?loknya=/usr/lib/x86_64-linux-gnu/perl/5.32/bits" "Mozilla/5.0 AppleWebKit/537.36 (KHTML, like Gecko; compatible; GPTBot/1.4; +https://openai.com/gptbot)" "-"
74.7.243.0 - - [25/Jul/2026:04:13:44 +0200] "GET /wp-content/uploads/WPL/38/403.php?lokasie=/usr/lib/x86_64-linux-gnu/perl/5.32/PerlIO/scalar.pm&loknya=/usr/lib/x86_64-linux-gnu/perl/5.32/PerlIO HTTP/1.1" 200 5398 canaryadminservices.com "https://canaryadminservices.com/wp-content/uploads/WPL/38/403.php?loknya=/usr/lib/x86_64-linux-gnu/perl/5.32/PerlIO" "Mozilla/5.0 AppleWebKit/537.36 (KHTML, like Gecko; compatible; GPTBot/1.4; +https://openai.com/gptbot)" "-"
74.7.243.0 - - [25/Jul/2026:04:14:30 +0200] "GET /wp-content/uploads/WPL/38/403.php?lokasie=/usr/lib/x86_64-linux-gnu/perl/5.32/bits/waitstatus.ph&loknya=/usr/lib/x86_64-linux-gnu/perl/5.32/bits HTTP/1.1" 200 6057 canaryadminservices.com "https://canaryadminservices.com/wp-content/uploads/WPL/38/403.php?loknya=/usr/lib/x86_64-linux-gnu/perl/5.32/bits" "Mozilla/5.0 AppleWebKit/537.36 (KHTML, like Gecko; compatible; GPTBot/1.4; +https://openai.com/gptbot)" "-"
13.218.252.0 - - [25/Jul/2026:04:14:50 +0200] "GET /checkout/ HTTP/1.1" 302 - canaryadminservices.com "-" "Mozilla/5.0 AppleWebKit/605.1.15 (KHTML, like Gecko) Chrome/139.0.0.0 Safari/605.1.15" "-"
82.165.86.0 - - [25/Jul/2026:04:14:52 +0200] "POST /wp-cron.php?doing_wp_cron=1784945691.7147250175476074218750 HTTP/1.1" 200 - canaryadminservices.com "-" "WordPress/6.4.8; https://canaryadminservices.com" "-"
52.1.117.0 - - [25/Jul/2026:04:14:53 +0200] "GET /cart/ HTTP/1.1" 200 185279 canaryadminservices.com "-" "Mozilla/5.0 AppleWebKit/605.1.15 (KHTML, like Gecko) Chrome/139.0.0.0 Safari/605.1.15" "-"
140.82.54.0 - - [25/Jul/2026:04:15:00 +0200] "GET / HTTP/1.1" 200 152671 canaryadminservices.com "-" "Mozilla/5.0 (X11; Linux x86_64) AppleWebKit/537.36 (KHTML, like Gecko) Chrome/143.0.0.0 Safari/537.36" "-"
74.7.243.0 - - [25/Jul/2026:04:15:13 +0200] "GET /wp-content/uploads/WPL/38/403.php?lokasie=/usr/lib/x86_64-linux-gnu/perl/5.32/Encode/Config.pm&loknya=/usr/lib/x86_64-linux-gnu/perl/5.32/Encode HTTP/1.1" 200 13194 canaryadminservices.com "https://canaryadminservices.com/wp-content/uploads/WPL/38/403.php?loknya=/usr/lib/x86_64-linux-gnu/perl/5.32/Encode" "Mozilla/5.0 AppleWebKit/537.36 (KHTML, like Gecko; compatible; GPTBot/1.4; +https://openai.com/gptbot)" "-"
74.7.243.0 - - [25/Jul/2026:04:15:50 +0200] "GET /wp-content/uploads/WPL/38/403.php?lokasie=/usr/lib/x86_64-linux-gnu/perl/5.32/bits/sigcontext.ph&loknya=/usr/lib/x86_64-linux-gnu/perl/5.32/bits HTTP/1.1" 200 5342 canaryadminservices.com "https://canaryadminservices.com/wp-content/uploads/WPL/38/403.php?loknya=/usr/lib/x86_64-linux-gnu/perl/5.32/bits" "Mozilla/5.0 AppleWebKit/537.36 (KHTML, like Gecko; compatible; GPTBot/1.4; +https://openai.com/gptbot)" "-"
74.7.243.0 - - [25/Jul/2026:04:16:22 +0200] "GET /wp-content/uploads/WPL/38/403.php?lokasie=/usr/lib/browscap.ini&loknya=/usr/lib HTTP/1.1" 200 708726 canaryadminservices.com "https://canaryadminservices.com/wp-content/uploads/WPL/38/403.php?loknya=/usr/lib" "Mozilla/5.0 AppleWebKit/537.36 (KHTML, like Gecko; compatible; GPTBot/1.4; +https://openai.com/gptbot)" "-"
52.72.8.0 - - [25/Jul/2026:04:16:29 +0200] "GET /es/que-debes-hacer-cuando-recibes-una-notificacion-de-la-agencia-tributaria/ HTTP/1.1" 301 - www.canaryadminservices.com "-" "Mozilla/5.0 AppleWebKit/605.1.15 (KHTML, like Gecko) Chrome/139.0.0.0 Safari/605.1.15" "-"
82.165.86.0 - - [25/Jul/2026:04:16:30 +0200] "POST /wp-cron.php?doing_wp_cron=1784945790.1681709289550781250000 HTTP/1.1" 200 - canaryadminservices.com "-" "WordPress/6.4.8; https://canaryadminservices.com" "-"
184.72.220.0 - - [25/Jul/2026:04:16:32 +0200] "GET /es/que-debes-hacer-cuando-recibes-una-notificacion-de-la-agencia-tributaria/ HTTP/1.1" 200 137689 canaryadminservices.com "-" "Mozilla/5.0 AppleWebKit/605.1.15 (KHTML, like Gecko) Chrome/139.0.0.0 Safari/605.1.15" "-"
74.7.243.0 - - [25/Jul/2026:04:16:52 +0200] "GET /wp-content/uploads/WPL/38/403.php?lokasie=/usr/lib/x86_64-linux-gnu/e2fsprogs/e2scrub_all_cron&loknya=/usr/lib/x86_64-linux-gnu/e2fsprogs HTTP/1.1" 200 6422 canaryadminservices.com "https://canaryadminservices.com/wp-content/uploads/WPL/38/403.php?loknya=/usr/lib/x86_64-linux-gnu/e2fsprogs" "Mozilla/5.0 AppleWebKit/537.36 (KHTML, like Gecko; compatible; GPTBot/1.4; +https://openai.com/gptbot)" "-"
74.7.243.0 - - [25/Jul/2026:04:17:19 +0200] "GET /wp-content/uploads/WPL/38/403.php?lokasie=/usr/lib/python3/dist-packages/pip/_internal/index/__init__.py&loknya=/usr/lib/python3/dist-packages/pip/_internal/index HTTP/1.1" 200 4436 canaryadminservices.com "https://canaryadminservices.com/wp-content/uploads/WPL/38/403.php?loknya=/usr/lib/python3/dist-packages/pip/_internal/index" "Mozilla/5.0 AppleWebKit/537.36 (KHTML, like Gecko; compatible; GPTBot/1.4; +https://openai.com/gptbot)" "-"
74.7.243.0 - - [25/Jul/2026:04:17:43 +0200] "GET /wp-content/uploads/WPL/38/403.php?lokasie=/usr/lib/x86_64-linux-gnu/ruby/2.7.0/json/ext/generator.so&loknya=/usr/lib/x86_64-linux-gnu/ruby/2.7.0/json/ext HTTP/1.1" 200 63741 canaryadminservices.com "https://canaryadminservices.com/wp-content/uploads/WPL/38/403.php?loknya=/usr/lib/x86_64-linux-gnu/ruby/2.7.0/json/ext" "Mozilla/5.0 AppleWebKit/537.36 (KHTML, like Gecko; compatible; GPTBot/1.4; +https://openai.com/gptbot)" "-"
74.7.243.0 - - [25/Jul/2026:04:18:05 +0200] "GET /wp-content/uploads/WPL/38/403.php?lokasie=/usr/lib/x86_64-linux-gnu/ruby/2.7.0/json/ext/parser.so&loknya=/usr/lib/x86_64-linux-gnu/ruby/2.7.0/json/ext HTTP/1.1" 200 45854 canaryadminservices.com "https://canaryadminservices.com/wp-content/uploads/WPL/38/403.php?loknya=/usr/lib/x86_64-linux-gnu/ruby/2.7.0/json/ext" "Mozilla/5.0 AppleWebKit/537.36 (KHTML, like Gecko; compatible; GPTBot/1.4; +https://openai.com/gptbot)" "-"
37.59.204.0 - - [25/Jul/2026:04:18:14 +0200] "GET /tag/tax-authorities/ HTTP/1.1" 200 128179 canaryadminservices.com "-" "Mozilla/5.0 (compatible; AhrefsBot/7.0; +http://ahrefs.com/robot/)" "-"
82.165.86.0 - - [25/Jul/2026:04:18:15 +0200] "POST /wp-cron.php?doing_wp_cron=1784945895.5820550918579101562500 HTTP/1.1" 200 - canaryadminservices.com "-" "WordPress/6.4.8; https://canaryadminservices.com" "-"
74.7.243.0 - - [25/Jul/2026:04:18:25 +0200] "GET /wp-content/uploads/WPL/38/403.php?lokasie=/usr/lib/python3/dist-packages/urllib3-1.26.5.egg-info/top_level.txt&loknya=/usr/lib/python3/dist-packages/urllib3-1.26.5.egg-info HTTP/1.1" 200 4274 canaryadminservices.com "https://canaryadminservices.com/wp-content/uploads/WPL/38/403.php?loknya=/usr/lib/python3/dist-packages/urllib3-1.26.5.egg-info" "Mozilla/5.0 AppleWebKit/537.36 (KHTML, like Gecko; compatible; GPTBot/1.4; +https://openai.com/gptbot)" "-"
74.7.243.0 - - [25/Jul/2026:04:18:42 +0200] "GET /wp-content/uploads/WPL/38/403.php?lokasie=/usr/lib/php8.2/Cache//Lite.php&loknya=/usr/lib/php8.2/Cache/ HTTP/1.1" 200 34917 canaryadminservices.com "https://canaryadminservices.com/wp-content/uploads/WPL/38/403.php?loknya=/usr/lib/php8.2/Cache/" "Mozilla/5.0 AppleWebKit/537.36 (KHTML, like Gecko; compatible; GPTBot/1.4; +https://openai.com/gptbot)" "-"
74.7.243.0 - - [25/Jul/2026:04:18:58 +0200] "GET /wp-content/uploads/WPL/38/403.php?loknya=/usr/lib/php8.2/.registry/.channel.doc.php.net HTTP/1.1" 200 5363 canaryadminservices.com "https://canaryadminservices.com/wp-content/uploads/WPL/38/403.php?loknya=/usr/lib/php8.2/.registry" "Mozilla/5.0 AppleWebKit/537.36 (KHTML, like Gecko; compatible; GPTBot/1.4; +https://openai.com/gptbot)" "-"
74.7.243.0 - - [25/Jul/2026:04:19:12 +0200] "GET /wp-content/uploads/WPL/38/403.php?lokasie=/usr/lib/x86_64-linux-gnu/perl-base/unicore/lib/Nv/100000.pl&loknya=/usr/lib/x86_64-linux-gnu/perl-base/unicore/lib/Nv HTTP/1.1" 200 4976 canaryadminservices.com "https://canaryadminservices.com/wp-content/uploads/WPL/38/403.php?loknya=/usr/lib/x86_64-linux-gnu/perl-base/unicore/lib/Nv" "Mozilla/5.0 AppleWebKit/537.36 (KHTML, like Gecko; compatible; GPTBot/1.4; +https://openai.com/gptbot)" "-"
74.7.243.0 - - [25/Jul/2026:04:19:25 +0200] "GET /wp-content/uploads/WPL/38/403.php?lokasie=/usr/lib/php8.2/Structures/Graph/Node.php&loknya=/usr/lib/php8.2/Structures/Graph HTTP/1.1" 200 15536 canaryadminservices.com "https://canaryadminservices.com/wp-content/uploads/WPL/38/403.php?loknya=/usr/lib/php8.2/Structures/Graph" "Mozilla/5.0 AppleWebKit/537.36 (KHTML, like Gecko; compatible; GPTBot/1.4; +https://openai.com/gptbot)" "-"
74.7.243.0 - - [25/Jul/2026:04:19:37 +0200] "GET /wp-content/uploads/WPL/38/403.php?lokasie=/usr/lib/emacsen-common/emacs-remove&loknya=/usr/lib/emacsen-common HTTP/1.1" 200 5748 canaryadminservices.com "https://canaryadminservices.com/wp-content/uploads/WPL/38/403.php?loknya=/usr/lib/emacsen-common" "Mozilla/5.0 AppleWebKit/537.36 (KHTML, like Gecko; compatible; GPTBot/1.4; +https://openai.com/gptbot)" "-"
74.7.243.0 - - [25/Jul/2026:04:19:47 +0200] "GET /wp-content/uploads/WPL/38/403.php?lokasie=/usr/lib/x86_64-linux-gnu/gconv/CP10007.so&loknya=/usr/lib/x86_64-linux-gnu/gconv HTTP/1.1" 200 26404 canaryadminservices.com "https://canaryadminservices.com/wp-content/uploads/WPL/38/403.php?loknya=/usr/lib/x86_64-linux-gnu/gconv" "Mozilla/5.0 AppleWebKit/537.36 (KHTML, like Gecko; compatible; GPTBot/1.4; +https://openai.com/gptbot)" "-"
74.7.243.0 - - [25/Jul/2026:04:19:57 +0200] "GET /wp-content/uploads/WPL/38/403.php?lokasie=/usr/lib/x86_64-linux-gnu/gconv/IBM1112.so&loknya=/usr/lib/x86_64-linux-gnu/gconv HTTP/1.1" 429 267 canaryadminservices.com "https://canaryadminservices.com/wp-content/uploads/WPL/38/403.php?loknya=/usr/lib/x86_64-linux-gnu/gconv" "Mozilla/5.0 AppleWebKit/537.36 (KHTML, like Gecko; compatible; GPTBot/1.4; +https://openai.com/gptbot)" "-"
74.7.243.0 - - [25/Jul/2026:04:20:05 +0200] "GET /wp-content/uploads/WPL/38/403.php?loknya=/usr/lib/php8.2/data HTTP/1.1" 429 267 canaryadminservices.com "https://canaryadminservices.com/wp-content/uploads/WPL/38/403.php?loknya=/usr/lib/php8.2" "Mozilla/5.0 AppleWebKit/537.36 (KHTML, like Gecko; compatible; GPTBot/1.4; +https://openai.com/gptbot)" "-"
14.245.11.0 - - [25/Jul/2026:04:20:08 +0200] "GET /tag/alert-level-1/ HTTP/1.1" 404 121099 canaryadminservices.com "-" "Mozilla/5.0 (Windows NT 6.3; Win64; x64) AppleWebKit/537.36 (KHTML, like Gecko) Chrome/100.0.3478.83 Safari/537.36" "-"
82.165.86.0 - - [25/Jul/2026:04:20:09 +0200] "POST /wp-cron.php?doing_wp_cron=1784946009.0810470581054687500000 HTTP/1.1" 200 - canaryadminservices.com "-" "WordPress/6.4.8; https://canaryadminservices.com" "-"
74.7.243.0 - - [25/Jul/2026:04:20:30 +0200] "GET /wp-content/uploads/WPL/38/403.php?loknya=/usr/lib/php8.2/HTTP HTTP/1.1" 429 267 canaryadminservices.com "https://canaryadminservices.com/wp-content/uploads/WPL/38/403.php?loknya=/usr/lib/php8.2" "Mozilla/5.0 AppleWebKit/537.36 (KHTML, like Gecko; compatible; GPTBot/1.4; +https://openai.com/gptbot)" "-"
220.181.108.0 - - [25/Jul/2026:04:21:06 +0200] "GET /tag/real-decret-ley-8-2020/ HTTP/1.1" 429 267 canaryadminservices.com "-" "Mozilla/5.0 (compatible; Baiduspider/2.0; +http://www.baidu.com/search/spider.html)" "-"
111.225.214.0 - - [25/Jul/2026:04:21:07 +0200] "GET /tag/real-decret-ley-8-2020/ HTTP/1.1" 200 138809 canaryadminservices.com "-" "Mozilla/5.0 (Windows NT 10.0; WOW64) AppleWebKit/537.36 (KHTML, like Gecko) Chrome/48.0.2564.116 Safari/537.36" "-"
116.179.33.0 - - [25/Jul/2026:04:21:13 +0200] "GET /wp-includes/js/jquery/ui/core.min.js?ver=1.13.2 HTTP/1.1" 200 21438 canaryadminservices.com "https://canaryadminservices.com/tag/real-decret-ley-8-2020/" "Mozilla/5.0 (Windows NT 10.0; Win64; x64) AppleWebKit/537.36 (KHTML, like Gecko) Chrome/99.0.4844.51 Safari/537.36" "-"
116.179.33.0 - - [25/Jul/2026:04:21:14 +0200] "GET /wp-content/plugins/woocommerce/assets/js/frontend/cart-fragments.min.js?ver=8.4.3 HTTP/1.1" 200 2939 canaryadminservices.com "https://canaryadminservices.com/tag/real-decret-ley-8-2020/" "Mozilla/5.0 (Windows NT 10.0; Win64; x64) AppleWebKit/537.36 (KHTML, like Gecko) Chrome/99.0.4844.51 Safari/537.36" "-"
116.179.33.0 - - [25/Jul/2026:04:21:15 +0200] "GET /wp-content/plugins/real-estate-listing-realtyna-wpl/assets/js/js_inline.html HTTP/1.1" 200 10970 canaryadminservices.com "https://canaryadminservices.com/tag/real-decret-ley-8-2020/" "Mozilla/5.0 (Windows NT 10.0; Win64; x64) AppleWebKit/537.36 (KHTML, like Gecko) Chrome/99.0.4844.51 Safari/537.36" "-"
116.179.33.0 - - [25/Jul/2026:04:21:15 +0200] "POST /?wc-ajax=get_refreshed_fragments HTTP/1.1" 200 613 canaryadminservices.com "https://canaryadminservices.com/tag/real-decret-ley-8-2020/" "Mozilla/5.0 (Windows NT 10.0; Win64; x64) AppleWebKit/537.36 (KHTML, like Gecko) Chrome/99.0.4844.51 Safari/537.36" "-"
74.7.243.0 - - [25/Jul/2026:04:21:32 +0200] "GET /wp-content/uploads/WPL/38/403.php?loknya=/usr/lib/php8.2/test HTTP/1.1" 200 24263 canaryadminservices.com "https://canaryadminservices.com/wp-content/uploads/WPL/38/403.php?loknya=/usr/lib/php8.2" "Mozilla/5.0 AppleWebKit/537.36 (KHTML, like Gecko; compatible; GPTBot/1.4; +https://openai.com/gptbot)" "-"
74.7.243.0 - - [25/Jul/2026:04:22:36 +0200] "GET /wp-content/uploads/WPL/38/403.php?loknya=/usr/lib/php8.2/Mail HTTP/1.1" 200 18377 canaryadminservices.com "https://canaryadminservices.com/wp-content/uploads/WPL/38/403.php?loknya=/usr/lib/php8.2" "Mozilla/5.0 AppleWebKit/537.36 (KHTML, like Gecko; compatible; GPTBot/1.4; +https://openai.com/gptbot)" "-"
74.7.243.0 - - [25/Jul/2026:04:23:31 +0200] "GET /wp-content/uploads/WPL/38/403.php?loknya=/usr/lib/php8.2/PEAR HTTP/1.1" 200 41206 canaryadminservices.com "https://canaryadminservices.com/wp-content/uploads/WPL/38/403.php?loknya=/usr/lib/php8.2" "Mozilla/5.0 AppleWebKit/537.36 (KHTML, like Gecko; compatible; GPTBot/1.4; +https://openai.com/gptbot)" "-"
74.7.243.0 - - [25/Jul/2026:04:24:22 +0200] "GET /wp-content/uploads/WPL/38/403.php?lokasie=/usr/lib/x86_64-linux-gnu/gconv/IBM1160.so&loknya=/usr/lib/x86_64-linux-gnu/gconv HTTP/1.1" 200 26315 canaryadminservices.com "https://canaryadminservices.com/wp-content/uploads/WPL/38/403.php?loknya=/usr/lib/x86_64-linux-gnu/gconv" "Mozilla/5.0 AppleWebKit/537.36 (KHTML, like Gecko; compatible; GPTBot/1.4; +https://openai.com/gptbot)" "-"
176.29.231.0 - - [25/Jul/2026:04:24:46 +0200] "GET /tag/furlough/ HTTP/1.1" 404 121084 canaryadminservices.com "-" "Mozilla/5.0 (Windows NT 10.0; Win64; x64) AppleWebKit/537.36 (KHTML, like Gecko) Chrome/80.0.3987.122 Safari/537.36" "-"
82.165.86.0 - - [25/Jul/2026:04:24:47 +0200] "POST /wp-cron.php?doing_wp_cron=1784946287.2550690174102783203125 HTTP/1.1" 200 - canaryadminservices.com "-" "WordPress/6.4.8; https://canaryadminservices.com" "-"
74.7.243.0 - - [25/Jul/2026:04:25:09 +0200] "GET /wp-content/uploads/WPL/38/403.php?lokasie=/usr/lib/x86_64-linux-gnu/libturbojpeg.so.0.2.0&loknya=/usr/lib/x86_64-linux-gnu HTTP/1.1" 200 862039 canaryadminservices.com "https://canaryadminservices.com/wp-content/uploads/WPL/38/403.php?loknya=/usr/lib/x86_64-linux-gnu" "Mozilla/5.0 AppleWebKit/537.36 (KHTML, like Gecko; compatible; GPTBot/1.4; +https://openai.com/gptbot)" "-"
85.208.96.0 - - [25/Jul/2026:04:25:47 +0200] "GET /robots.txt HTTP/1.1" 429 267 canaryadminservices.com "-" "Mozilla/5.0 (compatible; SemrushBot/7~bl; +http://www.semrush.com/bot.html)" "-"
85.208.96.0 - - [25/Jul/2026:04:25:48 +0200] "GET /covid-19-a-breath-of-maskless-fresh-air/ HTTP/1.1" 429 267 canaryadminservices.com "-" "Mozilla/5.0 (compatible; SemrushBot/7~bl; +http://www.semrush.com/bot.html)" "-"
74.7.243.0 - - [25/Jul/2026:04:25:52 +0200] "GET /wp-content/uploads/WPL/38/403.php?lokasie=/usr/lib/x86_64-linux-gnu/gconv/IBM278.so&loknya=/usr/lib/x86_64-linux-gnu/gconv HTTP/1.1" 200 26629 canaryadminservices.com "https://canaryadminservices.com/wp-content/uploads/WPL/38/403.php?loknya=/usr/lib/x86_64-linux-gnu/gconv" "Mozilla/5.0 AppleWebKit/537.36 (KHTML, like Gecko; compatible; GPTBot/1.4; +https://openai.com/gptbot)" "-"
82.165.86.0 - - [25/Jul/2026:04:25:57 +0200] "POST /wp-cron.php?doing_wp_cron=1784946357.7740440368652343750000 HTTP/1.1" 200 - canaryadminservices.com "-" "WordPress/6.4.8; https://canaryadminservices.com" "-"
52.71.203.0 - - [25/Jul/2026:04:25:57 +0200] "GET /anti-spam-rant/embed/ HTTP/1.1" 200 20354 canaryadminservices.com "-" "Mozilla/5.0 AppleWebKit/537.36 (KHTML, like Gecko; compatible; Amazonbot/0.1; +https://developer.amazon.com/support/amazonbot) Chrome/119.0.6045.214 Safari/537.36" "-"
74.7.243.0 - - [25/Jul/2026:04:26:30 +0200] "GET /wp-content/uploads/WPL/38/403.php?lokasie=/usr/lib/x86_64-linux-gnu/gconv/IBM862.so&loknya=/usr/lib/x86_64-linux-gnu/gconv HTTP/1.1" 200 26598 canaryadminservices.com "https://canaryadminservices.com/wp-content/uploads/WPL/38/403.php?loknya=/usr/lib/x86_64-linux-gnu/gconv" "Mozilla/5.0 AppleWebKit/537.36 (KHTML, like Gecko; compatible; GPTBot/1.4; +https://openai.com/gptbot)" "-"
74.7.243.0 - - [25/Jul/2026:04:27:04 +0200] "GET /wp-content/uploads/WPL/38/403.php?lokasie=/usr/lib/x86_64-linux-gnu/gconv/CP1256.so&loknya=/usr/lib/x86_64-linux-gnu/gconv HTTP/1.1" 200 26682 canaryadminservices.com "https://canaryadminservices.com/wp-content/uploads/WPL/38/403.php?loknya=/usr/lib/x86_64-linux-gnu/gconv" "Mozilla/5.0 AppleWebKit/537.36 (KHTML, like Gecko; compatible; GPTBot/1.4; +https://openai.com/gptbot)" "-"
74.7.243.0 - - [25/Jul/2026:04:27:35 +0200] "GET /wp-content/uploads/WPL/38/403.php?lokasie=/usr/lib/x86_64-linux-gnu/gconv/IBM1132.so&loknya=/usr/lib/x86_64-linux-gnu/gconv HTTP/1.1" 200 26558 canaryadminservices.com "https://canaryadminservices.com/wp-content/uploads/WPL/38/403.php?loknya=/usr/lib/x86_64-linux-gnu/gconv" "Mozilla/5.0 AppleWebKit/537.36 (KHTML, like Gecko; compatible; GPTBot/1.4; +https://openai.com/gptbot)" "-"
74.7.243.0 - - [25/Jul/2026:04:28:03 +0200] "GET /wp-content/uploads/WPL/38/403.php?lokasie=/usr/lib/x86_64-linux-gnu/gconv/IBM1161.so&loknya=/usr/lib/x86_64-linux-gnu/gconv HTTP/1.1" 200 26344 canaryadminservices.com "https://canaryadminservices.com/wp-content/uploads/WPL/38/403.php?loknya=/usr/lib/x86_64-linux-gnu/gconv" "Mozilla/5.0 AppleWebKit/537.36 (KHTML, like Gecko; compatible; GPTBot/1.4; +https://openai.com/gptbot)" "-"
74.7.243.0 - - [25/Jul/2026:04:28:28 +0200] "GET /wp-content/uploads/WPL/38/403.php?lokasie=/usr/lib/x86_64-linux-gnu/gconv/CP1251.so&loknya=/usr/lib/x86_64-linux-gnu/gconv HTTP/1.1" 200 26489 canaryadminservices.com "https://canaryadminservices.com/wp-content/uploads/WPL/38/403.php?loknya=/usr/lib/x86_64-linux-gnu/gconv" "Mozilla/5.0 AppleWebKit/537.36 (KHTML, like Gecko; compatible; GPTBot/1.4; +https://openai.com/gptbot)" "-"
187.62.199.0 - - [25/Jul/2026:04:28:42 +0200] "GET /tag/snd-399-2020-9-mayo/ HTTP/1.1" 404 120705 canaryadminservices.com "-" "Mozilla/5.0 (Macintosh; Intel Mac OS X 10_7_3) AppleWebKit/537.36 (KHTML, like Gecko, Mediapartners-Google) Chrome/89.0.4389.93 Safari/537.36" "-"
82.165.86.0 - - [25/Jul/2026:04:28:43 +0200] "POST /wp-cron.php?doing_wp_cron=1784946523.1763339042663574218750 HTTP/1.1" 200 - canaryadminservices.com "-" "WordPress/6.4.8; https://canaryadminservices.com" "-"
74.7.243.0 - - [25/Jul/2026:04:28:49 +0200] "GET /wp-content/uploads/WPL/38/403.php?loknya=/usr/lib/php8.2/test/HTTP_Header HTTP/1.1" 200 12194 canaryadminservices.com "https://canaryadminservices.com/wp-content/uploads/WPL/38/403.php?loknya=/usr/lib/php8.2/test" "Mozilla/5.0 AppleWebKit/537.36 (KHTML, like Gecko; compatible; GPTBot/1.4; +https://openai.com/gptbot)" "-"
74.7.243.0 - - [25/Jul/2026:04:29:10 +0200] "GET /wp-content/uploads/WPL/38/403.php?loknya=/usr/lib/php8.2/test/Mail_mimeDecode HTTP/1.1" 200 6400 canaryadminservices.com "https://canaryadminservices.com/wp-content/uploads/WPL/38/403.php?loknya=/usr/lib/php8.2/test" "Mozilla/5.0 AppleWebKit/537.36 (KHTML, like Gecko; compatible; GPTBot/1.4; +https://openai.com/gptbot)" "-"
186.73.3.0 - - [25/Jul/2026:04:29:18 +0200] "GET /wp-content/uploads/2016/07/CONSUMER-RIGHTS.jpeg HTTP/1.1" 200 46871 canaryadminservices.com "-" "Mozilla/5.0 (Macintosh; Intel Mac OS X 10_13_6) AppleWebKit/537.36 (KHTML, like Gecko) Brave Chrome/80.0.3987.87 Safari/537.36" "-"
74.7.243.0 - - [25/Jul/2026:04:29:27 +0200] "GET /wp-content/uploads/WPL/38/403.php?loknya=/usr/lib/php8.2/PEAR/ChannelFile HTTP/1.1" 200 6663 canaryadminservices.com "https://canaryadminservices.com/wp-content/uploads/WPL/38/403.php?loknya=/usr/lib/php8.2/PEAR" "Mozilla/5.0 AppleWebKit/537.36 (KHTML, like Gecko; compatible; GPTBot/1.4; +https://openai.com/gptbot)" "-"
74.7.243.0 - - [25/Jul/2026:04:29:43 +0200] "GET /wp-content/uploads/WPL/38/403.php?loknya=/usr/lib/php8.2/PEAR/PackageFile HTTP/1.1" 200 11226 canaryadminservices.com "https://canaryadminservices.com/wp-content/uploads/WPL/38/403.php?loknya=/usr/lib/php8.2/PEAR" "Mozilla/5.0 AppleWebKit/537.36 (KHTML, like Gecko; compatible; GPTBot/1.4; +https://openai.com/gptbot)" "-"
74.7.243.0 - - [25/Jul/2026:04:29:58 +0200] "GET /wp-content/uploads/WPL/38/403.php?loknya=/usr/lib/php8.2/PEAR/Validator HTTP/1.1" 200 6639 canaryadminservices.com "https://canaryadminservices.com/wp-content/uploads/WPL/38/403.php?loknya=/usr/lib/php8.2/PEAR" "Mozilla/5.0 AppleWebKit/537.36 (KHTML, like Gecko; compatible; GPTBot/1.4; +https://openai.com/gptbot)" "-"
188.243.241.0 - - [25/Jul/2026:04:30:01 +0200] "GET / HTTP/1.1" 200 152671 canaryadminservices.com "-" "Mozilla/5.0 (Windows NT 10.0; Win64; x64) AppleWebKit/537.36 (KHTML, like Gecko) Chrome/120.0.0.0 Safari/537.36" "-"
82.165.86.0 - - [25/Jul/2026:04:30:02 +0200] "POST /wp-cron.php?doing_wp_cron=1784946602.2098491191864013671875 HTTP/1.1" 200 - canaryadminservices.com "-" "WordPress/6.4.8; https://canaryadminservices.com" "-"
188.243.241.0 - - [25/Jul/2026:04:30:03 +0200] "GET /contact HTTP/1.1" 301 - canaryadminservices.com "-" "Mozilla/5.0 (Windows NT 10.0; Win64; x64) AppleWebKit/537.36 (KHTML, like Gecko) Chrome/120.0.0.0 Safari/537.36" "-"
188.243.241.0 - - [25/Jul/2026:04:30:04 +0200] "GET /contact/ HTTP/1.1" 200 168688 canaryadminservices.com "-" "Mozilla/5.0 (Windows NT 10.0; Win64; x64) AppleWebKit/537.36 (KHTML, like Gecko) Chrome/120.0.0.0 Safari/537.36" "-"
188.243.241.0 - - [25/Jul/2026:04:30:05 +0200] "GET /contacts HTTP/1.1" 404 121069 canaryadminservices.com "-" "Mozilla/5.0 (Windows NT 10.0; Win64; x64) AppleWebKit/537.36 (KHTML, like Gecko) Chrome/120.0.0.0 Safari/537.36" "-"
188.243.241.0 - - [25/Jul/2026:04:30:06 +0200] "GET /contact-us HTTP/1.1" 404 121075 canaryadminservices.com "-" "Mozilla/5.0 (Windows NT 10.0; Win64; x64) AppleWebKit/537.36 (KHTML, like Gecko) Chrome/120.0.0.0 Safari/537.36" "-"
188.243.241.0 - - [25/Jul/2026:04:30:07 +0200] "GET /contactus HTTP/1.1" 404 121072 canaryadminservices.com "-" "Mozilla/5.0 (Windows NT 10.0; Win64; x64) AppleWebKit/537.36 (KHTML, like Gecko) Chrome/120.0.0.0 Safari/537.36" "-"
188.243.241.0 - - [25/Jul/2026:04:30:08 +0200] "GET /contacto HTTP/1.1" 301 - canaryadminservices.com "-" "Mozilla/5.0 (Windows NT 10.0; Win64; x64) AppleWebKit/537.36 (KHTML, like Gecko) Chrome/120.0.0.0 Safari/537.36" "-"
188.243.241.0 - - [25/Jul/2026:04:30:09 +0200] "GET /es/contacto/ HTTP/1.1" 200 166984 canaryadminservices.com "-" "Mozilla/5.0 (Windows NT 10.0; Win64; x64) AppleWebKit/537.36 (KHTML, like Gecko) Chrome/120.0.0.0 Safari/537.36" "-"
188.243.241.0 - - [25/Jul/2026:04:30:10 +0200] "GET /kontakt HTTP/1.1" 404 121066 canaryadminservices.com "-" "Mozilla/5.0 (Windows NT 10.0; Win64; x64) AppleWebKit/537.36 (KHTML, like Gecko) Chrome/120.0.0.0 Safari/537.36" "-"
74.7.243.0 - - [25/Jul/2026:04:30:11 +0200] "GET /wp-content/uploads/WPL/38/403.php?loknya=/usr/lib/php8.2/PEAR/Installer HTTP/1.1" 200 7702 canaryadminservices.com "https://canaryadminservices.com/wp-content/uploads/WPL/38/403.php?loknya=/usr/lib/php8.2/PEAR" "Mozilla/5.0 AppleWebKit/537.36 (KHTML, like Gecko; compatible; GPTBot/1.4; +https://openai.com/gptbot)" "-"
188.243.241.0 - - [25/Jul/2026:04:30:11 +0200] "GET /support HTTP/1.1" 404 121066 canaryadminservices.com "-" "Mozilla/5.0 (Windows NT 10.0; Win64; x64) AppleWebKit/537.36 (KHTML, like Gecko) Chrome/120.0.0.0 Safari/537.36" "-"
188.243.241.0 - - [25/Jul/2026:04:30:12 +0200] "GET /help HTTP/1.1" 404 121057 canaryadminservices.com "-" "Mozilla/5.0 (Windows NT 10.0; Win64; x64) AppleWebKit/537.36 (KHTML, like Gecko) Chrome/120.0.0.0 Safari/537.36" "-"
188.243.241.0 - - [25/Jul/2026:04:30:12 +0200] "GET /help-center HTTP/1.1" 404 121078 canaryadminservices.com "-" "Mozilla/5.0 (Windows NT 10.0; Win64; x64) AppleWebKit/537.36 (KHTML, like Gecko) Chrome/120.0.0.0 Safari/537.36" "-"
188.243.241.0 - - [25/Jul/2026:04:30:13 +0200] "GET /feedback HTTP/1.1" 404 121069 canaryadminservices.com "-" "Mozilla/5.0 (Windows NT 10.0; Win64; x64) AppleWebKit/537.36 (KHTML, like Gecko) Chrome/120.0.0.0 Safari/537.36" "-"
188.243.241.0 - - [25/Jul/2026:04:30:14 +0200] "GET /feed-back HTTP/1.1" 404 121072 canaryadminservices.com "-" "Mozilla/5.0 (Windows NT 10.0; Win64; x64) AppleWebKit/537.36 (KHTML, like Gecko) Chrome/120.0.0.0 Safari/537.36" "-"
188.243.241.0 - - [25/Jul/2026:04:30:15 +0200] "GET /feed_back HTTP/1.1" 404 121072 canaryadminservices.com "-" "Mozilla/5.0 (Windows NT 10.0; Win64; x64) AppleWebKit/537.36 (KHTML, like Gecko) Chrome/120.0.0.0 Safari/537.36" "-"
188.243.241.0 - - [25/Jul/2026:04:30:16 +0200] "GET /about HTTP/1.1" 301 - canaryadminservices.com "-" "Mozilla/5.0 (Windows NT 10.0; Win64; x64) AppleWebKit/537.36 (KHTML, like Gecko) Chrome/120.0.0.0 Safari/537.36" "-"
188.243.241.0 - - [25/Jul/2026:04:30:17 +0200] "GET /about/ HTTP/1.1" 200 136874 canaryadminservices.com "-" "Mozilla/5.0 (Windows NT 10.0; Win64; x64) AppleWebKit/537.36 (KHTML, like Gecko) Chrome/120.0.0.0 Safari/537.36" "-"
188.243.241.0 - - [25/Jul/2026:04:30:18 +0200] "GET /about-us HTTP/1.1" 301 - canaryadminservices.com "-" "Mozilla/5.0 (Windows NT 10.0; Win64; x64) AppleWebKit/537.36 (KHTML, like Gecko) Chrome/120.0.0.0 Safari/537.36" "-"
188.243.241.0 - - [25/Jul/2026:04:30:19 +0200] "GET /pages/about-us-template/ HTTP/1.1" 200 152546 canaryadminservices.com "-" "Mozilla/5.0 (Windows NT 10.0; Win64; x64) AppleWebKit/537.36 (KHTML, like Gecko) Chrome/120.0.0.0 Safari/537.36" "-"
188.243.241.0 - - [25/Jul/2026:04:30:20 +0200] "GET /aboutus HTTP/1.1" 404 121066 canaryadminservices.com "-" "Mozilla/5.0 (Windows NT 10.0; Win64; x64) AppleWebKit/537.36 (KHTML, like Gecko) Chrome/120.0.0.0 Safari/537.36" "-"
188.243.241.0 - - [25/Jul/2026:04:30:20 +0200] "GET /company HTTP/1.1" 404 121066 canaryadminservices.com "-" "Mozilla/5.0 (Windows NT 10.0; Win64; x64) AppleWebKit/537.36 (KHTML, like Gecko) Chrome/120.0.0.0 Safari/537.36" "-"
188.243.241.0 - - [25/Jul/2026:04:30:21 +0200] "GET /about-company HTTP/1.1" 404 121084 canaryadminservices.com "-" "Mozilla/5.0 (Windows NT 10.0; Win64; x64) AppleWebKit/537.36 (KHTML, like Gecko) Chrome/120.0.0.0 Safari/537.36" "-"
74.7.243.0 - - [25/Jul/2026:04:30:22 +0200] "GET /wp-content/uploads/WPL/38/403.php?loknya=/usr/lib/php8.2/PEAR/Command HTTP/1.1" 200 36345 canaryadminservices.com "https://canaryadminservices.com/wp-content/uploads/WPL/38/403.php?loknya=/usr/lib/php8.2/PEAR" "Mozilla/5.0 AppleWebKit/537.36 (KHTML, like Gecko; compatible; GPTBot/1.4; +https://openai.com/gptbot)" "-"
188.243.241.0 - - [25/Jul/2026:04:30:22 +0200] "GET /who-we-are HTTP/1.1" 404 121075 canaryadminservices.com "-" "Mozilla/5.0 (Windows NT 10.0; Win64; x64) AppleWebKit/537.36 (KHTML, like Gecko) Chrome/120.0.0.0 Safari/537.36" "-"
188.243.241.0 - - [25/Jul/2026:04:30:23 +0200] "GET /team HTTP/1.1" 301 - canaryadminservices.com "-" "Mozilla/5.0 (Windows NT 10.0; Win64; x64) AppleWebKit/537.36 (KHTML, like Gecko) Chrome/120.0.0.0 Safari/537.36" "-"
188.243.241.0 - - [25/Jul/2026:04:30:24 +0200] "GET /pages/team-members/ HTTP/1.1" 200 145890 canaryadminservices.com "-" "Mozilla/5.0 (Windows NT 10.0; Win64; x64) AppleWebKit/537.36 (KHTML, like Gecko) Chrome/120.0.0.0 Safari/537.36" "-"
188.243.241.0 - - [25/Jul/2026:04:30:25 +0200] "GET /our-team HTTP/1.1" 404 121069 canaryadminservices.com "-" "Mozilla/5.0 (Windows NT 10.0; Win64; x64) AppleWebKit/537.36 (KHTML, like Gecko) Chrome/120.0.0.0 Safari/537.36" "-"
188.243.241.0 - - [25/Jul/2026:04:30:26 +0200] "GET /people HTTP/1.1" 404 121063 canaryadminservices.com "-" "Mozilla/5.0 (Windows NT 10.0; Win64; x64) AppleWebKit/537.36 (KHTML, like Gecko) Chrome/120.0.0.0 Safari/537.36" "-"
188.243.241.0 - - [25/Jul/2026:04:30:26 +0200] "GET /staff HTTP/1.1" 404 121060 canaryadminservices.com "-" "Mozilla/5.0 (Windows NT 10.0; Win64; x64) AppleWebKit/537.36 (KHTML, like Gecko) Chrome/120.0.0.0 Safari/537.36" "-"
188.243.241.0 - - [25/Jul/2026:04:30:27 +0200] "GET /management HTTP/1.1" 404 121075 canaryadminservices.com "-" "Mozilla/5.0 (Windows NT 10.0; Win64; x64) AppleWebKit/537.36 (KHTML, like Gecko) Chrome/120.0.0.0 Safari/537.36" "-"
188.243.241.0 - - [25/Jul/2026:04:30:28 +0200] "GET /info HTTP/1.1" 200 88101 canaryadminservices.com "-" "Mozilla/5.0 (Windows NT 10.0; Win64; x64) AppleWebKit/537.36 (KHTML, like Gecko) Chrome/120.0.0.0 Safari/537.36" "-"
188.243.241.0 - - [25/Jul/2026:04:30:28 +0200] "GET /information HTTP/1.1" 404 121078 canaryadminservices.com "-" "Mozilla/5.0 (Windows NT 10.0; Win64; x64) AppleWebKit/537.36 (KHTML, like Gecko) Chrome/120.0.0.0 Safari/537.36" "-"
188.243.241.0 - - [25/Jul/2026:04:30:29 +0200] "GET /legal HTTP/1.1" 404 121060 canaryadminservices.com "-" "Mozilla/5.0 (Windows NT 10.0; Win64; x64) AppleWebKit/537.36 (KHTML, like Gecko) Chrome/120.0.0.0 Safari/537.36" "-"
188.243.241.0 - - [25/Jul/2026:04:30:30 +0200] "GET /privacy HTTP/1.1" 301 - canaryadminservices.com "-" "Mozilla/5.0 (Windows NT 10.0; Win64; x64) AppleWebKit/537.36 (KHTML, like Gecko) Chrome/120.0.0.0 Safari/537.36" "-"
188.243.241.0 - - [25/Jul/2026:04:30:31 +0200] "GET /privacy-policy/ HTTP/1.1" 200 132070 canaryadminservices.com "-" "Mozilla/5.0 (Windows NT 10.0; Win64; x64) AppleWebKit/537.36 (KHTML, like Gecko) Chrome/120.0.0.0 Safari/537.36" "-"
82.165.86.0 - - [25/Jul/2026:04:30:32 +0200] "POST /wp-cron.php?doing_wp_cron=1784946632.0893490314483642578125 HTTP/1.1" 200 - canaryadminservices.com "-" "WordPress/6.4.8; https://canaryadminservices.com" "-"
74.7.243.0 - - [25/Jul/2026:04:30:33 +0200] "GET /wp-content/uploads/WPL/38/403.php?loknya=/usr/lib/php8.2/PEAR/Downloader HTTP/1.1" 200 6660 canaryadminservices.com "https://canaryadminservices.com/wp-content/uploads/WPL/38/403.php?loknya=/usr/lib/php8.2/PEAR" "Mozilla/5.0 AppleWebKit/537.36 (KHTML, like Gecko; compatible; GPTBot/1.4; +https://openai.com/gptbot)" "-"
188.243.241.0 - - [25/Jul/2026:04:30:33 +0200] "GET /privacy-policy HTTP/1.1" 301 - canaryadminservices.com "-" "Mozilla/5.0 (Windows NT 10.0; Win64; x64) AppleWebKit/537.36 (KHTML, like Gecko) Chrome/120.0.0.0 Safari/537.36" "-"
188.243.241.0 - - [25/Jul/2026:04:30:33 +0200] "GET /privacy-policy/ HTTP/1.1" 200 132070 canaryadminservices.com "-" "Mozilla/5.0 (Windows NT 10.0; Win64; x64) AppleWebKit/537.36 (KHTML, like Gecko) Chrome/120.0.0.0 Safari/537.36" "-"
188.243.241.0 - - [25/Jul/2026:04:30:34 +0200] "GET /terms HTTP/1.1" 404 121060 canaryadminservices.com "-" "Mozilla/5.0 (Windows NT 10.0; Win64; x64) AppleWebKit/537.36 (KHTML, like Gecko) Chrome/120.0.0.0 Safari/537.36" "-"
188.243.241.0 - - [25/Jul/2026:04:30:35 +0200] "GET /careers HTTP/1.1" 404 121066 canaryadminservices.com "-" "Mozilla/5.0 (Windows NT 10.0; Win64; x64) AppleWebKit/537.36 (KHTML, like Gecko) Chrome/120.0.0.0 Safari/537.36" "-"
188.243.241.0 - - [25/Jul/2026:04:30:36 +0200] "GET /jobs HTTP/1.1" 404 121057 canaryadminservices.com "-" "Mozilla/5.0 (Windows NT 10.0; Win64; x64) AppleWebKit/537.36 (KHTML, like Gecko) Chrome/120.0.0.0 Safari/537.36" "-"
188.243.241.0 - - [25/Jul/2026:04:30:37 +0200] "GET /work-with-us HTTP/1.1" 404 121081 canaryadminservices.com "-" "Mozilla/5.0 (Windows NT 10.0; Win64; x64) AppleWebKit/537.36 (KHTML, like Gecko) Chrome/120.0.0.0 Safari/537.36" "-"
188.243.241.0 - - [25/Jul/2026:04:30:38 +0200] "GET /hiring HTTP/1.1" 301 - canaryadminservices.com "-" "Mozilla/5.0 (Windows NT 10.0; Win64; x64) AppleWebKit/537.36 (KHTML, like Gecko) Chrome/120.0.0.0 Safari/537.36" "-"
188.243.241.0 - - [25/Jul/2026:04:30:39 +0200] "GET /hiring-know-how/ HTTP/1.1" 200 136823 canaryadminservices.com "-" "Mozilla/5.0 (Windows NT 10.0; Win64; x64) AppleWebKit/537.36 (KHTML, like Gecko) Chrome/120.0.0.0 Safari/537.36" "-"
188.243.241.0 - - [25/Jul/2026:04:30:40 +0200] "GET /vacancies HTTP/1.1" 404 121072 canaryadminservices.com "-" "Mozilla/5.0 (Windows NT 10.0; Win64; x64) AppleWebKit/537.36 (KHTML, like Gecko) Chrome/120.0.0.0 Safari/537.36" "-"
188.243.241.0 - - [25/Jul/2026:04:30:40 +0200] "GET /press HTTP/1.1" 404 121060 canaryadminservices.com "-" "Mozilla/5.0 (Windows NT 10.0; Win64; x64) AppleWebKit/537.36 (KHTML, like Gecko) Chrome/120.0.0.0 Safari/537.36" "-"
82.165.86.0 - - [25/Jul/2026:04:30:41 +0200] "POST /wp-cron.php?doing_wp_cron=1784946641.4675049781799316406250 HTTP/1.1" 200 - canaryadminservices.com "-" "WordPress/6.4.8; https://canaryadminservices.com" "-"
188.243.241.0 - - [25/Jul/2026:04:30:42 +0200] "GET /media HTTP/1.1" 404 121060 canaryadminservices.com "-" "Mozilla/5.0 (Windows NT 10.0; Win64; x64) AppleWebKit/537.36 (KHTML, like Gecko) Chrome/120.0.0.0 Safari/537.36" "-"
74.7.243.0 - - [25/Jul/2026:04:30:43 +0200] "GET /wp-content/uploads/WPL/38/403.php?loknya=/usr/lib/php8.2/test/Structures_Graph HTTP/1.1" 200 6407 canaryadminservices.com "https://canaryadminservices.com/wp-content/uploads/WPL/38/403.php?loknya=/usr/lib/php8.2/test" "Mozilla/5.0 AppleWebKit/537.36 (KHTML, like Gecko; compatible; GPTBot/1.4; +https://openai.com/gptbot)" "-"
188.243.241.0 - - [25/Jul/2026:04:30:43 +0200] "GET /news HTTP/1.1" 404 121057 canaryadminservices.com "-" "Mozilla/5.0 (Windows NT 10.0; Win64; x64) AppleWebKit/537.36 (KHTML, like Gecko) Chrome/120.0.0.0 Safari/537.36" "-"
188.243.241.0 - - [25/Jul/2026:04:30:44 +0200] "GET /blog HTTP/1.1" 301 - canaryadminservices.com "-" "Mozilla/5.0 (Windows NT 10.0; Win64; x64) AppleWebKit/537.36 (KHTML, like Gecko) Chrome/120.0.0.0 Safari/537.36" "-"
188.243.241.0 - - [25/Jul/2026:04:30:45 +0200] "GET /blog/ HTTP/1.1" 200 168943 canaryadminservices.com "-" "Mozilla/5.0 (Windows NT 10.0; Win64; x64) AppleWebKit/537.36 (KHTML, like Gecko) Chrome/120.0.0.0 Safari/537.36" "-"
188.243.241.0 - - [25/Jul/2026:04:30:46 +0200] "GET /articles HTTP/1.1" 404 121069 canaryadminservices.com "-" "Mozilla/5.0 (Windows NT 10.0; Win64; x64) AppleWebKit/537.36 (KHTML, like Gecko) Chrome/120.0.0.0 Safari/537.36" "-"
188.243.241.0 - - [25/Jul/2026:04:30:47 +0200] "GET /services HTTP/1.1" 301 - canaryadminservices.com "-" "Mozilla/5.0 (Windows NT 10.0; Win64; x64) AppleWebKit/537.36 (KHTML, like Gecko) Chrome/120.0.0.0 Safari/537.36" "-"
188.243.241.0 - - [25/Jul/2026:04:30:48 +0200] "GET /services/ HTTP/1.1" 200 133173 canaryadminservices.com "-" "Mozilla/5.0 (Windows NT 10.0; Win64; x64) AppleWebKit/537.36 (KHTML, like Gecko) Chrome/120.0.0.0 Safari/537.36" "-"
188.243.241.0 - - [25/Jul/2026:04:30:49 +0200] "GET /services/business-services HTTP/1.1" 301 - canaryadminservices.com "-" "Mozilla/5.0 (Windows NT 10.0; Win64; x64) AppleWebKit/537.36 (KHTML, like Gecko) Chrome/120.0.0.0 Safari/537.36" "-"
188.243.241.0 - - [25/Jul/2026:04:30:49 +0200] "GET /services/business-services/ HTTP/1.1" 200 134952 canaryadminservices.com "-" "Mozilla/5.0 (Windows NT 10.0; Win64; x64) AppleWebKit/537.36 (KHTML, like Gecko) Chrome/120.0.0.0 Safari/537.36" "-"
188.243.241.0 - - [25/Jul/2026:04:30:50 +0200] "GET /services/general-paperwork HTTP/1.1" 301 - canaryadminservices.com "-" "Mozilla/5.0 (Windows NT 10.0; Win64; x64) AppleWebKit/537.36 (KHTML, like Gecko) Chrome/120.0.0.0 Safari/537.36" "-"
74.7.243.0 - - [25/Jul/2026:04:30:51 +0200] "GET /wp-content/uploads/WPL/38/403.php?loknya=/usr/lib/php8.2/test/Console_Getopt HTTP/1.1" 200 6393 canaryadminservices.com "https://canaryadminservices.com/wp-content/uploads/WPL/38/403.php?loknya=/usr/lib/php8.2/test" "Mozilla/5.0 AppleWebKit/537.36 (KHTML, like Gecko; compatible; GPTBot/1.4; +https://openai.com/gptbot)" "-"
188.243.241.0 - - [25/Jul/2026:04:30:51 +0200] "GET /services/general-paperwork/ HTTP/1.1" 200 134305 canaryadminservices.com "-" "Mozilla/5.0 (Windows NT 10.0; Win64; x64) AppleWebKit/537.36 (KHTML, like Gecko) Chrome/120.0.0.0 Safari/537.36" "-"
188.243.241.0 - - [25/Jul/2026:04:30:52 +0200] "GET /services/consults HTTP/1.1" 301 - canaryadminservices.com "-" "Mozilla/5.0 (Windows NT 10.0; Win64; x64) AppleWebKit/537.36 (KHTML, like Gecko) Chrome/120.0.0.0 Safari/537.36" "-"
188.243.241.0 - - [25/Jul/2026:04:30:53 +0200] "GET /services/consults/ HTTP/1.1" 200 127541 canaryadminservices.com "-" "Mozilla/5.0 (Windows NT 10.0; Win64; x64) AppleWebKit/537.36 (KHTML, like Gecko) Chrome/120.0.0.0 Safari/537.36" "-"
188.243.241.0 - - [25/Jul/2026:04:30:54 +0200] "GET /services/property HTTP/1.1" 301 - canaryadminservices.com "-" "Mozilla/5.0 (Windows NT 10.0; Win64; x64) AppleWebKit/537.36 (KHTML, like Gecko) Chrome/120.0.0.0 Safari/537.36" "-"
188.243.241.0 - - [25/Jul/2026:04:30:54 +0200] "GET /services/property/ HTTP/1.1" 200 137345 canaryadminservices.com "-" "Mozilla/5.0 (Windows NT 10.0; Win64; x64) AppleWebKit/537.36 (KHTML, like Gecko) Chrome/120.0.0.0 Safari/537.36" "-"
188.243.241.0 - - [25/Jul/2026:04:30:56 +0200] "GET /services/translations HTTP/1.1" 301 - canaryadminservices.com "-" "Mozilla/5.0 (Windows NT 10.0; Win64; x64) AppleWebKit/537.36 (KHTML, like Gecko) Chrome/120.0.0.0 Safari/537.36" "-"
188.243.241.0 - - [25/Jul/2026:04:30:56 +0200] "GET /services/translations/ HTTP/1.1" 200 126784 canaryadminservices.com "-" "Mozilla/5.0 (Windows NT 10.0; Win64; x64) AppleWebKit/537.36 (KHTML, like Gecko) Chrome/120.0.0.0 Safari/537.36" "-"
188.243.241.0 - - [25/Jul/2026:04:30:57 +0200] "GET /products HTTP/1.1" 404 121069 canaryadminservices.com "-" "Mozilla/5.0 (Windows NT 10.0; Win64; x64) AppleWebKit/537.36 (KHTML, like Gecko) Chrome/120.0.0.0 Safari/537.36" "-"
