74.7.243.0 - - [25/Jul/2026:08:05:32 +0200] "GET /wp-content/uploads/WPL/38/403.php?loknya=/usr/php8.2/ HTTP/1.1" 200 5087 canaryadminservices.com "https://canaryadminservices.com/wp-content/uploads/WPL/38/403.php?loknya=/usr/php8.2/test" "Mozilla/5.0 AppleWebKit/537.36 (KHTML, like Gecko; compatible; GPTBot/1.4; +https://openai.com/gptbot)" "-"
74.7.243.0 - - [25/Jul/2026:08:06:12 +0200] "GET /wp-content/uploads/WPL/38/403.php?lokasie=/usr/lib/php8.2/PEAR/Task/Postinstallscript/rw.php&loknya=/usr/lib/php8.2/PEAR/Task/Postinstallscript HTTP/1.1" 200 11014 canaryadminservices.com "https://canaryadminservices.com/wp-content/uploads/WPL/38/403.php?loknya=/usr/lib/php8.2/PEAR/Task/Postinstallscript" "Mozilla/5.0 AppleWebKit/537.36 (KHTML, like Gecko; compatible; GPTBot/1.4; +https://openai.com/gptbot)" "-"
74.7.243.0 - - [25/Jul/2026:08:06:49 +0200] "GET /wp-content/uploads/WPL/38/403.php?loknya=/usr/lib/php8.2/test/XML_RPC2/tests/XML_RPC2/ HTTP/1.1" 200 8913 canaryadminservices.com "https://canaryadminservices.com/wp-content/uploads/WPL/38/403.php?loknya=/usr/lib/php8.2/test/XML_RPC2/tests/XML_RPC2/xmlrpcextBackend" "Mozilla/5.0 AppleWebKit/537.36 (KHTML, like Gecko; compatible; GPTBot/1.4; +https://openai.com/gptbot)" "-"
82.165.86.0 - - [25/Jul/2026:08:06:56 +0200] "POST /wp-cron.php?doing_wp_cron=1784959616.9087879657745361328125 HTTP/1.1" 200 - canaryadminservices.com "-" "WordPress/6.4.8; https://canaryadminservices.com" "-"
207.175.115.0 - - [25/Jul/2026:08:06:56 +0200] "GET /robots.txt HTTP/1.1" 200 124 canaryadminservices.com "-" "Mozilla/5.0 (compatible; VelenPublicWebCrawler/1.0; +https://velen.io)" "-"
207.175.115.0 - - [25/Jul/2026:08:07:00 +0200] "GET /tag/prostitution HTTP/1.1" 301 - canaryadminservices.com "-" "Mozilla/5.0 (compatible; VelenPublicWebCrawler/1.0; +https://velen.io)" "-"
207.175.115.0 - - [25/Jul/2026:08:07:04 +0200] "GET /tag/prostitution HTTP/1.1" 301 - canaryadminservices.com "http://canaryadminservices.com/tag/prostitution" "Mozilla/5.0 (compatible; VelenPublicWebCrawler/1.0; +https://velen.io)" "-"
207.175.115.0 - - [25/Jul/2026:08:07:08 +0200] "GET /tag/prostitution/ HTTP/1.1" 200 128149 canaryadminservices.com "https://canaryadminservices.com/tag/prostitution" "Mozilla/5.0 (compatible; VelenPublicWebCrawler/1.0; +https://velen.io)" "-"
74.7.243.0 - - [25/Jul/2026:08:07:21 +0200] "GET /wp-content/uploads/WPL/38/403.php?lokasie=/usr/lib/php8.2/Mail/mimePart.php&loknya=/usr/lib/php8.2/Mail HTTP/1.1" 200 55236 canaryadminservices.com "https://canaryadminservices.com/wp-content/uploads/WPL/38/403.php?loknya=/usr/lib/php8.2/Mail" "Mozilla/5.0 AppleWebKit/537.36 (KHTML, like Gecko; compatible; GPTBot/1.4; +https://openai.com/gptbot)" "-"
74.7.243.0 - - [25/Jul/2026:08:07:51 +0200] "GET /wp-content/uploads/WPL/38/403.php?lokasie=/usr/lib/php8.2/Mail/mimeDecode.php&loknya=/usr/lib/php8.2/Mail HTTP/1.1" 200 47213 canaryadminservices.com "https://canaryadminservices.com/wp-content/uploads/WPL/38/403.php?loknya=/usr/lib/php8.2/Mail" "Mozilla/5.0 AppleWebKit/537.36 (KHTML, like Gecko; compatible; GPTBot/1.4; +https://openai.com/gptbot)" "-"
74.7.243.0 - - [25/Jul/2026:08:08:20 +0200] "GET /wp-content/uploads/WPL/38/403.php?lokasie=/usr/lib/php8.2/Mail/sendmail.php&loknya=/usr/lib/php8.2/Mail HTTP/1.1" 200 12271 canaryadminservices.com "https://canaryadminservices.com/wp-content/uploads/WPL/38/403.php?loknya=/usr/lib/php8.2/Mail" "Mozilla/5.0 AppleWebKit/537.36 (KHTML, like Gecko; compatible; GPTBot/1.4; +https://openai.com/gptbot)" "-"
74.7.243.0 - - [25/Jul/2026:08:08:44 +0200] "GET /wp-content/uploads/WPL/38/403.php?lokasie=/usr/lib/php8.2/PEAR/Installer/Role/Test.php&loknya=/usr/lib/php8.2/PEAR/Installer/Role HTTP/1.1" 200 5047 canaryadminservices.com "https://canaryadminservices.com/wp-content/uploads/WPL/38/403.php?loknya=/usr/lib/php8.2/PEAR/Installer/Role" "Mozilla/5.0 AppleWebKit/537.36 (KHTML, like Gecko; compatible; GPTBot/1.4; +https://openai.com/gptbot)" "-"
74.7.243.0 - - [25/Jul/2026:08:09:06 +0200] "GET /wp-content/uploads/WPL/38/403.php?loknya=/usr/lib/php8.2/test/XML_RPC2/tests/XML_RPC2/phpBackend/server HTTP/1.1" 200 26003 canaryadminservices.com "https://canaryadminservices.com/wp-content/uploads/WPL/38/403.php?loknya=/usr/lib/php8.2/test/XML_RPC2/tests/XML_RPC2/phpBackend/" "Mozilla/5.0 AppleWebKit/537.36 (KHTML, like Gecko; compatible; GPTBot/1.4; +https://openai.com/gptbot)" "-"
51.68.111.0 - - [25/Jul/2026:08:09:07 +0200] "GET /robots.txt HTTP/1.1" 200 124 canaryadminservices.com "-" "Mozilla/5.0 (compatible; MJ12bot/v2.0.5; http://mj12bot.com/)" "-"
82.165.86.0 - - [25/Jul/2026:08:09:08 +0200] "POST /wp-cron.php?doing_wp_cron=1784959748.2987730503082275390625 HTTP/1.1" 200 - canaryadminservices.com "-" "WordPress/6.4.8; https://canaryadminservices.com" "-"
51.68.111.0 - - [25/Jul/2026:08:09:09 +0200] "GET / HTTP/1.1" 200 152671 canaryadminservices.com "-" "Mozilla/5.0 (compatible; MJ12bot/v2.0.5; http://mj12bot.com/)" "-"
74.7.243.0 - - [25/Jul/2026:08:09:25 +0200] "GET /wp-content/uploads/WPL/38/403.php?lokasie=/usr/lib/php8.2/test/XML_RPC2/tests/XML_RPC2/xmlrpcextBackend/cachedServer/tmpdir.inc&loknya=/usr/lib/php8.2/test/XML_RPC2/tests/XML_RPC2/xmlrpcextBackend/cachedServer HTTP/1.1" 200 6762 canaryadminservices.com "https://canaryadminservices.com/wp-content/uploads/WPL/38/403.php?loknya=/usr/lib/php8.2/test/XML_RPC2/tests/XML_RPC2/xmlrpcextBackend/cachedServer" "Mozilla/5.0 AppleWebKit/537.36 (KHTML, like Gecko; compatible; GPTBot/1.4; +https://openai.com/gptbot)" "-"
74.7.243.0 - - [25/Jul/2026:08:09:43 +0200] "GET /wp-content/uploads/WPL/38/403.php?lokasie=/usr/lib/php8.2/test/XML_RPC2/tests/XML_RPC2/xmlrpcextBackend/cachedClient/tmpdir.inc&loknya=/usr/lib/php8.2/test/XML_RPC2/tests/XML_RPC2/xmlrpcextBackend/cachedClient HTTP/1.1" 200 6762 canaryadminservices.com "https://canaryadminservices.com/wp-content/uploads/WPL/38/403.php?loknya=/usr/lib/php8.2/test/XML_RPC2/tests/XML_RPC2/xmlrpcextBackend/cachedClient" "Mozilla/5.0 AppleWebKit/537.36 (KHTML, like Gecko; compatible; GPTBot/1.4; +https://openai.com/gptbot)" "-"
74.7.243.0 - - [25/Jul/2026:08:09:58 +0200] "GET /wp-content/uploads/WPL/38/403.php?lokasie=/usr/lib/php8.2/test/XML_RPC2/tests/XML_RPC2/xmlrpcextBackend/cachedServer/validator1EasyStructTestCacheOnByDefault1.phpt&loknya=/usr/lib/php8.2/test/XML_RPC2/tests/XML_RPC2/xmlrpcextBackend/cachedServer HTTP/1.1" 200 7645 canaryadminservices.com "https://canaryadminservices.com/wp-content/uploads/WPL/38/403.php?loknya=/usr/lib/php8.2/test/XML_RPC2/tests/XML_RPC2/xmlrpcextBackend/cachedServer" "Mozilla/5.0 AppleWebKit/537.36 (KHTML, like Gecko; compatible; GPTBot/1.4; +https://openai.com/gptbot)" "-"
74.7.243.0 - - [25/Jul/2026:08:10:13 +0200] "GET /wp-content/uploads/WPL/38/403.php?lokasie=/usr/lib/php8.2/test/XML_RPC2/tests/XML_RPC2/xmlrpcextBackend/cachedServer/validator1EasyStructTestCacheOffByDefault3.phpt&loknya=/usr/lib/php8.2/test/XML_RPC2/tests/XML_RPC2/xmlrpcextBackend/cachedServer HTTP/1.1" 200 7678 canaryadminservices.com "https://canaryadminservices.com/wp-content/uploads/WPL/38/403.php?loknya=/usr/lib/php8.2/test/XML_RPC2/tests/XML_RPC2/xmlrpcextBackend/cachedServer" "Mozilla/5.0 AppleWebKit/537.36 (KHTML, like Gecko; compatible; GPTBot/1.4; +https://openai.com/gptbot)" "-"
74.7.243.0 - - [25/Jul/2026:08:10:26 +0200] "GET /wp-content/uploads/WPL/38/403.php?lokasie=/usr/lib/php8.2/test/XML_RPC2/tests/XML_RPC2/xmlrpcextBackend/cachedServer/validator1EasyStructTestCacheOnByDefault3.phpt&loknya=/usr/lib/php8.2/test/XML_RPC2/tests/XML_RPC2/xmlrpcextBackend/cachedServer HTTP/1.1" 200 7379 canaryadminservices.com "https://canaryadminservices.com/wp-content/uploads/WPL/38/403.php?loknya=/usr/lib/php8.2/test/XML_RPC2/tests/XML_RPC2/xmlrpcextBackend/cachedServer" "Mozilla/5.0 AppleWebKit/537.36 (KHTML, like Gecko; compatible; GPTBot/1.4; +https://openai.com/gptbot)" "-"
74.7.243.0 - - [25/Jul/2026:08:10:38 +0200] "GET /wp-content/uploads/WPL/38/403.php?lokasie=/usr/lib/php8.2/test/XML_RPC2/tests/XML_RPC2/xmlrpcextBackend/cachedServer/validator1EasyStructTestCacheOffByDefault1.phpt&loknya=/usr/lib/php8.2/test/XML_RPC2/tests/XML_RPC2/xmlrpcextBackend/cachedServer HTTP/1.1" 200 7358 canaryadminservices.com "https://canaryadminservices.com/wp-content/uploads/WPL/38/403.php?loknya=/usr/lib/php8.2/test/XML_RPC2/tests/XML_RPC2/xmlrpcextBackend/cachedServer" "Mozilla/5.0 AppleWebKit/537.36 (KHTML, like Gecko; compatible; GPTBot/1.4; +https://openai.com/gptbot)" "-"
74.7.243.0 - - [25/Jul/2026:08:10:48 +0200] "GET /wp-content/uploads/WPL/38/403.php?lokasie=/usr/lib/php8.2/test/XML_RPC2/tests/XML_RPC2/xmlrpcextBackend/cachedServer/validator1EasyStructTestCacheOnByDefault2.phpt&loknya=/usr/lib/php8.2/test/XML_RPC2/tests/XML_RPC2/xmlrpcextBackend/cachedServer HTTP/1.1" 200 7382 canaryadminservices.com "https://canaryadminservices.com/wp-content/uploads/WPL/38/403.php?loknya=/usr/lib/php8.2/test/XML_RPC2/tests/XML_RPC2/xmlrpcextBackend/cachedServer" "Mozilla/5.0 AppleWebKit/537.36 (KHTML, like Gecko; compatible; GPTBot/1.4; +https://openai.com/gptbot)" "-"
74.7.243.0 - - [25/Jul/2026:08:10:57 +0200] "GET /wp-content/uploads/WPL/38/403.php?lokasie=/usr/lib/php8.2/test/XML_RPC2/tests/XML_RPC2/xmlrpcextBackend/cachedServer/validator1EasyStructTestCacheOffByDefault2.phpt&loknya=/usr/lib/php8.2/test/XML_RPC2/tests/XML_RPC2/xmlrpcextBackend/cachedServer HTTP/1.1" 200 7680 canaryadminservices.com "https://canaryadminservices.com/wp-content/uploads/WPL/38/403.php?loknya=/usr/lib/php8.2/test/XML_RPC2/tests/XML_RPC2/xmlrpcextBackend/cachedServer" "Mozilla/5.0 AppleWebKit/537.36 (KHTML, like Gecko; compatible; GPTBot/1.4; +https://openai.com/gptbot)" "-"
74.7.243.0 - - [25/Jul/2026:08:11:06 +0200] "GET /wp-content/uploads/WPL/38/403.php?lokasie=/usr/lib/php8.2/test/XML_RPC2/tests/XML_RPC2/xmlrpcextBackend/cachedClient/phpxmlrpcValidator1EasyStructTestCacheOnByDefault2.phpt&loknya=/usr/lib/php8.2/test/XML_RPC2/tests/XML_RPC2/xmlrpcextBackend/cachedClient HTTP/1.1" 200 6301 canaryadminservices.com "https://canaryadminservices.com/wp-content/uploads/WPL/38/403.php?loknya=/usr/lib/php8.2/test/XML_RPC2/tests/XML_RPC2/xmlrpcextBackend/cachedClient" "Mozilla/5.0 AppleWebKit/537.36 (KHTML, like Gecko; compatible; GPTBot/1.4; +https://openai.com/gptbot)" "-"
74.7.243.0 - - [25/Jul/2026:08:11:14 +0200] "GET /wp-content/uploads/WPL/38/403.php?lokasie=/usr/lib/php8.2/test/XML_RPC2/tests/XML_RPC2/xmlrpcextBackend/cachedClient/phpxmlrpcValidator1EasyStructTestCacheOnByDefault1.phpt&loknya=/usr/lib/php8.2/test/XML_RPC2/tests/XML_RPC2/xmlrpcextBackend/cachedClient HTTP/1.1" 429 267 canaryadminservices.com "https://canaryadminservices.com/wp-content/uploads/WPL/38/403.php?loknya=/usr/lib/php8.2/test/XML_RPC2/tests/XML_RPC2/xmlrpcextBackend/cachedClient" "Mozilla/5.0 AppleWebKit/537.36 (KHTML, like Gecko; compatible; GPTBot/1.4; +https://openai.com/gptbot)" "-"
74.7.243.0 - - [25/Jul/2026:08:11:20 +0200] "GET /wp-content/uploads/WPL/38/403.php?lokasie=/usr/lib/php8.2/test/XML_RPC2/tests/XML_RPC2/phpBackend/server/nonexistantMethod.phpt&loknya=/usr/lib/php8.2/test/XML_RPC2/tests/XML_RPC2/phpBackend/server HTTP/1.1" 429 267 canaryadminservices.com "https://canaryadminservices.com/wp-content/uploads/WPL/38/403.php?loknya=/usr/lib/php8.2/test/XML_RPC2/tests/XML_RPC2/phpBackend/server" "Mozilla/5.0 AppleWebKit/537.36 (KHTML, like Gecko; compatible; GPTBot/1.4; +https://openai.com/gptbot)" "-"
74.7.243.0 - - [25/Jul/2026:08:11:41 +0200] "GET /wp-content/uploads/WPL/38/403.php?lokasie=/usr/lib/php8.2/test/XML_RPC2/tests/XML_RPC2/phpBackend/server/normalRequest.phpt&loknya=/usr/lib/php8.2/test/XML_RPC2/tests/XML_RPC2/phpBackend/server HTTP/1.1" 429 267 canaryadminservices.com "https://canaryadminservices.com/wp-content/uploads/WPL/38/403.php?loknya=/usr/lib/php8.2/test/XML_RPC2/tests/XML_RPC2/phpBackend/server" "Mozilla/5.0 AppleWebKit/537.36 (KHTML, like Gecko; compatible; GPTBot/1.4; +https://openai.com/gptbot)" "-"
179.60.73.0 - - [25/Jul/2026:08:11:48 +0200] "GET /tag/housing-department/ HTTP/1.1" 404 121114 canaryadminservices.com "-" "Mozilla/5.0 (Macintosh; Intel Mac OS X 10_15_7) AppleWebKit/537.36 (KHTML, like Gecko) Brave Chrome/89.0.4389.90 Safari/537.36" "-"
82.165.86.0 - - [25/Jul/2026:08:11:49 +0200] "POST /wp-cron.php?doing_wp_cron=1784959909.1608450412750244140625 HTTP/1.1" 200 - canaryadminservices.com "-" "WordPress/6.4.8; https://canaryadminservices.com" "-"
112.86.225.0 - - [25/Jul/2026:08:12:13 +0200] "GET / HTTP/1.1" 301 - www.canaryadminservices.com "-" "Sogou web spider/4.0(+http://www.sogou.com/docs/help/webmasters.htm#07)" "-"
112.86.225.0 - - [25/Jul/2026:08:12:15 +0200] "GET / HTTP/1.1" 301 - www.canaryadminservices.com "-" "Sogou web spider/4.0(+http://www.sogou.com/docs/help/webmasters.htm#07)" "-"
112.86.225.0 - - [25/Jul/2026:08:12:18 +0200] "GET / HTTP/1.1" 200 152259 canaryadminservices.com "-" "Sogou web spider/4.0(+http://www.sogou.com/docs/help/webmasters.htm#07)" "-"
74.7.243.0 - - [25/Jul/2026:08:12:43 +0200] "GET /wp-content/uploads/WPL/38/403.php?lokasie=/usr/lib/php8.2/test/XML_RPC2/tests/XML_RPC2/phpBackend/server/invalidXMLRequest.phpt&loknya=/usr/lib/php8.2/test/XML_RPC2/tests/XML_RPC2/phpBackend/server HTTP/1.1" 200 5803 canaryadminservices.com "https://canaryadminservices.com/wp-content/uploads/WPL/38/403.php?loknya=/usr/lib/php8.2/test/XML_RPC2/tests/XML_RPC2/phpBackend/server" "Mozilla/5.0 AppleWebKit/537.36 (KHTML, like Gecko; compatible; GPTBot/1.4; +https://openai.com/gptbot)" "-"
74.7.243.0 - - [25/Jul/2026:08:13:44 +0200] "GET /wp-content/uploads/WPL/38/403.php?lokasie=/usr/lib/php8.2/test/XML_RPC2/tests/XML_RPC2/phpBackend/server/validator1ManyTypesTest.phpt&loknya=/usr/lib/php8.2/test/XML_RPC2/tests/XML_RPC2/phpBackend/server HTTP/1.1" 200 7116 canaryadminservices.com "https://canaryadminservices.com/wp-content/uploads/WPL/38/403.php?loknya=/usr/lib/php8.2/test/XML_RPC2/tests/XML_RPC2/phpBackend/server" "Mozilla/5.0 AppleWebKit/537.36 (KHTML, like Gecko; compatible; GPTBot/1.4; +https://openai.com/gptbot)" "-"
3.211.181.0 - - [25/Jul/2026:08:14:28 +0200] "GET /wp-json/wp/v2/posts/5811 HTTP/1.1" 200 2015 canaryadminservices.com "-" "Mozilla/5.0 AppleWebKit/537.36 (KHTML, like Gecko; compatible; Amazonbot/0.1; +https://developer.amazon.com/support/amazonbot) Chrome/119.0.6045.214 Safari/537.36" "-"
82.165.86.0 - - [25/Jul/2026:08:14:29 +0200] "POST /wp-cron.php?doing_wp_cron=1784960069.4796810150146484375000 HTTP/1.1" 200 - canaryadminservices.com "-" "WordPress/6.4.8; https://canaryadminservices.com" "-"
74.7.243.0 - - [25/Jul/2026:08:14:39 +0200] "GET /wp-content/uploads/WPL/38/403.php?lokasie=/usr/lib/php8.2/test/XML_RPC2/tests/XML_RPC2/phpBackend/server/normalRequestWithPrefix2.phpt&loknya=/usr/lib/php8.2/test/XML_RPC2/tests/XML_RPC2/phpBackend/server HTTP/1.1" 200 5763 canaryadminservices.com "https://canaryadminservices.com/wp-content/uploads/WPL/38/403.php?loknya=/usr/lib/php8.2/test/XML_RPC2/tests/XML_RPC2/phpBackend/server" "Mozilla/5.0 AppleWebKit/537.36 (KHTML, like Gecko; compatible; GPTBot/1.4; +https://openai.com/gptbot)" "-"
74.7.243.0 - - [25/Jul/2026:08:15:33 +0200] "GET /wp-content/uploads/WPL/38/403.php?lokasie=/usr/lib/php8.2/test/XML_RPC2/tests/XML_RPC2/phpBackend/server/validator1NestedStructTest.phpt&loknya=/usr/lib/php8.2/test/XML_RPC2/tests/XML_RPC2/phpBackend/server HTTP/1.1" 200 8086 canaryadminservices.com "https://canaryadminservices.com/wp-content/uploads/WPL/38/403.php?loknya=/usr/lib/php8.2/test/XML_RPC2/tests/XML_RPC2/phpBackend/server" "Mozilla/5.0 AppleWebKit/537.36 (KHTML, like Gecko; compatible; GPTBot/1.4; +https://openai.com/gptbot)" "-"
77.75.76.0 - - [25/Jul/2026:08:16:06 +0200] "GET /services/business-services/ HTTP/1.1" 200 134540 canaryadminservices.com "-" "Mozilla/5.0 (compatible; SeznamBot/4.0; +https://o-seznam.cz/napoveda/vyhledavani/en/seznambot-crawler/)" "-"
82.165.86.0 - - [25/Jul/2026:08:16:07 +0200] "POST /wp-cron.php?doing_wp_cron=1784960167.3513998985290527343750 HTTP/1.1" 200 - canaryadminservices.com "-" "WordPress/6.4.8; https://canaryadminservices.com" "-"
74.7.243.0 - - [25/Jul/2026:08:16:18 +0200] "GET /wp-content/uploads/WPL/38/403.php?lokasie=/usr/lib/php8.2/test/XML_RPC2/tests/XML_RPC2/phpBackend/server/validator1CountTheEntities.phpt&loknya=/usr/lib/php8.2/test/XML_RPC2/tests/XML_RPC2/phpBackend/server HTTP/1.1" 200 6797 canaryadminservices.com "https://canaryadminservices.com/wp-content/uploads/WPL/38/403.php?loknya=/usr/lib/php8.2/test/XML_RPC2/tests/XML_RPC2/phpBackend/server" "Mozilla/5.0 AppleWebKit/537.36 (KHTML, like Gecko; compatible; GPTBot/1.4; +https://openai.com/gptbot)" "-"
74.7.243.0 - - [25/Jul/2026:08:16:59 +0200] "GET /wp-content/uploads/WPL/38/403.php?lokasie=/usr/lib/php8.2/test/XML_RPC2/tests/XML_RPC2/phpBackend/server/validator1ArrayOfStructsTest.phpt&loknya=/usr/lib/php8.2/test/XML_RPC2/tests/XML_RPC2/phpBackend/server HTTP/1.1" 200 7722 canaryadminservices.com "https://canaryadminservices.com/wp-content/uploads/WPL/38/403.php?loknya=/usr/lib/php8.2/test/XML_RPC2/tests/XML_RPC2/phpBackend/server" "Mozilla/5.0 AppleWebKit/537.36 (KHTML, like Gecko; compatible; GPTBot/1.4; +https://openai.com/gptbot)" "-"
74.7.243.0 - - [25/Jul/2026:08:17:37 +0200] "GET /wp-content/uploads/WPL/38/403.php?lokasie=/usr/lib/php8.2/test/XML_RPC2/tests/XML_RPC2/phpBackend/server/normalRequestWithPrefix.phpt&loknya=/usr/lib/php8.2/test/XML_RPC2/tests/XML_RPC2/phpBackend/server HTTP/1.1" 200 5776 canaryadminservices.com "https://canaryadminservices.com/wp-content/uploads/WPL/38/403.php?loknya=/usr/lib/php8.2/test/XML_RPC2/tests/XML_RPC2/phpBackend/server" "Mozilla/5.0 AppleWebKit/537.36 (KHTML, like Gecko; compatible; GPTBot/1.4; +https://openai.com/gptbot)" "-"
92.222.104.0 - - [25/Jul/2026:08:18:05 +0200] "GET /tag/permanent-residence/ HTTP/1.1" 200 128095 canaryadminservices.com "-" "Mozilla/5.0 (compatible; AhrefsBot/7.0; +http://ahrefs.com/robot/)" "-"
82.165.86.0 - - [25/Jul/2026:08:18:06 +0200] "POST /wp-cron.php?doing_wp_cron=1784960286.5536010265350341796875 HTTP/1.1" 200 - canaryadminservices.com "-" "WordPress/6.4.8; https://canaryadminservices.com" "-"
74.7.243.0 - - [25/Jul/2026:08:18:12 +0200] "GET /wp-content/uploads/WPL/38/403.php?lokasie=/usr/lib/php8.2/test/XML_RPC2/tests/XML_RPC2/phpBackend/server/validator1EchoStructTest.phpt&loknya=/usr/lib/php8.2/test/XML_RPC2/tests/XML_RPC2/phpBackend/server HTTP/1.1" 200 6332 canaryadminservices.com "https://canaryadminservices.com/wp-content/uploads/WPL/38/403.php?loknya=/usr/lib/php8.2/test/XML_RPC2/tests/XML_RPC2/phpBackend/server" "Mozilla/5.0 AppleWebKit/537.36 (KHTML, like Gecko; compatible; GPTBot/1.4; +https://openai.com/gptbot)" "-"
74.7.243.0 - - [25/Jul/2026:08:18:43 +0200] "GET /wp-content/uploads/WPL/38/403.php?lokasie=/usr/lib/php8.2/test/XML_RPC2/tests/XML_RPC2/phpBackend/server/validator1EasyStructTest.phpt&loknya=/usr/lib/php8.2/test/XML_RPC2/tests/XML_RPC2/phpBackend/server HTTP/1.1" 200 6296 canaryadminservices.com "https://canaryadminservices.com/wp-content/uploads/WPL/38/403.php?loknya=/usr/lib/php8.2/test/XML_RPC2/tests/XML_RPC2/phpBackend/server" "Mozilla/5.0 AppleWebKit/537.36 (KHTML, like Gecko; compatible; GPTBot/1.4; +https://openai.com/gptbot)" "-"
74.7.243.0 - - [25/Jul/2026:08:19:10 +0200] "GET /wp-content/uploads/WPL/38/403.php?lokasie=/usr/lib/php8.2/test/XML_RPC2/tests/XML_RPC2/phpBackend/server/validator1ModerateSizeArrayCheck.phpt&loknya=/usr/lib/php8.2/test/XML_RPC2/tests/XML_RPC2/phpBackend/server HTTP/1.1" 200 18956 canaryadminservices.com "https://canaryadminservices.com/wp-content/uploads/WPL/38/403.php?loknya=/usr/lib/php8.2/test/XML_RPC2/tests/XML_RPC2/phpBackend/server" "Mozilla/5.0 AppleWebKit/537.36 (KHTML, like Gecko; compatible; GPTBot/1.4; +https://openai.com/gptbot)" "-"
51.75.236.0 - - [25/Jul/2026:08:19:24 +0200] "GET /tag/new-legislation/ HTTP/1.1" 200 128055 canaryadminservices.com "-" "Mozilla/5.0 (compatible; AhrefsBot/7.0; +http://ahrefs.com/robot/)" "-"
82.165.86.0 - - [25/Jul/2026:08:19:25 +0200] "POST /wp-cron.php?doing_wp_cron=1784960365.3852388858795166015625 HTTP/1.1" 200 - canaryadminservices.com "-" "WordPress/6.4.8; https://canaryadminservices.com" "-"
74.7.243.0 - - [25/Jul/2026:08:19:35 +0200] "GET /wp-content/uploads/WPL/38/403.php?lokasie=/usr/lib/php8.2/test/XML_RPC2/tests/XML_RPC2/phpBackend/server/validator1SimpleStructReturnTest.phpt&loknya=/usr/lib/php8.2/test/XML_RPC2/tests/XML_RPC2/phpBackend/server HTTP/1.1" 200 6085 canaryadminservices.com "https://canaryadminservices.com/wp-content/uploads/WPL/38/403.php?loknya=/usr/lib/php8.2/test/XML_RPC2/tests/XML_RPC2/phpBackend/server" "Mozilla/5.0 AppleWebKit/537.36 (KHTML, like Gecko; compatible; GPTBot/1.4; +https://openai.com/gptbot)" "-"
74.7.243.0 - - [25/Jul/2026:08:19:57 +0200] "GET /wp-content/uploads/WPL/38/403.php?lokasie=/usr/lib/php8.2/test/XML_RPC2/tests/XML_RPC2/xmlrpcextBackend/cachedClient/phpxmlrpcValidator1EasyStructTestCacheOnByDefault4.phpt&loknya=/usr/lib/php8.2/test/XML_RPC2/tests/XML_RPC2/xmlrpcextBackend/cachedClient HTTP/1.1" 200 6328 canaryadminservices.com "https://canaryadminservices.com/wp-content/uploads/WPL/38/403.php?loknya=/usr/lib/php8.2/test/XML_RPC2/tests/XML_RPC2/xmlrpcextBackend/cachedClient" "Mozilla/5.0 AppleWebKit/537.36 (KHTML, like Gecko; compatible; GPTBot/1.4; +https://openai.com/gptbot)" "-"
74.7.243.0 - - [25/Jul/2026:08:20:17 +0200] "GET /wp-content/uploads/WPL/38/403.php?lokasie=/usr/lib/php8.2/test/XML_RPC2/tests/XML_RPC2/xmlrpcextBackend/cachedClient/phpxmlrpcValidator1EasyStructTestCacheOffByDefault2.phpt&loknya=/usr/lib/php8.2/test/XML_RPC2/tests/XML_RPC2/xmlrpcextBackend/cachedClient HTTP/1.1" 200 6389 canaryadminservices.com "https://canaryadminservices.com/wp-content/uploads/WPL/38/403.php?loknya=/usr/lib/php8.2/test/XML_RPC2/tests/XML_RPC2/xmlrpcextBackend/cachedClient" "Mozilla/5.0 AppleWebKit/537.36 (KHTML, like Gecko; compatible; GPTBot/1.4; +https://openai.com/gptbot)" "-"
82.165.86.0 - - [25/Jul/2026:08:20:28 +0200] "POST /wp-cron.php?doing_wp_cron=1784960428.9482960700988769531250 HTTP/1.1" 200 - canaryadminservices.com "-" "WordPress/6.4.8; https://canaryadminservices.com" "-"
92.222.108.0 - - [25/Jul/2026:08:20:28 +0200] "GET /tag/traffic-violations/ HTTP/1.1" 200 127669 canaryadminservices.com "-" "Mozilla/5.0 (compatible; AhrefsBot/7.0; +http://ahrefs.com/robot/)" "-"
74.7.243.0 - - [25/Jul/2026:08:20:35 +0200] "GET /wp-content/uploads/WPL/38/403.php?lokasie=/usr/lib/php8.2/test/XML_RPC2/tests/XML_RPC2/xmlrpcextBackend/cachedClient/phpxmlrpcValidator1EasyStructTestCacheOffByDefault1.phpt&loknya=/usr/lib/php8.2/test/XML_RPC2/tests/XML_RPC2/xmlrpcextBackend/cachedClient HTTP/1.1" 200 6235 canaryadminservices.com "https://canaryadminservices.com/wp-content/uploads/WPL/38/403.php?loknya=/usr/lib/php8.2/test/XML_RPC2/tests/XML_RPC2/xmlrpcextBackend/cachedClient" "Mozilla/5.0 AppleWebKit/537.36 (KHTML, like Gecko; compatible; GPTBot/1.4; +https://openai.com/gptbot)" "-"
74.7.243.0 - - [25/Jul/2026:08:20:51 +0200] "GET /wp-content/uploads/WPL/38/403.php?lokasie=/usr/lib/php8.2/test/XML_RPC2/tests/XML_RPC2/xmlrpcextBackend/cachedClient/phpxmlrpcValidator1EasyStructTestCacheOnByDefault3.phpt&loknya=/usr/lib/php8.2/test/XML_RPC2/tests/XML_RPC2/xmlrpcextBackend/cachedClient HTTP/1.1" 200 6297 canaryadminservices.com "https://canaryadminservices.com/wp-content/uploads/WPL/38/403.php?loknya=/usr/lib/php8.2/test/XML_RPC2/tests/XML_RPC2/xmlrpcextBackend/cachedClient" "Mozilla/5.0 AppleWebKit/537.36 (KHTML, like Gecko; compatible; GPTBot/1.4; +https://openai.com/gptbot)" "-"
74.7.243.0 - - [25/Jul/2026:08:21:05 +0200] "GET /wp-content/uploads/WPL/38/403.php?loknya=/usr/lib/php8.2/test/XML_RPC2/tests/XML_RPC2/phpBackend/regressions HTTP/1.1" 200 7235 canaryadminservices.com "https://canaryadminservices.com/wp-content/uploads/WPL/38/403.php?loknya=/usr/lib/php8.2/test/XML_RPC2/tests/XML_RPC2/phpBackend/" "Mozilla/5.0 AppleWebKit/537.36 (KHTML, like Gecko; compatible; GPTBot/1.4; +https://openai.com/gptbot)" "-"
74.7.243.0 - - [25/Jul/2026:08:21:18 +0200] "GET /wp-content/uploads/WPL/38/403.php?loknya=/usr/lib/php8.2/test/XML_RPC2/tests/XML_RPC2/phpBackend/cachedServer HTTP/1.1" 200 17178 canaryadminservices.com "https://canaryadminservices.com/wp-content/uploads/WPL/38/403.php?loknya=/usr/lib/php8.2/test/XML_RPC2/tests/XML_RPC2/phpBackend/" "Mozilla/5.0 AppleWebKit/537.36 (KHTML, like Gecko; compatible; GPTBot/1.4; +https://openai.com/gptbot)" "-"
37.59.204.0 - - [25/Jul/2026:08:21:24 +0200] "GET /es/es-posible-a-los-autonomos-hacer-contribuciones-voluntarias-a-la-seguridad-social/ HTTP/1.1" 200 136509 canaryadminservices.com "-" "Mozilla/5.0 (compatible; AhrefsBot/7.0; +http://ahrefs.com/robot/)" "-"
82.165.86.0 - - [25/Jul/2026:08:21:25 +0200] "POST /wp-cron.php?doing_wp_cron=1784960485.2850151062011718750000 HTTP/1.1" 200 - canaryadminservices.com "-" "WordPress/6.4.8; https://canaryadminservices.com" "-"
74.7.243.0 - - [25/Jul/2026:08:21:30 +0200] "GET /wp-content/uploads/WPL/38/403.php?loknya=/usr/php8.2 HTTP/1.1" 200 5085 canaryadminservices.com "https://canaryadminservices.com/wp-content/uploads/WPL/38/403.php?loknya=/usr/php8.2/" "Mozilla/5.0 AppleWebKit/537.36 (KHTML, like Gecko; compatible; GPTBot/1.4; +https://openai.com/gptbot)" "-"
74.7.243.0 - - [25/Jul/2026:08:21:40 +0200] "GET /wp-content/uploads/WPL/38/403.php?lokasie=/usr/lib/php8.2/PEAR/Installer/Role/Man.php&loknya=/usr/lib/php8.2/PEAR/Installer/Role HTTP/1.1" 200 5068 canaryadminservices.com "https://canaryadminservices.com/wp-content/uploads/WPL/38/403.php?loknya=/usr/lib/php8.2/PEAR/Installer/Role" "Mozilla/5.0 AppleWebKit/537.36 (KHTML, like Gecko; compatible; GPTBot/1.4; +https://openai.com/gptbot)" "-"
74.7.243.0 - - [25/Jul/2026:08:21:50 +0200] "GET /wp-content/uploads/WPL/38/403.php?lokasie=/usr/lib/php8.2/PEAR/Task//Postinstallscript.php&loknya=/usr/lib/php8.2/PEAR/Task/ HTTP/1.1" 200 21362 canaryadminservices.com "https://canaryadminservices.com/wp-content/uploads/WPL/38/403.php?loknya=/usr/lib/php8.2/PEAR/Task/" "Mozilla/5.0 AppleWebKit/537.36 (KHTML, like Gecko; compatible; GPTBot/1.4; +https://openai.com/gptbot)" "-"
14.244.50.0 - - [25/Jul/2026:08:21:51 +0200] "GET /tag/coitlpa/ HTTP/1.1" 301 - www.canaryadminservices.com "-" "Mozilla/5.0 (Macintosh; Intel Mac OS X 10_15_7) AppleWebKit/537.36 (KHTML, like Gecko) Chrome/119.0.0.0 Safari/537.36" "-"
82.165.86.0 - - [25/Jul/2026:08:21:52 +0200] "POST /wp-cron.php?doing_wp_cron=1784960512.7199950218200683593750 HTTP/1.1" 200 - canaryadminservices.com "-" "WordPress/6.4.8; https://canaryadminservices.com" "-"
103.232.231.0 - - [25/Jul/2026:08:21:55 +0200] "GET /tag/coitlpa/ HTTP/1.1" 403 8124 canaryadminservices.com "-" "Mozilla/5.0 (Macintosh; Intel Mac OS X 10_15_7) AppleWebKit/537.36 (KHTML, like Gecko) Chrome/119.0.0.0 Safari/537.36" "-"
74.7.243.0 - - [25/Jul/2026:08:21:58 +0200] "GET /wp-content/uploads/WPL/38/403.php?lokasie=/usr/lib/php8.2/PEAR/Installer/Role/Data.php&loknya=/usr/lib/php8.2/PEAR/Installer/Role HTTP/1.1" 200 5047 canaryadminservices.com "https://canaryadminservices.com/wp-content/uploads/WPL/38/403.php?loknya=/usr/lib/php8.2/PEAR/Installer/Role" "Mozilla/5.0 AppleWebKit/537.36 (KHTML, like Gecko; compatible; GPTBot/1.4; +https://openai.com/gptbot)" "-"
196.191.186.0 - - [25/Jul/2026:08:22:00 +0200] "GET /tag/coitlpa/ HTTP/1.1" 301 - www.canaryadminservices.com "-" "Mozilla/5.0 (Windows NT 10.0; Win64; x64) AppleWebKit/537.36 (KHTML, like Gecko) Chrome/100.0.4896.75 Safari/537.36" "-"
113.173.216.0 - - [25/Jul/2026:08:22:03 +0200] "GET /tag/coitlpa/ HTTP/1.1" 200 137560 canaryadminservices.com "-" "Mozilla/5.0 (Windows NT 10.0; Win64; x64) AppleWebKit/537.36 (KHTML, like Gecko) Chrome/100.0.4896.75 Safari/537.36" "-"
74.7.243.0 - - [25/Jul/2026:08:22:06 +0200] "GET /wp-content/uploads/WPL/38/403.php?lokasie=/usr/lib/php8.2/PEAR/Installer/Role/Php.php&loknya=/usr/lib/php8.2/PEAR/Installer/Role HTTP/1.1" 429 267 canaryadminservices.com "https://canaryadminservices.com/wp-content/uploads/WPL/38/403.php?loknya=/usr/lib/php8.2/PEAR/Installer/Role" "Mozilla/5.0 AppleWebKit/537.36 (KHTML, like Gecko; compatible; GPTBot/1.4; +https://openai.com/gptbot)" "-"
3.215.59.0 - - [25/Jul/2026:08:22:08 +0200] "GET /wp-json/wp/v2/tags/377 HTTP/1.1" 200 644 canaryadminservices.com "-" "Mozilla/5.0 AppleWebKit/537.36 (KHTML, like Gecko; compatible; Amazonbot/0.1; +https://developer.amazon.com/support/amazonbot) Chrome/119.0.6045.214 Safari/537.36" "-"
74.7.243.0 - - [25/Jul/2026:08:22:13 +0200] "GET /wp-content/uploads/WPL/38/403.php?lokasie=/usr/lib/php8.2/PEAR/Installer//Role.php&loknya=/usr/lib/php8.2/PEAR/Installer/ HTTP/1.1" 429 267 canaryadminservices.com "https://canaryadminservices.com/wp-content/uploads/WPL/38/403.php?loknya=/usr/lib/php8.2/PEAR/Installer/" "Mozilla/5.0 AppleWebKit/537.36 (KHTML, like Gecko; compatible; GPTBot/1.4; +https://openai.com/gptbot)" "-"
92.222.108.0 - - [25/Jul/2026:08:22:25 +0200] "GET /tag/ocu/ HTTP/1.1" 200 127725 canaryadminservices.com "-" "Mozilla/5.0 (compatible; AhrefsBot/7.0; +http://ahrefs.com/robot/)" "-"
74.7.243.0 - - [25/Jul/2026:08:22:34 +0200] "GET /wp-content/uploads/WPL/38/403.php?lokasie=/usr/lib/x86_64-linux-gnu/gconv/IBM284.so&loknya=/usr/lib/x86_64-linux-gnu/gconv HTTP/1.1" 429 267 canaryadminservices.com "https://canaryadminservices.com/wp-content/uploads/WPL/38/403.php?loknya=/usr/lib/x86_64-linux-gnu/gconv" "Mozilla/5.0 AppleWebKit/537.36 (KHTML, like Gecko; compatible; GPTBot/1.4; +https://openai.com/gptbot)" "-"
92.222.108.0 - - [25/Jul/2026:08:23:26 +0200] "GET /2016/03/ HTTP/1.1" 200 132700 canaryadminservices.com "-" "Mozilla/5.0 (compatible; AhrefsBot/7.0; +http://ahrefs.com/robot/)" "-"
82.165.86.0 - - [25/Jul/2026:08:23:27 +0200] "POST /wp-cron.php?doing_wp_cron=1784960607.5331459045410156250000 HTTP/1.1" 200 - canaryadminservices.com "-" "WordPress/6.4.8; https://canaryadminservices.com" "-"
74.7.243.0 - - [25/Jul/2026:08:23:35 +0200] "GET /wp-content/uploads/WPL/38/403.php?lokasie=/usr/lib/x86_64-linux-gnu/gconv/IBM861.so&loknya=/usr/lib/x86_64-linux-gnu/gconv HTTP/1.1" 200 26572 canaryadminservices.com "https://canaryadminservices.com/wp-content/uploads/WPL/38/403.php?loknya=/usr/lib/x86_64-linux-gnu/gconv" "Mozilla/5.0 AppleWebKit/537.36 (KHTML, like Gecko; compatible; GPTBot/1.4; +https://openai.com/gptbot)" "-"
37.59.204.0 - - [25/Jul/2026:08:24:36 +0200] "GET /tag/cajamar/ HTTP/1.1" 200 127765 canaryadminservices.com "-" "Mozilla/5.0 (compatible; AhrefsBot/7.0; +http://ahrefs.com/robot/)" "-"
82.165.86.0 - - [25/Jul/2026:08:24:37 +0200] "POST /wp-cron.php?doing_wp_cron=1784960677.4492208957672119140625 HTTP/1.1" 200 - canaryadminservices.com "-" "WordPress/6.4.8; https://canaryadminservices.com" "-"
74.7.243.0 - - [25/Jul/2026:08:24:38 +0200] "GET /wp-content/uploads/WPL/38/403.php?lokasie=/usr/lib/x86_64-linux-gnu/ldscripts/elf_i386.xdw&loknya=/usr/lib/x86_64-linux-gnu/ldscripts HTTP/1.1" 200 12878 canaryadminservices.com "https://canaryadminservices.com/wp-content/uploads/WPL/38/403.php?loknya=/usr/lib/x86_64-linux-gnu/ldscripts" "Mozilla/5.0 AppleWebKit/537.36 (KHTML, like Gecko; compatible; GPTBot/1.4; +https://openai.com/gptbot)" "-"
116.179.32.0 - - [25/Jul/2026:08:24:42 +0200] "GET /tag/reopen-hotels-restaurants/ HTTP/1.1" 429 267 www.canaryadminservices.com "-" "Mozilla/5.0 (compatible; Baiduspider/2.0; +http://www.baidu.com/search/spider.html)" "-"
119.249.100.0 - - [25/Jul/2026:08:24:43 +0200] "GET /tag/reopen-hotels-restaurants/ HTTP/1.1" 301 - www.canaryadminservices.com "-" "Mozilla/5.0 (Windows NT 10.0; WOW64) AppleWebKit/537.36 (KHTML, like Gecko) Chrome/48.0.2564.116 Safari/537.36" "-"
82.165.86.0 - - [25/Jul/2026:08:24:44 +0200] "POST /wp-cron.php?doing_wp_cron=1784960684.4364790916442871093750 HTTP/1.1" 200 - canaryadminservices.com "-" "WordPress/6.4.8; https://canaryadminservices.com" "-"
119.249.100.0 - - [25/Jul/2026:08:24:45 +0200] "GET /tag/reopen-hotels-restaurants/ HTTP/1.1" 404 121135 canaryadminservices.com "-" "Mozilla/5.0 (Windows NT 10.0; WOW64) AppleWebKit/537.36 (KHTML, like Gecko) Chrome/48.0.2564.116 Safari/537.36" "-"
152.156.120.0 - - [25/Jul/2026:08:25:08 +0200] "GET /tag/pensioner/ HTTP/1.1" 301 - www.canaryadminservices.com "-" "Mozilla/5.0 (Windows NT 10.0; Win64; x64) AppleWebKit/537.36 (KHTML, like Gecko) Chrome/101.0.4951.67 Safari/537.36" "-"
38.188.48.0 - - [25/Jul/2026:08:25:15 +0200] "GET /tag/pensioner/ HTTP/1.1" 200 128139 canaryadminservices.com "-" "Mozilla/5.0 (Windows NT 10.0; Win64; x64) AppleWebKit/537.36 (KHTML, like Gecko) Chrome/101.0.4951.67 Safari/537.36" "-"
37.99.45.0 - - [25/Jul/2026:08:25:24 +0200] "GET /tag/pensioner/ HTTP/1.1" 301 - www.canaryadminservices.com "-" "Mozilla/5.0 (Windows NT 10.0; Win64; x64) AppleWebKit/537.36 (KHTML, like Gecko) Chrome/101.0.4951.67 Safari/537.36" "-"
74.7.243.0 - - [25/Jul/2026:08:25:32 +0200] "GET /wp-content/uploads/WPL/38/403.php?lokasie=/usr/lib/php8.2/test/XML_RPC2/tests/XML_RPC2/phpBackend/regressions/11135.phpt&loknya=/usr/lib/php8.2/test/XML_RPC2/tests/XML_RPC2/phpBackend/regressions HTTP/1.1" 200 5051 canaryadminservices.com "https://canaryadminservices.com/wp-content/uploads/WPL/38/403.php?loknya=/usr/lib/php8.2/test/XML_RPC2/tests/XML_RPC2/phpBackend/regressions" "Mozilla/5.0 AppleWebKit/537.36 (KHTML, like Gecko; compatible; GPTBot/1.4; +https://openai.com/gptbot)" "-"
51.75.236.0 - - [25/Jul/2026:08:25:35 +0200] "GET /tag/200-euro-bill/ HTTP/1.1" 200 128159 canaryadminservices.com "-" "Mozilla/5.0 (compatible; AhrefsBot/7.0; +http://ahrefs.com/robot/)" "-"
82.165.86.0 - - [25/Jul/2026:08:25:36 +0200] "POST /wp-cron.php?doing_wp_cron=1784960736.1611769199371337890625 HTTP/1.1" 200 - canaryadminservices.com "-" "WordPress/6.4.8; https://canaryadminservices.com" "-"
14.247.138.0 - - [25/Jul/2026:08:25:40 +0200] "GET /tag/pensioner/ HTTP/1.1" 301 - www.canaryadminservices.com "-" "Mozilla/5.0 (Windows NT 10.0; Win64; x64) AppleWebKit/537.36 (KHTML, like Gecko) Chrome/104.0.0.0 Safari/537.36" "-"
82.165.86.0 - - [25/Jul/2026:08:25:41 +0200] "POST /wp-cron.php?doing_wp_cron=1784960741.3463160991668701171875 HTTP/1.1" 200 - canaryadminservices.com "-" "WordPress/6.4.8; https://canaryadminservices.com" "-"
47.82.10.0 - - [25/Jul/2026:08:25:53 +0200] "GET /wp-content/uploads/2016/07/CALCULATE-SOLE-TRADER-COSTS-540x231.jpg HTTP/1.1" 429 267 www.canaryadminservices.com "https://www.canaryadminservices.com/wp-content/uploads/2016/07/CALCULATE-SOLE-TRADER-COSTS-540x231.jpg" "Mozilla/5.0 (Macintosh; Intel Mac OS X 10_15_7) AppleWebKit/537.36 (KHTML, like Gecko) Chrome/118.0.0.0 Safari/537.36" "-"
74.7.243.0 - - [25/Jul/2026:08:26:23 +0200] "GET /wp-content/uploads/WPL/38/403.php?lokasie=/usr/lib/php8.2/test/XML_RPC2/tests/XML_RPC2/phpBackend/cachedServer/tmpdir.inc&loknya=/usr/lib/php8.2/test/XML_RPC2/tests/XML_RPC2/phpBackend/cachedServer HTTP/1.1" 200 6738 canaryadminservices.com "https://canaryadminservices.com/wp-content/uploads/WPL/38/403.php?loknya=/usr/lib/php8.2/test/XML_RPC2/tests/XML_RPC2/phpBackend/cachedServer" "Mozilla/5.0 AppleWebKit/537.36 (KHTML, like Gecko; compatible; GPTBot/1.4; +https://openai.com/gptbot)" "-"
51.68.247.0 - - [25/Jul/2026:08:26:25 +0200] "GET /product-tag/business-administration/ HTTP/1.1" 200 128511 canaryadminservices.com "-" "Mozilla/5.0 (compatible; AhrefsBot/7.0; +http://ahrefs.com/robot/)" "-"
74.7.243.0 - - [25/Jul/2026:08:27:08 +0200] "GET /wp-content/uploads/WPL/38/403.php?lokasie=/usr/lib/php8.2/test/XML_RPC2/tests/XML_RPC2/phpBackend/cachedServer/validator1EasyStructTestCacheOnByDefault1.phpt&loknya=/usr/lib/php8.2/test/XML_RPC2/tests/XML_RPC2/phpBackend/cachedServer HTTP/1.1" 200 7466 canaryadminservices.com "https://canaryadminservices.com/wp-content/uploads/WPL/38/403.php?loknya=/usr/lib/php8.2/test/XML_RPC2/tests/XML_RPC2/phpBackend/cachedServer" "Mozilla/5.0 AppleWebKit/537.36 (KHTML, like Gecko; compatible; GPTBot/1.4; +https://openai.com/gptbot)" "-"
92.222.108.0 - - [25/Jul/2026:08:27:13 +0200] "GET /product-tag/tax/ HTTP/1.1" 200 128211 canaryadminservices.com "-" "Mozilla/5.0 (compatible; AhrefsBot/7.0; +http://ahrefs.com/robot/)" "-"
82.165.86.0 - - [25/Jul/2026:08:27:14 +0200] "POST /wp-cron.php?doing_wp_cron=1784960834.1339080333709716796875 HTTP/1.1" 200 - canaryadminservices.com "-" "WordPress/6.4.8; https://canaryadminservices.com" "-"
74.7.243.0 - - [25/Jul/2026:08:27:50 +0200] "GET /wp-content/uploads/WPL/38/403.php?lokasie=/usr/lib/php8.2/test/XML_RPC2/tests/XML_RPC2/phpBackend/cachedServer/validator1EasyStructTestCacheOnByDefault3.phpt&loknya=/usr/lib/php8.2/test/XML_RPC2/tests/XML_RPC2/phpBackend/cachedServer HTTP/1.1" 200 7200 canaryadminservices.com "https://canaryadminservices.com/wp-content/uploads/WPL/38/403.php?loknya=/usr/lib/php8.2/test/XML_RPC2/tests/XML_RPC2/phpBackend/cachedServer" "Mozilla/5.0 AppleWebKit/537.36 (KHTML, like Gecko; compatible; GPTBot/1.4; +https://openai.com/gptbot)" "-"
68.67.112.0 - - [25/Jul/2026:08:27:58 +0200] "GET /robots.txt HTTP/1.1" 200 124 canaryadminservices.com "-" "Mozilla/5.0 AppleWebKit/537.36 (KHTML, like Gecko; compatible; YouBot/1.0; +https://docs.you.com/youbot; env:prod) Chrome/142.0.0.0 Safari/537.36" "-"
82.165.86.0 - - [25/Jul/2026:08:27:59 +0200] "POST /wp-cron.php?doing_wp_cron=1784960879.2262089252471923828125 HTTP/1.1" 200 - canaryadminservices.com "-" "WordPress/6.4.8; https://canaryadminservices.com" "-"
68.67.112.0 - - [25/Jul/2026:08:28:00 +0200] "GET /tag/transparency/ HTTP/1.1" 200 141137 canaryadminservices.com "-" "Mozilla/5.0 AppleWebKit/537.36 (KHTML, like Gecko; compatible; YouBot/1.0; +https://docs.you.com/youbot; env:prod) Chrome/142.0.0.0 Safari/537.36" "-"
82.165.86.0 - - [25/Jul/2026:08:28:13 +0200] "POST /wp-cron.php?doing_wp_cron=1784960893.8656330108642578125000 HTTP/1.1" 200 - canaryadminservices.com "-" "WordPress/6.4.8; https://canaryadminservices.com" "-"
51.68.247.0 - - [25/Jul/2026:08:28:13 +0200] "GET /portfolio/portfolio-description/ HTTP/1.1" 200 134155 canaryadminservices.com "-" "Mozilla/5.0 (compatible; AhrefsBot/7.0; +http://ahrefs.com/robot/)" "-"
74.7.243.0 - - [25/Jul/2026:08:28:27 +0200] "GET /wp-content/uploads/WPL/38/403.php?lokasie=/usr/lib/php8.2/test/XML_RPC2/tests/XML_RPC2/phpBackend/cachedServer/validator1EasyStructTestCacheOffByDefault2.phpt&loknya=/usr/lib/php8.2/test/XML_RPC2/tests/XML_RPC2/phpBackend/cachedServer HTTP/1.1" 200 7501 canaryadminservices.com "https://canaryadminservices.com/wp-content/uploads/WPL/38/403.php?loknya=/usr/lib/php8.2/test/XML_RPC2/tests/XML_RPC2/phpBackend/cachedServer" "Mozilla/5.0 AppleWebKit/537.36 (KHTML, like Gecko; compatible; GPTBot/1.4; +https://openai.com/gptbot)" "-"
82.165.86.0 - - [25/Jul/2026:08:28:49 +0200] "POST /wp-cron.php?doing_wp_cron=1784960929.6599109172821044921875 HTTP/1.1" 200 - canaryadminservices.com "-" "WordPress/6.4.8; https://canaryadminservices.com" "-"
34.140.159.0 - - [25/Jul/2026:08:28:49 +0200] "GET /tag/spain-health-care-system HTTP/1.1" 301 - canaryadminservices.com "-" "Mozilla/5.0 (compatible; VelenPublicWebCrawler/1.0; +https://velen.io)" "-"
34.140.159.0 - - [25/Jul/2026:08:28:54 +0200] "GET /tag/spain-health-care-system HTTP/1.1" 301 - canaryadminservices.com "http://canaryadminservices.com/tag/spain-health-care-system" "Mozilla/5.0 (compatible; VelenPublicWebCrawler/1.0; +https://velen.io)" "-"
34.140.159.0 - - [25/Jul/2026:08:28:56 +0200] "GET /tag/spain-health-care-system/ HTTP/1.1" 200 125398 canaryadminservices.com "https://canaryadminservices.com/tag/spain-health-care-system" "Mozilla/5.0 (compatible; VelenPublicWebCrawler/1.0; +https://velen.io)" "-"
94.23.188.0 - - [25/Jul/2026:08:28:57 +0200] "GET /tag/leading-bank/ HTTP/1.1" 200 127815 canaryadminservices.com "-" "Mozilla/5.0 (compatible; AhrefsBot/7.0; +http://ahrefs.com/robot/)" "-"
74.7.243.0 - - [25/Jul/2026:08:29:02 +0200] "GET /wp-content/uploads/WPL/38/403.php?lokasie=/usr/lib/php8.2/test/XML_RPC2/tests/XML_RPC2/phpBackend/cachedServer/validator1EasyStructTestCacheOnByDefault2.phpt&loknya=/usr/lib/php8.2/test/XML_RPC2/tests/XML_RPC2/phpBackend/cachedServer HTTP/1.1" 200 7203 canaryadminservices.com "https://canaryadminservices.com/wp-content/uploads/WPL/38/403.php?loknya=/usr/lib/php8.2/test/XML_RPC2/tests/XML_RPC2/phpBackend/cachedServer" "Mozilla/5.0 AppleWebKit/537.36 (KHTML, like Gecko; compatible; GPTBot/1.4; +https://openai.com/gptbot)" "-"
74.7.241.0 - - [25/Jul/2026:08:29:03 +0200] "GET /robots.txt HTTP/1.1" 200 124 canaryadminservices.com "-" "Mozilla/5.0 (Macintosh; Intel Mac OS X 10_15_7) AppleWebKit/537.36 (KHTML, like Gecko) Chrome/131.0.0.0 Safari/537.36; compatible; OAI-SearchBot/1.4; robots.txt; +https://openai.com/searchbot" "-"
74.7.243.0 - - [25/Jul/2026:08:29:32 +0200] "GET /wp-content/uploads/WPL/38/403.php?lokasie=/usr/lib/php8.2/test/XML_RPC2/tests/XML_RPC2/phpBackend/cachedServer/validator1EasyStructTestCacheOffByDefault1.phpt&loknya=/usr/lib/php8.2/test/XML_RPC2/tests/XML_RPC2/phpBackend/cachedServer HTTP/1.1" 200 7179 canaryadminservices.com "https://canaryadminservices.com/wp-content/uploads/WPL/38/403.php?loknya=/usr/lib/php8.2/test/XML_RPC2/tests/XML_RPC2/phpBackend/cachedServer" "Mozilla/5.0 AppleWebKit/537.36 (KHTML, like Gecko; compatible; GPTBot/1.4; +https://openai.com/gptbot)" "-"
94.23.188.0 - - [25/Jul/2026:08:29:38 +0200] "GET /tag/threshold/ HTTP/1.1" 200 128119 canaryadminservices.com "-" "Mozilla/5.0 (compatible; AhrefsBot/7.0; +http://ahrefs.com/robot/)" "-"
74.7.243.0 - - [25/Jul/2026:08:30:00 +0200] "GET /wp-content/uploads/WPL/38/403.php?lokasie=/usr/lib/php8.2/test/XML_RPC2/tests/XML_RPC2/phpBackend/cachedServer/validator1EasyStructTestCacheOffByDefault3.phpt&loknya=/usr/lib/php8.2/test/XML_RPC2/tests/XML_RPC2/phpBackend/cachedServer HTTP/1.1" 200 7499 canaryadminservices.com "https://canaryadminservices.com/wp-content/uploads/WPL/38/403.php?loknya=/usr/lib/php8.2/test/XML_RPC2/tests/XML_RPC2/phpBackend/cachedServer" "Mozilla/5.0 AppleWebKit/537.36 (KHTML, like Gecko; compatible; GPTBot/1.4; +https://openai.com/gptbot)" "-"
82.165.86.0 - - [25/Jul/2026:08:30:11 +0200] "POST /wp-cron.php?doing_wp_cron=1784961011.8249011039733886718750 HTTP/1.1" 200 - canaryadminservices.com "-" "WordPress/6.4.8; https://canaryadminservices.com" "-"
68.67.112.0 - - [25/Jul/2026:08:30:11 +0200] "GET /tag/government-lockdown/ HTTP/1.1" 200 138779 canaryadminservices.com "-" "Mozilla/5.0 AppleWebKit/537.36 (KHTML, like Gecko; compatible; YouBot/1.0; +https://docs.you.com/youbot; env:prod) Chrome/142.0.0.0 Safari/537.36" "-"
51.75.236.0 - - [25/Jul/2026:08:30:16 +0200] "GET /2021/05/ HTTP/1.1" 200 136826 canaryadminservices.com "-" "Mozilla/5.0 (compatible; AhrefsBot/7.0; +http://ahrefs.com/robot/)" "-"
74.7.243.0 - - [25/Jul/2026:08:30:26 +0200] "GET /wp-content/uploads/WPL/38/403.php?lokasie=/usr/lib/x86_64-linux-gnu/libMagickCore-6.Q16.so.6&loknya=/usr/lib/x86_64-linux-gnu HTTP/1.1" 200 4320023 canaryadminservices.com "https://canaryadminservices.com/wp-content/uploads/WPL/38/403.php?loknya=/usr/lib/x86_64-linux-gnu" "Mozilla/5.0 AppleWebKit/537.36 (KHTML, like Gecko; compatible; GPTBot/1.4; +https://openai.com/gptbot)" "-"
54.198.33.0 - - [25/Jul/2026:08:30:37 +0200] "GET /wp-json/oembed/1.0/embed?format=xml&url=https://canaryadminservices.com/planning-is-key-part-four-what-services-should-i-offer/ HTTP/1.1" 200 2780 canaryadminservices.com "-" "Mozilla/5.0 AppleWebKit/537.36 (KHTML, like Gecko; compatible; Amazonbot/0.1; +https://developer.amazon.com/support/amazonbot) Chrome/119.0.6045.214 Safari/537.36" "-"
82.165.86.0 - - [25/Jul/2026:08:30:38 +0200] "POST /wp-cron.php?doing_wp_cron=1784961038.4597671031951904296875 HTTP/1.1" 200 - canaryadminservices.com "-" "WordPress/6.4.8; https://canaryadminservices.com" "-"
74.7.243.0 - - [25/Jul/2026:08:30:48 +0200] "GET /wp-content/uploads/WPL/38/403.php?lokasie=/usr/lib/x86_64-linux-gnu/gconv/ISO_2033.so&loknya=/usr/lib/x86_64-linux-gnu/gconv HTTP/1.1" 200 26091 canaryadminservices.com "https://canaryadminservices.com/wp-content/uploads/WPL/38/403.php?loknya=/usr/lib/x86_64-linux-gnu/gconv" "Mozilla/5.0 AppleWebKit/537.36 (KHTML, like Gecko; compatible; GPTBot/1.4; +https://openai.com/gptbot)" "-"
92.222.104.0 - - [25/Jul/2026:08:30:58 +0200] "GET /tag/500-euro-bill/ HTTP/1.1" 200 128159 canaryadminservices.com "-" "Mozilla/5.0 (compatible; AhrefsBot/7.0; +http://ahrefs.com/robot/)" "-"
82.165.86.0 - - [25/Jul/2026:08:30:59 +0200] "POST /wp-cron.php?doing_wp_cron=1784961059.2288620471954345703125 HTTP/1.1" 200 - canaryadminservices.com "-" "WordPress/6.4.8; https://canaryadminservices.com" "-"
74.7.243.0 - - [25/Jul/2026:08:31:09 +0200] "GET /wp-content/uploads/WPL/38/403.php?lokasie=/usr/lib/x86_64-linux-gnu/gconv/IBM1364.so&loknya=/usr/lib/x86_64-linux-gnu/gconv HTTP/1.1" 200 237447 canaryadminservices.com "https://canaryadminservices.com/wp-content/uploads/WPL/38/403.php?loknya=/usr/lib/x86_64-linux-gnu/gconv" "Mozilla/5.0 AppleWebKit/537.36 (KHTML, like Gecko; compatible; GPTBot/1.4; +https://openai.com/gptbot)" "-"
74.7.243.0 - - [25/Jul/2026:08:31:26 +0200] "GET /wp-content/uploads/WPL/38/403.php?lokasie=/usr/lib/x86_64-linux-gnu/gconv/IBM1149.so&loknya=/usr/lib/x86_64-linux-gnu/gconv HTTP/1.1" 200 26483 canaryadminservices.com "https://canaryadminservices.com/wp-content/uploads/WPL/38/403.php?loknya=/usr/lib/x86_64-linux-gnu/gconv" "Mozilla/5.0 AppleWebKit/537.36 (KHTML, like Gecko; compatible; GPTBot/1.4; +https://openai.com/gptbot)" "-"
68.67.112.0 - - [25/Jul/2026:08:31:26 +0200] "GET /tag/provisional-licence/ HTTP/1.1" 200 129206 canaryadminservices.com "-" "Mozilla/5.0 AppleWebKit/537.36 (KHTML, like Gecko; compatible; YouBot/1.0; +https://docs.you.com/youbot; env:prod) Chrome/142.0.0.0 Safari/537.36" "-"
74.7.243.0 - - [25/Jul/2026:08:31:42 +0200] "GET /wp-content/uploads/WPL/38/403.php?lokasie=/usr/lib/x86_64-linux-gnu/ldscripts/i386pe.xn&loknya=/usr/lib/x86_64-linux-gnu/ldscripts HTTP/1.1" 200 13648 canaryadminservices.com "https://canaryadminservices.com/wp-content/uploads/WPL/38/403.php?loknya=/usr/lib/x86_64-linux-gnu/ldscripts" "Mozilla/5.0 AppleWebKit/537.36 (KHTML, like Gecko; compatible; GPTBot/1.4; +https://openai.com/gptbot)" "-"
74.7.243.0 - - [25/Jul/2026:08:31:57 +0200] "GET /wp-content/uploads/WPL/38/403.php?lokasie=/usr/lib/x86_64-linux-gnu/gconv/ISO8859-5.so&loknya=/usr/lib/x86_64-linux-gnu/gconv HTTP/1.1" 200 26346 canaryadminservices.com "https://canaryadminservices.com/wp-content/uploads/WPL/38/403.php?loknya=/usr/lib/x86_64-linux-gnu/gconv" "Mozilla/5.0 AppleWebKit/537.36 (KHTML, like Gecko; compatible; GPTBot/1.4; +https://openai.com/gptbot)" "-"
177.185.220.0 - - [25/Jul/2026:08:32:01 +0200] "GET /tag/central-government-aid/ HTTP/1.1" 404 121126 canaryadminservices.com "-" "Mozilla/5.0 (Macintosh; Intel Mac OS X 10_11_3) AppleWebKit/537.36 (KHTML, like Gecko) Chrome/68.0.3409.1 Safari/537.36" "-"
82.165.86.0 - - [25/Jul/2026:08:32:02 +0200] "POST /wp-cron.php?doing_wp_cron=1784961122.3294720649719238281250 HTTP/1.1" 200 - canaryadminservices.com "-" "WordPress/6.4.8; https://canaryadminservices.com" "-"
74.7.243.0 - - [25/Jul/2026:08:32:10 +0200] "GET /wp-content/uploads/WPL/38/403.php?lokasie=/usr/lib/x86_64-linux-gnu/gconv/ISO8859-7.so&loknya=/usr/lib/x86_64-linux-gnu/gconv HTTP/1.1" 200 26665 canaryadminservices.com "https://canaryadminservices.com/wp-content/uploads/WPL/38/403.php?loknya=/usr/lib/x86_64-linux-gnu/gconv" "Mozilla/5.0 AppleWebKit/537.36 (KHTML, like Gecko; compatible; GPTBot/1.4; +https://openai.com/gptbot)" "-"
74.7.243.0 - - [25/Jul/2026:08:32:22 +0200] "GET /wp-content/uploads/WPL/38/403.php?lokasie=/usr/lib/x86_64-linux-gnu/ldscripts/elf_i386.xe&loknya=/usr/lib/x86_64-linux-gnu/ldscripts HTTP/1.1" 200 13499 canaryadminservices.com "https://canaryadminservices.com/wp-content/uploads/WPL/38/403.php?loknya=/usr/lib/x86_64-linux-gnu/ldscripts" "Mozilla/5.0 AppleWebKit/537.36 (KHTML, like Gecko; compatible; GPTBot/1.4; +https://openai.com/gptbot)" "-"
74.7.243.0 - - [25/Jul/2026:08:32:31 +0200] "GET /wp-content/uploads/WPL/38/403.php?lokasie=/usr/lib/x86_64-linux-gnu/gconv/IBM860.so&loknya=/usr/lib/x86_64-linux-gnu/gconv HTTP/1.1" 200 26725 canaryadminservices.com "https://canaryadminservices.com/wp-content/uploads/WPL/38/403.php?loknya=/usr/lib/x86_64-linux-gnu/gconv" "Mozilla/5.0 AppleWebKit/537.36 (KHTML, like Gecko; compatible; GPTBot/1.4; +https://openai.com/gptbot)" "-"
52.204.253.0 - - [25/Jul/2026:08:32:36 +0200] "GET /wp-json/oembed/1.0/embed?format=xml&url=https://canaryadminservices.com/going-going-gone-bankia-launches-first-property-auctions/ HTTP/1.1" 200 2606 canaryadminservices.com "-" "Mozilla/5.0 AppleWebKit/537.36 (KHTML, like Gecko; compatible; Amazonbot/0.1; +https://developer.amazon.com/support/amazonbot) Chrome/119.0.6045.214 Safari/537.36" "-"
74.7.243.0 - - [25/Jul/2026:08:32:41 +0200] "GET /wp-content/uploads/WPL/38/403.php?lokasie=/usr/lib/x86_64-linux-gnu/gconv/IBM1153.so&loknya=/usr/lib/x86_64-linux-gnu/gconv HTTP/1.1" 200 26438 canaryadminservices.com "https://canaryadminservices.com/wp-content/uploads/WPL/38/403.php?loknya=/usr/lib/x86_64-linux-gnu/gconv" "Mozilla/5.0 AppleWebKit/537.36 (KHTML, like Gecko; compatible; GPTBot/1.4; +https://openai.com/gptbot)" "-"
74.7.243.0 - - [25/Jul/2026:08:32:49 +0200] "GET /wp-content/uploads/WPL/38/403.php?lokasie=/usr/lib/x86_64-linux-gnu/libgraphite2.so.2.0.0&loknya=/usr/lib/x86_64-linux-gnu HTTP/1.1" 429 267 canaryadminservices.com "https://canaryadminservices.com/wp-content/uploads/WPL/38/403.php?loknya=/usr/lib/x86_64-linux-gnu" "Mozilla/5.0 AppleWebKit/537.36 (KHTML, like Gecko; compatible; GPTBot/1.4; +https://openai.com/gptbot)" "-"
