74.7.243.0 - - [25/Jul/2026:03:00:48 +0200] "GET /wp-content/uploads/WPL/38/403.php?lokasie=/usr/lib/x86_64-linux-gnu/ImageMagick-6.9.11/modules-Q16/coders/msl.la&loknya=/usr/lib/x86_64-linux-gnu/ImageMagick-6.9.11/modules-Q16/coders HTTP/1.1" 200 5435 canaryadminservices.com "https://canaryadminservices.com/wp-content/uploads/WPL/38/403.php?loknya=/usr/lib/x86_64-linux-gnu/ImageMagick-6.9.11/modules-Q16/coders" "Mozilla/5.0 AppleWebKit/537.36 (KHTML, like Gecko; compatible; GPTBot/1.4; +https://openai.com/gptbot)" "-"
207.175.115.0 - - [25/Jul/2026:03:00:49 +0200] "GET /product/basic-guide-to-registering-a-business-in-the-canary-islands/ HTTP/1.1" 200 128052 canaryadminservices.com "https://canaryadminservices.com/product/basic-guide-to-registering-a-business-in-the-canary-islands" "Mozilla/5.0 (compatible; VelenPublicWebCrawler/1.0; +https://velen.io)" "-"
178.116.181.0 - - [25/Jul/2026:03:00:56 +0200] "GET /sitemap.xml HTTP/1.1" 302 - www.canaryadminservices.com "-" "Mozilla/5.0 (Macintosh; Intel Mac OS X 10.15; rv:144.0) Gecko/20100101 Firefox/144.0" "-"
190.217.228.0 - - [25/Jul/2026:03:00:56 +0200] "GET /sitemap.xml HTTP/1.1" 302 - www.canaryadminservices.com "-" "Mozilla/5.0 (Macintosh; Intel Mac OS X 10.15; rv:144.0) Gecko/20100101 Firefox/144.0" "-"
70.69.176.0 - - [25/Jul/2026:03:00:58 +0200] "GET /wp-sitemap.xml HTTP/1.1" 200 1745 canaryadminservices.com "-" "Mozilla/5.0 (Macintosh; Intel Mac OS X 10.15; rv:144.0) Gecko/20100101 Firefox/144.0" "-"
74.7.243.0 - - [25/Jul/2026:03:01:18 +0200] "GET /wp-content/uploads/WPL/38/403.php?lokasie=/usr/lib/x86_64-linux-gnu/ImageMagick-6.9.11/modules-Q16/coders/rla.la&loknya=/usr/lib/x86_64-linux-gnu/ImageMagick-6.9.11/modules-Q16/coders HTTP/1.1" 200 5435 canaryadminservices.com "https://canaryadminservices.com/wp-content/uploads/WPL/38/403.php?loknya=/usr/lib/x86_64-linux-gnu/ImageMagick-6.9.11/modules-Q16/coders" "Mozilla/5.0 AppleWebKit/537.36 (KHTML, like Gecko; compatible; GPTBot/1.4; +https://openai.com/gptbot)" "-"
74.7.243.0 - - [25/Jul/2026:03:01:46 +0200] "GET /wp-content/uploads/WPL/38/403.php?lokasie=/usr/lib/x86_64-linux-gnu/ImageMagick-6.9.11/modules-Q16/coders/ipl.la&loknya=/usr/lib/x86_64-linux-gnu/ImageMagick-6.9.11/modules-Q16/coders HTTP/1.1" 200 5435 canaryadminservices.com "https://canaryadminservices.com/wp-content/uploads/WPL/38/403.php?loknya=/usr/lib/x86_64-linux-gnu/ImageMagick-6.9.11/modules-Q16/coders" "Mozilla/5.0 AppleWebKit/537.36 (KHTML, like Gecko; compatible; GPTBot/1.4; +https://openai.com/gptbot)" "-"
74.7.243.0 - - [25/Jul/2026:03:02:10 +0200] "GET /wp-content/uploads/WPL/38/403.php?lokasie=/usr/lib/x86_64-linux-gnu/ImageMagick-6.9.11/modules-Q16/coders/pango.la&loknya=/usr/lib/x86_64-linux-gnu/ImageMagick-6.9.11/modules-Q16/coders HTTP/1.1" 200 5449 canaryadminservices.com "https://canaryadminservices.com/wp-content/uploads/WPL/38/403.php?loknya=/usr/lib/x86_64-linux-gnu/ImageMagick-6.9.11/modules-Q16/coders" "Mozilla/5.0 AppleWebKit/537.36 (KHTML, like Gecko; compatible; GPTBot/1.4; +https://openai.com/gptbot)" "-"
74.7.243.0 - - [25/Jul/2026:03:02:32 +0200] "GET /wp-content/uploads/WPL/38/403.php?lokasie=/usr/lib/x86_64-linux-gnu/ImageMagick-6.9.11/modules-Q16/coders/null.la&loknya=/usr/lib/x86_64-linux-gnu/ImageMagick-6.9.11/modules-Q16/coders HTTP/1.1" 200 5442 canaryadminservices.com "https://canaryadminservices.com/wp-content/uploads/WPL/38/403.php?loknya=/usr/lib/x86_64-linux-gnu/ImageMagick-6.9.11/modules-Q16/coders" "Mozilla/5.0 AppleWebKit/537.36 (KHTML, like Gecko; compatible; GPTBot/1.4; +https://openai.com/gptbot)" "-"
74.7.243.0 - - [25/Jul/2026:03:02:51 +0200] "GET /wp-content/uploads/WPL/38/403.php?lokasie=/usr/lib/x86_64-linux-gnu/ImageMagick-6.9.11/modules-Q16/coders/cals.la&loknya=/usr/lib/x86_64-linux-gnu/ImageMagick-6.9.11/modules-Q16/coders HTTP/1.1" 200 5442 canaryadminservices.com "https://canaryadminservices.com/wp-content/uploads/WPL/38/403.php?loknya=/usr/lib/x86_64-linux-gnu/ImageMagick-6.9.11/modules-Q16/coders" "Mozilla/5.0 AppleWebKit/537.36 (KHTML, like Gecko; compatible; GPTBot/1.4; +https://openai.com/gptbot)" "-"
74.7.243.0 - - [25/Jul/2026:03:03:09 +0200] "GET /wp-content/uploads/WPL/38/403.php?lokasie=/usr/lib/x86_64-linux-gnu/ImageMagick-6.9.11/modules-Q16/coders/plasma.la&loknya=/usr/lib/x86_64-linux-gnu/ImageMagick-6.9.11/modules-Q16/coders HTTP/1.1" 200 5456 canaryadminservices.com "https://canaryadminservices.com/wp-content/uploads/WPL/38/403.php?loknya=/usr/lib/x86_64-linux-gnu/ImageMagick-6.9.11/modules-Q16/coders" "Mozilla/5.0 AppleWebKit/537.36 (KHTML, like Gecko; compatible; GPTBot/1.4; +https://openai.com/gptbot)" "-"
74.7.243.0 - - [25/Jul/2026:03:03:24 +0200] "GET /wp-content/uploads/WPL/38/403.php?lokasie=/usr/lib/x86_64-linux-gnu/ImageMagick-6.9.11/modules-Q16/coders/mono.la&loknya=/usr/lib/x86_64-linux-gnu/ImageMagick-6.9.11/modules-Q16/coders HTTP/1.1" 200 5442 canaryadminservices.com "https://canaryadminservices.com/wp-content/uploads/WPL/38/403.php?loknya=/usr/lib/x86_64-linux-gnu/ImageMagick-6.9.11/modules-Q16/coders" "Mozilla/5.0 AppleWebKit/537.36 (KHTML, like Gecko; compatible; GPTBot/1.4; +https://openai.com/gptbot)" "-"
44.210.191.0 - - [25/Jul/2026:03:03:33 +0200] "GET /covid-19-the-canarian-government-imposes-covid-certificates-to-enter-establishments-for-phases-3-and-4/ HTTP/1.1" 301 - www.canaryadminservices.com "-" "Mozilla/5.0 AppleWebKit/605.1.15 (KHTML, like Gecko) Chrome/139.0.0.0 Safari/605.1.15" "-"
82.165.86.0 - - [25/Jul/2026:03:03:34 +0200] "POST /wp-cron.php?doing_wp_cron=1784941414.3626670837402343750000 HTTP/1.1" 200 - canaryadminservices.com "-" "WordPress/6.4.8; https://canaryadminservices.com" "-"
54.173.12.0 - - [25/Jul/2026:03:03:35 +0200] "GET /covid-19-the-canarian-government-imposes-covid-certificates-to-enter-establishments-for-phases-3-and-4/ HTTP/1.1" 200 136588 canaryadminservices.com "-" "Mozilla/5.0 AppleWebKit/605.1.15 (KHTML, like Gecko) Chrome/139.0.0.0 Safari/605.1.15" "-"
74.7.243.0 - - [25/Jul/2026:03:03:38 +0200] "GET /wp-content/uploads/WPL/38/403.php?lokasie=/usr/lib/x86_64-linux-gnu/ImageMagick-6.9.11/modules-Q16/coders/sgi.la&loknya=/usr/lib/x86_64-linux-gnu/ImageMagick-6.9.11/modules-Q16/coders HTTP/1.1" 200 5435 canaryadminservices.com "https://canaryadminservices.com/wp-content/uploads/WPL/38/403.php?loknya=/usr/lib/x86_64-linux-gnu/ImageMagick-6.9.11/modules-Q16/coders" "Mozilla/5.0 AppleWebKit/537.36 (KHTML, like Gecko; compatible; GPTBot/1.4; +https://openai.com/gptbot)" "-"
74.7.243.0 - - [25/Jul/2026:03:03:50 +0200] "GET /wp-content/uploads/WPL/38/403.php?lokasie=/usr/lib/x86_64-linux-gnu/ImageMagick-6.9.11/modules-Q16/coders/stegano.la&loknya=/usr/lib/x86_64-linux-gnu/ImageMagick-6.9.11/modules-Q16/coders HTTP/1.1" 200 5463 canaryadminservices.com "https://canaryadminservices.com/wp-content/uploads/WPL/38/403.php?loknya=/usr/lib/x86_64-linux-gnu/ImageMagick-6.9.11/modules-Q16/coders" "Mozilla/5.0 AppleWebKit/537.36 (KHTML, like Gecko; compatible; GPTBot/1.4; +https://openai.com/gptbot)" "-"
57.129.140.0 - - [25/Jul/2026:03:03:52 +0200] "GET /wp-login.php HTTP/1.1" 200 13472 canaryadminservices.com "-" "Mozilla/5.0 (Windows NT 10.0; Win64; x64) AppleWebKit/537.36 (KHTML, like Gecko) Chrome/150.0.0.0 Safari/537.36" "-"
82.165.86.0 - - [25/Jul/2026:03:03:53 +0200] "POST /wp-cron.php?doing_wp_cron=1784941433.4938430786132812500000 HTTP/1.1" 200 - canaryadminservices.com "-" "WordPress/6.4.8; https://canaryadminservices.com" "-"
44.205.180.0 - - [25/Jul/2026:03:03:53 +0200] "GET /non-payment-of-social-security-contributions/feed/ HTTP/1.1" 200 1017 canaryadminservices.com "-" "Mozilla/5.0 AppleWebKit/537.36 (KHTML, like Gecko; compatible; Amazonbot/0.1; +https://developer.amazon.com/support/amazonbot) Chrome/119.0.6045.214 Safari/537.36" "-"
220.181.108.0 - - [25/Jul/2026:03:04:01 +0200] "GET /2022/03/ HTTP/1.1" 429 267 www.canaryadminservices.com "-" "Mozilla/5.0 (compatible; Baiduspider/2.0; +http://www.baidu.com/search/spider.html)" "-"
74.7.243.0 - - [25/Jul/2026:03:04:02 +0200] "GET /wp-content/uploads/WPL/38/403.php?lokasie=/usr/lib/x86_64-linux-gnu/perl5/5.32/Template/Namespace/Constants.pm&loknya=/usr/lib/x86_64-linux-gnu/perl5/5.32/Template/Namespace HTTP/1.1" 200 9194 canaryadminservices.com "https://canaryadminservices.com/wp-content/uploads/WPL/38/403.php?loknya=/usr/lib/x86_64-linux-gnu/perl5/5.32/Template/Namespace" "Mozilla/5.0 AppleWebKit/537.36 (KHTML, like Gecko; compatible; GPTBot/1.4; +https://openai.com/gptbot)" "-"
74.7.243.0 - - [25/Jul/2026:03:04:13 +0200] "GET /wp-content/uploads/WPL/38/403.php?lokasie=/usr/lib/x86_64-linux-gnu/perl5/5.32/Unicode/Map/EASTASIA/KSC1001.map&loknya=/usr/lib/x86_64-linux-gnu/perl5/5.32/Unicode/Map/EASTASIA HTTP/1.1" 200 37603 canaryadminservices.com "https://canaryadminservices.com/wp-content/uploads/WPL/38/403.php?loknya=/usr/lib/x86_64-linux-gnu/perl5/5.32/Unicode/Map/EASTASIA" "Mozilla/5.0 AppleWebKit/537.36 (KHTML, like Gecko; compatible; GPTBot/1.4; +https://openai.com/gptbot)" "-"
74.7.243.0 - - [25/Jul/2026:03:04:22 +0200] "GET /wp-content/uploads/WPL/38/403.php?lokasie=/usr/lib/x86_64-linux-gnu/perl5/5.32/Unicode/Map/EASTASIA/BIG5.map&loknya=/usr/lib/x86_64-linux-gnu/perl5/5.32/Unicode/Map/EASTASIA HTTP/1.1" 200 66701 canaryadminservices.com "https://canaryadminservices.com/wp-content/uploads/WPL/38/403.php?loknya=/usr/lib/x86_64-linux-gnu/perl5/5.32/Unicode/Map/EASTASIA" "Mozilla/5.0 AppleWebKit/537.36 (KHTML, like Gecko; compatible; GPTBot/1.4; +https://openai.com/gptbot)" "-"
52.205.113.0 - - [25/Jul/2026:03:04:25 +0200] "GET /how-are-your-2014-biz-resolutions-coming/feed/ HTTP/1.1" 200 1006 canaryadminservices.com "-" "Mozilla/5.0 AppleWebKit/537.36 (KHTML, like Gecko; compatible; Amazonbot/0.1; +https://developer.amazon.com/support/amazonbot) Chrome/119.0.6045.214 Safari/537.36" "-"
74.7.243.0 - - [25/Jul/2026:03:04:30 +0200] "GET /wp-content/uploads/WPL/38/403.php?lokasie=/usr/lib/x86_64-linux-gnu/perl5/5.32/Unicode/Map/APPLE/CENTEURO.map&loknya=/usr/lib/x86_64-linux-gnu/perl5/5.32/Unicode/Map/APPLE HTTP/1.1" 200 4942 canaryadminservices.com "https://canaryadminservices.com/wp-content/uploads/WPL/38/403.php?loknya=/usr/lib/x86_64-linux-gnu/perl5/5.32/Unicode/Map/APPLE" "Mozilla/5.0 AppleWebKit/537.36 (KHTML, like Gecko; compatible; GPTBot/1.4; +https://openai.com/gptbot)" "-"
44.198.83.0 - - [25/Jul/2026:03:04:31 +0200] "GET /non-payment-of-social-security-contributions/ HTTP/1.1" 301 - www.canaryadminservices.com "-" "Mozilla/5.0 AppleWebKit/605.1.15 (KHTML, like Gecko) Chrome/139.0.0.0 Safari/605.1.15" "-"
54.163.116.0 - - [25/Jul/2026:03:04:32 +0200] "GET /non-payment-of-social-security-contributions/ HTTP/1.1" 200 138137 canaryadminservices.com "-" "Mozilla/5.0 AppleWebKit/605.1.15 (KHTML, like Gecko) Chrome/139.0.0.0 Safari/605.1.15" "-"
74.7.243.0 - - [25/Jul/2026:03:04:38 +0200] "GET /wp-content/uploads/WPL/38/403.php?lokasie=/usr/lib/x86_64-linux-gnu/perl5/5.32/XML/LibXML/CDATASection.pod&loknya=/usr/lib/x86_64-linux-gnu/perl5/5.32/XML/LibXML HTTP/1.1" 429 267 canaryadminservices.com "https://canaryadminservices.com/wp-content/uploads/WPL/38/403.php?loknya=/usr/lib/x86_64-linux-gnu/perl5/5.32/XML/LibXML" "Mozilla/5.0 AppleWebKit/537.36 (KHTML, like Gecko; compatible; GPTBot/1.4; +https://openai.com/gptbot)" "-"
74.7.243.0 - - [25/Jul/2026:03:04:45 +0200] "GET /wp-content/uploads/WPL/38/403.php?lokasie=/usr/lib/x86_64-linux-gnu/perl5/5.32/Unicode/Map/APPLE/DEVANAGA.map&loknya=/usr/lib/x86_64-linux-gnu/perl5/5.32/Unicode/Map/APPLE HTTP/1.1" 429 267 canaryadminservices.com "https://canaryadminservices.com/wp-content/uploads/WPL/38/403.php?loknya=/usr/lib/x86_64-linux-gnu/perl5/5.32/Unicode/Map/APPLE" "Mozilla/5.0 AppleWebKit/537.36 (KHTML, like Gecko; compatible; GPTBot/1.4; +https://openai.com/gptbot)" "-"
74.7.243.0 - - [25/Jul/2026:03:05:06 +0200] "GET /wp-content/uploads/WPL/38/403.php?lokasie=/usr/lib/x86_64-linux-gnu/perl5/5.32/Unicode/Map/APPLE/GUJARATI.map&loknya=/usr/lib/x86_64-linux-gnu/perl5/5.32/Unicode/Map/APPLE HTTP/1.1" 429 267 canaryadminservices.com "https://canaryadminservices.com/wp-content/uploads/WPL/38/403.php?loknya=/usr/lib/x86_64-linux-gnu/perl5/5.32/Unicode/Map/APPLE" "Mozilla/5.0 AppleWebKit/537.36 (KHTML, like Gecko; compatible; GPTBot/1.4; +https://openai.com/gptbot)" "-"
159.223.177.0 - - [25/Jul/2026:03:05:50 +0200] "GET /wp-includes/core.php HTTP/1.1" 301 - canaryadminservices.com "-" "Mozlila/5.0 (Linux; Android 7.0; SM-G892A Bulid/NRD90M; wv) AppleWebKit/537.36 (KHTML, like Gecko) Version/4.0 Chrome/60.0.3112.107 Moblie Safari/537.36" "-"
82.165.86.0 - - [25/Jul/2026:03:05:51 +0200] "POST /wp-cron.php?doing_wp_cron=1784941551.3233430385589599609375 HTTP/1.1" 200 - canaryadminservices.com "-" "WordPress/6.4.8; https://canaryadminservices.com" "-"
159.223.177.0 - - [25/Jul/2026:03:05:52 +0200] "GET /wp-includes/core.php HTTP/1.1" 404 121105 canaryadminservices.com "-" "Mozlila/5.0 (Linux; Android 7.0; SM-G892A Bulid/NRD90M; wv) AppleWebKit/537.36 (KHTML, like Gecko) Version/4.0 Chrome/60.0.3112.107 Moblie Safari/537.36" "-"
74.7.243.0 - - [25/Jul/2026:03:06:09 +0200] "GET /wp-content/uploads/WPL/38/403.php?lokasie=/usr/lib/x86_64-linux-gnu/perl5/5.32/Unicode/Map/EASTASIA/EUC-KR.map&loknya=/usr/lib/x86_64-linux-gnu/perl5/5.32/Unicode/Map/EASTASIA HTTP/1.1" 200 48549 canaryadminservices.com "https://canaryadminservices.com/wp-content/uploads/WPL/38/403.php?loknya=/usr/lib/x86_64-linux-gnu/perl5/5.32/Unicode/Map/EASTASIA" "Mozilla/5.0 AppleWebKit/537.36 (KHTML, like Gecko; compatible; GPTBot/1.4; +https://openai.com/gptbot)" "-"
74.7.243.0 - - [25/Jul/2026:03:07:10 +0200] "GET /wp-content/uploads/WPL/38/403.php?lokasie=/usr/lib/x86_64-linux-gnu/perl5/5.32/Unicode/Map/APPLE/ICELAND.map&loknya=/usr/lib/x86_64-linux-gnu/perl5/5.32/Unicode/Map/APPLE HTTP/1.1" 200 5094 canaryadminservices.com "https://canaryadminservices.com/wp-content/uploads/WPL/38/403.php?loknya=/usr/lib/x86_64-linux-gnu/perl5/5.32/Unicode/Map/APPLE" "Mozilla/5.0 AppleWebKit/537.36 (KHTML, like Gecko; compatible; GPTBot/1.4; +https://openai.com/gptbot)" "-"
74.7.243.0 - - [25/Jul/2026:03:08:04 +0200] "GET /wp-content/uploads/WPL/38/403.php?lokasie=/usr/lib/x86_64-linux-gnu/perl5/5.32/Unicode/Map/EASTASIA/GB2312.map&loknya=/usr/lib/x86_64-linux-gnu/perl5/5.32/Unicode/Map/EASTASIA HTTP/1.1" 200 36187 canaryadminservices.com "https://canaryadminservices.com/wp-content/uploads/WPL/38/403.php?loknya=/usr/lib/x86_64-linux-gnu/perl5/5.32/Unicode/Map/EASTASIA" "Mozilla/5.0 AppleWebKit/537.36 (KHTML, like Gecko; compatible; GPTBot/1.4; +https://openai.com/gptbot)" "-"
44.205.192.0 - - [25/Jul/2026:03:08:09 +0200] "GET /wp-json/wp/v2/tags/713 HTTP/1.1" 200 641 canaryadminservices.com "-" "Mozilla/5.0 AppleWebKit/537.36 (KHTML, like Gecko; compatible; Amazonbot/0.1; +https://developer.amazon.com/support/amazonbot) Chrome/119.0.6045.214 Safari/537.36" "-"
82.165.86.0 - - [25/Jul/2026:03:08:10 +0200] "POST /wp-cron.php?doing_wp_cron=1784941690.2892990112304687500000 HTTP/1.1" 200 - canaryadminservices.com "-" "WordPress/6.4.8; https://canaryadminservices.com" "-"
34.9.172.0 - - [25/Jul/2026:03:08:29 +0200] "HEAD /administrative-consultant-qualities HTTP/1.1" 301 - canaryadminservices.com "-" "Mozilla/5.0 AppleWebKit/537.36 (KHTML, like Gecko); compatible; ShapBot/0.1.0" "-"
34.9.172.0 - - [25/Jul/2026:03:08:30 +0200] "HEAD /administrative-consultant-qualities HTTP/1.1" 301 - canaryadminservices.com "-" "Mozilla/5.0 AppleWebKit/537.36 (KHTML, like Gecko); compatible; ShapBot/0.1.0" "-"
34.9.172.0 - - [25/Jul/2026:03:08:31 +0200] "HEAD /administrative-consultant-qualities/ HTTP/1.1" 200 - canaryadminservices.com "-" "Mozilla/5.0 AppleWebKit/537.36 (KHTML, like Gecko); compatible; ShapBot/0.1.0" "-"
34.9.172.0 - - [25/Jul/2026:03:08:31 +0200] "GET /administrative-consultant-qualities HTTP/1.1" 301 - canaryadminservices.com "-" "Mozilla/5.0 AppleWebKit/537.36 (KHTML, like Gecko); compatible; ShapBot/0.1.0" "-"
34.9.172.0 - - [25/Jul/2026:03:08:32 +0200] "GET /administrative-consultant-qualities/ HTTP/1.1" 200 138117 canaryadminservices.com "-" "Mozilla/5.0 AppleWebKit/537.36 (KHTML, like Gecko); compatible; ShapBot/0.1.0" "-"
74.7.243.0 - - [25/Jul/2026:03:08:55 +0200] "GET /wp-content/uploads/WPL/38/403.php?lokasie=/usr/lib/x86_64-linux-gnu/perl5/5.32/Unicode/Map/APPLE/DINGBATS.map&loknya=/usr/lib/x86_64-linux-gnu/perl5/5.32/Unicode/Map/APPLE HTTP/1.1" 200 4788 canaryadminservices.com "https://canaryadminservices.com/wp-content/uploads/WPL/38/403.php?loknya=/usr/lib/x86_64-linux-gnu/perl5/5.32/Unicode/Map/APPLE" "Mozilla/5.0 AppleWebKit/537.36 (KHTML, like Gecko; compatible; GPTBot/1.4; +https://openai.com/gptbot)" "-"
74.7.243.0 - - [25/Jul/2026:03:09:42 +0200] "GET /wp-content/uploads/WPL/38/403.php?lokasie=/usr/lib/x86_64-linux-gnu/perl5/5.32/Unicode/Map/APPLE/ROMANIAN.map&loknya=/usr/lib/x86_64-linux-gnu/perl5/5.32/Unicode/Map/APPLE HTTP/1.1" 200 5124 canaryadminservices.com "https://canaryadminservices.com/wp-content/uploads/WPL/38/403.php?loknya=/usr/lib/x86_64-linux-gnu/perl5/5.32/Unicode/Map/APPLE" "Mozilla/5.0 AppleWebKit/537.36 (KHTML, like Gecko; compatible; GPTBot/1.4; +https://openai.com/gptbot)" "-"
176.116.102.0 - - [25/Jul/2026:03:09:51 +0200] "GET /tag/face-masks/ HTTP/1.1" 404 121090 canaryadminservices.com "-" "Mozilla/5.0 (Macintosh; Intel Mac OS X 10_13_6) AppleWebKit/537.36 (KHTML, like Gecko) Chrome/94.0.4606.71 Safari/537.36" "-"
82.165.86.0 - - [25/Jul/2026:03:09:52 +0200] "POST /wp-cron.php?doing_wp_cron=1784941792.5990509986877441406250 HTTP/1.1" 200 - canaryadminservices.com "-" "WordPress/6.4.8; https://canaryadminservices.com" "-"
100.29.4.0 - - [25/Jul/2026:03:10:16 +0200] "GET /libro-de-visitas-no-longer-obligatory-in-the-work-place/ HTTP/1.1" 301 - www.canaryadminservices.com "-" "Mozilla/5.0 AppleWebKit/605.1.15 (KHTML, like Gecko) Chrome/139.0.0.0 Safari/605.1.15" "-"
52.72.38.0 - - [25/Jul/2026:03:10:17 +0200] "GET /libro-de-visitas-no-longer-obligatory-in-the-work-place/ HTTP/1.1" 200 136043 canaryadminservices.com "-" "Mozilla/5.0 AppleWebKit/605.1.15 (KHTML, like Gecko) Chrome/139.0.0.0 Safari/605.1.15" "-"
74.7.243.0 - - [25/Jul/2026:03:10:24 +0200] "GET /wp-content/uploads/WPL/38/403.php?lokasie=/usr/lib/x86_64-linux-gnu/perl5/5.32/Unicode/Map/APPLE/CHINTRAD.map&loknya=/usr/lib/x86_64-linux-gnu/perl5/5.32/Unicode/Map/APPLE HTTP/1.1" 200 66913 canaryadminservices.com "https://canaryadminservices.com/wp-content/uploads/WPL/38/403.php?loknya=/usr/lib/x86_64-linux-gnu/perl5/5.32/Unicode/Map/APPLE" "Mozilla/5.0 AppleWebKit/537.36 (KHTML, like Gecko; compatible; GPTBot/1.4; +https://openai.com/gptbot)" "-"
74.7.243.0 - - [25/Jul/2026:03:11:03 +0200] "GET /wp-content/uploads/WPL/38/403.php?lokasie=/usr/lib/x86_64-linux-gnu/perl5/5.32/Unicode/Map/EASTASIA/EUC-JP.map&loknya=/usr/lib/x86_64-linux-gnu/perl5/5.32/Unicode/Map/EASTASIA HTTP/1.1" 200 94710 canaryadminservices.com "https://canaryadminservices.com/wp-content/uploads/WPL/38/403.php?loknya=/usr/lib/x86_64-linux-gnu/perl5/5.32/Unicode/Map/EASTASIA" "Mozilla/5.0 AppleWebKit/537.36 (KHTML, like Gecko; compatible; GPTBot/1.4; +https://openai.com/gptbot)" "-"
74.7.243.0 - - [25/Jul/2026:03:11:37 +0200] "GET /wp-content/uploads/WPL/38/403.php?lokasie=/usr/lib/x86_64-linux-gnu/perl5/5.32/Unicode/Map/APPLE/CHINSIMP.map&loknya=/usr/lib/x86_64-linux-gnu/perl5/5.32/Unicode/Map/APPLE HTTP/1.1" 200 36430 canaryadminservices.com "https://canaryadminservices.com/wp-content/uploads/WPL/38/403.php?loknya=/usr/lib/x86_64-linux-gnu/perl5/5.32/Unicode/Map/APPLE" "Mozilla/5.0 AppleWebKit/537.36 (KHTML, like Gecko; compatible; GPTBot/1.4; +https://openai.com/gptbot)" "-"
74.7.243.0 - - [25/Jul/2026:03:12:09 +0200] "GET /wp-content/uploads/WPL/38/403.php?lokasie=/usr/lib/x86_64-linux-gnu/perl5/5.32/Unicode/Map/EASTASIA/SHIFTJIS.map&loknya=/usr/lib/x86_64-linux-gnu/perl5/5.32/Unicode/Map/EASTASIA HTTP/1.1" 200 35210 canaryadminservices.com "https://canaryadminservices.com/wp-content/uploads/WPL/38/403.php?loknya=/usr/lib/x86_64-linux-gnu/perl5/5.32/Unicode/Map/EASTASIA" "Mozilla/5.0 AppleWebKit/537.36 (KHTML, like Gecko; compatible; GPTBot/1.4; +https://openai.com/gptbot)" "-"
124.150.164.0 - - [25/Jul/2026:03:12:20 +0200] "GET /feed/ HTTP/1.1" 200 68530 canaryadminservices.com "-" "Mozilla/5.0 (Macintosh; Intel Mac OS X 10.15; rv:144.0) Gecko/20100101 Firefox/144.0" "-"
82.165.86.0 - - [25/Jul/2026:03:12:21 +0200] "POST /wp-cron.php?doing_wp_cron=1784941941.8178160190582275390625 HTTP/1.1" 200 - canaryadminservices.com "-" "WordPress/6.4.8; https://canaryadminservices.com" "-"
74.7.243.0 - - [25/Jul/2026:03:12:36 +0200] "GET /wp-content/uploads/WPL/38/403.php?lokasie=/usr/lib/x86_64-linux-gnu/perl5/5.32/XML/LibXML/AttributeHash.pm&loknya=/usr/lib/x86_64-linux-gnu/perl5/5.32/XML/LibXML HTTP/1.1" 200 9398 canaryadminservices.com "https://canaryadminservices.com/wp-content/uploads/WPL/38/403.php?loknya=/usr/lib/x86_64-linux-gnu/perl5/5.32/XML/LibXML" "Mozilla/5.0 AppleWebKit/537.36 (KHTML, like Gecko; compatible; GPTBot/1.4; +https://openai.com/gptbot)" "-"
74.7.243.0 - - [25/Jul/2026:03:13:01 +0200] "GET /wp-content/uploads/WPL/38/403.php?lokasie=/usr/lib/x86_64-linux-gnu/perl5/5.32/Unicode/Map/EASTASIA/JIS-X-0208.map&loknya=/usr/lib/x86_64-linux-gnu/perl5/5.32/Unicode/Map/EASTASIA HTTP/1.1" 200 34969 canaryadminservices.com "https://canaryadminservices.com/wp-content/uploads/WPL/38/403.php?loknya=/usr/lib/x86_64-linux-gnu/perl5/5.32/Unicode/Map/EASTASIA" "Mozilla/5.0 AppleWebKit/537.36 (KHTML, like Gecko; compatible; GPTBot/1.4; +https://openai.com/gptbot)" "-"
74.7.243.0 - - [25/Jul/2026:03:13:23 +0200] "GET /wp-content/uploads/WPL/38/403.php?lokasie=/usr/lib/x86_64-linux-gnu/perl5/5.32/Unicode/Map/APPLE/TURKISH.map&loknya=/usr/lib/x86_64-linux-gnu/perl5/5.32/Unicode/Map/APPLE HTTP/1.1" 200 5075 canaryadminservices.com "https://canaryadminservices.com/wp-content/uploads/WPL/38/403.php?loknya=/usr/lib/x86_64-linux-gnu/perl5/5.32/Unicode/Map/APPLE" "Mozilla/5.0 AppleWebKit/537.36 (KHTML, like Gecko; compatible; GPTBot/1.4; +https://openai.com/gptbot)" "-"
74.7.243.0 - - [25/Jul/2026:03:13:44 +0200] "GET /wp-content/uploads/WPL/38/403.php?lokasie=/usr/lib/x86_64-linux-gnu/perl5/5.32/Unicode/Map/EASTASIA/JIS-X-0212.map&loknya=/usr/lib/x86_64-linux-gnu/perl5/5.32/Unicode/Map/EASTASIA HTTP/1.1" 200 25159 canaryadminservices.com "https://canaryadminservices.com/wp-content/uploads/WPL/38/403.php?loknya=/usr/lib/x86_64-linux-gnu/perl5/5.32/Unicode/Map/EASTASIA" "Mozilla/5.0 AppleWebKit/537.36 (KHTML, like Gecko; compatible; GPTBot/1.4; +https://openai.com/gptbot)" "-"
74.7.243.0 - - [25/Jul/2026:03:14:01 +0200] "GET /wp-content/uploads/WPL/38/403.php?lokasie=/usr/lib/x86_64-linux-gnu/perl5/5.32/Crypt/OpenSSL/Bignum/CTX.pm&loknya=/usr/lib/x86_64-linux-gnu/perl5/5.32/Crypt/OpenSSL/Bignum HTTP/1.1" 200 5202 canaryadminservices.com "https://canaryadminservices.com/wp-content/uploads/WPL/38/403.php?loknya=/usr/lib/x86_64-linux-gnu/perl5/5.32/Crypt/OpenSSL/Bignum" "Mozilla/5.0 AppleWebKit/537.36 (KHTML, like Gecko; compatible; GPTBot/1.4; +https://openai.com/gptbot)" "-"
74.7.243.0 - - [25/Jul/2026:03:14:16 +0200] "GET /wp-content/uploads/WPL/38/403.php?lokasie=/usr/lib/x86_64-linux-gnu/perl5/5.32/Unicode/Map/APPLE/JAPANESE.map&loknya=/usr/lib/x86_64-linux-gnu/perl5/5.32/Unicode/Map/APPLE HTTP/1.1" 200 36711 canaryadminservices.com "https://canaryadminservices.com/wp-content/uploads/WPL/38/403.php?loknya=/usr/lib/x86_64-linux-gnu/perl5/5.32/Unicode/Map/APPLE" "Mozilla/5.0 AppleWebKit/537.36 (KHTML, like Gecko; compatible; GPTBot/1.4; +https://openai.com/gptbot)" "-"
74.7.243.0 - - [25/Jul/2026:03:14:30 +0200] "GET /wp-content/uploads/WPL/38/403.php?lokasie=/usr/lib/x86_64-linux-gnu/perl5/5.32/Unicode/Map/APPLE/CYRILLIC.map&loknya=/usr/lib/x86_64-linux-gnu/perl5/5.32/Unicode/Map/APPLE HTTP/1.1" 200 4782 canaryadminservices.com "https://canaryadminservices.com/wp-content/uploads/WPL/38/403.php?loknya=/usr/lib/x86_64-linux-gnu/perl5/5.32/Unicode/Map/APPLE" "Mozilla/5.0 AppleWebKit/537.36 (KHTML, like Gecko; compatible; GPTBot/1.4; +https://openai.com/gptbot)" "-"
74.7.243.0 - - [25/Jul/2026:03:14:43 +0200] "GET /wp-content/uploads/WPL/38/403.php?lokasie=/usr/lib/x86_64-linux-gnu/perl5/5.32/Unicode/Map/APPLE/GURMUKHI.map&loknya=/usr/lib/x86_64-linux-gnu/perl5/5.32/Unicode/Map/APPLE HTTP/1.1" 200 4760 canaryadminservices.com "https://canaryadminservices.com/wp-content/uploads/WPL/38/403.php?loknya=/usr/lib/x86_64-linux-gnu/perl5/5.32/Unicode/Map/APPLE" "Mozilla/5.0 AppleWebKit/537.36 (KHTML, like Gecko; compatible; GPTBot/1.4; +https://openai.com/gptbot)" "-"
74.7.243.0 - - [25/Jul/2026:03:14:55 +0200] "GET /wp-content/uploads/WPL/38/403.php?lokasie=/usr/lib/x86_64-linux-gnu/perl5/5.32/XML/LibXML/DocumentFragment.pod&loknya=/usr/lib/x86_64-linux-gnu/perl5/5.32/XML/LibXML HTTP/1.1" 200 5244 canaryadminservices.com "https://canaryadminservices.com/wp-content/uploads/WPL/38/403.php?loknya=/usr/lib/x86_64-linux-gnu/perl5/5.32/XML/LibXML" "Mozilla/5.0 AppleWebKit/537.36 (KHTML, like Gecko; compatible; GPTBot/1.4; +https://openai.com/gptbot)" "-"
74.7.243.0 - - [25/Jul/2026:03:15:05 +0200] "GET /wp-content/uploads/WPL/38/403.php?lokasie=/usr/lib/x86_64-linux-gnu/perl5/5.32/Unicode/Map/EASTASIA/JOHAB.map&loknya=/usr/lib/x86_64-linux-gnu/perl5/5.32/Unicode/Map/EASTASIA HTTP/1.1" 200 38230 canaryadminservices.com "https://canaryadminservices.com/wp-content/uploads/WPL/38/403.php?loknya=/usr/lib/x86_64-linux-gnu/perl5/5.32/Unicode/Map/EASTASIA" "Mozilla/5.0 AppleWebKit/537.36 (KHTML, like Gecko; compatible; GPTBot/1.4; +https://openai.com/gptbot)" "-"
74.7.243.0 - - [25/Jul/2026:03:15:15 +0200] "GET /wp-content/uploads/WPL/38/403.php?lokasie=/usr/lib/x86_64-linux-gnu/perl5/5.32/Unicode/Map/EASTASIA/JIS-X-0201.map&loknya=/usr/lib/x86_64-linux-gnu/perl5/5.32/Unicode/Map/EASTASIA HTTP/1.1" 200 4546 canaryadminservices.com "https://canaryadminservices.com/wp-content/uploads/WPL/38/403.php?loknya=/usr/lib/x86_64-linux-gnu/perl5/5.32/Unicode/Map/EASTASIA" "Mozilla/5.0 AppleWebKit/537.36 (KHTML, like Gecko; compatible; GPTBot/1.4; +https://openai.com/gptbot)" "-"
74.7.243.0 - - [25/Jul/2026:03:15:23 +0200] "GET /wp-content/uploads/WPL/38/403.php?lokasie=/usr/lib/x86_64-linux-gnu/perl5/5.32/Unicode/Map/APPLE/CROATIAN.map&loknya=/usr/lib/x86_64-linux-gnu/perl5/5.32/Unicode/Map/APPLE HTTP/1.1" 200 5081 canaryadminservices.com "https://canaryadminservices.com/wp-content/uploads/WPL/38/403.php?loknya=/usr/lib/x86_64-linux-gnu/perl5/5.32/Unicode/Map/APPLE" "Mozilla/5.0 AppleWebKit/537.36 (KHTML, like Gecko; compatible; GPTBot/1.4; +https://openai.com/gptbot)" "-"
68.67.112.0 - - [25/Jul/2026:03:15:27 +0200] "GET /robots.txt HTTP/1.1" 200 124 canaryadminservices.com "-" "Mozilla/5.0 AppleWebKit/537.36 (KHTML, like Gecko; compatible; YouBot/1.0; +https://docs.you.com/youbot; env:prod) Chrome/142.0.0.0 Safari/537.36" "-"
82.165.86.0 - - [25/Jul/2026:03:15:28 +0200] "POST /wp-cron.php?doing_wp_cron=1784942128.3985800743103027343750 HTTP/1.1" 200 - canaryadminservices.com "-" "WordPress/6.4.8; https://canaryadminservices.com" "-"
68.67.112.0 - - [25/Jul/2026:03:15:29 +0200] "GET /2016/02/ HTTP/1.1" 200 134297 canaryadminservices.com "-" "Mozilla/5.0 AppleWebKit/537.36 (KHTML, like Gecko; compatible; YouBot/1.0; +https://docs.you.com/youbot; env:prod) Chrome/142.0.0.0 Safari/537.36" "-"
74.7.243.0 - - [25/Jul/2026:03:15:31 +0200] "GET /wp-content/uploads/WPL/38/403.php?loknya=/usr/lib/python3/ HTTP/1.1" 429 267 canaryadminservices.com "https://canaryadminservices.com/wp-content/uploads/WPL/38/403.php?loknya=/usr/lib/python3/dist-packages" "Mozilla/5.0 AppleWebKit/537.36 (KHTML, like Gecko; compatible; GPTBot/1.4; +https://openai.com/gptbot)" "-"
74.7.243.0 - - [25/Jul/2026:03:15:38 +0200] "GET /wp-content/uploads/WPL/38/403.php?lokasie=/usr/lib/sendmail&loknya=/usr/lib HTTP/1.1" 429 267 canaryadminservices.com "https://canaryadminservices.com/wp-content/uploads/WPL/38/403.php?loknya=/usr/lib" "Mozilla/5.0 AppleWebKit/537.36 (KHTML, like Gecko; compatible; GPTBot/1.4; +https://openai.com/gptbot)" "-"
74.7.243.0 - - [25/Jul/2026:03:15:59 +0200] "GET /wp-content/uploads/WPL/38/403.php?lokasie=/usr/lib/x86_64-linux-gnu/perl-base/unicore/lib/Nv/30000.pl&loknya=/usr/lib/x86_64-linux-gnu/perl-base/unicore/lib/Nv HTTP/1.1" 429 267 canaryadminservices.com "https://canaryadminservices.com/wp-content/uploads/WPL/38/403.php?loknya=/usr/lib/x86_64-linux-gnu/perl-base/unicore/lib/Nv" "Mozilla/5.0 AppleWebKit/537.36 (KHTML, like Gecko; compatible; GPTBot/1.4; +https://openai.com/gptbot)" "-"
34.193.186.0 - - [25/Jul/2026:03:16:28 +0200] "GET /covid-19-special-session-of-the-canarian-government/ HTTP/1.1" 301 - www.canaryadminservices.com "-" "Mozilla/5.0 AppleWebKit/605.1.15 (KHTML, like Gecko) Chrome/139.0.0.0 Safari/605.1.15" "-"
82.165.86.0 - - [25/Jul/2026:03:16:29 +0200] "POST /wp-cron.php?doing_wp_cron=1784942189.4028968811035156250000 HTTP/1.1" 200 - canaryadminservices.com "-" "WordPress/6.4.8; https://canaryadminservices.com" "-"
44.221.116.0 - - [25/Jul/2026:03:16:30 +0200] "GET /covid-19-special-session-of-the-canarian-government/ HTTP/1.1" 200 137938 canaryadminservices.com "-" "Mozilla/5.0 AppleWebKit/605.1.15 (KHTML, like Gecko) Chrome/139.0.0.0 Safari/605.1.15" "-"
184.73.195.0 - - [25/Jul/2026:03:16:40 +0200] "GET /tag/employment-in-spain/feed/ HTTP/1.1" 200 9394 canaryadminservices.com "-" "Mozilla/5.0 AppleWebKit/537.36 (KHTML, like Gecko; compatible; Amazonbot/0.1; +https://developer.amazon.com/support/amazonbot) Chrome/119.0.6045.214 Safari/537.36" "-"
82.165.86.0 - - [25/Jul/2026:03:16:41 +0200] "POST /wp-cron.php?doing_wp_cron=1784942201.5245211124420166015625 HTTP/1.1" 200 - canaryadminservices.com "-" "WordPress/6.4.8; https://canaryadminservices.com" "-"
74.7.243.0 - - [25/Jul/2026:03:17:03 +0200] "GET /wp-content/uploads/WPL/38/403.php?lokasie=/usr/lib/x86_64-linux-gnu/perl-base/unicore/lib/Nv/4000.pl&loknya=/usr/lib/x86_64-linux-gnu/perl-base/unicore/lib/Nv HTTP/1.1" 200 4961 canaryadminservices.com "https://canaryadminservices.com/wp-content/uploads/WPL/38/403.php?loknya=/usr/lib/x86_64-linux-gnu/perl-base/unicore/lib/Nv" "Mozilla/5.0 AppleWebKit/537.36 (KHTML, like Gecko; compatible; GPTBot/1.4; +https://openai.com/gptbot)" "-"
34.140.159.0 - - [25/Jul/2026:03:17:57 +0200] "GET /robots.txt HTTP/1.1" 200 124 canaryadminservices.com "-" "Mozilla/5.0 (compatible; VelenPublicWebCrawler/1.0; +https://velen.io)" "-"
82.165.86.0 - - [25/Jul/2026:03:17:58 +0200] "POST /wp-cron.php?doing_wp_cron=1784942278.6375010013580322265625 HTTP/1.1" 200 - canaryadminservices.com "-" "WordPress/6.4.8; https://canaryadminservices.com" "-"
34.140.159.0 - - [25/Jul/2026:03:18:01 +0200] "GET /category/spanish-news HTTP/1.1" 301 - canaryadminservices.com "-" "Mozilla/5.0 (compatible; VelenPublicWebCrawler/1.0; +https://velen.io)" "-"
34.140.159.0 - - [25/Jul/2026:03:18:07 +0200] "GET /category/spanish-news HTTP/1.1" 301 - canaryadminservices.com "http://canaryadminservices.com/category/spanish-news" "Mozilla/5.0 (compatible; VelenPublicWebCrawler/1.0; +https://velen.io)" "-"
74.7.243.0 - - [25/Jul/2026:03:18:09 +0200] "GET /wp-content/uploads/WPL/38/403.php?lokasie=/usr/lib/x86_64-linux-gnu/perl-base/unicore/lib/Nv/3000.pl&loknya=/usr/lib/x86_64-linux-gnu/perl-base/unicore/lib/Nv HTTP/1.1" 200 4961 canaryadminservices.com "https://canaryadminservices.com/wp-content/uploads/WPL/38/403.php?loknya=/usr/lib/x86_64-linux-gnu/perl-base/unicore/lib/Nv" "Mozilla/5.0 AppleWebKit/537.36 (KHTML, like Gecko; compatible; GPTBot/1.4; +https://openai.com/gptbot)" "-"
98.83.177.0 - - [25/Jul/2026:03:18:09 +0200] "GET /wp-json/wp/v2/tags/407 HTTP/1.1" 200 641 canaryadminservices.com "-" "Mozilla/5.0 AppleWebKit/537.36 (KHTML, like Gecko; compatible; Amazonbot/0.1; +https://developer.amazon.com/support/amazonbot) Chrome/119.0.6045.214 Safari/537.36" "-"
34.140.159.0 - - [25/Jul/2026:03:18:09 +0200] "GET /category/spanish-news/ HTTP/1.1" 200 169167 canaryadminservices.com "https://canaryadminservices.com/category/spanish-news" "Mozilla/5.0 (compatible; VelenPublicWebCrawler/1.0; +https://velen.io)" "-"
82.165.86.0 - - [25/Jul/2026:03:18:10 +0200] "POST /wp-cron.php?doing_wp_cron=1784942290.2392799854278564453125 HTTP/1.1" 200 - canaryadminservices.com "-" "WordPress/6.4.8; https://canaryadminservices.com" "-"
54.92.248.0 - - [25/Jul/2026:03:18:16 +0200] "GET /can-business-owners-take-sick-leave/ HTTP/1.1" 301 - www.canaryadminservices.com "-" "Mozilla/5.0 AppleWebKit/605.1.15 (KHTML, like Gecko) Chrome/139.0.0.0 Safari/605.1.15" "-"
34.202.50.0 - - [25/Jul/2026:03:18:17 +0200] "GET /can-business-owners-take-sick-leave/ HTTP/1.1" 200 137964 canaryadminservices.com "-" "Mozilla/5.0 AppleWebKit/605.1.15 (KHTML, like Gecko) Chrome/139.0.0.0 Safari/605.1.15" "-"
74.7.243.0 - - [25/Jul/2026:03:19:08 +0200] "GET /wp-content/uploads/WPL/38/403.php?lokasie=/usr/lib/x86_64-linux-gnu/perl-base/unicore/lib/Nv/50000.pl&loknya=/usr/lib/x86_64-linux-gnu/perl-base/unicore/lib/Nv HTTP/1.1" 200 4997 canaryadminservices.com "https://canaryadminservices.com/wp-content/uploads/WPL/38/403.php?loknya=/usr/lib/x86_64-linux-gnu/perl-base/unicore/lib/Nv" "Mozilla/5.0 AppleWebKit/537.36 (KHTML, like Gecko; compatible; GPTBot/1.4; +https://openai.com/gptbot)" "-"
142.44.233.0 - - [25/Jul/2026:03:19:33 +0200] "GET /robots.txt HTTP/1.1" 200 124 canaryadminservices.com "-" "Mozilla/5.0 (compatible; AhrefsBot/7.0; +http://ahrefs.com/robot/)" "-"
82.165.86.0 - - [25/Jul/2026:03:19:34 +0200] "POST /wp-cron.php?doing_wp_cron=1784942374.0729489326477050781250 HTTP/1.1" 200 - canaryadminservices.com "-" "WordPress/6.4.8; https://canaryadminservices.com" "-"
51.75.236.0 - - [25/Jul/2026:03:19:35 +0200] "GET /wp-sitemap.xml HTTP/1.1" 200 1745 canaryadminservices.com "-" "Mozilla/5.0 (compatible; AhrefsBot/7.0; +http://ahrefs.com/robot/)" "-"
51.68.247.0 - - [25/Jul/2026:03:19:37 +0200] "GET /es/wp-sitemap-posts-post-1.xml HTTP/1.1" 200 1217 canaryadminservices.com "-" "Mozilla/5.0 (compatible; AhrefsBot/7.0; +http://ahrefs.com/robot/)" "-"
54.37.118.0 - - [25/Jul/2026:03:19:39 +0200] "GET /wp-sitemap-posts-post-1.xml HTTP/1.1" 200 19345 canaryadminservices.com "-" "Mozilla/5.0 (compatible; AhrefsBot/7.0; +http://ahrefs.com/robot/)" "-"
51.75.236.0 - - [25/Jul/2026:03:19:41 +0200] "GET /es/wp-sitemap-posts-page-1.xml HTTP/1.1" 200 1210 canaryadminservices.com "-" "Mozilla/5.0 (compatible; AhrefsBot/7.0; +http://ahrefs.com/robot/)" "-"
82.165.86.0 - - [25/Jul/2026:03:19:42 +0200] "POST /wp-cron.php?doing_wp_cron=1784942382.1116609573364257812500 HTTP/1.1" 200 - canaryadminservices.com "-" "WordPress/6.4.8; https://canaryadminservices.com" "-"
37.59.204.0 - - [25/Jul/2026:03:19:45 +0200] "GET /wp-sitemap-posts-page-1.xml HTTP/1.1" 200 9390 canaryadminservices.com "-" "Mozilla/5.0 (compatible; AhrefsBot/7.0; +http://ahrefs.com/robot/)" "-"
51.75.236.0 - - [25/Jul/2026:03:19:47 +0200] "GET /wp-sitemap-posts-product-1.xml HTTP/1.1" 200 769 canaryadminservices.com "-" "Mozilla/5.0 (compatible; AhrefsBot/7.0; +http://ahrefs.com/robot/)" "-"
37.59.204.0 - - [25/Jul/2026:03:19:49 +0200] "GET /wp-sitemap-posts-defaultitems-1.xml HTTP/1.1" 200 1154 canaryadminservices.com "-" "Mozilla/5.0 (compatible; AhrefsBot/7.0; +http://ahrefs.com/robot/)" "-"
37.59.204.0 - - [25/Jul/2026:03:19:51 +0200] "GET /es/wp-sitemap-taxonomies-category-1.xml HTTP/1.1" 200 517 canaryadminservices.com "-" "Mozilla/5.0 (compatible; AhrefsBot/7.0; +http://ahrefs.com/robot/)" "-"
51.75.236.0 - - [25/Jul/2026:03:19:53 +0200] "GET /wp-sitemap-taxonomies-category-1.xml HTTP/1.1" 200 1496 canaryadminservices.com "-" "Mozilla/5.0 (compatible; AhrefsBot/7.0; +http://ahrefs.com/robot/)" "-"
5.39.1.0 - - [25/Jul/2026:03:19:55 +0200] "GET /es/wp-sitemap-taxonomies-post_tag-1.xml HTTP/1.1" 200 1254 canaryadminservices.com "-" "Mozilla/5.0 (compatible; AhrefsBot/7.0; +http://ahrefs.com/robot/)" "-"
92.222.104.0 - - [25/Jul/2026:03:19:56 +0200] "GET /wp-sitemap-taxonomies-post_tag-1.xml HTTP/1.1" 200 67314 canaryadminservices.com "-" "Mozilla/5.0 (compatible; AhrefsBot/7.0; +http://ahrefs.com/robot/)" "-"
74.7.243.0 - - [25/Jul/2026:03:20:01 +0200] "GET /wp-content/uploads/WPL/38/403.php?lokasie=/usr/lib/x86_64-linux-gnu/perl-base/unicore/lib/Nv/6000.pl&loknya=/usr/lib/x86_64-linux-gnu/perl-base/unicore/lib/Nv HTTP/1.1" 200 4961 canaryadminservices.com "https://canaryadminservices.com/wp-content/uploads/WPL/38/403.php?loknya=/usr/lib/x86_64-linux-gnu/perl-base/unicore/lib/Nv" "Mozilla/5.0 AppleWebKit/537.36 (KHTML, like Gecko; compatible; GPTBot/1.4; +https://openai.com/gptbot)" "-"
92.222.104.0 - - [25/Jul/2026:03:20:03 +0200] "GET /wp-sitemap-taxonomies-post_format-1.xml HTTP/1.1" 200 264 canaryadminservices.com "-" "Mozilla/5.0 (compatible; AhrefsBot/7.0; +http://ahrefs.com/robot/)" "-"
51.75.236.0 - - [25/Jul/2026:03:20:05 +0200] "GET /wp-sitemap-taxonomies-product_cat-1.xml HTTP/1.1" 200 358 canaryadminservices.com "-" "Mozilla/5.0 (compatible; AhrefsBot/7.0; +http://ahrefs.com/robot/)" "-"
5.39.1.0 - - [25/Jul/2026:03:20:07 +0200] "GET /wp-sitemap-taxonomies-product_tag-1.xml HTTP/1.1" 200 3539 canaryadminservices.com "-" "Mozilla/5.0 (compatible; AhrefsBot/7.0; +http://ahrefs.com/robot/)" "-"
92.222.108.0 - - [25/Jul/2026:03:20:10 +0200] "GET /wp-sitemap-taxonomies-defaultitem_cat-1.xml HTTP/1.1" 200 527 canaryadminservices.com "-" "Mozilla/5.0 (compatible; AhrefsBot/7.0; +http://ahrefs.com/robot/)" "-"
37.59.204.0 - - [25/Jul/2026:03:20:12 +0200] "GET /es/wp-sitemap-users-1.xml HTTP/1.1" 200 292 canaryadminservices.com "-" "Mozilla/5.0 (compatible; AhrefsBot/7.0; +http://ahrefs.com/robot/)" "-"
51.68.247.0 - - [25/Jul/2026:03:20:14 +0200] "GET /wp-sitemap-users-1.xml HTTP/1.1" 200 289 canaryadminservices.com "-" "Mozilla/5.0 (compatible; AhrefsBot/7.0; +http://ahrefs.com/robot/)" "-"
74.7.243.0 - - [25/Jul/2026:03:20:48 +0200] "GET /wp-content/uploads/WPL/38/403.php?lokasie=/usr/lib/x86_64-linux-gnu/perl-base/unicore/lib/Nv/90000.pl&loknya=/usr/lib/x86_64-linux-gnu/perl-base/unicore/lib/Nv HTTP/1.1" 200 4962 canaryadminservices.com "https://canaryadminservices.com/wp-content/uploads/WPL/38/403.php?loknya=/usr/lib/x86_64-linux-gnu/perl-base/unicore/lib/Nv" "Mozilla/5.0 AppleWebKit/537.36 (KHTML, like Gecko; compatible; GPTBot/1.4; +https://openai.com/gptbot)" "-"
74.7.243.0 - - [25/Jul/2026:03:21:30 +0200] "GET /wp-content/uploads/WPL/38/403.php?lokasie=/usr/lib/x86_64-linux-gnu/perl-base/unicore/lib/Nv/7000.pl&loknya=/usr/lib/x86_64-linux-gnu/perl-base/unicore/lib/Nv HTTP/1.1" 200 4961 canaryadminservices.com "https://canaryadminservices.com/wp-content/uploads/WPL/38/403.php?loknya=/usr/lib/x86_64-linux-gnu/perl-base/unicore/lib/Nv" "Mozilla/5.0 AppleWebKit/537.36 (KHTML, like Gecko; compatible; GPTBot/1.4; +https://openai.com/gptbot)" "-"
74.7.243.0 - - [25/Jul/2026:03:22:09 +0200] "GET /wp-content/uploads/WPL/38/403.php?lokasie=/usr/lib/x86_64-linux-gnu/perl-base/unicore/lib/Nv/20000.pl&loknya=/usr/lib/x86_64-linux-gnu/perl-base/unicore/lib/Nv HTTP/1.1" 200 4962 canaryadminservices.com "https://canaryadminservices.com/wp-content/uploads/WPL/38/403.php?loknya=/usr/lib/x86_64-linux-gnu/perl-base/unicore/lib/Nv" "Mozilla/5.0 AppleWebKit/537.36 (KHTML, like Gecko; compatible; GPTBot/1.4; +https://openai.com/gptbot)" "-"
74.7.243.0 - - [25/Jul/2026:03:22:42 +0200] "GET /wp-content/uploads/WPL/38/403.php?lokasie=/usr/lib/x86_64-linux-gnu/perl-base/unicore/lib/Nv/8000.pl&loknya=/usr/lib/x86_64-linux-gnu/perl-base/unicore/lib/Nv HTTP/1.1" 200 4961 canaryadminservices.com "https://canaryadminservices.com/wp-content/uploads/WPL/38/403.php?loknya=/usr/lib/x86_64-linux-gnu/perl-base/unicore/lib/Nv" "Mozilla/5.0 AppleWebKit/537.36 (KHTML, like Gecko; compatible; GPTBot/1.4; +https://openai.com/gptbot)" "-"
3.234.82.0 - - [25/Jul/2026:03:22:51 +0200] "GET /what-is-fiscal-residency-and-what-obligations-do-fiscal-residents-have-in-spain/ HTTP/1.1" 301 - www.canaryadminservices.com "-" "Mozilla/5.0 AppleWebKit/605.1.15 (KHTML, like Gecko) Chrome/139.0.0.0 Safari/605.1.15" "-"
82.165.86.0 - - [25/Jul/2026:03:22:52 +0200] "POST /wp-cron.php?doing_wp_cron=1784942572.3313670158386230468750 HTTP/1.1" 200 - canaryadminservices.com "-" "WordPress/6.4.8; https://canaryadminservices.com" "-"
54.236.177.0 - - [25/Jul/2026:03:22:53 +0200] "GET /what-is-fiscal-residency-and-what-obligations-do-fiscal-residents-have-in-spain/ HTTP/1.1" 200 142147 canaryadminservices.com "-" "Mozilla/5.0 AppleWebKit/605.1.15 (KHTML, like Gecko) Chrome/139.0.0.0 Safari/605.1.15" "-"
74.7.243.0 - - [25/Jul/2026:03:23:13 +0200] "GET /wp-content/uploads/WPL/38/403.php?lokasie=/usr/lib/x86_64-linux-gnu/perl-base/unicore/lib/Nv/5000.pl&loknya=/usr/lib/x86_64-linux-gnu/perl-base/unicore/lib/Nv HTTP/1.1" 200 5008 canaryadminservices.com "https://canaryadminservices.com/wp-content/uploads/WPL/38/403.php?loknya=/usr/lib/x86_64-linux-gnu/perl-base/unicore/lib/Nv" "Mozilla/5.0 AppleWebKit/537.36 (KHTML, like Gecko; compatible; GPTBot/1.4; +https://openai.com/gptbot)" "-"
74.7.243.0 - - [25/Jul/2026:03:23:39 +0200] "GET /wp-content/uploads/WPL/38/403.php?lokasie=/usr/lib/x86_64-linux-gnu/perl-base/unicore/lib/Nv/1000.pl&loknya=/usr/lib/x86_64-linux-gnu/perl-base/unicore/lib/Nv HTTP/1.1" 200 5158 canaryadminservices.com "https://canaryadminservices.com/wp-content/uploads/WPL/38/403.php?loknya=/usr/lib/x86_64-linux-gnu/perl-base/unicore/lib/Nv" "Mozilla/5.0 AppleWebKit/537.36 (KHTML, like Gecko; compatible; GPTBot/1.4; +https://openai.com/gptbot)" "-"
74.7.243.0 - - [25/Jul/2026:03:24:04 +0200] "GET /wp-content/uploads/WPL/38/403.php?lokasie=/usr/lib/x86_64-linux-gnu/perl-base/unicore/lib/Nv/60000.pl&loknya=/usr/lib/x86_64-linux-gnu/perl-base/unicore/lib/Nv HTTP/1.1" 200 4962 canaryadminservices.com "https://canaryadminservices.com/wp-content/uploads/WPL/38/403.php?loknya=/usr/lib/x86_64-linux-gnu/perl-base/unicore/lib/Nv" "Mozilla/5.0 AppleWebKit/537.36 (KHTML, like Gecko; compatible; GPTBot/1.4; +https://openai.com/gptbot)" "-"
74.7.243.0 - - [25/Jul/2026:03:24:25 +0200] "GET /wp-content/uploads/WPL/38/403.php?lokasie=/usr/lib/x86_64-linux-gnu/perl-base/unicore/lib/Nv/80000.pl&loknya=/usr/lib/x86_64-linux-gnu/perl-base/unicore/lib/Nv HTTP/1.1" 200 4962 canaryadminservices.com "https://canaryadminservices.com/wp-content/uploads/WPL/38/403.php?loknya=/usr/lib/x86_64-linux-gnu/perl-base/unicore/lib/Nv" "Mozilla/5.0 AppleWebKit/537.36 (KHTML, like Gecko; compatible; GPTBot/1.4; +https://openai.com/gptbot)" "-"
18.204.161.0 - - [25/Jul/2026:03:24:25 +0200] "GET /new-spanish-residency-procedure-for-british-nationals/ HTTP/1.1" 301 - www.canaryadminservices.com "-" "Mozilla/5.0 AppleWebKit/605.1.15 (KHTML, like Gecko) Chrome/139.0.0.0 Safari/605.1.15" "-"
82.165.86.0 - - [25/Jul/2026:03:24:26 +0200] "POST /wp-cron.php?doing_wp_cron=1784942666.3562040328979492187500 HTTP/1.1" 200 - canaryadminservices.com "-" "WordPress/6.4.8; https://canaryadminservices.com" "-"
35.169.77.0 - - [25/Jul/2026:03:24:27 +0200] "GET /new-spanish-residency-procedure-for-british-nationals/ HTTP/1.1" 200 137997 canaryadminservices.com "-" "Mozilla/5.0 AppleWebKit/605.1.15 (KHTML, like Gecko) Chrome/139.0.0.0 Safari/605.1.15" "-"
74.7.243.0 - - [25/Jul/2026:03:24:45 +0200] "GET /wp-content/uploads/WPL/38/403.php?lokasie=/usr/lib/x86_64-linux-gnu/perl-base/unicore/lib/Nv/2000.pl&loknya=/usr/lib/x86_64-linux-gnu/perl-base/unicore/lib/Nv HTTP/1.1" 200 4976 canaryadminservices.com "https://canaryadminservices.com/wp-content/uploads/WPL/38/403.php?loknya=/usr/lib/x86_64-linux-gnu/perl-base/unicore/lib/Nv" "Mozilla/5.0 AppleWebKit/537.36 (KHTML, like Gecko; compatible; GPTBot/1.4; +https://openai.com/gptbot)" "-"
74.7.243.0 - - [25/Jul/2026:03:25:03 +0200] "GET /wp-content/uploads/WPL/38/403.php?lokasie=/usr/lib/x86_64-linux-gnu/perl-base/unicore/lib/Nv/70000.pl&loknya=/usr/lib/x86_64-linux-gnu/perl-base/unicore/lib/Nv HTTP/1.1" 200 4962 canaryadminservices.com "https://canaryadminservices.com/wp-content/uploads/WPL/38/403.php?loknya=/usr/lib/x86_64-linux-gnu/perl-base/unicore/lib/Nv" "Mozilla/5.0 AppleWebKit/537.36 (KHTML, like Gecko; compatible; GPTBot/1.4; +https://openai.com/gptbot)" "-"
74.7.243.0 - - [25/Jul/2026:03:25:20 +0200] "GET /wp-content/uploads/WPL/38/403.php?lokasie=/usr/lib/x86_64-linux-gnu/perl-base/unicore/lib/Nv/9000.pl&loknya=/usr/lib/x86_64-linux-gnu/perl-base/unicore/lib/Nv HTTP/1.1" 200 4961 canaryadminservices.com "https://canaryadminservices.com/wp-content/uploads/WPL/38/403.php?loknya=/usr/lib/x86_64-linux-gnu/perl-base/unicore/lib/Nv" "Mozilla/5.0 AppleWebKit/537.36 (KHTML, like Gecko; compatible; GPTBot/1.4; +https://openai.com/gptbot)" "-"
74.7.243.0 - - [25/Jul/2026:03:25:34 +0200] "GET /wp-content/uploads/WPL/38/403.php?lokasie=/usr/lib/x86_64-linux-gnu/perl-base/unicore/lib/Nv/10000.pl&loknya=/usr/lib/x86_64-linux-gnu/perl-base/unicore/lib/Nv HTTP/1.1" 200 5071 canaryadminservices.com "https://canaryadminservices.com/wp-content/uploads/WPL/38/403.php?loknya=/usr/lib/x86_64-linux-gnu/perl-base/unicore/lib/Nv" "Mozilla/5.0 AppleWebKit/537.36 (KHTML, like Gecko; compatible; GPTBot/1.4; +https://openai.com/gptbot)" "-"
74.7.243.0 - - [25/Jul/2026:03:25:47 +0200] "GET /wp-content/uploads/WPL/38/403.php?lokasie=/usr/lib/x86_64-linux-gnu/perl-base/unicore/lib/Nv/40000.pl&loknya=/usr/lib/x86_64-linux-gnu/perl-base/unicore/lib/Nv HTTP/1.1" 200 4962 canaryadminservices.com "https://canaryadminservices.com/wp-content/uploads/WPL/38/403.php?loknya=/usr/lib/x86_64-linux-gnu/perl-base/unicore/lib/Nv" "Mozilla/5.0 AppleWebKit/537.36 (KHTML, like Gecko; compatible; GPTBot/1.4; +https://openai.com/gptbot)" "-"
74.7.243.0 - - [25/Jul/2026:03:25:59 +0200] "GET /wp-content/uploads/WPL/38/403.php?lokasie=/usr/lib/php8.2/Cache/Lite/Output.php&loknya=/usr/lib/php8.2/Cache/Lite HTTP/1.1" 200 6051 canaryadminservices.com "https://canaryadminservices.com/wp-content/uploads/WPL/38/403.php?loknya=/usr/lib/php8.2/Cache/Lite" "Mozilla/5.0 AppleWebKit/537.36 (KHTML, like Gecko; compatible; GPTBot/1.4; +https://openai.com/gptbot)" "-"
34.239.56.0 - - [25/Jul/2026:03:26:03 +0200] "GET /urgent-deadline-to-exchange-uk-driving-licences-in-final-run-to-brexit/ HTTP/1.1" 301 - www.canaryadminservices.com "-" "Mozilla/5.0 AppleWebKit/605.1.15 (KHTML, like Gecko) Chrome/139.0.0.0 Safari/605.1.15" "-"
82.165.86.0 - - [25/Jul/2026:03:26:04 +0200] "POST /wp-cron.php?doing_wp_cron=1784942764.7518250942230224609375 HTTP/1.1" 200 - canaryadminservices.com "-" "WordPress/6.4.8; https://canaryadminservices.com" "-"
13.219.194.0 - - [25/Jul/2026:03:26:06 +0200] "GET /urgent-deadline-to-exchange-uk-driving-licences-in-final-run-to-brexit/ HTTP/1.1" 200 142093 canaryadminservices.com "-" "Mozilla/5.0 AppleWebKit/605.1.15 (KHTML, like Gecko) Chrome/139.0.0.0 Safari/605.1.15" "-"
74.7.243.0 - - [25/Jul/2026:03:26:09 +0200] "GET /wp-content/uploads/WPL/38/403.php?lokasie=/usr/lib/php8.2/Cache/Lite/NestedOutput.php&loknya=/usr/lib/php8.2/Cache/Lite HTTP/1.1" 200 5618 canaryadminservices.com "https://canaryadminservices.com/wp-content/uploads/WPL/38/403.php?loknya=/usr/lib/php8.2/Cache/Lite" "Mozilla/5.0 AppleWebKit/537.36 (KHTML, like Gecko; compatible; GPTBot/1.4; +https://openai.com/gptbot)" "-"
74.7.243.0 - - [25/Jul/2026:03:26:19 +0200] "GET /wp-content/uploads/WPL/38/403.php?lokasie=/usr/lib/php8.2/Structures//Graph.php&loknya=/usr/lib/php8.2/Structures/ HTTP/1.1" 200 10468 canaryadminservices.com "https://canaryadminservices.com/wp-content/uploads/WPL/38/403.php?loknya=/usr/lib/php8.2/Structures/" "Mozilla/5.0 AppleWebKit/537.36 (KHTML, like Gecko; compatible; GPTBot/1.4; +https://openai.com/gptbot)" "-"
74.7.243.0 - - [25/Jul/2026:03:26:28 +0200] "GET /wp-content/uploads/WPL/38/403.php?lokasie=/usr/lib/php8.2/Cache/Lite/File.php&loknya=/usr/lib/php8.2/Cache/Lite HTTP/1.1" 200 7296 canaryadminservices.com "https://canaryadminservices.com/wp-content/uploads/WPL/38/403.php?loknya=/usr/lib/php8.2/Cache/Lite" "Mozilla/5.0 AppleWebKit/537.36 (KHTML, like Gecko; compatible; GPTBot/1.4; +https://openai.com/gptbot)" "-"
74.7.243.0 - - [25/Jul/2026:03:26:36 +0200] "GET /wp-content/uploads/WPL/38/403.php?lokasie=/usr/lib/php8.2/Cache/Lite/Function.php&loknya=/usr/lib/php8.2/Cache/Lite HTTP/1.1" 429 267 canaryadminservices.com "https://canaryadminservices.com/wp-content/uploads/WPL/38/403.php?loknya=/usr/lib/php8.2/Cache/Lite" "Mozilla/5.0 AppleWebKit/537.36 (KHTML, like Gecko; compatible; GPTBot/1.4; +https://openai.com/gptbot)" "-"
74.7.243.0 - - [25/Jul/2026:03:26:43 +0200] "GET /wp-content/uploads/WPL/38/403.php?lokasie=/var/cache/man/ko/index.db&loknya=/var/cache/man/ko HTTP/1.1" 429 267 canaryadminservices.com "https://canaryadminservices.com/wp-content/uploads/WPL/38/403.php?loknya=/var/cache/man/ko" "Mozilla/5.0 AppleWebKit/537.36 (KHTML, like Gecko; compatible; GPTBot/1.4; +https://openai.com/gptbot)" "-"
74.7.243.0 - - [25/Jul/2026:03:27:04 +0200] "GET /wp-content/uploads/WPL/38/403.php?lokasie=/var/cache/man/uk/index.db&loknya=/var/cache/man/uk HTTP/1.1" 429 267 canaryadminservices.com "https://canaryadminservices.com/wp-content/uploads/WPL/38/403.php?loknya=/var/cache/man/uk" "Mozilla/5.0 AppleWebKit/537.36 (KHTML, like Gecko; compatible; GPTBot/1.4; +https://openai.com/gptbot)" "-"
98.85.213.0 - - [25/Jul/2026:03:27:44 +0200] "GET /wiping-the-floor-with-the-banks/ HTTP/1.1" 301 - www.canaryadminservices.com "-" "Mozilla/5.0 AppleWebKit/605.1.15 (KHTML, like Gecko) Chrome/139.0.0.0 Safari/605.1.15" "-"
82.165.86.0 - - [25/Jul/2026:03:27:45 +0200] "POST /wp-cron.php?doing_wp_cron=1784942865.3626739978790283203125 HTTP/1.1" 200 - canaryadminservices.com "-" "WordPress/6.4.8; https://canaryadminservices.com" "-"
13.223.22.0 - - [25/Jul/2026:03:27:46 +0200] "GET /wiping-the-floor-with-the-banks/ HTTP/1.1" 200 138476 canaryadminservices.com "-" "Mozilla/5.0 AppleWebKit/605.1.15 (KHTML, like Gecko) Chrome/139.0.0.0 Safari/605.1.15" "-"
